[INFO] fetching crate gba-addresses 0.1.0...
[INFO] testing gba-addresses-0.1.0 against 1.54.0 for beta-1.55-1
[INFO] extracting crate gba-addresses 0.1.0 into /workspace/builds/worker-77/source
[INFO] validating manifest of crates.io crate gba-addresses 0.1.0 on toolchain 1.54.0
[INFO] running `Command { std: "/workspace/cargo-home/bin/cargo" "+1.54.0" "metadata" "--manifest-path" "Cargo.toml" "--no-deps", kill_on_drop: false }`
[INFO] started tweaking crates.io crate gba-addresses 0.1.0
[INFO] finished tweaking crates.io crate gba-addresses 0.1.0
[INFO] tweaked toml for crates.io crate gba-addresses 0.1.0 written to /workspace/builds/worker-77/source/Cargo.toml
[INFO] running `Command { std: "/workspace/cargo-home/bin/cargo" "+1.54.0" "generate-lockfile" "--manifest-path" "Cargo.toml" "-Zno-index-update", kill_on_drop: false }`
[INFO] [stderr]     Blocking waiting for file lock on package cache
[INFO] running `Command { std: "/workspace/cargo-home/bin/cargo" "+1.54.0" "fetch" "--manifest-path" "Cargo.toml", kill_on_drop: false }`
[INFO] [stderr]     Blocking waiting for file lock on package cache
[INFO] running `Command { std: "docker" "create" "-v" "/var/lib/crater-agent-workspace/builds/worker-77/target:/opt/rustwide/target:rw,Z" "-v" "/var/lib/crater-agent-workspace/builds/worker-77/source:/opt/rustwide/workdir:ro,Z" "-v" "/var/lib/crater-agent-workspace/cargo-home:/opt/rustwide/cargo-home:ro,Z" "-v" "/var/lib/crater-agent-workspace/rustup-home:/opt/rustwide/rustup-home:ro,Z" "-e" "SOURCE_DIR=/opt/rustwide/workdir" "-e" "CARGO_TARGET_DIR=/opt/rustwide/target" "-e" "CARGO_HOME=/opt/rustwide/cargo-home" "-e" "RUSTUP_HOME=/opt/rustwide/rustup-home" "-w" "/opt/rustwide/workdir" "-m" "1610612736" "--user" "0:0" "--network" "none" "ghcr.io/rust-lang/crates-build-env/linux@sha256:34b6a614d2c27851fe6cbf88fbd1137609cefab8b10d0615aaeb6fd47975d74e" "/opt/rustwide/cargo-home/bin/cargo" "+1.54.0" "metadata" "--no-deps" "--format-version=1", kill_on_drop: false }`
[INFO] [stdout] 0386937461a039ea1cd8a528ba7568f1d4452a92dcc97be0b7a9beb540ff4f62
[INFO] running `Command { std: "docker" "start" "-a" "0386937461a039ea1cd8a528ba7568f1d4452a92dcc97be0b7a9beb540ff4f62", kill_on_drop: false }`
[INFO] running `Command { std: "docker" "inspect" "0386937461a039ea1cd8a528ba7568f1d4452a92dcc97be0b7a9beb540ff4f62", kill_on_drop: false }`
[INFO] running `Command { std: "docker" "rm" "-f" "0386937461a039ea1cd8a528ba7568f1d4452a92dcc97be0b7a9beb540ff4f62", kill_on_drop: false }`
[INFO] [stdout] 0386937461a039ea1cd8a528ba7568f1d4452a92dcc97be0b7a9beb540ff4f62
[INFO] running `Command { std: "docker" "create" "-v" "/var/lib/crater-agent-workspace/builds/worker-77/target:/opt/rustwide/target:rw,Z" "-v" "/var/lib/crater-agent-workspace/builds/worker-77/source:/opt/rustwide/workdir:ro,Z" "-v" "/var/lib/crater-agent-workspace/cargo-home:/opt/rustwide/cargo-home:ro,Z" "-v" "/var/lib/crater-agent-workspace/rustup-home:/opt/rustwide/rustup-home:ro,Z" "-e" "SOURCE_DIR=/opt/rustwide/workdir" "-e" "CARGO_TARGET_DIR=/opt/rustwide/target" "-e" "CARGO_INCREMENTAL=0" "-e" "RUST_BACKTRACE=full" "-e" "RUSTFLAGS=--cap-lints=warn" "-e" "CARGO_HOME=/opt/rustwide/cargo-home" "-e" "RUSTUP_HOME=/opt/rustwide/rustup-home" "-w" "/opt/rustwide/workdir" "-m" "1610612736" "--user" "0:0" "--network" "none" "ghcr.io/rust-lang/crates-build-env/linux@sha256:34b6a614d2c27851fe6cbf88fbd1137609cefab8b10d0615aaeb6fd47975d74e" "/opt/rustwide/cargo-home/bin/cargo" "+1.54.0" "build" "--frozen" "--message-format=json", kill_on_drop: false }`
[INFO] [stdout] 675130ceced8b6ffd2420474719d00653c0de0e12f699cb1356bbb7ee70cbadd
[INFO] running `Command { std: "docker" "start" "-a" "675130ceced8b6ffd2420474719d00653c0de0e12f699cb1356bbb7ee70cbadd", kill_on_drop: false }`
[INFO] [stderr]     Blocking waiting for file lock on package cache
[INFO] [stderr]     Blocking waiting for file lock on package cache
[INFO] [stderr]    Compiling gba-addresses v0.1.0 (/opt/rustwide/workdir)
[INFO] [stderr]     Finished dev [unoptimized + debuginfo] target(s) in 1.89s
[INFO] running `Command { std: "docker" "inspect" "675130ceced8b6ffd2420474719d00653c0de0e12f699cb1356bbb7ee70cbadd", kill_on_drop: false }`
[INFO] running `Command { std: "docker" "rm" "-f" "675130ceced8b6ffd2420474719d00653c0de0e12f699cb1356bbb7ee70cbadd", kill_on_drop: false }`
[INFO] [stdout] 675130ceced8b6ffd2420474719d00653c0de0e12f699cb1356bbb7ee70cbadd
[INFO] running `Command { std: "docker" "create" "-v" "/var/lib/crater-agent-workspace/builds/worker-77/target:/opt/rustwide/target:rw,Z" "-v" "/var/lib/crater-agent-workspace/builds/worker-77/source:/opt/rustwide/workdir:ro,Z" "-v" "/var/lib/crater-agent-workspace/cargo-home:/opt/rustwide/cargo-home:ro,Z" "-v" "/var/lib/crater-agent-workspace/rustup-home:/opt/rustwide/rustup-home:ro,Z" "-e" "SOURCE_DIR=/opt/rustwide/workdir" "-e" "CARGO_TARGET_DIR=/opt/rustwide/target" "-e" "CARGO_INCREMENTAL=0" "-e" "RUST_BACKTRACE=full" "-e" "RUSTFLAGS=--cap-lints=warn" "-e" "CARGO_HOME=/opt/rustwide/cargo-home" "-e" "RUSTUP_HOME=/opt/rustwide/rustup-home" "-w" "/opt/rustwide/workdir" "-m" "1610612736" "--user" "0:0" "--network" "none" "ghcr.io/rust-lang/crates-build-env/linux@sha256:34b6a614d2c27851fe6cbf88fbd1137609cefab8b10d0615aaeb6fd47975d74e" "/opt/rustwide/cargo-home/bin/cargo" "+1.54.0" "test" "--frozen" "--no-run" "--message-format=json", kill_on_drop: false }`
[INFO] [stdout] 4b2145cba4d2334ce3981c4c476dd999311f0a108b0996370ca339fa15da70b3
[INFO] running `Command { std: "docker" "start" "-a" "4b2145cba4d2334ce3981c4c476dd999311f0a108b0996370ca339fa15da70b3", kill_on_drop: false }`
[INFO] [stderr]    Compiling gba-addresses v0.1.0 (/opt/rustwide/workdir)
[INFO] [stderr]     Finished test [unoptimized + debuginfo] target(s) in 0.57s
[INFO] running `Command { std: "docker" "inspect" "4b2145cba4d2334ce3981c4c476dd999311f0a108b0996370ca339fa15da70b3", kill_on_drop: false }`
[INFO] running `Command { std: "docker" "rm" "-f" "4b2145cba4d2334ce3981c4c476dd999311f0a108b0996370ca339fa15da70b3", kill_on_drop: false }`
[INFO] [stdout] 4b2145cba4d2334ce3981c4c476dd999311f0a108b0996370ca339fa15da70b3
[INFO] running `Command { std: "docker" "create" "-v" "/var/lib/crater-agent-workspace/builds/worker-77/target:/opt/rustwide/target:rw,Z" "-v" "/var/lib/crater-agent-workspace/builds/worker-77/source:/opt/rustwide/workdir:ro,Z" "-v" "/var/lib/crater-agent-workspace/cargo-home:/opt/rustwide/cargo-home:ro,Z" "-v" "/var/lib/crater-agent-workspace/rustup-home:/opt/rustwide/rustup-home:ro,Z" "-e" "SOURCE_DIR=/opt/rustwide/workdir" "-e" "CARGO_TARGET_DIR=/opt/rustwide/target" "-e" "CARGO_INCREMENTAL=0" "-e" "RUST_BACKTRACE=full" "-e" "RUSTFLAGS=--cap-lints=warn" "-e" "CARGO_HOME=/opt/rustwide/cargo-home" "-e" "RUSTUP_HOME=/opt/rustwide/rustup-home" "-w" "/opt/rustwide/workdir" "-m" "1610612736" "--user" "0:0" "--network" "none" "ghcr.io/rust-lang/crates-build-env/linux@sha256:34b6a614d2c27851fe6cbf88fbd1137609cefab8b10d0615aaeb6fd47975d74e" "/opt/rustwide/cargo-home/bin/cargo" "+1.54.0" "test" "--frozen", kill_on_drop: false }`
[INFO] [stdout] 41bd5439653c0f776c60b3b9453e8d3ca50922161c243d58eb92b99b1e4bbcf9
[INFO] running `Command { std: "docker" "start" "-a" "41bd5439653c0f776c60b3b9453e8d3ca50922161c243d58eb92b99b1e4bbcf9", kill_on_drop: false }`
[INFO] [stderr]     Finished test [unoptimized + debuginfo] target(s) in 0.01s
[INFO] [stderr]      Running unittests (/opt/rustwide/target/debug/deps/gba_addresses-3e8e988a78d6592e)
[INFO] [stdout] 
[INFO] [stderr]    Doc-tests gba-addresses
[INFO] [stdout] running 0 tests
[INFO] [stdout] 
[INFO] [stdout] test result: ok. 0 passed; 0 failed; 0 ignored; 0 measured; 0 filtered out; finished in 0.00s
[INFO] [stdout] 
[INFO] [stdout] 
[INFO] [stdout] running 1 test
[INFO] [stdout] test src/palram.rs - palram (line 6) ... FAILED
[INFO] [stdout] 
[INFO] [stdout] failures:
[INFO] [stdout] 
[INFO] [stdout] ---- src/palram.rs - palram (line 6) stdout ----
[INFO] [stdout] error[E0768]: no valid digits found for number
[INFO] [stdout]  --> src/palram.rs:7:1
[INFO] [stdout]   |
[INFO] [stdout] 3 | 0bXBBBBBGG_GGGRRRRR
[INFO] [stdout]   | ^^
[INFO] [stdout] 
[INFO] [stdout] error: invalid suffix `XBBBBBGG_GGGRRRRR` for number literal
[INFO] [stdout]  --> src/palram.rs:7:1
[INFO] [stdout]   |
[INFO] [stdout] 3 | 0bXBBBBBGG_GGGRRRRR
[INFO] [stdout]   | ^^^^^^^^^^^^^^^^^^^ invalid suffix `XBBBBBGG_GGGRRRRR`
[INFO] [stdout]   |
[INFO] [stdout]   = help: the suffix must be one of the numeric types (`u32`, `isize`, `f32`, etc.)
[INFO] [stdout] 
[INFO] [stdout] error: aborting due to 2 previous errors
[INFO] [stdout] 
[INFO] [stdout] For more information about this error, try `rustc --explain E0768`.
[INFO] [stdout] Couldn't compile the test.
[INFO] [stdout] 
[INFO] [stdout] failures:
[INFO] [stdout]     src/palram.rs - palram (line 6)
[INFO] [stdout] 
[INFO] [stdout] test result: FAILED. 0 passed; 1 failed; 0 ignored; 0 measured; 0 filtered out; finished in 0.05s
[INFO] [stdout] 
[INFO] [stderr] error: test failed, to rerun pass '--doc'
[INFO] running `Command { std: "docker" "inspect" "41bd5439653c0f776c60b3b9453e8d3ca50922161c243d58eb92b99b1e4bbcf9", kill_on_drop: false }`
[INFO] running `Command { std: "docker" "rm" "-f" "41bd5439653c0f776c60b3b9453e8d3ca50922161c243d58eb92b99b1e4bbcf9", kill_on_drop: false }`
[INFO] [stdout] 41bd5439653c0f776c60b3b9453e8d3ca50922161c243d58eb92b99b1e4bbcf9
