[INFO] fetching crate gamemath 0.4.0...
[INFO] testing gamemath-0.4.0 against beta-2021-08-01 for beta-1.55-1
[INFO] extracting crate gamemath 0.4.0 into /workspace/builds/worker-57/source
[INFO] validating manifest of crates.io crate gamemath 0.4.0 on toolchain beta-2021-08-01
[INFO] running `Command { std: "/workspace/cargo-home/bin/cargo" "+beta-2021-08-01" "metadata" "--manifest-path" "Cargo.toml" "--no-deps", kill_on_drop: false }`
[INFO] started tweaking crates.io crate gamemath 0.4.0
[INFO] finished tweaking crates.io crate gamemath 0.4.0
[INFO] tweaked toml for crates.io crate gamemath 0.4.0 written to /workspace/builds/worker-57/source/Cargo.toml
[INFO] running `Command { std: "/workspace/cargo-home/bin/cargo" "+beta-2021-08-01" "generate-lockfile" "--manifest-path" "Cargo.toml" "-Zno-index-update", kill_on_drop: false }`
[INFO] [stderr]     Blocking waiting for file lock on package cache
[INFO] running `Command { std: "/workspace/cargo-home/bin/cargo" "+beta-2021-08-01" "fetch" "--manifest-path" "Cargo.toml", kill_on_drop: false }`
[INFO] [stderr]     Blocking waiting for file lock on package cache
[INFO] running `Command { std: "docker" "create" "-v" "/var/lib/crater-agent-workspace/builds/worker-57/target:/opt/rustwide/target:rw,Z" "-v" "/var/lib/crater-agent-workspace/builds/worker-57/source:/opt/rustwide/workdir:ro,Z" "-v" "/var/lib/crater-agent-workspace/cargo-home:/opt/rustwide/cargo-home:ro,Z" "-v" "/var/lib/crater-agent-workspace/rustup-home:/opt/rustwide/rustup-home:ro,Z" "-e" "SOURCE_DIR=/opt/rustwide/workdir" "-e" "CARGO_TARGET_DIR=/opt/rustwide/target" "-e" "CARGO_HOME=/opt/rustwide/cargo-home" "-e" "RUSTUP_HOME=/opt/rustwide/rustup-home" "-w" "/opt/rustwide/workdir" "-m" "1610612736" "--user" "0:0" "--network" "none" "ghcr.io/rust-lang/crates-build-env/linux@sha256:34b6a614d2c27851fe6cbf88fbd1137609cefab8b10d0615aaeb6fd47975d74e" "/opt/rustwide/cargo-home/bin/cargo" "+beta-2021-08-01" "metadata" "--no-deps" "--format-version=1", kill_on_drop: false }`
[INFO] [stdout] 95862544e004fd416b5d2054672ec678a8ce871d3deeb31c26fe3eae418658d8
[INFO] running `Command { std: "docker" "start" "-a" "95862544e004fd416b5d2054672ec678a8ce871d3deeb31c26fe3eae418658d8", kill_on_drop: false }`
[INFO] running `Command { std: "docker" "inspect" "95862544e004fd416b5d2054672ec678a8ce871d3deeb31c26fe3eae418658d8", kill_on_drop: false }`
[INFO] running `Command { std: "docker" "rm" "-f" "95862544e004fd416b5d2054672ec678a8ce871d3deeb31c26fe3eae418658d8", kill_on_drop: false }`
[INFO] [stdout] 95862544e004fd416b5d2054672ec678a8ce871d3deeb31c26fe3eae418658d8
[INFO] running `Command { std: "docker" "create" "-v" "/var/lib/crater-agent-workspace/builds/worker-57/target:/opt/rustwide/target:rw,Z" "-v" "/var/lib/crater-agent-workspace/builds/worker-57/source:/opt/rustwide/workdir:ro,Z" "-v" "/var/lib/crater-agent-workspace/cargo-home:/opt/rustwide/cargo-home:ro,Z" "-v" "/var/lib/crater-agent-workspace/rustup-home:/opt/rustwide/rustup-home:ro,Z" "-e" "SOURCE_DIR=/opt/rustwide/workdir" "-e" "CARGO_TARGET_DIR=/opt/rustwide/target" "-e" "CARGO_INCREMENTAL=0" "-e" "RUST_BACKTRACE=full" "-e" "RUSTFLAGS=--cap-lints=warn" "-e" "CARGO_HOME=/opt/rustwide/cargo-home" "-e" "RUSTUP_HOME=/opt/rustwide/rustup-home" "-w" "/opt/rustwide/workdir" "-m" "1610612736" "--user" "0:0" "--network" "none" "ghcr.io/rust-lang/crates-build-env/linux@sha256:34b6a614d2c27851fe6cbf88fbd1137609cefab8b10d0615aaeb6fd47975d74e" "/opt/rustwide/cargo-home/bin/cargo" "+beta-2021-08-01" "build" "--frozen" "--message-format=json", kill_on_drop: false }`
[INFO] [stdout] f8f5e6169710e7a75c53121b8bea253ca04226a9b05d5df07b62a967f3aba6a1
[INFO] running `Command { std: "docker" "start" "-a" "f8f5e6169710e7a75c53121b8bea253ca04226a9b05d5df07b62a967f3aba6a1", kill_on_drop: false }`
[INFO] [stderr]    Compiling gamemath v0.4.0 (/opt/rustwide/workdir)
[INFO] [stderr]     Finished dev [unoptimized + debuginfo] target(s) in 1.25s
[INFO] running `Command { std: "docker" "inspect" "f8f5e6169710e7a75c53121b8bea253ca04226a9b05d5df07b62a967f3aba6a1", kill_on_drop: false }`
[INFO] running `Command { std: "docker" "rm" "-f" "f8f5e6169710e7a75c53121b8bea253ca04226a9b05d5df07b62a967f3aba6a1", kill_on_drop: false }`
[INFO] [stdout] f8f5e6169710e7a75c53121b8bea253ca04226a9b05d5df07b62a967f3aba6a1
[INFO] running `Command { std: "docker" "create" "-v" "/var/lib/crater-agent-workspace/builds/worker-57/target:/opt/rustwide/target:rw,Z" "-v" "/var/lib/crater-agent-workspace/builds/worker-57/source:/opt/rustwide/workdir:ro,Z" "-v" "/var/lib/crater-agent-workspace/cargo-home:/opt/rustwide/cargo-home:ro,Z" "-v" "/var/lib/crater-agent-workspace/rustup-home:/opt/rustwide/rustup-home:ro,Z" "-e" "SOURCE_DIR=/opt/rustwide/workdir" "-e" "CARGO_TARGET_DIR=/opt/rustwide/target" "-e" "CARGO_INCREMENTAL=0" "-e" "RUST_BACKTRACE=full" "-e" "RUSTFLAGS=--cap-lints=warn" "-e" "CARGO_HOME=/opt/rustwide/cargo-home" "-e" "RUSTUP_HOME=/opt/rustwide/rustup-home" "-w" "/opt/rustwide/workdir" "-m" "1610612736" "--user" "0:0" "--network" "none" "ghcr.io/rust-lang/crates-build-env/linux@sha256:34b6a614d2c27851fe6cbf88fbd1137609cefab8b10d0615aaeb6fd47975d74e" "/opt/rustwide/cargo-home/bin/cargo" "+beta-2021-08-01" "test" "--frozen" "--no-run" "--message-format=json", kill_on_drop: false }`
[INFO] [stdout] e0b39c689a869c66e0999ab1bb82245199b5e214ab72796a3f807f471383850b
[INFO] running `Command { std: "docker" "start" "-a" "e0b39c689a869c66e0999ab1bb82245199b5e214ab72796a3f807f471383850b", kill_on_drop: false }`
[INFO] [stderr]     Blocking waiting for file lock on package cache
[INFO] [stderr]    Compiling gamemath v0.4.0 (/opt/rustwide/workdir)
[INFO] [stderr]     Finished test [unoptimized + debuginfo] target(s) in 5.74s
[INFO] running `Command { std: "docker" "inspect" "e0b39c689a869c66e0999ab1bb82245199b5e214ab72796a3f807f471383850b", kill_on_drop: false }`
[INFO] running `Command { std: "docker" "rm" "-f" "e0b39c689a869c66e0999ab1bb82245199b5e214ab72796a3f807f471383850b", kill_on_drop: false }`
[INFO] [stdout] e0b39c689a869c66e0999ab1bb82245199b5e214ab72796a3f807f471383850b
[INFO] running `Command { std: "docker" "create" "-v" "/var/lib/crater-agent-workspace/builds/worker-57/target:/opt/rustwide/target:rw,Z" "-v" "/var/lib/crater-agent-workspace/builds/worker-57/source:/opt/rustwide/workdir:ro,Z" "-v" "/var/lib/crater-agent-workspace/cargo-home:/opt/rustwide/cargo-home:ro,Z" "-v" "/var/lib/crater-agent-workspace/rustup-home:/opt/rustwide/rustup-home:ro,Z" "-e" "SOURCE_DIR=/opt/rustwide/workdir" "-e" "CARGO_TARGET_DIR=/opt/rustwide/target" "-e" "CARGO_INCREMENTAL=0" "-e" "RUST_BACKTRACE=full" "-e" "RUSTFLAGS=--cap-lints=warn" "-e" "CARGO_HOME=/opt/rustwide/cargo-home" "-e" "RUSTUP_HOME=/opt/rustwide/rustup-home" "-w" "/opt/rustwide/workdir" "-m" "1610612736" "--user" "0:0" "--network" "none" "ghcr.io/rust-lang/crates-build-env/linux@sha256:34b6a614d2c27851fe6cbf88fbd1137609cefab8b10d0615aaeb6fd47975d74e" "/opt/rustwide/cargo-home/bin/cargo" "+beta-2021-08-01" "test" "--frozen", kill_on_drop: false }`
[INFO] [stdout] 0f24d63d3087e63b1d37eff42b93cd9c04bfe0e79045c33b3a9d282675969d9a
[INFO] running `Command { std: "docker" "start" "-a" "0f24d63d3087e63b1d37eff42b93cd9c04bfe0e79045c33b3a9d282675969d9a", kill_on_drop: false }`
[INFO] [stderr]     Blocking waiting for file lock on package cache
[INFO] [stderr]     Finished test [unoptimized + debuginfo] target(s) in 0.48s
[INFO] [stderr]      Running unittests (/opt/rustwide/target/debug/deps/gamemath-0785d16dbafdafeb)
[INFO] [stdout] 
[INFO] [stderr]    Doc-tests gamemath
[INFO] [stdout] running 0 tests
[INFO] [stdout] 
[INFO] [stdout] test result: ok. 0 passed; 0 failed; 0 ignored; 0 measured; 0 filtered out; finished in 0.00s
[INFO] [stdout] 
[INFO] [stdout] 
[INFO] [stdout] running 87 tests
[INFO] [stdout] test src/mat4.rs - mat4::Mat4::scale (line 630) ... FAILED
[INFO] [stdout] test src/vec2.rs - vec2::Vec2<T>::length_squared (line 89) ... FAILED
[INFO] [stdout] test src/vec4.rs - vec4::Vec4<T>::length_squared (line 100) ... FAILED
[INFO] [stdout] test src/mat4.rs - mat4::Mat4::transpose (line 316) ... FAILED
[INFO] [stdout] test src/mat4.rs - mat4::Mat4::transposed (line 289) ... FAILED
[INFO] [stdout] test src/mat4.rs - mat4::Mat4::scaled (line 606) ... FAILED
[INFO] [stderr] error: test failed, to rerun pass '--doc'
[INFO] [stderr] 
[INFO] [stderr] Caused by:
[INFO] [stderr]   process didn't exit successfully: `rustdoc --crate-type lib --crate-name gamemath --test /opt/rustwide/workdir/src/lib.rs -L dependency=/opt/rustwide/target/debug/deps -L dependency=/opt/rustwide/target/debug/deps --extern gamemath=/opt/rustwide/target/debug/deps/libgamemath-81597abe606fba77.rlib -C embed-bitcode=no --error-format human` (signal: 9, SIGKILL: kill)
[INFO] running `Command { std: "docker" "inspect" "0f24d63d3087e63b1d37eff42b93cd9c04bfe0e79045c33b3a9d282675969d9a", kill_on_drop: false }`
[INFO] running `Command { std: "docker" "rm" "-f" "0f24d63d3087e63b1d37eff42b93cd9c04bfe0e79045c33b3a9d282675969d9a", kill_on_drop: false }`
[INFO] [stdout] 0f24d63d3087e63b1d37eff42b93cd9c04bfe0e79045c33b3a9d282675969d9a
