[INFO] fetching crate gaea 0.3.1...
[INFO] testing gaea-0.3.1 against 1.54.0 for beta-1.55-1
[INFO] extracting crate gaea 0.3.1 into /workspace/builds/worker-102/source
[INFO] validating manifest of crates.io crate gaea 0.3.1 on toolchain 1.54.0
[INFO] running `Command { std: "/workspace/cargo-home/bin/cargo" "+1.54.0" "metadata" "--manifest-path" "Cargo.toml" "--no-deps", kill_on_drop: false }`
[INFO] started tweaking crates.io crate gaea 0.3.1
[INFO] finished tweaking crates.io crate gaea 0.3.1
[INFO] tweaked toml for crates.io crate gaea 0.3.1 written to /workspace/builds/worker-102/source/Cargo.toml
[INFO] crate crates.io crate gaea 0.3.1 already has a lockfile, it will not be regenerated
[INFO] running `Command { std: "/workspace/cargo-home/bin/cargo" "+1.54.0" "fetch" "--manifest-path" "Cargo.toml", kill_on_drop: false }`
[INFO] [stderr]     Blocking waiting for file lock on package cache
[INFO] [stderr]  Downloading crates ...
[INFO] [stderr]   Downloaded std-logger v0.3.3
[INFO] running `Command { std: "docker" "create" "-v" "/var/lib/crater-agent-workspace/builds/worker-102/target:/opt/rustwide/target:rw,Z" "-v" "/var/lib/crater-agent-workspace/builds/worker-102/source:/opt/rustwide/workdir:ro,Z" "-v" "/var/lib/crater-agent-workspace/cargo-home:/opt/rustwide/cargo-home:ro,Z" "-v" "/var/lib/crater-agent-workspace/rustup-home:/opt/rustwide/rustup-home:ro,Z" "-e" "SOURCE_DIR=/opt/rustwide/workdir" "-e" "CARGO_TARGET_DIR=/opt/rustwide/target" "-e" "CARGO_HOME=/opt/rustwide/cargo-home" "-e" "RUSTUP_HOME=/opt/rustwide/rustup-home" "-w" "/opt/rustwide/workdir" "-m" "1610612736" "--user" "0:0" "--network" "none" "ghcr.io/rust-lang/crates-build-env/linux@sha256:34b6a614d2c27851fe6cbf88fbd1137609cefab8b10d0615aaeb6fd47975d74e" "/opt/rustwide/cargo-home/bin/cargo" "+1.54.0" "metadata" "--no-deps" "--format-version=1", kill_on_drop: false }`
[INFO] [stdout] 6ec98d892f2d83b1a44343efda5f3f53ea5f764fe2bfdf2eee4ca1f3767f2ab6
[INFO] running `Command { std: "docker" "start" "-a" "6ec98d892f2d83b1a44343efda5f3f53ea5f764fe2bfdf2eee4ca1f3767f2ab6", kill_on_drop: false }`
[INFO] running `Command { std: "docker" "inspect" "6ec98d892f2d83b1a44343efda5f3f53ea5f764fe2bfdf2eee4ca1f3767f2ab6", kill_on_drop: false }`
[INFO] running `Command { std: "docker" "rm" "-f" "6ec98d892f2d83b1a44343efda5f3f53ea5f764fe2bfdf2eee4ca1f3767f2ab6", kill_on_drop: false }`
[INFO] [stdout] 6ec98d892f2d83b1a44343efda5f3f53ea5f764fe2bfdf2eee4ca1f3767f2ab6
[INFO] running `Command { std: "docker" "create" "-v" "/var/lib/crater-agent-workspace/builds/worker-102/target:/opt/rustwide/target:rw,Z" "-v" "/var/lib/crater-agent-workspace/builds/worker-102/source:/opt/rustwide/workdir:ro,Z" "-v" "/var/lib/crater-agent-workspace/cargo-home:/opt/rustwide/cargo-home:ro,Z" "-v" "/var/lib/crater-agent-workspace/rustup-home:/opt/rustwide/rustup-home:ro,Z" "-e" "SOURCE_DIR=/opt/rustwide/workdir" "-e" "CARGO_TARGET_DIR=/opt/rustwide/target" "-e" "CARGO_INCREMENTAL=0" "-e" "RUST_BACKTRACE=full" "-e" "RUSTFLAGS=--cap-lints=warn" "-e" "CARGO_HOME=/opt/rustwide/cargo-home" "-e" "RUSTUP_HOME=/opt/rustwide/rustup-home" "-w" "/opt/rustwide/workdir" "-m" "1610612736" "--user" "0:0" "--network" "none" "ghcr.io/rust-lang/crates-build-env/linux@sha256:34b6a614d2c27851fe6cbf88fbd1137609cefab8b10d0615aaeb6fd47975d74e" "/opt/rustwide/cargo-home/bin/cargo" "+1.54.0" "build" "--frozen" "--message-format=json", kill_on_drop: false }`
[INFO] [stdout] d25eb1f2cf3318f1326959d11380a575787fa3541fcca4b57de3f49b8ca00c70
[INFO] running `Command { std: "docker" "start" "-a" "d25eb1f2cf3318f1326959d11380a575787fa3541fcca4b57de3f49b8ca00c70", kill_on_drop: false }`
[INFO] [stderr]     Blocking waiting for file lock on package cache
[INFO] [stderr]    Compiling libc v0.2.58
[INFO] [stderr]    Compiling cfg-if v0.1.9
[INFO] [stderr]    Compiling log v0.4.6
[INFO] [stderr]    Compiling gaea v0.3.1 (/opt/rustwide/workdir)
[INFO] [stdout] warning: use of deprecated function `std::mem::uninitialized`: use `mem::MaybeUninit` instead
[INFO] [stdout]    --> src/sys/unix/signals.rs:127:44
[INFO] [stdout]     |
[INFO] [stdout] 127 |     let mut set: libc::sigset_t = unsafe { mem::uninitialized() };
[INFO] [stdout]     |                                            ^^^^^^^^^^^^^^^^^^
[INFO] [stdout]     |
[INFO] [stdout]     = note: `#[warn(deprecated)]` on by default
[INFO] [stdout] 
[INFO] [stdout] 
[INFO] [stdout] warning: use of deprecated function `std::mem::uninitialized`: use `mem::MaybeUninit` instead
[INFO] [stdout]   --> src/sys/unix/signals.rs:43:61
[INFO] [stdout]    |
[INFO] [stdout] 43 |             let mut info: libc::signalfd_siginfo = unsafe { mem::uninitialized() };
[INFO] [stdout]    |                                                             ^^^^^^^^^^^^^^^^^^
[INFO] [stdout] 
[INFO] [stdout] 
[INFO] [stdout] warning: use of deprecated function `std::mem::uninitialized`: use `mem::MaybeUninit` instead
[INFO] [stdout]   --> src/sys/unix/pipe.rs:75:40
[INFO] [stdout]    |
[INFO] [stdout] 75 |     let mut fds: [RawFd; 2] = unsafe { mem::uninitialized() };
[INFO] [stdout]    |                                        ^^^^^^^^^^^^^^^^^^
[INFO] [stdout] 
[INFO] [stdout] 
[INFO] [stdout] warning: use of deprecated function `std::mem::uninitialized`: use `mem::MaybeUninit` instead
[INFO] [stdout]   --> src/sys/unix/epoll.rs:30:71
[INFO] [stdout]    |
[INFO] [stdout] 30 |         let mut ep_events: [libc::epoll_event; EVENTS_CAP] = unsafe { mem::uninitialized() };
[INFO] [stdout]    |                                                                       ^^^^^^^^^^^^^^^^^^
[INFO] [stdout] 
[INFO] [stdout] 
[INFO] [stdout] warning: 4 warnings emitted
[INFO] [stdout] 
[INFO] [stdout] 
[INFO] [stderr]     Finished dev [unoptimized + debuginfo] target(s) in 2.82s
[INFO] running `Command { std: "docker" "inspect" "d25eb1f2cf3318f1326959d11380a575787fa3541fcca4b57de3f49b8ca00c70", kill_on_drop: false }`
[INFO] running `Command { std: "docker" "rm" "-f" "d25eb1f2cf3318f1326959d11380a575787fa3541fcca4b57de3f49b8ca00c70", kill_on_drop: false }`
[INFO] [stdout] d25eb1f2cf3318f1326959d11380a575787fa3541fcca4b57de3f49b8ca00c70
[INFO] running `Command { std: "docker" "create" "-v" "/var/lib/crater-agent-workspace/builds/worker-102/target:/opt/rustwide/target:rw,Z" "-v" "/var/lib/crater-agent-workspace/builds/worker-102/source:/opt/rustwide/workdir:ro,Z" "-v" "/var/lib/crater-agent-workspace/cargo-home:/opt/rustwide/cargo-home:ro,Z" "-v" "/var/lib/crater-agent-workspace/rustup-home:/opt/rustwide/rustup-home:ro,Z" "-e" "SOURCE_DIR=/opt/rustwide/workdir" "-e" "CARGO_TARGET_DIR=/opt/rustwide/target" "-e" "CARGO_INCREMENTAL=0" "-e" "RUST_BACKTRACE=full" "-e" "RUSTFLAGS=--cap-lints=warn" "-e" "CARGO_HOME=/opt/rustwide/cargo-home" "-e" "RUSTUP_HOME=/opt/rustwide/rustup-home" "-w" "/opt/rustwide/workdir" "-m" "1610612736" "--user" "0:0" "--network" "none" "ghcr.io/rust-lang/crates-build-env/linux@sha256:34b6a614d2c27851fe6cbf88fbd1137609cefab8b10d0615aaeb6fd47975d74e" "/opt/rustwide/cargo-home/bin/cargo" "+1.54.0" "test" "--frozen" "--no-run" "--message-format=json", kill_on_drop: false }`
[INFO] [stdout] 827543a2b1dd0ec6346b9e409eecf1db2fb80fa5c48919acd8be24cc6985a220
[INFO] running `Command { std: "docker" "start" "-a" "827543a2b1dd0ec6346b9e409eecf1db2fb80fa5c48919acd8be24cc6985a220", kill_on_drop: false }`
[INFO] [stderr]    Compiling std-logger v0.3.3
[INFO] [stdout] warning: use of deprecated function `std::mem::uninitialized`: use `mem::MaybeUninit` instead
[INFO] [stdout]    --> src/sys/unix/signals.rs:127:44
[INFO] [stdout]     |
[INFO] [stdout] 127 |     let mut set: libc::sigset_t = unsafe { mem::uninitialized() };
[INFO] [stdout]     |                                            ^^^^^^^^^^^^^^^^^^
[INFO] [stdout]     |
[INFO] [stdout]     = note: `#[warn(deprecated)]` on by default
[INFO] [stdout] 
[INFO] [stdout] 
[INFO] [stdout] warning: use of deprecated function `std::mem::uninitialized`: use `mem::MaybeUninit` instead
[INFO] [stdout]   --> src/sys/unix/signals.rs:43:61
[INFO] [stdout]    |
[INFO] [stdout] 43 |             let mut info: libc::signalfd_siginfo = unsafe { mem::uninitialized() };
[INFO] [stdout]    |                                                             ^^^^^^^^^^^^^^^^^^
[INFO] [stdout] 
[INFO] [stdout] 
[INFO] [stdout] warning: use of deprecated function `std::mem::uninitialized`: use `mem::MaybeUninit` instead
[INFO] [stdout]   --> src/sys/unix/pipe.rs:75:40
[INFO] [stdout]    |
[INFO] [stdout] 75 |     let mut fds: [RawFd; 2] = unsafe { mem::uninitialized() };
[INFO] [stdout]    |                                        ^^^^^^^^^^^^^^^^^^
[INFO] [stdout] 
[INFO] [stdout] 
[INFO] [stdout] warning: use of deprecated function `std::mem::uninitialized`: use `mem::MaybeUninit` instead
[INFO] [stdout]   --> src/sys/unix/epoll.rs:30:71
[INFO] [stdout]    |
[INFO] [stdout] 30 |         let mut ep_events: [libc::epoll_event; EVENTS_CAP] = unsafe { mem::uninitialized() };
[INFO] [stdout]    |                                                                       ^^^^^^^^^^^^^^^^^^
[INFO] [stdout] 
[INFO] [stdout] 
[INFO] [stdout] warning: 4 warnings emitted
[INFO] [stdout] 
[INFO] [stdout] 
[INFO] [stderr]    Compiling gaea v0.3.1 (/opt/rustwide/workdir)
[INFO] [stdout] warning: use of deprecated function `std::mem::uninitialized`: use `mem::MaybeUninit` instead
[INFO] [stdout]    --> src/sys/unix/signals.rs:127:44
[INFO] [stdout]     |
[INFO] [stdout] 127 |     let mut set: libc::sigset_t = unsafe { mem::uninitialized() };
[INFO] [stdout]     |                                            ^^^^^^^^^^^^^^^^^^
[INFO] [stdout]     |
[INFO] [stdout] note: the lint level is defined here
[INFO] [stdout]    --> src/lib.rs:138:24
[INFO] [stdout]     |
[INFO] [stdout] 138 | #![cfg_attr(test, deny(warnings))]
[INFO] [stdout]     |                        ^^^^^^^^
[INFO] [stdout]     = note: `#[warn(deprecated)]` implied by `#[warn(warnings)]`
[INFO] [stdout] 
[INFO] [stdout] 
[INFO] [stdout] warning: use of deprecated function `std::mem::uninitialized`: use `mem::MaybeUninit` instead
[INFO] [stdout]   --> src/sys/unix/signals.rs:43:61
[INFO] [stdout]    |
[INFO] [stdout] 43 |             let mut info: libc::signalfd_siginfo = unsafe { mem::uninitialized() };
[INFO] [stdout]    |                                                             ^^^^^^^^^^^^^^^^^^
[INFO] [stdout] 
[INFO] [stdout] 
[INFO] [stdout] warning: use of deprecated function `std::mem::uninitialized`: use `mem::MaybeUninit` instead
[INFO] [stdout]   --> src/sys/unix/pipe.rs:75:40
[INFO] [stdout]    |
[INFO] [stdout] 75 |     let mut fds: [RawFd; 2] = unsafe { mem::uninitialized() };
[INFO] [stdout]    |                                        ^^^^^^^^^^^^^^^^^^
[INFO] [stdout] 
[INFO] [stdout] 
[INFO] [stdout] warning: use of deprecated function `std::mem::uninitialized`: use `mem::MaybeUninit` instead
[INFO] [stdout]   --> src/sys/unix/epoll.rs:30:71
[INFO] [stdout]    |
[INFO] [stdout] 30 |         let mut ep_events: [libc::epoll_event; EVENTS_CAP] = unsafe { mem::uninitialized() };
[INFO] [stdout]    |                                                                       ^^^^^^^^^^^^^^^^^^
[INFO] [stdout] 
[INFO] [stdout] 
[INFO] [stdout] warning: 4 warnings emitted
[INFO] [stdout] 
[INFO] [stdout] 
[INFO] [stderr]     Finished test [unoptimized + debuginfo] target(s) in 1.41s
[INFO] running `Command { std: "docker" "inspect" "827543a2b1dd0ec6346b9e409eecf1db2fb80fa5c48919acd8be24cc6985a220", kill_on_drop: false }`
[INFO] running `Command { std: "docker" "rm" "-f" "827543a2b1dd0ec6346b9e409eecf1db2fb80fa5c48919acd8be24cc6985a220", kill_on_drop: false }`
[INFO] [stdout] 827543a2b1dd0ec6346b9e409eecf1db2fb80fa5c48919acd8be24cc6985a220
[INFO] running `Command { std: "docker" "create" "-v" "/var/lib/crater-agent-workspace/builds/worker-102/target:/opt/rustwide/target:rw,Z" "-v" "/var/lib/crater-agent-workspace/builds/worker-102/source:/opt/rustwide/workdir:ro,Z" "-v" "/var/lib/crater-agent-workspace/cargo-home:/opt/rustwide/cargo-home:ro,Z" "-v" "/var/lib/crater-agent-workspace/rustup-home:/opt/rustwide/rustup-home:ro,Z" "-e" "SOURCE_DIR=/opt/rustwide/workdir" "-e" "CARGO_TARGET_DIR=/opt/rustwide/target" "-e" "CARGO_INCREMENTAL=0" "-e" "RUST_BACKTRACE=full" "-e" "RUSTFLAGS=--cap-lints=warn" "-e" "CARGO_HOME=/opt/rustwide/cargo-home" "-e" "RUSTUP_HOME=/opt/rustwide/rustup-home" "-w" "/opt/rustwide/workdir" "-m" "1610612736" "--user" "0:0" "--network" "none" "ghcr.io/rust-lang/crates-build-env/linux@sha256:34b6a614d2c27851fe6cbf88fbd1137609cefab8b10d0615aaeb6fd47975d74e" "/opt/rustwide/cargo-home/bin/cargo" "+1.54.0" "test" "--frozen", kill_on_drop: false }`
[INFO] [stdout] 4dfcd84917e5e85bd7319771c86a7e49abfc218324703aa1d23a9528ecf94946
[INFO] running `Command { std: "docker" "start" "-a" "4dfcd84917e5e85bd7319771c86a7e49abfc218324703aa1d23a9528ecf94946", kill_on_drop: false }`
[INFO] [stderr] warning: use of deprecated function `std::mem::uninitialized`: use `mem::MaybeUninit` instead
[INFO] [stderr]    --> src/sys/unix/signals.rs:127:44
[INFO] [stderr]     |
[INFO] [stderr] 127 |     let mut set: libc::sigset_t = unsafe { mem::uninitialized() };
[INFO] [stderr]     |                                            ^^^^^^^^^^^^^^^^^^
[INFO] [stderr]     |
[INFO] [stderr]     = note: `#[warn(deprecated)]` on by default
[INFO] [stderr] 
[INFO] [stderr] warning: use of deprecated function `std::mem::uninitialized`: use `mem::MaybeUninit` instead
[INFO] [stderr]   --> src/sys/unix/signals.rs:43:61
[INFO] [stderr]    |
[INFO] [stderr] 43 |             let mut info: libc::signalfd_siginfo = unsafe { mem::uninitialized() };
[INFO] [stderr]    |                                                             ^^^^^^^^^^^^^^^^^^
[INFO] [stderr] 
[INFO] [stderr] warning: use of deprecated function `std::mem::uninitialized`: use `mem::MaybeUninit` instead
[INFO] [stderr]   --> src/sys/unix/pipe.rs:75:40
[INFO] [stderr]    |
[INFO] [stderr] 75 |     let mut fds: [RawFd; 2] = unsafe { mem::uninitialized() };
[INFO] [stderr]    |                                        ^^^^^^^^^^^^^^^^^^
[INFO] [stderr] 
[INFO] [stderr] warning: use of deprecated function `std::mem::uninitialized`: use `mem::MaybeUninit` instead
[INFO] [stderr]   --> src/sys/unix/epoll.rs:30:71
[INFO] [stderr]    |
[INFO] [stderr] 30 |         let mut ep_events: [libc::epoll_event; EVENTS_CAP] = unsafe { mem::uninitialized() };
[INFO] [stderr]    |                                                                       ^^^^^^^^^^^^^^^^^^
[INFO] [stderr] 
[INFO] [stderr] warning: 4 warnings emitted
[INFO] [stderr] 
[INFO] [stderr] warning: use of deprecated function `std::mem::uninitialized`: use `mem::MaybeUninit` instead
[INFO] [stderr]    --> src/sys/unix/signals.rs:127:44
[INFO] [stderr]     |
[INFO] [stderr] 127 |     let mut set: libc::sigset_t = unsafe { mem::uninitialized() };
[INFO] [stderr]     |                                            ^^^^^^^^^^^^^^^^^^
[INFO] [stderr]     |
[INFO] [stderr] note: the lint level is defined here
[INFO] [stderr]    --> src/lib.rs:138:24
[INFO] [stderr]     |
[INFO] [stderr] 138 | #![cfg_attr(test, deny(warnings))]
[INFO] [stderr]     |                        ^^^^^^^^
[INFO] [stderr]     = note: `#[warn(deprecated)]` implied by `#[warn(warnings)]`
[INFO] [stderr] 
[INFO] [stderr] warning: use of deprecated function `std::mem::uninitialized`: use `mem::MaybeUninit` instead
[INFO] [stderr]   --> src/sys/unix/signals.rs:43:61
[INFO] [stderr]    |
[INFO] [stderr] 43 |             let mut info: libc::signalfd_siginfo = unsafe { mem::uninitialized() };
[INFO] [stderr]    |                                                             ^^^^^^^^^^^^^^^^^^
[INFO] [stderr] 
[INFO] [stderr] warning: use of deprecated function `std::mem::uninitialized`: use `mem::MaybeUninit` instead
[INFO] [stderr]   --> src/sys/unix/pipe.rs:75:40
[INFO] [stderr]    |
[INFO] [stderr] 75 |     let mut fds: [RawFd; 2] = unsafe { mem::uninitialized() };
[INFO] [stderr]    |                                        ^^^^^^^^^^^^^^^^^^
[INFO] [stderr] 
[INFO] [stderr] warning: use of deprecated function `std::mem::uninitialized`: use `mem::MaybeUninit` instead
[INFO] [stderr]   --> src/sys/unix/epoll.rs:30:71
[INFO] [stderr]    |
[INFO] [stderr] 30 |         let mut ep_events: [libc::epoll_event; EVENTS_CAP] = unsafe { mem::uninitialized() };
[INFO] [stderr]    |                                                                       ^^^^^^^^^^^^^^^^^^
[INFO] [stderr] 
[INFO] [stderr] warning: 4 warnings emitted
[INFO] [stderr] 
[INFO] [stderr]     Finished test [unoptimized + debuginfo] target(s) in 0.15s
[INFO] [stderr]      Running unittests (/opt/rustwide/target/debug/deps/gaea-70ad94b47d35f5ca)
[INFO] [stdout] 
[INFO] [stdout] running 9 tests
[INFO] [stdout] test os::interests::tests::fmt_debug ... ok
[INFO] [stdout] test os::signals::tests::raw_signal ... ok
[INFO] [stdout] test os::signals::tests::signal_from_raw ... ok
[INFO] [stdout] test os::option::tests::bit_or ... ok
[INFO] [stdout] test os::interests::tests::bit_or ... ok
[INFO] [stdout] test os::option::tests::fmt_debug ... ok
[INFO] [stdout] test os::signals::tests::signal_into_raw ... ok
[INFO] [stdout] test os::option::tests::is_tests ... ok
[INFO] [stdout] test os::interests::tests::is_tests ... ok
[INFO] [stdout] 
[INFO] [stdout] test result: ok. 9 passed; 0 failed; 0 ignored; 0 measured; 0 filtered out; finished in 0.02s
[INFO] [stdout] 
[INFO] [stderr]    Doc-tests gaea
[INFO] [stdout] 
[INFO] [stdout] running 38 tests
[INFO] [stdout] test src/event.rs - event::Capacity::min (line 292) ... ok
[INFO] [stdout] test src/event.rs - event::Sink (line 172) ... ok
[INFO] [stdout] test src/sys/unix/eventedfd.rs - sys::unix::eventedfd::EventedFd (line 33) ... ok
[INFO] [stdout] test src/net/udp.rs - net::udp::UdpSocket::send_to (line 158) ... ok
[INFO] [stdout] test src/lib.rs - (line 58) ... ok
[INFO] [stdout] test src/event.rs - event::Capacity::min (line 302) ... ok
[INFO] [stdout] test src/lib.rs - (line 19) ... ok
[INFO] [stdout] test src/lib.rs - (line 40) ... ok
[INFO] [stdout] test src/os/mod.rs - os::OsQueue::deregister (line 376) ... FAILED
[INFO] [stdout] test src/os/evented.rs - os::evented::Evented (line 40) ... ok
[INFO] [stdout] test src/net/udp.rs - net::udp::UdpSocket::peek (line 398) ... ok
[INFO] [stdout] test src/sys/unix/pipe.rs - sys::unix::pipe::new_pipe (line 28) ... ok
[INFO] [stdout] test src/net/udp.rs - net::udp::UdpSocket::peek_from (line 343) ... ok
[INFO] [stdout] test src/os/signals.rs - os::signals::SignalSet (line 97) ... ok
[INFO] [stdout] test src/os/mod.rs - os (line 56) ... FAILED
[INFO] [stdout] test src/net/udp.rs - net::udp::UdpSocket::send (line 196) ... ok
[INFO] [stdout] test src/os/signals.rs - os::signals::Signals (line 33) ... ok
[INFO] [stdout] test src/os/signals.rs - os::signals::SignalSet::contains (line 140) ... ok
[INFO] [stdout] test src/net/udp.rs - net::udp::UdpSocket::recv_from (line 241) ... ok
[INFO] [stdout] test src/sys/unix/eventedfd.rs - sys::unix::eventedfd::EventedFd (line 55) ... ok
[INFO] [stdout] test src/net/tcp.rs - net::tcp::TcpStream (line 23) ... ok
[INFO] [stdout] test src/lib.rs - (line 83) ... ok
[INFO] [stdout] test src/event.rs - event::Source (line 21) ... ok
[INFO] [stdout] test src/net/udp.rs - net::udp::UdpSocket::bind (line 104) ... ok
[INFO] [stdout] test src/net/tcp.rs - net::tcp::TcpListener (line 198) ... ok
[INFO] [stdout] test src/event.rs - event::Ready (line 433) ... ok
[INFO] [stdout] test src/event.rs - event::Event (line 350) ... ok
[INFO] [stdout] test src/timers.rs - timers::Timers (line 18) ... ok
[INFO] [stdout] test src/net/udp.rs - net::udp::UdpSocket::local_addr (line 139) ... ok
[INFO] [stdout] test src/net/udp.rs - net::udp::UdpSocket::recv (line 288) ... ok
[INFO] [stdout] test src/os/mod.rs - os::OsQueue::register (line 245) ... FAILED
[INFO] [stdout] test src/net/udp.rs - net::udp::UdpSocket (line 28) ... ok
[INFO] [stdout] test src/lib.rs - poll (line 264) ... ok
[INFO] [stdout] test src/lib.rs - poll (line 233) ... ok
[INFO] [stdout] test src/user_space.rs - user_space::Queue (line 21) ... ok
[INFO] [stdout] test src/os/mod.rs - os::OsQueue::reregister (line 308) ... FAILED
[INFO] [stdout] test src/os/awakener.rs - os::awakener::Awakener (line 41) ... ok
[INFO] [stdout] test src/os/mod.rs - os::OsQueue::new (line 170) ... ok
[INFO] [stdout] 
[INFO] [stdout] failures:
[INFO] [stdout] 
[INFO] [stdout] ---- src/os/mod.rs - os::OsQueue::deregister (line 376) stdout ----
[INFO] [stdout] Test executable failed (exit code 1).
[INFO] [stdout] 
[INFO] [stdout] stderr:
[INFO] [stdout] Error: Os { code: 101, kind: Other, message: "Network is unreachable" }
[INFO] [stdout] 
[INFO] [stdout] 
[INFO] [stdout] ---- src/os/mod.rs - os (line 56) stdout ----
[INFO] [stdout] Test executable failed (exit code 1).
[INFO] [stdout] 
[INFO] [stdout] stderr:
[INFO] [stdout] Error: Os { code: 101, kind: Other, message: "Network is unreachable" }
[INFO] [stdout] 
[INFO] [stdout] 
[INFO] [stdout] ---- src/os/mod.rs - os::OsQueue::register (line 245) stdout ----
[INFO] [stdout] Test executable failed (exit code 1).
[INFO] [stdout] 
[INFO] [stdout] stderr:
[INFO] [stdout] Error: Os { code: 101, kind: Other, message: "Network is unreachable" }
[INFO] [stdout] 
[INFO] [stdout] 
[INFO] [stdout] ---- src/os/mod.rs - os::OsQueue::reregister (line 308) stdout ----
[INFO] [stdout] Test executable failed (exit code 1).
[INFO] [stdout] 
[INFO] [stdout] stderr:
[INFO] [stdout] Error: Os { code: 101, kind: Other, message: "Network is unreachable" }
[INFO] [stdout] 
[INFO] [stdout] 
[INFO] [stdout] 
[INFO] [stdout] failures:
[INFO] [stdout]     src/os/mod.rs - os (line 56)
[INFO] [stdout]     src/os/mod.rs - os::OsQueue::deregister (line 376)
[INFO] [stdout]     src/os/mod.rs - os::OsQueue::register (line 245)
[INFO] [stdout]     src/os/mod.rs - os::OsQueue::reregister (line 308)
[INFO] [stdout] 
[INFO] [stdout] test result: FAILED. 34 passed; 4 failed; 0 ignored; 0 measured; 0 filtered out; finished in 2.30s
[INFO] [stdout] 
[INFO] [stderr] error: test failed, to rerun pass '--doc'
[INFO] running `Command { std: "docker" "inspect" "4dfcd84917e5e85bd7319771c86a7e49abfc218324703aa1d23a9528ecf94946", kill_on_drop: false }`
[INFO] running `Command { std: "docker" "rm" "-f" "4dfcd84917e5e85bd7319771c86a7e49abfc218324703aa1d23a9528ecf94946", kill_on_drop: false }`
[INFO] [stdout] 4dfcd84917e5e85bd7319771c86a7e49abfc218324703aa1d23a9528ecf94946
