[INFO] fetching crate fxoanda 0.1.3...
[INFO] testing fxoanda-0.1.3 against 1.54.0 for beta-1.55-1
[INFO] extracting crate fxoanda 0.1.3 into /workspace/builds/worker-65/source
[INFO] validating manifest of crates.io crate fxoanda 0.1.3 on toolchain 1.54.0
[INFO] running `Command { std: "/workspace/cargo-home/bin/cargo" "+1.54.0" "metadata" "--manifest-path" "Cargo.toml" "--no-deps", kill_on_drop: false }`
[INFO] started tweaking crates.io crate fxoanda 0.1.3
[INFO] finished tweaking crates.io crate fxoanda 0.1.3
[INFO] tweaked toml for crates.io crate fxoanda 0.1.3 written to /workspace/builds/worker-65/source/Cargo.toml
[INFO] crate crates.io crate fxoanda 0.1.3 already has a lockfile, it will not be regenerated
[INFO] running `Command { std: "/workspace/cargo-home/bin/cargo" "+1.54.0" "fetch" "--manifest-path" "Cargo.toml", kill_on_drop: false }`
[INFO] [stderr]     Blocking waiting for file lock on package cache
[INFO] running `Command { std: "docker" "create" "-v" "/var/lib/crater-agent-workspace/builds/worker-65/target:/opt/rustwide/target:rw,Z" "-v" "/var/lib/crater-agent-workspace/builds/worker-65/source:/opt/rustwide/workdir:ro,Z" "-v" "/var/lib/crater-agent-workspace/cargo-home:/opt/rustwide/cargo-home:ro,Z" "-v" "/var/lib/crater-agent-workspace/rustup-home:/opt/rustwide/rustup-home:ro,Z" "-e" "SOURCE_DIR=/opt/rustwide/workdir" "-e" "CARGO_TARGET_DIR=/opt/rustwide/target" "-e" "CARGO_HOME=/opt/rustwide/cargo-home" "-e" "RUSTUP_HOME=/opt/rustwide/rustup-home" "-w" "/opt/rustwide/workdir" "-m" "1610612736" "--user" "0:0" "--network" "none" "ghcr.io/rust-lang/crates-build-env/linux@sha256:34b6a614d2c27851fe6cbf88fbd1137609cefab8b10d0615aaeb6fd47975d74e" "/opt/rustwide/cargo-home/bin/cargo" "+1.54.0" "metadata" "--no-deps" "--format-version=1", kill_on_drop: false }`
[INFO] [stdout] eef0655d41b3587c37b60cea8250800476e5c164890508ca91345faa2b5c7d54
[INFO] running `Command { std: "docker" "start" "-a" "eef0655d41b3587c37b60cea8250800476e5c164890508ca91345faa2b5c7d54", kill_on_drop: false }`
[INFO] running `Command { std: "docker" "inspect" "eef0655d41b3587c37b60cea8250800476e5c164890508ca91345faa2b5c7d54", kill_on_drop: false }`
[INFO] running `Command { std: "docker" "rm" "-f" "eef0655d41b3587c37b60cea8250800476e5c164890508ca91345faa2b5c7d54", kill_on_drop: false }`
[INFO] [stdout] eef0655d41b3587c37b60cea8250800476e5c164890508ca91345faa2b5c7d54
[INFO] running `Command { std: "docker" "create" "-v" "/var/lib/crater-agent-workspace/builds/worker-65/target:/opt/rustwide/target:rw,Z" "-v" "/var/lib/crater-agent-workspace/builds/worker-65/source:/opt/rustwide/workdir:ro,Z" "-v" "/var/lib/crater-agent-workspace/cargo-home:/opt/rustwide/cargo-home:ro,Z" "-v" "/var/lib/crater-agent-workspace/rustup-home:/opt/rustwide/rustup-home:ro,Z" "-e" "SOURCE_DIR=/opt/rustwide/workdir" "-e" "CARGO_TARGET_DIR=/opt/rustwide/target" "-e" "CARGO_INCREMENTAL=0" "-e" "RUST_BACKTRACE=full" "-e" "RUSTFLAGS=--cap-lints=warn" "-e" "CARGO_HOME=/opt/rustwide/cargo-home" "-e" "RUSTUP_HOME=/opt/rustwide/rustup-home" "-w" "/opt/rustwide/workdir" "-m" "1610612736" "--user" "0:0" "--network" "none" "ghcr.io/rust-lang/crates-build-env/linux@sha256:34b6a614d2c27851fe6cbf88fbd1137609cefab8b10d0615aaeb6fd47975d74e" "/opt/rustwide/cargo-home/bin/cargo" "+1.54.0" "build" "--frozen" "--message-format=json", kill_on_drop: false }`
[INFO] [stdout] 715dc1a4159ef6e0ce9d15662df5ce9839943e525da95dfeef366bdff6b2024e
[INFO] running `Command { std: "docker" "start" "-a" "715dc1a4159ef6e0ce9d15662df5ce9839943e525da95dfeef366bdff6b2024e", kill_on_drop: false }`
[INFO] [stderr]     Blocking waiting for file lock on package cache
[INFO] [stderr]    Compiling libc v0.2.71
[INFO] [stderr]    Compiling proc-macro2 v1.0.18
[INFO] [stderr]    Compiling pkg-config v0.3.14
[INFO] [stderr]    Compiling memchr v2.3.3
[INFO] [stderr]    Compiling cc v1.0.28
[INFO] [stderr]    Compiling slab v0.4.2
[INFO] [stderr]    Compiling syn v1.0.30
[INFO] [stderr]    Compiling bytes v0.5.4
[INFO] [stderr]    Compiling itoa v0.4.3
[INFO] [stderr]    Compiling futures-core v0.3.5
[INFO] [stderr]    Compiling fnv v1.0.6
[INFO] [stderr]    Compiling version_check v0.9.2
[INFO] [stderr]    Compiling serde v1.0.84
[INFO] [stderr]    Compiling pin-project-lite v0.1.7
[INFO] [stderr]    Compiling openssl v0.10.16
[INFO] [stderr]    Compiling num-traits v0.2.6
[INFO] [stderr]    Compiling proc-macro2 v0.4.24
[INFO] [stderr]    Compiling once_cell v1.4.0
[INFO] [stderr]    Compiling foreign-types-shared v0.1.1
[INFO] [stderr]    Compiling num-integer v0.1.39
[INFO] [stderr]    Compiling futures-sink v0.3.5
[INFO] [stderr]    Compiling bitflags v1.0.4
[INFO] [stderr]    Compiling native-tls v0.2.2
[INFO] [stderr]    Compiling matches v0.1.8
[INFO] [stderr]    Compiling ryu v0.2.7
[INFO] [stderr]    Compiling unicode-xid v0.1.0
[INFO] [stderr]    Compiling httparse v1.3.3
[INFO] [stderr]    Compiling futures-io v0.3.5
[INFO] [stderr]    Compiling pin-utils v0.1.0
[INFO] [stderr]    Compiling try-lock v0.2.2
[INFO] [stderr]    Compiling unicode-normalization v0.1.7
[INFO] [stderr]    Compiling indexmap v1.0.2
[INFO] [stderr]    Compiling openssl-probe v0.1.2
[INFO] [stderr]    Compiling encoding_rs v0.8.14
[INFO] [stderr]    Compiling percent-encoding v2.1.0
[INFO] [stderr]    Compiling tower-service v0.3.0
[INFO] [stderr]    Compiling dtoa v0.4.3
[INFO] [stderr]    Compiling base64 v0.12.1
[INFO] [stderr]    Compiling log v0.4.6
[INFO] [stderr]    Compiling futures-channel v0.3.5
[INFO] [stderr]    Compiling unicode-bidi v0.3.4
[INFO] [stderr]    Compiling foreign-types v0.3.2
[INFO] [stderr]    Compiling futures-task v0.3.5
[INFO] [stderr]    Compiling unicase v2.6.0
[INFO] [stderr]    Compiling want v0.3.0
[INFO] [stderr]    Compiling http v0.2.1
[INFO] [stderr]    Compiling quote v0.6.10
[INFO] [stderr]    Compiling openssl-sys v0.9.40
[INFO] [stderr]    Compiling syn v0.15.26
[INFO] [stderr]    Compiling idna v0.2.0
[INFO] [stderr]    Compiling quote v1.0.6
[INFO] [stderr]    Compiling mime v0.3.13
[INFO] [stderr]    Compiling iovec v0.1.4
[INFO] [stderr]    Compiling net2 v0.2.33
[INFO] [stderr]    Compiling num_cpus v1.13.0
[INFO] [stderr]    Compiling time v0.1.42
[INFO] [stderr]    Compiling socket2 v0.3.12
[INFO] [stderr]    Compiling mime_guess v2.0.3
[INFO] [stderr]    Compiling mio v0.6.22
[INFO] [stderr]    Compiling url v2.1.1
[INFO] [stderr]    Compiling tokio v0.2.21
[INFO] [stderr]    Compiling http-body v0.3.1
[INFO] [stderr]    Compiling serde_derive v1.0.84
[INFO] [stderr]    Compiling serde_json v1.0.35
[INFO] [stderr]    Compiling chrono v0.4.6
[INFO] [stderr]    Compiling serde_urlencoded v0.6.1
[INFO] [stderr]    Compiling fxoanda_serdes v0.1.0
[INFO] [stderr]    Compiling tokio-util v0.3.1
[INFO] [stderr]    Compiling tokio-tls v0.3.1
[INFO] [stderr]    Compiling pin-project-internal v0.4.20
[INFO] [stderr]    Compiling fxoanda_definitions v0.1.0
[INFO] [stderr]    Compiling pin-project v0.4.20
[INFO] [stderr]    Compiling futures-util v0.3.5
[INFO] [stderr]    Compiling h2 v0.2.5
[INFO] [stderr]    Compiling hyper v0.13.6
[INFO] [stderr]    Compiling hyper-tls v0.4.1
[INFO] [stderr]    Compiling reqwest v0.10.6
[INFO] [stderr]    Compiling fxoanda v0.1.3 (/opt/rustwide/workdir)
[INFO] [stderr]     Finished dev [unoptimized + debuginfo] target(s) in 54.00s
[INFO] running `Command { std: "docker" "inspect" "715dc1a4159ef6e0ce9d15662df5ce9839943e525da95dfeef366bdff6b2024e", kill_on_drop: false }`
[INFO] running `Command { std: "docker" "rm" "-f" "715dc1a4159ef6e0ce9d15662df5ce9839943e525da95dfeef366bdff6b2024e", kill_on_drop: false }`
[INFO] [stdout] 715dc1a4159ef6e0ce9d15662df5ce9839943e525da95dfeef366bdff6b2024e
[INFO] running `Command { std: "docker" "create" "-v" "/var/lib/crater-agent-workspace/builds/worker-65/target:/opt/rustwide/target:rw,Z" "-v" "/var/lib/crater-agent-workspace/builds/worker-65/source:/opt/rustwide/workdir:ro,Z" "-v" "/var/lib/crater-agent-workspace/cargo-home:/opt/rustwide/cargo-home:ro,Z" "-v" "/var/lib/crater-agent-workspace/rustup-home:/opt/rustwide/rustup-home:ro,Z" "-e" "SOURCE_DIR=/opt/rustwide/workdir" "-e" "CARGO_TARGET_DIR=/opt/rustwide/target" "-e" "CARGO_INCREMENTAL=0" "-e" "RUST_BACKTRACE=full" "-e" "RUSTFLAGS=--cap-lints=warn" "-e" "CARGO_HOME=/opt/rustwide/cargo-home" "-e" "RUSTUP_HOME=/opt/rustwide/rustup-home" "-w" "/opt/rustwide/workdir" "-m" "1610612736" "--user" "0:0" "--network" "none" "ghcr.io/rust-lang/crates-build-env/linux@sha256:34b6a614d2c27851fe6cbf88fbd1137609cefab8b10d0615aaeb6fd47975d74e" "/opt/rustwide/cargo-home/bin/cargo" "+1.54.0" "test" "--frozen" "--no-run" "--message-format=json", kill_on_drop: false }`
[INFO] [stdout] b79bb133d372afe0c28425d93711db2c8502ac5940c6f9b7d24f847693bd95ff
[INFO] running `Command { std: "docker" "start" "-a" "b79bb133d372afe0c28425d93711db2c8502ac5940c6f9b7d24f847693bd95ff", kill_on_drop: false }`
[INFO] [stderr]    Compiling fxoanda v0.1.3 (/opt/rustwide/workdir)
[INFO] [stderr]     Finished test [unoptimized + debuginfo] target(s) in 11.55s
[INFO] running `Command { std: "docker" "inspect" "b79bb133d372afe0c28425d93711db2c8502ac5940c6f9b7d24f847693bd95ff", kill_on_drop: false }`
[INFO] running `Command { std: "docker" "rm" "-f" "b79bb133d372afe0c28425d93711db2c8502ac5940c6f9b7d24f847693bd95ff", kill_on_drop: false }`
[INFO] [stdout] b79bb133d372afe0c28425d93711db2c8502ac5940c6f9b7d24f847693bd95ff
[INFO] running `Command { std: "docker" "create" "-v" "/var/lib/crater-agent-workspace/builds/worker-65/target:/opt/rustwide/target:rw,Z" "-v" "/var/lib/crater-agent-workspace/builds/worker-65/source:/opt/rustwide/workdir:ro,Z" "-v" "/var/lib/crater-agent-workspace/cargo-home:/opt/rustwide/cargo-home:ro,Z" "-v" "/var/lib/crater-agent-workspace/rustup-home:/opt/rustwide/rustup-home:ro,Z" "-e" "SOURCE_DIR=/opt/rustwide/workdir" "-e" "CARGO_TARGET_DIR=/opt/rustwide/target" "-e" "CARGO_INCREMENTAL=0" "-e" "RUST_BACKTRACE=full" "-e" "RUSTFLAGS=--cap-lints=warn" "-e" "CARGO_HOME=/opt/rustwide/cargo-home" "-e" "RUSTUP_HOME=/opt/rustwide/rustup-home" "-w" "/opt/rustwide/workdir" "-m" "1610612736" "--user" "0:0" "--network" "none" "ghcr.io/rust-lang/crates-build-env/linux@sha256:34b6a614d2c27851fe6cbf88fbd1137609cefab8b10d0615aaeb6fd47975d74e" "/opt/rustwide/cargo-home/bin/cargo" "+1.54.0" "test" "--frozen", kill_on_drop: false }`
[INFO] [stdout] 99bcbf44c96cf1fb173bd67321b6ed328a65f7b4763b1905bf08b54e0dd21633
[INFO] running `Command { std: "docker" "start" "-a" "99bcbf44c96cf1fb173bd67321b6ed328a65f7b4763b1905bf08b54e0dd21633", kill_on_drop: false }`
[INFO] [stderr]     Finished test [unoptimized + debuginfo] target(s) in 0.27s
[INFO] [stderr]      Running unittests (/opt/rustwide/target/debug/deps/fxoanda-c85b0e9fbef51580)
[INFO] [stdout] 
[INFO] [stderr]    Doc-tests fxoanda
[INFO] [stdout] running 0 tests
[INFO] [stdout] 
[INFO] [stdout] test result: ok. 0 passed; 0 failed; 0 ignored; 0 measured; 0 filtered out; finished in 0.00s
[INFO] [stdout] 
[INFO] [stdout] 
[INFO] [stdout] running 2 tests
[INFO] [stdout] test src/lib.rs - (line 10) ... FAILED
[INFO] [stdout] test src/lib.rs - (line 16) ... FAILED
[INFO] [stdout] 
[INFO] [stdout] failures:
[INFO] [stdout] 
[INFO] [stdout] ---- src/lib.rs - (line 10) stdout ----
[INFO] [stdout] error: expected one of `!`, `.`, `::`, `;`, `?`, `{`, `}`, or an operator, found `install`
[INFO] [stdout]  --> src/lib.rs:11:7
[INFO] [stdout]   |
[INFO] [stdout] 4 | cargo install fxoanda
[INFO] [stdout]   |       ^^^^^^^ expected one of 8 possible tokens
[INFO] [stdout] 
[INFO] [stdout] error: aborting due to previous error
[INFO] [stdout] 
[INFO] [stdout] Couldn't compile the test.
[INFO] [stdout] ---- src/lib.rs - (line 16) stdout ----
[INFO] [stdout] error[E0433]: failed to resolve: use of undeclared crate or module `env`
[INFO] [stdout]  --> src/lib.rs:19:15
[INFO] [stdout]   |
[INFO] [stdout] 6 | let api_key = env::var("OANDA_KEY").expect("expected OANDA_KEY environment variable to be set");
[INFO] [stdout]   |               ^^^ use of undeclared crate or module `env`
[INFO] [stdout] 
[INFO] [stdout] error[E0433]: failed to resolve: use of undeclared crate or module `env`
[INFO] [stdout]  --> src/lib.rs:20:16
[INFO] [stdout]   |
[INFO] [stdout] 7 | let api_host = env::var("OANDA_HOST").expect("expected OANDA_HOST environment variable to be set");
[INFO] [stdout]   |                ^^^ use of undeclared crate or module `env`
[INFO] [stdout] 
[INFO] [stdout] error: aborting due to 2 previous errors
[INFO] [stdout] 
[INFO] [stdout] For more information about this error, try `rustc --explain E0433`.
[INFO] [stdout] Couldn't compile the test.
[INFO] [stdout] 
[INFO] [stdout] failures:
[INFO] [stdout]     src/lib.rs - (line 10)
[INFO] [stdout]     src/lib.rs - (line 16)
[INFO] [stdout] 
[INFO] [stdout] test result: FAILED. 0 passed; 2 failed; 0 ignored; 0 measured; 0 filtered out; finished in 0.11s
[INFO] [stdout] 
[INFO] [stderr] error: test failed, to rerun pass '--doc'
[INFO] running `Command { std: "docker" "inspect" "99bcbf44c96cf1fb173bd67321b6ed328a65f7b4763b1905bf08b54e0dd21633", kill_on_drop: false }`
[INFO] running `Command { std: "docker" "rm" "-f" "99bcbf44c96cf1fb173bd67321b6ed328a65f7b4763b1905bf08b54e0dd21633", kill_on_drop: false }`
[INFO] [stdout] 99bcbf44c96cf1fb173bd67321b6ed328a65f7b4763b1905bf08b54e0dd21633
