[INFO] fetching crate futures-threadpool 0.1.0...
[INFO] testing futures-threadpool-0.1.0 against beta-2021-08-01 for beta-1.55-1
[INFO] extracting crate futures-threadpool 0.1.0 into /workspace/builds/worker-31/source
[INFO] validating manifest of crates.io crate futures-threadpool 0.1.0 on toolchain beta-2021-08-01
[INFO] running `Command { std: "/workspace/cargo-home/bin/cargo" "+beta-2021-08-01" "metadata" "--manifest-path" "Cargo.toml" "--no-deps", kill_on_drop: false }`
[INFO] started tweaking crates.io crate futures-threadpool 0.1.0
[INFO] finished tweaking crates.io crate futures-threadpool 0.1.0
[INFO] tweaked toml for crates.io crate futures-threadpool 0.1.0 written to /workspace/builds/worker-31/source/Cargo.toml
[INFO] running `Command { std: "/workspace/cargo-home/bin/cargo" "+beta-2021-08-01" "generate-lockfile" "--manifest-path" "Cargo.toml" "-Zno-index-update", kill_on_drop: false }`
[INFO] [stderr]     Blocking waiting for file lock on package cache
[INFO] running `Command { std: "/workspace/cargo-home/bin/cargo" "+beta-2021-08-01" "fetch" "--manifest-path" "Cargo.toml", kill_on_drop: false }`
[INFO] [stderr]     Blocking waiting for file lock on package cache
[INFO] [stderr]     Blocking waiting for file lock on package cache
[INFO] [stderr]  Downloading crates ...
[INFO] [stderr]   Downloaded futures-spawn v0.1.1
[INFO] running `Command { std: "docker" "create" "-v" "/var/lib/crater-agent-workspace/builds/worker-31/target:/opt/rustwide/target:rw,Z" "-v" "/var/lib/crater-agent-workspace/builds/worker-31/source:/opt/rustwide/workdir:ro,Z" "-v" "/var/lib/crater-agent-workspace/cargo-home:/opt/rustwide/cargo-home:ro,Z" "-v" "/var/lib/crater-agent-workspace/rustup-home:/opt/rustwide/rustup-home:ro,Z" "-e" "SOURCE_DIR=/opt/rustwide/workdir" "-e" "CARGO_TARGET_DIR=/opt/rustwide/target" "-e" "CARGO_HOME=/opt/rustwide/cargo-home" "-e" "RUSTUP_HOME=/opt/rustwide/rustup-home" "-w" "/opt/rustwide/workdir" "-m" "1610612736" "--user" "0:0" "--network" "none" "ghcr.io/rust-lang/crates-build-env/linux@sha256:34b6a614d2c27851fe6cbf88fbd1137609cefab8b10d0615aaeb6fd47975d74e" "/opt/rustwide/cargo-home/bin/cargo" "+beta-2021-08-01" "metadata" "--no-deps" "--format-version=1", kill_on_drop: false }`
[INFO] [stdout] 018bf47126c71da69714ea2af254ed66cc08b8e2a395e645ada9f398c2635003
[INFO] running `Command { std: "docker" "start" "-a" "018bf47126c71da69714ea2af254ed66cc08b8e2a395e645ada9f398c2635003", kill_on_drop: false }`
[INFO] running `Command { std: "docker" "inspect" "018bf47126c71da69714ea2af254ed66cc08b8e2a395e645ada9f398c2635003", kill_on_drop: false }`
[INFO] running `Command { std: "docker" "rm" "-f" "018bf47126c71da69714ea2af254ed66cc08b8e2a395e645ada9f398c2635003", kill_on_drop: false }`
[INFO] [stdout] 018bf47126c71da69714ea2af254ed66cc08b8e2a395e645ada9f398c2635003
[INFO] running `Command { std: "docker" "create" "-v" "/var/lib/crater-agent-workspace/builds/worker-31/target:/opt/rustwide/target:rw,Z" "-v" "/var/lib/crater-agent-workspace/builds/worker-31/source:/opt/rustwide/workdir:ro,Z" "-v" "/var/lib/crater-agent-workspace/cargo-home:/opt/rustwide/cargo-home:ro,Z" "-v" "/var/lib/crater-agent-workspace/rustup-home:/opt/rustwide/rustup-home:ro,Z" "-e" "SOURCE_DIR=/opt/rustwide/workdir" "-e" "CARGO_TARGET_DIR=/opt/rustwide/target" "-e" "CARGO_INCREMENTAL=0" "-e" "RUST_BACKTRACE=full" "-e" "RUSTFLAGS=--cap-lints=warn" "-e" "CARGO_HOME=/opt/rustwide/cargo-home" "-e" "RUSTUP_HOME=/opt/rustwide/rustup-home" "-w" "/opt/rustwide/workdir" "-m" "1610612736" "--user" "0:0" "--network" "none" "ghcr.io/rust-lang/crates-build-env/linux@sha256:34b6a614d2c27851fe6cbf88fbd1137609cefab8b10d0615aaeb6fd47975d74e" "/opt/rustwide/cargo-home/bin/cargo" "+beta-2021-08-01" "build" "--frozen" "--message-format=json", kill_on_drop: false }`
[INFO] [stdout] 9d4d1df64c8f610b3d012eda5f1fa595134d0b1aad31cf3716d1c517d368fe40
[INFO] running `Command { std: "docker" "start" "-a" "9d4d1df64c8f610b3d012eda5f1fa595134d0b1aad31cf3716d1c517d368fe40", kill_on_drop: false }`
[INFO] [stderr]    Compiling futures v0.1.31
[INFO] [stderr]    Compiling crossbeam v0.2.12
[INFO] [stderr]    Compiling num_cpus v1.13.0
[INFO] [stderr]    Compiling futures-spawn v0.1.1
[INFO] [stderr]    Compiling futures-threadpool v0.1.0 (/opt/rustwide/workdir)
[INFO] [stdout] warning: unused `#[macro_use]` import
[INFO] [stdout]   --> src/lib.rs:44:1
[INFO] [stdout]    |
[INFO] [stdout] 44 | #[macro_use]
[INFO] [stdout]    | ^^^^^^^^^^^^
[INFO] [stdout]    |
[INFO] [stdout] note: the lint level is defined here
[INFO] [stdout]   --> src/lib.rs:39:9
[INFO] [stdout]    |
[INFO] [stdout] 39 | #![deny(warnings, missing_docs)]
[INFO] [stdout]    |         ^^^^^^^^
[INFO] [stdout]    = note: `#[warn(unused_imports)]` implied by `#[warn(warnings)]`
[INFO] [stdout] 
[INFO] [stdout] 
[INFO] [stdout] warning: trait objects without an explicit `dyn` are deprecated
[INFO] [stdout]   --> src/lib.rs:87:29
[INFO] [stdout]    |
[INFO] [stdout] 87 |     after_start: Option<Arc<Fn() + Send + Sync>>,
[INFO] [stdout]    |                             ^^^^^^^^^^^^^^^^^^ help: use `dyn`: `dyn Fn() + Send + Sync`
[INFO] [stdout]    |
[INFO] [stdout] note: the lint level is defined here
[INFO] [stdout]   --> src/lib.rs:39:9
[INFO] [stdout]    |
[INFO] [stdout] 39 | #![deny(warnings, missing_docs)]
[INFO] [stdout]    |         ^^^^^^^^
[INFO] [stdout]    = note: `#[warn(bare_trait_objects)]` implied by `#[warn(warnings)]`
[INFO] [stdout]    = warning: this is accepted in the current edition (Rust 2015) but is a hard error in Rust 2021!
[INFO] [stdout]    = note: for more information, see issue #80165 <https://github.com/rust-lang/rust/issues/80165>
[INFO] [stdout] 
[INFO] [stdout] 
[INFO] [stdout] warning: trait objects without an explicit `dyn` are deprecated
[INFO] [stdout]   --> src/lib.rs:88:29
[INFO] [stdout]    |
[INFO] [stdout] 88 |     before_stop: Option<Arc<Fn() + Send + Sync>>,
[INFO] [stdout]    |                             ^^^^^^^^^^^^^^^^^^ help: use `dyn`: `dyn Fn() + Send + Sync`
[INFO] [stdout]    |
[INFO] [stdout]    = warning: this is accepted in the current edition (Rust 2015) but is a hard error in Rust 2021!
[INFO] [stdout]    = note: for more information, see issue #80165 <https://github.com/rust-lang/rust/issues/80165>
[INFO] [stdout] 
[INFO] [stdout] 
[INFO] [stdout] warning: trait objects without an explicit `dyn` are deprecated
[INFO] [stdout]    --> src/lib.rs:106:29
[INFO] [stdout]     |
[INFO] [stdout] 106 |     after_start: Option<Arc<Fn() + Send + Sync>>,
[INFO] [stdout]     |                             ^^^^^^^^^^^^^^^^^^ help: use `dyn`: `dyn Fn() + Send + Sync`
[INFO] [stdout]     |
[INFO] [stdout]     = warning: this is accepted in the current edition (Rust 2015) but is a hard error in Rust 2021!
[INFO] [stdout]     = note: for more information, see issue #80165 <https://github.com/rust-lang/rust/issues/80165>
[INFO] [stdout] 
[INFO] [stdout] 
[INFO] [stdout] warning: trait objects without an explicit `dyn` are deprecated
[INFO] [stdout]    --> src/lib.rs:107:29
[INFO] [stdout]     |
[INFO] [stdout] 107 |     before_stop: Option<Arc<Fn() + Send + Sync>>,
[INFO] [stdout]     |                             ^^^^^^^^^^^^^^^^^^ help: use `dyn`: `dyn Fn() + Send + Sync`
[INFO] [stdout]     |
[INFO] [stdout]     = warning: this is accepted in the current edition (Rust 2015) but is a hard error in Rust 2021!
[INFO] [stdout]     = note: for more information, see issue #80165 <https://github.com/rust-lang/rust/issues/80165>
[INFO] [stdout] 
[INFO] [stdout] 
[INFO] [stdout] warning: use of deprecated struct `futures::task::Run`
[INFO] [stdout]   --> src/lib.rs:55:31
[INFO] [stdout]    |
[INFO] [stdout] 55 | use futures::executor::{self, Run, Executor};
[INFO] [stdout]    |                               ^^^
[INFO] [stdout]    |
[INFO] [stdout] note: the lint level is defined here
[INFO] [stdout]   --> src/lib.rs:39:9
[INFO] [stdout]    |
[INFO] [stdout] 39 | #![deny(warnings, missing_docs)]
[INFO] [stdout]    |         ^^^^^^^^
[INFO] [stdout]    = note: `#[warn(deprecated)]` implied by `#[warn(warnings)]`
[INFO] [stdout] 
[INFO] [stdout] 
[INFO] [stdout] warning: use of deprecated trait `futures::task::Executor`
[INFO] [stdout]   --> src/lib.rs:55:36
[INFO] [stdout]    |
[INFO] [stdout] 55 | use futures::executor::{self, Run, Executor};
[INFO] [stdout]    |                                    ^^^^^^^^
[INFO] [stdout] 
[INFO] [stdout] 
[INFO] [stdout] warning: use of deprecated struct `futures::task::Run`
[INFO] [stdout]    --> src/lib.rs:111:9
[INFO] [stdout]     |
[INFO] [stdout] 111 |     Run(Run),
[INFO] [stdout]     |         ^^^
[INFO] [stdout] 
[INFO] [stdout] 
[INFO] [stdout] warning: use of deprecated trait `futures::task::Executor`
[INFO] [stdout]    --> src/lib.rs:183:6
[INFO] [stdout]     |
[INFO] [stdout] 183 | impl Executor for Inner {
[INFO] [stdout]     |      ^^^^^^^^
[INFO] [stdout] 
[INFO] [stdout] 
[INFO] [stdout] warning: use of deprecated struct `futures::task::Run`
[INFO] [stdout]    --> src/lib.rs:184:28
[INFO] [stdout]     |
[INFO] [stdout] 184 |     fn execute(&self, run: Run) {
[INFO] [stdout]     |                            ^^^
[INFO] [stdout] 
[INFO] [stdout] 
[INFO] [stdout] warning: use of deprecated associated function `futures::task_impl::std::<impl futures::task::Spawn<F>>::execute`
[INFO] [stdout]    --> src/lib.rs:151:33
[INFO] [stdout]     |
[INFO] [stdout] 151 |         executor::spawn(sender).execute(self.inner.clone());
[INFO] [stdout]     |                                 ^^^^^^^
[INFO] [stdout] 
[INFO] [stdout] 
[INFO] [stdout] warning: 11 warnings emitted
[INFO] [stdout] 
[INFO] [stdout] 
[INFO] [stderr]     Finished dev [unoptimized + debuginfo] target(s) in 3.25s
[INFO] running `Command { std: "docker" "inspect" "9d4d1df64c8f610b3d012eda5f1fa595134d0b1aad31cf3716d1c517d368fe40", kill_on_drop: false }`
[INFO] running `Command { std: "docker" "rm" "-f" "9d4d1df64c8f610b3d012eda5f1fa595134d0b1aad31cf3716d1c517d368fe40", kill_on_drop: false }`
[INFO] [stdout] 9d4d1df64c8f610b3d012eda5f1fa595134d0b1aad31cf3716d1c517d368fe40
[INFO] running `Command { std: "docker" "create" "-v" "/var/lib/crater-agent-workspace/builds/worker-31/target:/opt/rustwide/target:rw,Z" "-v" "/var/lib/crater-agent-workspace/builds/worker-31/source:/opt/rustwide/workdir:ro,Z" "-v" "/var/lib/crater-agent-workspace/cargo-home:/opt/rustwide/cargo-home:ro,Z" "-v" "/var/lib/crater-agent-workspace/rustup-home:/opt/rustwide/rustup-home:ro,Z" "-e" "SOURCE_DIR=/opt/rustwide/workdir" "-e" "CARGO_TARGET_DIR=/opt/rustwide/target" "-e" "CARGO_INCREMENTAL=0" "-e" "RUST_BACKTRACE=full" "-e" "RUSTFLAGS=--cap-lints=warn" "-e" "CARGO_HOME=/opt/rustwide/cargo-home" "-e" "RUSTUP_HOME=/opt/rustwide/rustup-home" "-w" "/opt/rustwide/workdir" "-m" "1610612736" "--user" "0:0" "--network" "none" "ghcr.io/rust-lang/crates-build-env/linux@sha256:34b6a614d2c27851fe6cbf88fbd1137609cefab8b10d0615aaeb6fd47975d74e" "/opt/rustwide/cargo-home/bin/cargo" "+beta-2021-08-01" "test" "--frozen" "--no-run" "--message-format=json", kill_on_drop: false }`
[INFO] [stdout] ac5c39e0cac62fbf84c32d97f51a69a2315fca4648548da81f26bc95344d8cbb
[INFO] running `Command { std: "docker" "start" "-a" "ac5c39e0cac62fbf84c32d97f51a69a2315fca4648548da81f26bc95344d8cbb", kill_on_drop: false }`
[INFO] [stdout] warning: unused `#[macro_use]` import
[INFO] [stdout]   --> src/lib.rs:44:1
[INFO] [stdout]    |
[INFO] [stdout] 44 | #[macro_use]
[INFO] [stdout]    | ^^^^^^^^^^^^
[INFO] [stdout]    |
[INFO] [stdout] note: the lint level is defined here
[INFO] [stdout]   --> src/lib.rs:39:9
[INFO] [stdout]    |
[INFO] [stdout] 39 | #![deny(warnings, missing_docs)]
[INFO] [stdout]    |         ^^^^^^^^
[INFO] [stdout]    = note: `#[warn(unused_imports)]` implied by `#[warn(warnings)]`
[INFO] [stdout] 
[INFO] [stdout] 
[INFO] [stdout] warning: trait objects without an explicit `dyn` are deprecated
[INFO] [stdout]   --> src/lib.rs:87:29
[INFO] [stdout]    |
[INFO] [stdout] 87 |     after_start: Option<Arc<Fn() + Send + Sync>>,
[INFO] [stdout]    |                             ^^^^^^^^^^^^^^^^^^ help: use `dyn`: `dyn Fn() + Send + Sync`
[INFO] [stdout]    |
[INFO] [stdout] note: the lint level is defined here
[INFO] [stdout]   --> src/lib.rs:39:9
[INFO] [stdout]    |
[INFO] [stdout] 39 | #![deny(warnings, missing_docs)]
[INFO] [stdout]    |         ^^^^^^^^
[INFO] [stdout]    = note: `#[warn(bare_trait_objects)]` implied by `#[warn(warnings)]`
[INFO] [stdout]    = warning: this is accepted in the current edition (Rust 2015) but is a hard error in Rust 2021!
[INFO] [stdout]    = note: for more information, see issue #80165 <https://github.com/rust-lang/rust/issues/80165>
[INFO] [stdout] 
[INFO] [stdout] 
[INFO] [stdout] warning: trait objects without an explicit `dyn` are deprecated
[INFO] [stdout]   --> src/lib.rs:88:29
[INFO] [stdout]    |
[INFO] [stdout] 88 |     before_stop: Option<Arc<Fn() + Send + Sync>>,
[INFO] [stdout]    |                             ^^^^^^^^^^^^^^^^^^ help: use `dyn`: `dyn Fn() + Send + Sync`
[INFO] [stdout]    |
[INFO] [stdout]    = warning: this is accepted in the current edition (Rust 2015) but is a hard error in Rust 2021!
[INFO] [stdout]    = note: for more information, see issue #80165 <https://github.com/rust-lang/rust/issues/80165>
[INFO] [stdout] 
[INFO] [stdout] 
[INFO] [stdout] warning: trait objects without an explicit `dyn` are deprecated
[INFO] [stdout]    --> src/lib.rs:106:29
[INFO] [stdout]     |
[INFO] [stdout] 106 |     after_start: Option<Arc<Fn() + Send + Sync>>,
[INFO] [stdout]     |                             ^^^^^^^^^^^^^^^^^^ help: use `dyn`: `dyn Fn() + Send + Sync`
[INFO] [stdout]     |
[INFO] [stdout]     = warning: this is accepted in the current edition (Rust 2015) but is a hard error in Rust 2021!
[INFO] [stdout]     = note: for more information, see issue #80165 <https://github.com/rust-lang/rust/issues/80165>
[INFO] [stdout] 
[INFO] [stdout] 
[INFO] [stdout] warning: trait objects without an explicit `dyn` are deprecated
[INFO] [stdout]    --> src/lib.rs:107:29
[INFO] [stdout]     |
[INFO] [stdout] 107 |     before_stop: Option<Arc<Fn() + Send + Sync>>,
[INFO] [stdout]     |                             ^^^^^^^^^^^^^^^^^^ help: use `dyn`: `dyn Fn() + Send + Sync`
[INFO] [stdout]     |
[INFO] [stdout]     = warning: this is accepted in the current edition (Rust 2015) but is a hard error in Rust 2021!
[INFO] [stdout]     = note: for more information, see issue #80165 <https://github.com/rust-lang/rust/issues/80165>
[INFO] [stdout] 
[INFO] [stdout] 
[INFO] [stderr]    Compiling futures-threadpool v0.1.0 (/opt/rustwide/workdir)
[INFO] [stdout] warning: use of deprecated struct `futures::task::Run`
[INFO] [stdout]   --> src/lib.rs:55:31
[INFO] [stdout]    |
[INFO] [stdout] 55 | use futures::executor::{self, Run, Executor};
[INFO] [stdout]    |                               ^^^
[INFO] [stdout]    |
[INFO] [stdout] note: the lint level is defined here
[INFO] [stdout]   --> src/lib.rs:39:9
[INFO] [stdout]    |
[INFO] [stdout] 39 | #![deny(warnings, missing_docs)]
[INFO] [stdout]    |         ^^^^^^^^
[INFO] [stdout]    = note: `#[warn(deprecated)]` implied by `#[warn(warnings)]`
[INFO] [stdout] 
[INFO] [stdout] 
[INFO] [stdout] warning: use of deprecated trait `futures::task::Executor`
[INFO] [stdout]   --> src/lib.rs:55:36
[INFO] [stdout]    |
[INFO] [stdout] 55 | use futures::executor::{self, Run, Executor};
[INFO] [stdout]    |                                    ^^^^^^^^
[INFO] [stdout] 
[INFO] [stdout] 
[INFO] [stdout] warning: use of deprecated struct `futures::task::Run`
[INFO] [stdout]    --> src/lib.rs:111:9
[INFO] [stdout]     |
[INFO] [stdout] 111 |     Run(Run),
[INFO] [stdout]     |         ^^^
[INFO] [stdout] 
[INFO] [stdout] 
[INFO] [stdout] warning: use of deprecated trait `futures::task::Executor`
[INFO] [stdout]    --> src/lib.rs:183:6
[INFO] [stdout]     |
[INFO] [stdout] 183 | impl Executor for Inner {
[INFO] [stdout]     |      ^^^^^^^^
[INFO] [stdout] 
[INFO] [stdout] 
[INFO] [stdout] warning: use of deprecated struct `futures::task::Run`
[INFO] [stdout]    --> src/lib.rs:184:28
[INFO] [stdout]     |
[INFO] [stdout] 184 |     fn execute(&self, run: Run) {
[INFO] [stdout]     |                            ^^^
[INFO] [stdout] 
[INFO] [stdout] 
[INFO] [stdout] warning: use of deprecated associated function `futures::task_impl::std::<impl futures::task::Spawn<F>>::execute`
[INFO] [stdout]    --> src/lib.rs:151:33
[INFO] [stdout]     |
[INFO] [stdout] 151 |         executor::spawn(sender).execute(self.inner.clone());
[INFO] [stdout]     |                                 ^^^^^^^
[INFO] [stdout] 
[INFO] [stdout] 
[INFO] [stdout] warning: 11 warnings emitted
[INFO] [stdout] 
[INFO] [stdout] 
[INFO] [stdout] warning: unused `#[macro_use]` import
[INFO] [stdout]   --> src/lib.rs:44:1
[INFO] [stdout]    |
[INFO] [stdout] 44 | #[macro_use]
[INFO] [stdout]    | ^^^^^^^^^^^^
[INFO] [stdout]    |
[INFO] [stdout] note: the lint level is defined here
[INFO] [stdout]   --> src/lib.rs:39:9
[INFO] [stdout]    |
[INFO] [stdout] 39 | #![deny(warnings, missing_docs)]
[INFO] [stdout]    |         ^^^^^^^^
[INFO] [stdout]    = note: `#[warn(unused_imports)]` implied by `#[warn(warnings)]`
[INFO] [stdout] 
[INFO] [stdout] 
[INFO] [stdout] warning: trait objects without an explicit `dyn` are deprecated
[INFO] [stdout]   --> src/lib.rs:87:29
[INFO] [stdout]    |
[INFO] [stdout] 87 |     after_start: Option<Arc<Fn() + Send + Sync>>,
[INFO] [stdout]    |                             ^^^^^^^^^^^^^^^^^^ help: use `dyn`: `dyn Fn() + Send + Sync`
[INFO] [stdout]    |
[INFO] [stdout] note: the lint level is defined here
[INFO] [stdout]   --> src/lib.rs:39:9
[INFO] [stdout]    |
[INFO] [stdout] 39 | #![deny(warnings, missing_docs)]
[INFO] [stdout]    |         ^^^^^^^^
[INFO] [stdout]    = note: `#[warn(bare_trait_objects)]` implied by `#[warn(warnings)]`
[INFO] [stdout]    = warning: this is accepted in the current edition (Rust 2015) but is a hard error in Rust 2021!
[INFO] [stdout]    = note: for more information, see issue #80165 <https://github.com/rust-lang/rust/issues/80165>
[INFO] [stdout] 
[INFO] [stdout] 
[INFO] [stdout] warning: trait objects without an explicit `dyn` are deprecated
[INFO] [stdout]   --> src/lib.rs:88:29
[INFO] [stdout]    |
[INFO] [stdout] 88 |     before_stop: Option<Arc<Fn() + Send + Sync>>,
[INFO] [stdout]    |                             ^^^^^^^^^^^^^^^^^^ help: use `dyn`: `dyn Fn() + Send + Sync`
[INFO] [stdout]    |
[INFO] [stdout]    = warning: this is accepted in the current edition (Rust 2015) but is a hard error in Rust 2021!
[INFO] [stdout]    = note: for more information, see issue #80165 <https://github.com/rust-lang/rust/issues/80165>
[INFO] [stdout] 
[INFO] [stdout] 
[INFO] [stdout] warning: trait objects without an explicit `dyn` are deprecated
[INFO] [stdout]    --> src/lib.rs:106:29
[INFO] [stdout]     |
[INFO] [stdout] 106 |     after_start: Option<Arc<Fn() + Send + Sync>>,
[INFO] [stdout]     |                             ^^^^^^^^^^^^^^^^^^ help: use `dyn`: `dyn Fn() + Send + Sync`
[INFO] [stdout]     |
[INFO] [stdout]     = warning: this is accepted in the current edition (Rust 2015) but is a hard error in Rust 2021!
[INFO] [stdout]     = note: for more information, see issue #80165 <https://github.com/rust-lang/rust/issues/80165>
[INFO] [stdout] 
[INFO] [stdout] 
[INFO] [stdout] warning: trait objects without an explicit `dyn` are deprecated
[INFO] [stdout]    --> src/lib.rs:107:29
[INFO] [stdout]     |
[INFO] [stdout] 107 |     before_stop: Option<Arc<Fn() + Send + Sync>>,
[INFO] [stdout]     |                             ^^^^^^^^^^^^^^^^^^ help: use `dyn`: `dyn Fn() + Send + Sync`
[INFO] [stdout]     |
[INFO] [stdout]     = warning: this is accepted in the current edition (Rust 2015) but is a hard error in Rust 2021!
[INFO] [stdout]     = note: for more information, see issue #80165 <https://github.com/rust-lang/rust/issues/80165>
[INFO] [stdout] 
[INFO] [stdout] 
[INFO] [stdout] warning: use of deprecated struct `futures::task::Run`
[INFO] [stdout]   --> src/lib.rs:55:31
[INFO] [stdout]    |
[INFO] [stdout] 55 | use futures::executor::{self, Run, Executor};
[INFO] [stdout]    |                               ^^^
[INFO] [stdout]    |
[INFO] [stdout] note: the lint level is defined here
[INFO] [stdout]   --> src/lib.rs:39:9
[INFO] [stdout]    |
[INFO] [stdout] 39 | #![deny(warnings, missing_docs)]
[INFO] [stdout]    |         ^^^^^^^^
[INFO] [stdout]    = note: `#[warn(deprecated)]` implied by `#[warn(warnings)]`
[INFO] [stdout] 
[INFO] [stdout] 
[INFO] [stdout] warning: use of deprecated trait `futures::task::Executor`
[INFO] [stdout]   --> src/lib.rs:55:36
[INFO] [stdout]    |
[INFO] [stdout] 55 | use futures::executor::{self, Run, Executor};
[INFO] [stdout]    |                                    ^^^^^^^^
[INFO] [stdout] 
[INFO] [stdout] 
[INFO] [stdout] warning: use of deprecated struct `futures::task::Run`
[INFO] [stdout]    --> src/lib.rs:111:9
[INFO] [stdout]     |
[INFO] [stdout] 111 |     Run(Run),
[INFO] [stdout]     |         ^^^
[INFO] [stdout] 
[INFO] [stdout] 
[INFO] [stdout] warning: use of deprecated trait `futures::task::Executor`
[INFO] [stdout]    --> src/lib.rs:183:6
[INFO] [stdout]     |
[INFO] [stdout] 183 | impl Executor for Inner {
[INFO] [stdout]     |      ^^^^^^^^
[INFO] [stdout] 
[INFO] [stdout] 
[INFO] [stdout] warning: use of deprecated struct `futures::task::Run`
[INFO] [stdout]    --> src/lib.rs:184:28
[INFO] [stdout]     |
[INFO] [stdout] 184 |     fn execute(&self, run: Run) {
[INFO] [stdout]     |                            ^^^
[INFO] [stdout] 
[INFO] [stdout] 
[INFO] [stdout] warning: use of deprecated associated function `futures::task_impl::std::<impl futures::task::Spawn<F>>::execute`
[INFO] [stdout]    --> src/lib.rs:151:33
[INFO] [stdout]     |
[INFO] [stdout] 151 |         executor::spawn(sender).execute(self.inner.clone());
[INFO] [stdout]     |                                 ^^^^^^^
[INFO] [stdout] 
[INFO] [stdout] 
[INFO] [stdout] warning: use of deprecated constant `std::sync::atomic::ATOMIC_USIZE_INIT`: the `new` function is now preferred
[INFO] [stdout]  --> tests/smoke.rs:5:48
[INFO] [stdout]   |
[INFO] [stdout] 5 | use std::sync::atomic::{AtomicUsize, Ordering, ATOMIC_USIZE_INIT};
[INFO] [stdout]   |                                                ^^^^^^^^^^^^^^^^^
[INFO] [stdout]   |
[INFO] [stdout]   = note: `#[warn(deprecated)]` on by default
[INFO] [stdout] 
[INFO] [stdout] 
[INFO] [stdout] warning: use of deprecated type alias `futures::BoxFuture`: removed without replacement, recommended to use a local extension trait or function if needed, more details in https://github.com/rust-lang-nursery/futures-rs/issues/228
[INFO] [stdout]  --> tests/smoke.rs:9:31
[INFO] [stdout]   |
[INFO] [stdout] 9 | use futures::future::{Future, BoxFuture};
[INFO] [stdout]   |                               ^^^^^^^^^
[INFO] [stdout] 
[INFO] [stdout] 
[INFO] [stdout] warning: use of deprecated type alias `futures::BoxFuture`: removed without replacement, recommended to use a local extension trait or function if needed, more details in https://github.com/rust-lang-nursery/futures-rs/issues/228
[INFO] [stdout]   --> tests/smoke.rs:13:37
[INFO] [stdout]    |
[INFO] [stdout] 13 | fn done<T: Send + 'static>(t: T) -> BoxFuture<T, ()> {
[INFO] [stdout]    |                                     ^^^^^^^^^
[INFO] [stdout] 
[INFO] [stdout] 
[INFO] [stdout] warning: use of deprecated constant `std::sync::atomic::ATOMIC_USIZE_INIT`: the `new` function is now preferred
[INFO] [stdout]   --> tests/smoke.rs:41:31
[INFO] [stdout]    |
[INFO] [stdout] 41 |     static CNT: AtomicUsize = ATOMIC_USIZE_INIT;
[INFO] [stdout]    |                               ^^^^^^^^^^^^^^^^^ help: replace the use of the deprecated constant: `AtomicUsize::new(0)`
[INFO] [stdout] 
[INFO] [stdout] 
[INFO] [stdout] warning: use of deprecated constant `std::sync::atomic::ATOMIC_USIZE_INIT`: the `new` function is now preferred
[INFO] [stdout]   --> tests/smoke.rs:71:38
[INFO] [stdout]    |
[INFO] [stdout] 71 |     static NUM_STARTS: AtomicUsize = ATOMIC_USIZE_INIT;
[INFO] [stdout]    |                                      ^^^^^^^^^^^^^^^^^ help: replace the use of the deprecated constant: `AtomicUsize::new(0)`
[INFO] [stdout] 
[INFO] [stdout] 
[INFO] [stdout] warning: use of deprecated constant `std::sync::atomic::ATOMIC_USIZE_INIT`: the `new` function is now preferred
[INFO] [stdout]   --> tests/smoke.rs:72:37
[INFO] [stdout]    |
[INFO] [stdout] 72 |     static NUM_STOPS: AtomicUsize = ATOMIC_USIZE_INIT;
[INFO] [stdout]    |                                     ^^^^^^^^^^^^^^^^^ help: replace the use of the deprecated constant: `AtomicUsize::new(0)`
[INFO] [stdout] 
[INFO] [stdout] 
[INFO] [stdout] warning: use of deprecated associated function `futures::Future::boxed`: removed without replacement, recommended to use a local extension trait or function if needed, more details in https://github.com/rust-lang-nursery/futures-rs/issues/228
[INFO] [stdout]   --> tests/smoke.rs:14:28
[INFO] [stdout]    |
[INFO] [stdout] 14 |     futures::future::ok(t).boxed()
[INFO] [stdout]    |                            ^^^^^
[INFO] [stdout] 
[INFO] [stdout] 
[INFO] [stdout] warning: 11 warnings emitted
[INFO] [stdout] 
[INFO] [stdout] 
[INFO] [stdout] warning: 7 warnings emitted
[INFO] [stdout] 
[INFO] [stdout] 
[INFO] [stderr]     Finished test [unoptimized + debuginfo] target(s) in 1.04s
[INFO] running `Command { std: "docker" "inspect" "ac5c39e0cac62fbf84c32d97f51a69a2315fca4648548da81f26bc95344d8cbb", kill_on_drop: false }`
[INFO] running `Command { std: "docker" "rm" "-f" "ac5c39e0cac62fbf84c32d97f51a69a2315fca4648548da81f26bc95344d8cbb", kill_on_drop: false }`
[INFO] [stdout] ac5c39e0cac62fbf84c32d97f51a69a2315fca4648548da81f26bc95344d8cbb
[INFO] running `Command { std: "docker" "create" "-v" "/var/lib/crater-agent-workspace/builds/worker-31/target:/opt/rustwide/target:rw,Z" "-v" "/var/lib/crater-agent-workspace/builds/worker-31/source:/opt/rustwide/workdir:ro,Z" "-v" "/var/lib/crater-agent-workspace/cargo-home:/opt/rustwide/cargo-home:ro,Z" "-v" "/var/lib/crater-agent-workspace/rustup-home:/opt/rustwide/rustup-home:ro,Z" "-e" "SOURCE_DIR=/opt/rustwide/workdir" "-e" "CARGO_TARGET_DIR=/opt/rustwide/target" "-e" "CARGO_INCREMENTAL=0" "-e" "RUST_BACKTRACE=full" "-e" "RUSTFLAGS=--cap-lints=warn" "-e" "CARGO_HOME=/opt/rustwide/cargo-home" "-e" "RUSTUP_HOME=/opt/rustwide/rustup-home" "-w" "/opt/rustwide/workdir" "-m" "1610612736" "--user" "0:0" "--network" "none" "ghcr.io/rust-lang/crates-build-env/linux@sha256:34b6a614d2c27851fe6cbf88fbd1137609cefab8b10d0615aaeb6fd47975d74e" "/opt/rustwide/cargo-home/bin/cargo" "+beta-2021-08-01" "test" "--frozen", kill_on_drop: false }`
[INFO] [stdout] 0228f8581a615640bb612cd51792772b6d952fd506a579d19348c251a73ed13a
[INFO] running `Command { std: "docker" "start" "-a" "0228f8581a615640bb612cd51792772b6d952fd506a579d19348c251a73ed13a", kill_on_drop: false }`
[INFO] [stderr] warning: unused `#[macro_use]` import
[INFO] [stderr]   --> src/lib.rs:44:1
[INFO] [stderr]    |
[INFO] [stderr] 44 | #[macro_use]
[INFO] [stderr]    | ^^^^^^^^^^^^
[INFO] [stderr]    |
[INFO] [stderr] note: the lint level is defined here
[INFO] [stderr]   --> src/lib.rs:39:9
[INFO] [stderr]    |
[INFO] [stderr] 39 | #![deny(warnings, missing_docs)]
[INFO] [stderr]    |         ^^^^^^^^
[INFO] [stderr]    = note: `#[warn(unused_imports)]` implied by `#[warn(warnings)]`
[INFO] [stderr] 
[INFO] [stderr] warning: trait objects without an explicit `dyn` are deprecated
[INFO] [stderr]   --> src/lib.rs:87:29
[INFO] [stderr]    |
[INFO] [stderr] 87 |     after_start: Option<Arc<Fn() + Send + Sync>>,
[INFO] [stderr]    |                             ^^^^^^^^^^^^^^^^^^ help: use `dyn`: `dyn Fn() + Send + Sync`
[INFO] [stderr]    |
[INFO] [stderr] note: the lint level is defined here
[INFO] [stderr]   --> src/lib.rs:39:9
[INFO] [stderr]    |
[INFO] [stderr] 39 | #![deny(warnings, missing_docs)]
[INFO] [stderr]    |         ^^^^^^^^
[INFO] [stderr]    = note: `#[warn(bare_trait_objects)]` implied by `#[warn(warnings)]`
[INFO] [stderr]    = warning: this is accepted in the current edition (Rust 2015) but is a hard error in Rust 2021!
[INFO] [stderr]    = note: for more information, see issue #80165 <https://github.com/rust-lang/rust/issues/80165>
[INFO] [stderr] 
[INFO] [stderr] warning: trait objects without an explicit `dyn` are deprecated
[INFO] [stderr]   --> src/lib.rs:88:29
[INFO] [stderr]    |
[INFO] [stderr] 88 |     before_stop: Option<Arc<Fn() + Send + Sync>>,
[INFO] [stderr]    |                             ^^^^^^^^^^^^^^^^^^ help: use `dyn`: `dyn Fn() + Send + Sync`
[INFO] [stderr]    |
[INFO] [stderr]    = warning: this is accepted in the current edition (Rust 2015) but is a hard error in Rust 2021!
[INFO] [stderr]    = note: for more information, see issue #80165 <https://github.com/rust-lang/rust/issues/80165>
[INFO] [stderr] 
[INFO] [stderr] warning: trait objects without an explicit `dyn` are deprecated
[INFO] [stderr]    --> src/lib.rs:106:29
[INFO] [stderr]     |
[INFO] [stderr] 106 |     after_start: Option<Arc<Fn() + Send + Sync>>,
[INFO] [stderr]     |                             ^^^^^^^^^^^^^^^^^^ help: use `dyn`: `dyn Fn() + Send + Sync`
[INFO] [stderr]     |
[INFO] [stderr]     = warning: this is accepted in the current edition (Rust 2015) but is a hard error in Rust 2021!
[INFO] [stderr]     = note: for more information, see issue #80165 <https://github.com/rust-lang/rust/issues/80165>
[INFO] [stderr] 
[INFO] [stderr] warning: trait objects without an explicit `dyn` are deprecated
[INFO] [stderr]    --> src/lib.rs:107:29
[INFO] [stderr]     |
[INFO] [stderr] 107 |     before_stop: Option<Arc<Fn() + Send + Sync>>,
[INFO] [stderr]     |                             ^^^^^^^^^^^^^^^^^^ help: use `dyn`: `dyn Fn() + Send + Sync`
[INFO] [stderr]     |
[INFO] [stderr]     = warning: this is accepted in the current edition (Rust 2015) but is a hard error in Rust 2021!
[INFO] [stderr]     = note: for more information, see issue #80165 <https://github.com/rust-lang/rust/issues/80165>
[INFO] [stderr] 
[INFO] [stderr] warning: use of deprecated struct `futures::task::Run`
[INFO] [stderr]   --> src/lib.rs:55:31
[INFO] [stderr]    |
[INFO] [stderr] 55 | use futures::executor::{self, Run, Executor};
[INFO] [stderr]    |                               ^^^
[INFO] [stderr]    |
[INFO] [stderr] note: the lint level is defined here
[INFO] [stderr]   --> src/lib.rs:39:9
[INFO] [stderr]    |
[INFO] [stderr] 39 | #![deny(warnings, missing_docs)]
[INFO] [stderr]    |         ^^^^^^^^
[INFO] [stderr]    = note: `#[warn(deprecated)]` implied by `#[warn(warnings)]`
[INFO] [stderr] 
[INFO] [stderr] warning: use of deprecated trait `futures::task::Executor`
[INFO] [stderr]   --> src/lib.rs:55:36
[INFO] [stderr]    |
[INFO] [stderr] 55 | use futures::executor::{self, Run, Executor};
[INFO] [stderr]    |                                    ^^^^^^^^
[INFO] [stderr] 
[INFO] [stderr] warning: use of deprecated struct `futures::task::Run`
[INFO] [stderr]    --> src/lib.rs:111:9
[INFO] [stderr]     |
[INFO] [stderr] 111 |     Run(Run),
[INFO] [stderr]     |         ^^^
[INFO] [stderr] 
[INFO] [stderr] warning: use of deprecated trait `futures::task::Executor`
[INFO] [stderr]    --> src/lib.rs:183:6
[INFO] [stderr]     |
[INFO] [stderr] 183 | impl Executor for Inner {
[INFO] [stderr]     |      ^^^^^^^^
[INFO] [stderr] 
[INFO] [stderr] warning: use of deprecated struct `futures::task::Run`
[INFO] [stderr]    --> src/lib.rs:184:28
[INFO] [stderr]     |
[INFO] [stderr] 184 |     fn execute(&self, run: Run) {
[INFO] [stderr]     |                            ^^^
[INFO] [stderr] 
[INFO] [stderr] warning: use of deprecated associated function `futures::task_impl::std::<impl futures::task::Spawn<F>>::execute`
[INFO] [stderr]    --> src/lib.rs:151:33
[INFO] [stderr]     |
[INFO] [stderr] 151 |         executor::spawn(sender).execute(self.inner.clone());
[INFO] [stderr]     |                                 ^^^^^^^
[INFO] [stderr] 
[INFO] [stderr] warning: `futures-threadpool` (lib) generated 11 warnings
[INFO] [stderr] warning: `futures-threadpool` (lib test) generated 11 warnings (11 duplicates)
[INFO] [stderr] warning: use of deprecated constant `std::sync::atomic::ATOMIC_USIZE_INIT`: the `new` function is now preferred
[INFO] [stderr]  --> tests/smoke.rs:5:48
[INFO] [stderr]   |
[INFO] [stderr] 5 | use std::sync::atomic::{AtomicUsize, Ordering, ATOMIC_USIZE_INIT};
[INFO] [stderr]   |                                                ^^^^^^^^^^^^^^^^^
[INFO] [stderr]   |
[INFO] [stderr]   = note: `#[warn(deprecated)]` on by default
[INFO] [stderr] 
[INFO] [stderr] warning: use of deprecated type alias `futures::BoxFuture`: removed without replacement, recommended to use a local extension trait or function if needed, more details in https://github.com/rust-lang-nursery/futures-rs/issues/228
[INFO] [stderr]  --> tests/smoke.rs:9:31
[INFO] [stderr]   |
[INFO] [stderr] 9 | use futures::future::{Future, BoxFuture};
[INFO] [stderr]   |                               ^^^^^^^^^
[INFO] [stderr] 
[INFO] [stderr] warning: use of deprecated type alias `futures::BoxFuture`: removed without replacement, recommended to use a local extension trait or function if needed, more details in https://github.com/rust-lang-nursery/futures-rs/issues/228
[INFO] [stderr]   --> tests/smoke.rs:13:37
[INFO] [stderr]    |
[INFO] [stderr] 13 | fn done<T: Send + 'static>(t: T) -> BoxFuture<T, ()> {
[INFO] [stderr]    |                                     ^^^^^^^^^
[INFO] [stderr] 
[INFO] [stderr] warning: use of deprecated constant `std::sync::atomic::ATOMIC_USIZE_INIT`: the `new` function is now preferred
[INFO] [stderr]   --> tests/smoke.rs:41:31
[INFO] [stderr]    |
[INFO] [stderr] 41 |     static CNT: AtomicUsize = ATOMIC_USIZE_INIT;
[INFO] [stderr]    |                               ^^^^^^^^^^^^^^^^^ help: replace the use of the deprecated constant: `AtomicUsize::new(0)`
[INFO] [stderr] 
[INFO] [stderr] warning: use of deprecated constant `std::sync::atomic::ATOMIC_USIZE_INIT`: the `new` function is now preferred
[INFO] [stderr]   --> tests/smoke.rs:71:38
[INFO] [stderr]    |
[INFO] [stderr] 71 |     static NUM_STARTS: AtomicUsize = ATOMIC_USIZE_INIT;
[INFO] [stderr]    |                                      ^^^^^^^^^^^^^^^^^ help: replace the use of the deprecated constant: `AtomicUsize::new(0)`
[INFO] [stderr] 
[INFO] [stderr] warning: use of deprecated constant `std::sync::atomic::ATOMIC_USIZE_INIT`: the `new` function is now preferred
[INFO] [stderr]   --> tests/smoke.rs:72:37
[INFO] [stderr]    |
[INFO] [stderr] 72 |     static NUM_STOPS: AtomicUsize = ATOMIC_USIZE_INIT;
[INFO] [stderr]    |                                     ^^^^^^^^^^^^^^^^^ help: replace the use of the deprecated constant: `AtomicUsize::new(0)`
[INFO] [stderr] 
[INFO] [stderr] warning: use of deprecated associated function `futures::Future::boxed`: removed without replacement, recommended to use a local extension trait or function if needed, more details in https://github.com/rust-lang-nursery/futures-rs/issues/228
[INFO] [stderr]   --> tests/smoke.rs:14:28
[INFO] [stderr]    |
[INFO] [stderr] 14 |     futures::future::ok(t).boxed()
[INFO] [stderr]    |                            ^^^^^
[INFO] [stderr] 
[INFO] [stderr] warning: `futures-threadpool` (test "smoke") generated 7 warnings
[INFO] [stderr]     Finished test [unoptimized + debuginfo] target(s) in 0.12s
[INFO] [stderr]      Running unittests (/opt/rustwide/target/debug/deps/futures_threadpool-39ddac34dfcf0ec4)
[INFO] [stdout] 
[INFO] [stdout] running 0 tests
[INFO] [stdout] 
[INFO] [stdout] test result: ok. 0 passed; 0 failed; 0 ignored; 0 measured; 0 filtered out; finished in 0.00s
[INFO] [stdout] 
[INFO] [stderr]      Running tests/smoke.rs (/opt/rustwide/target/debug/deps/smoke-ac622783508f12f7)
[INFO] [stdout] 
[INFO] [stdout] running 5 tests
[INFO] [stdout] test join ... ok
[INFO] [stdout] test select ... ok
[INFO] [stdout] test threads_go_away ... ok
[INFO] [stdout] test lifecycle_test ... ok
[INFO] [stdout] test thread_name ... ok
[INFO] [stdout] 
[INFO] [stdout] test result: ok. 5 passed; 0 failed; 0 ignored; 0 measured; 0 filtered out; finished in 0.10s
[INFO] [stdout] 
[INFO] [stderr]    Doc-tests futures-threadpool
[INFO] [stdout] 
[INFO] [stdout] running 3 tests
[INFO] [stdout] test src/lib.rs - ThreadPool::new (line 123) ... FAILED
[INFO] [stdout] test src/lib.rs - ThreadPool::new_num_cpus (line 134) ... FAILED
[INFO] [stdout] test src/lib.rs - (line 9) ... ok
[INFO] [stdout] 
[INFO] [stdout] failures:
[INFO] [stdout] 
[INFO] [stdout] ---- src/lib.rs - ThreadPool::new (line 123) stdout ----
[INFO] [stdout] error[E0433]: failed to resolve: use of undeclared type `Builder`
[INFO] [stdout]  --> src/lib.rs:124:1
[INFO] [stdout]   |
[INFO] [stdout] 3 | Builder::new().pool_size(size).create()
[INFO] [stdout]   | ^^^^^^^ not found in this scope
[INFO] [stdout]   |
[INFO] [stdout] help: consider importing this struct
[INFO] [stdout]   |
[INFO] [stdout] 2 | use std::thread::Builder;
[INFO] [stdout]   |
[INFO] [stdout] 
[INFO] [stdout] error[E0425]: cannot find value `size` in this scope
[INFO] [stdout]  --> src/lib.rs:124:26
[INFO] [stdout]   |
[INFO] [stdout] 3 | Builder::new().pool_size(size).create()
[INFO] [stdout]   |                          ^^^^ not found in this scope
[INFO] [stdout] 
[INFO] [stdout] error: aborting due to 2 previous errors
[INFO] [stdout] 
[INFO] [stdout] Some errors have detailed explanations: E0425, E0433.
[INFO] [stdout] For more information about an error, try `rustc --explain E0425`.
[INFO] [stdout] Couldn't compile the test.
[INFO] [stdout] ---- src/lib.rs - ThreadPool::new_num_cpus (line 134) stdout ----
[INFO] [stdout] error[E0433]: failed to resolve: use of undeclared type `Builder`
[INFO] [stdout]  --> src/lib.rs:135:1
[INFO] [stdout]   |
[INFO] [stdout] 3 | Builder::new().create()
[INFO] [stdout]   | ^^^^^^^ not found in this scope
[INFO] [stdout]   |
[INFO] [stdout] help: consider importing this struct
[INFO] [stdout]   |
[INFO] [stdout] 2 | use std::thread::Builder;
[INFO] [stdout]   |
[INFO] [stdout] 
[INFO] [stdout] error: aborting due to previous error
[INFO] [stdout] 
[INFO] [stdout] For more information about this error, try `rustc --explain E0433`.
[INFO] [stdout] Couldn't compile the test.
[INFO] [stdout] 
[INFO] [stdout] failures:
[INFO] [stdout]     src/lib.rs - ThreadPool::new (line 123)
[INFO] [stdout]     src/lib.rs - ThreadPool::new_num_cpus (line 134)
[INFO] [stdout] 
[INFO] [stdout] test result: FAILED. 1 passed; 2 failed; 0 ignored; 0 measured; 0 filtered out; finished in 0.92s
[INFO] [stdout] 
[INFO] [stderr] error: test failed, to rerun pass '--doc'
[INFO] running `Command { std: "docker" "inspect" "0228f8581a615640bb612cd51792772b6d952fd506a579d19348c251a73ed13a", kill_on_drop: false }`
[INFO] running `Command { std: "docker" "rm" "-f" "0228f8581a615640bb612cd51792772b6d952fd506a579d19348c251a73ed13a", kill_on_drop: false }`
[INFO] [stdout] 0228f8581a615640bb612cd51792772b6d952fd506a579d19348c251a73ed13a
