[INFO] fetching crate futures-task 0.3.16...
[INFO] testing futures-task-0.3.16 against 1.54.0 for beta-1.55-1
[INFO] extracting crate futures-task 0.3.16 into /workspace/builds/worker-74/source
[INFO] validating manifest of crates.io crate futures-task 0.3.16 on toolchain 1.54.0
[INFO] running `Command { std: "/workspace/cargo-home/bin/cargo" "+1.54.0" "metadata" "--manifest-path" "Cargo.toml" "--no-deps", kill_on_drop: false }`
[INFO] started tweaking crates.io crate futures-task 0.3.16
[INFO] finished tweaking crates.io crate futures-task 0.3.16
[INFO] tweaked toml for crates.io crate futures-task 0.3.16 written to /workspace/builds/worker-74/source/Cargo.toml
[INFO] running `Command { std: "/workspace/cargo-home/bin/cargo" "+1.54.0" "generate-lockfile" "--manifest-path" "Cargo.toml" "-Zno-index-update", kill_on_drop: false }`
[INFO] running `Command { std: "/workspace/cargo-home/bin/cargo" "+1.54.0" "fetch" "--manifest-path" "Cargo.toml", kill_on_drop: false }`
[INFO] running `Command { std: "docker" "create" "-v" "/var/lib/crater-agent-workspace/builds/worker-74/target:/opt/rustwide/target:rw,Z" "-v" "/var/lib/crater-agent-workspace/builds/worker-74/source:/opt/rustwide/workdir:ro,Z" "-v" "/var/lib/crater-agent-workspace/cargo-home:/opt/rustwide/cargo-home:ro,Z" "-v" "/var/lib/crater-agent-workspace/rustup-home:/opt/rustwide/rustup-home:ro,Z" "-e" "SOURCE_DIR=/opt/rustwide/workdir" "-e" "CARGO_TARGET_DIR=/opt/rustwide/target" "-e" "CARGO_HOME=/opt/rustwide/cargo-home" "-e" "RUSTUP_HOME=/opt/rustwide/rustup-home" "-w" "/opt/rustwide/workdir" "-m" "1610612736" "--user" "0:0" "--network" "none" "ghcr.io/rust-lang/crates-build-env/linux@sha256:34b6a614d2c27851fe6cbf88fbd1137609cefab8b10d0615aaeb6fd47975d74e" "/opt/rustwide/cargo-home/bin/cargo" "+1.54.0" "metadata" "--no-deps" "--format-version=1", kill_on_drop: false }`
[INFO] [stdout] d8c7503ace0428c6a1877aad1bcb1bba3e5ef7c7d75d531b78616ce044bbe7fc
[INFO] running `Command { std: "docker" "start" "-a" "d8c7503ace0428c6a1877aad1bcb1bba3e5ef7c7d75d531b78616ce044bbe7fc", kill_on_drop: false }`
[INFO] running `Command { std: "docker" "inspect" "d8c7503ace0428c6a1877aad1bcb1bba3e5ef7c7d75d531b78616ce044bbe7fc", kill_on_drop: false }`
[INFO] running `Command { std: "docker" "rm" "-f" "d8c7503ace0428c6a1877aad1bcb1bba3e5ef7c7d75d531b78616ce044bbe7fc", kill_on_drop: false }`
[INFO] [stdout] d8c7503ace0428c6a1877aad1bcb1bba3e5ef7c7d75d531b78616ce044bbe7fc
[INFO] running `Command { std: "docker" "create" "-v" "/var/lib/crater-agent-workspace/builds/worker-74/target:/opt/rustwide/target:rw,Z" "-v" "/var/lib/crater-agent-workspace/builds/worker-74/source:/opt/rustwide/workdir:ro,Z" "-v" "/var/lib/crater-agent-workspace/cargo-home:/opt/rustwide/cargo-home:ro,Z" "-v" "/var/lib/crater-agent-workspace/rustup-home:/opt/rustwide/rustup-home:ro,Z" "-e" "SOURCE_DIR=/opt/rustwide/workdir" "-e" "CARGO_TARGET_DIR=/opt/rustwide/target" "-e" "CARGO_INCREMENTAL=0" "-e" "RUST_BACKTRACE=full" "-e" "RUSTFLAGS=--cap-lints=warn" "-e" "CARGO_HOME=/opt/rustwide/cargo-home" "-e" "RUSTUP_HOME=/opt/rustwide/rustup-home" "-w" "/opt/rustwide/workdir" "-m" "1610612736" "--user" "0:0" "--network" "none" "ghcr.io/rust-lang/crates-build-env/linux@sha256:34b6a614d2c27851fe6cbf88fbd1137609cefab8b10d0615aaeb6fd47975d74e" "/opt/rustwide/cargo-home/bin/cargo" "+1.54.0" "build" "--frozen" "--message-format=json", kill_on_drop: false }`
[INFO] [stdout] 35b4c6dd4776dab03d5b8f3f27b336ea8ee8e284225dec9b51267ef3f720db80
[INFO] running `Command { std: "docker" "start" "-a" "35b4c6dd4776dab03d5b8f3f27b336ea8ee8e284225dec9b51267ef3f720db80", kill_on_drop: false }`
[INFO] [stderr]    Compiling futures-task v0.3.16 (/opt/rustwide/workdir)
[INFO] [stderr]     Finished dev [unoptimized + debuginfo] target(s) in 1.29s
[INFO] running `Command { std: "docker" "inspect" "35b4c6dd4776dab03d5b8f3f27b336ea8ee8e284225dec9b51267ef3f720db80", kill_on_drop: false }`
[INFO] running `Command { std: "docker" "rm" "-f" "35b4c6dd4776dab03d5b8f3f27b336ea8ee8e284225dec9b51267ef3f720db80", kill_on_drop: false }`
[INFO] [stdout] 35b4c6dd4776dab03d5b8f3f27b336ea8ee8e284225dec9b51267ef3f720db80
[INFO] running `Command { std: "docker" "create" "-v" "/var/lib/crater-agent-workspace/builds/worker-74/target:/opt/rustwide/target:rw,Z" "-v" "/var/lib/crater-agent-workspace/builds/worker-74/source:/opt/rustwide/workdir:ro,Z" "-v" "/var/lib/crater-agent-workspace/cargo-home:/opt/rustwide/cargo-home:ro,Z" "-v" "/var/lib/crater-agent-workspace/rustup-home:/opt/rustwide/rustup-home:ro,Z" "-e" "SOURCE_DIR=/opt/rustwide/workdir" "-e" "CARGO_TARGET_DIR=/opt/rustwide/target" "-e" "CARGO_INCREMENTAL=0" "-e" "RUST_BACKTRACE=full" "-e" "RUSTFLAGS=--cap-lints=warn" "-e" "CARGO_HOME=/opt/rustwide/cargo-home" "-e" "RUSTUP_HOME=/opt/rustwide/rustup-home" "-w" "/opt/rustwide/workdir" "-m" "1610612736" "--user" "0:0" "--network" "none" "ghcr.io/rust-lang/crates-build-env/linux@sha256:34b6a614d2c27851fe6cbf88fbd1137609cefab8b10d0615aaeb6fd47975d74e" "/opt/rustwide/cargo-home/bin/cargo" "+1.54.0" "test" "--frozen" "--no-run" "--message-format=json", kill_on_drop: false }`
[INFO] [stdout] 3569c452b93abe19d8525cd42368f1d2ad55938b34a12b07105e1bd54c84332e
[INFO] running `Command { std: "docker" "start" "-a" "3569c452b93abe19d8525cd42368f1d2ad55938b34a12b07105e1bd54c84332e", kill_on_drop: false }`
[INFO] [stderr]    Compiling futures-task v0.3.16 (/opt/rustwide/workdir)
[INFO] [stderr]     Finished test [unoptimized + debuginfo] target(s) in 0.73s
[INFO] running `Command { std: "docker" "inspect" "3569c452b93abe19d8525cd42368f1d2ad55938b34a12b07105e1bd54c84332e", kill_on_drop: false }`
[INFO] running `Command { std: "docker" "rm" "-f" "3569c452b93abe19d8525cd42368f1d2ad55938b34a12b07105e1bd54c84332e", kill_on_drop: false }`
[INFO] [stdout] 3569c452b93abe19d8525cd42368f1d2ad55938b34a12b07105e1bd54c84332e
[INFO] running `Command { std: "docker" "create" "-v" "/var/lib/crater-agent-workspace/builds/worker-74/target:/opt/rustwide/target:rw,Z" "-v" "/var/lib/crater-agent-workspace/builds/worker-74/source:/opt/rustwide/workdir:ro,Z" "-v" "/var/lib/crater-agent-workspace/cargo-home:/opt/rustwide/cargo-home:ro,Z" "-v" "/var/lib/crater-agent-workspace/rustup-home:/opt/rustwide/rustup-home:ro,Z" "-e" "SOURCE_DIR=/opt/rustwide/workdir" "-e" "CARGO_TARGET_DIR=/opt/rustwide/target" "-e" "CARGO_INCREMENTAL=0" "-e" "RUST_BACKTRACE=full" "-e" "RUSTFLAGS=--cap-lints=warn" "-e" "CARGO_HOME=/opt/rustwide/cargo-home" "-e" "RUSTUP_HOME=/opt/rustwide/rustup-home" "-w" "/opt/rustwide/workdir" "-m" "1610612736" "--user" "0:0" "--network" "none" "ghcr.io/rust-lang/crates-build-env/linux@sha256:34b6a614d2c27851fe6cbf88fbd1137609cefab8b10d0615aaeb6fd47975d74e" "/opt/rustwide/cargo-home/bin/cargo" "+1.54.0" "test" "--frozen", kill_on_drop: false }`
[INFO] [stdout] 9064c4f1cb348c2a92ffe20f078c8e89c2fa3259caabd4433e083f096e57a70f
[INFO] running `Command { std: "docker" "start" "-a" "9064c4f1cb348c2a92ffe20f078c8e89c2fa3259caabd4433e083f096e57a70f", kill_on_drop: false }`
[INFO] [stderr]     Finished test [unoptimized + debuginfo] target(s) in 0.02s
[INFO] [stderr]      Running unittests (/opt/rustwide/target/debug/deps/futures_task-0367f13793fdbe3a)
[INFO] [stdout] 
[INFO] [stdout] running 1 test
[INFO] [stdout] test noop_waker::tests::issue_2091_cross_thread_segfault ... ok
[INFO] [stdout] 
[INFO] [stdout] test result: ok. 1 passed; 0 failed; 0 ignored; 0 measured; 0 filtered out; finished in 0.00s
[INFO] [stdout] 
[INFO] [stderr]    Doc-tests futures-task
[INFO] [stdout] 
[INFO] [stdout] running 2 tests
[INFO] [stdout] test src/noop_waker.rs - noop_waker::noop_waker_ref (line 39) ... FAILED
[INFO] [stdout] test src/noop_waker.rs - noop_waker::noop_waker (line 23) ... FAILED
[INFO] [stdout] 
[INFO] [stdout] failures:
[INFO] [stdout] 
[INFO] [stdout] ---- src/noop_waker.rs - noop_waker::noop_waker_ref (line 39) stdout ----
[INFO] [stdout] error[E0433]: failed to resolve: use of undeclared crate or module `futures`
[INFO] [stdout]  --> src/noop_waker.rs:40:5
[INFO] [stdout]   |
[INFO] [stdout] 4 | use futures::task::noop_waker_ref;
[INFO] [stdout]   |     ^^^^^^^ use of undeclared crate or module `futures`
[INFO] [stdout] 
[INFO] [stdout] error[E0425]: cannot find function `noop_waker_ref` in this scope
[INFO] [stdout]  --> src/noop_waker.rs:41:13
[INFO] [stdout]   |
[INFO] [stdout] 5 | let waker = noop_waker_ref();
[INFO] [stdout]   |             ^^^^^^^^^^^^^^ not found in this scope
[INFO] [stdout]   |
[INFO] [stdout] help: consider importing this function
[INFO] [stdout]   |
[INFO] [stdout] 3 | use futures_task::noop_waker_ref;
[INFO] [stdout]   |
[INFO] [stdout] 
[INFO] [stdout] error: aborting due to 2 previous errors
[INFO] [stdout] 
[INFO] [stdout] Some errors have detailed explanations: E0425, E0433.
[INFO] [stdout] For more information about an error, try `rustc --explain E0425`.
[INFO] [stdout] Couldn't compile the test.
[INFO] [stdout] ---- src/noop_waker.rs - noop_waker::noop_waker (line 23) stdout ----
[INFO] [stdout] error[E0433]: failed to resolve: use of undeclared crate or module `futures`
[INFO] [stdout]  --> src/noop_waker.rs:24:5
[INFO] [stdout]   |
[INFO] [stdout] 4 | use futures::task::noop_waker;
[INFO] [stdout]   |     ^^^^^^^ use of undeclared crate or module `futures`
[INFO] [stdout] 
[INFO] [stdout] error[E0425]: cannot find function `noop_waker` in this scope
[INFO] [stdout]  --> src/noop_waker.rs:25:13
[INFO] [stdout]   |
[INFO] [stdout] 5 | let waker = noop_waker();
[INFO] [stdout]   |             ^^^^^^^^^^ not found in this scope
[INFO] [stdout]   |
[INFO] [stdout] help: consider importing this function
[INFO] [stdout]   |
[INFO] [stdout] 3 | use futures_task::noop_waker;
[INFO] [stdout]   |
[INFO] [stdout] 
[INFO] [stdout] error: aborting due to 2 previous errors
[INFO] [stdout] 
[INFO] [stdout] Some errors have detailed explanations: E0425, E0433.
[INFO] [stdout] For more information about an error, try `rustc --explain E0425`.
[INFO] [stdout] Couldn't compile the test.
[INFO] [stdout] 
[INFO] [stdout] failures:
[INFO] [stdout]     src/noop_waker.rs - noop_waker::noop_waker (line 23)
[INFO] [stdout]     src/noop_waker.rs - noop_waker::noop_waker_ref (line 39)
[INFO] [stdout] 
[INFO] [stdout] test result: FAILED. 0 passed; 2 failed; 0 ignored; 0 measured; 0 filtered out; finished in 0.09s
[INFO] [stdout] 
[INFO] [stderr] error: test failed, to rerun pass '--doc'
[INFO] running `Command { std: "docker" "inspect" "9064c4f1cb348c2a92ffe20f078c8e89c2fa3259caabd4433e083f096e57a70f", kill_on_drop: false }`
[INFO] running `Command { std: "docker" "rm" "-f" "9064c4f1cb348c2a92ffe20f078c8e89c2fa3259caabd4433e083f096e57a70f", kill_on_drop: false }`
[INFO] [stdout] 9064c4f1cb348c2a92ffe20f078c8e89c2fa3259caabd4433e083f096e57a70f
