[INFO] fetching crate futures-core-preview 0.3.0-alpha.19...
[INFO] testing futures-core-preview-0.3.0-alpha.19 against beta-2021-08-01 for beta-1.55-1
[INFO] extracting crate futures-core-preview 0.3.0-alpha.19 into /workspace/builds/worker-65/source
[INFO] validating manifest of crates.io crate futures-core-preview 0.3.0-alpha.19 on toolchain beta-2021-08-01
[INFO] running `Command { std: "/workspace/cargo-home/bin/cargo" "+beta-2021-08-01" "metadata" "--manifest-path" "Cargo.toml" "--no-deps", kill_on_drop: false }`
[INFO] started tweaking crates.io crate futures-core-preview 0.3.0-alpha.19
[INFO] finished tweaking crates.io crate futures-core-preview 0.3.0-alpha.19
[INFO] tweaked toml for crates.io crate futures-core-preview 0.3.0-alpha.19 written to /workspace/builds/worker-65/source/Cargo.toml
[INFO] running `Command { std: "/workspace/cargo-home/bin/cargo" "+beta-2021-08-01" "generate-lockfile" "--manifest-path" "Cargo.toml" "-Zno-index-update", kill_on_drop: false }`
[INFO] [stderr]     Blocking waiting for file lock on package cache
[INFO] running `Command { std: "/workspace/cargo-home/bin/cargo" "+beta-2021-08-01" "fetch" "--manifest-path" "Cargo.toml", kill_on_drop: false }`
[INFO] running `Command { std: "docker" "create" "-v" "/var/lib/crater-agent-workspace/builds/worker-65/target:/opt/rustwide/target:rw,Z" "-v" "/var/lib/crater-agent-workspace/builds/worker-65/source:/opt/rustwide/workdir:ro,Z" "-v" "/var/lib/crater-agent-workspace/cargo-home:/opt/rustwide/cargo-home:ro,Z" "-v" "/var/lib/crater-agent-workspace/rustup-home:/opt/rustwide/rustup-home:ro,Z" "-e" "SOURCE_DIR=/opt/rustwide/workdir" "-e" "CARGO_TARGET_DIR=/opt/rustwide/target" "-e" "CARGO_HOME=/opt/rustwide/cargo-home" "-e" "RUSTUP_HOME=/opt/rustwide/rustup-home" "-w" "/opt/rustwide/workdir" "-m" "1610612736" "--user" "0:0" "--network" "none" "ghcr.io/rust-lang/crates-build-env/linux@sha256:34b6a614d2c27851fe6cbf88fbd1137609cefab8b10d0615aaeb6fd47975d74e" "/opt/rustwide/cargo-home/bin/cargo" "+beta-2021-08-01" "metadata" "--no-deps" "--format-version=1", kill_on_drop: false }`
[INFO] [stdout] 39e8eb2c27c1767a057bde0e306efaee9b5ef8984e8fbea0df4de8d3e1d03da6
[INFO] running `Command { std: "docker" "start" "-a" "39e8eb2c27c1767a057bde0e306efaee9b5ef8984e8fbea0df4de8d3e1d03da6", kill_on_drop: false }`
[INFO] running `Command { std: "docker" "inspect" "39e8eb2c27c1767a057bde0e306efaee9b5ef8984e8fbea0df4de8d3e1d03da6", kill_on_drop: false }`
[INFO] running `Command { std: "docker" "rm" "-f" "39e8eb2c27c1767a057bde0e306efaee9b5ef8984e8fbea0df4de8d3e1d03da6", kill_on_drop: false }`
[INFO] [stdout] 39e8eb2c27c1767a057bde0e306efaee9b5ef8984e8fbea0df4de8d3e1d03da6
[INFO] running `Command { std: "docker" "create" "-v" "/var/lib/crater-agent-workspace/builds/worker-65/target:/opt/rustwide/target:rw,Z" "-v" "/var/lib/crater-agent-workspace/builds/worker-65/source:/opt/rustwide/workdir:ro,Z" "-v" "/var/lib/crater-agent-workspace/cargo-home:/opt/rustwide/cargo-home:ro,Z" "-v" "/var/lib/crater-agent-workspace/rustup-home:/opt/rustwide/rustup-home:ro,Z" "-e" "SOURCE_DIR=/opt/rustwide/workdir" "-e" "CARGO_TARGET_DIR=/opt/rustwide/target" "-e" "CARGO_INCREMENTAL=0" "-e" "RUST_BACKTRACE=full" "-e" "RUSTFLAGS=--cap-lints=warn" "-e" "CARGO_HOME=/opt/rustwide/cargo-home" "-e" "RUSTUP_HOME=/opt/rustwide/rustup-home" "-w" "/opt/rustwide/workdir" "-m" "1610612736" "--user" "0:0" "--network" "none" "ghcr.io/rust-lang/crates-build-env/linux@sha256:34b6a614d2c27851fe6cbf88fbd1137609cefab8b10d0615aaeb6fd47975d74e" "/opt/rustwide/cargo-home/bin/cargo" "+beta-2021-08-01" "build" "--frozen" "--message-format=json", kill_on_drop: false }`
[INFO] [stdout] e3537ad10c96a807972e6111f9cf3600fb134d1c15d6bada499240258bf6eb38
[INFO] running `Command { std: "docker" "start" "-a" "e3537ad10c96a807972e6111f9cf3600fb134d1c15d6bada499240258bf6eb38", kill_on_drop: false }`
[INFO] [stderr]     Blocking waiting for file lock on package cache
[INFO] [stderr]    Compiling futures-core-preview v0.3.0-alpha.19 (/opt/rustwide/workdir)
[INFO] [stdout] warning: use of deprecated associated function `std::sync::atomic::AtomicUsize::compare_and_swap`: Use `compare_exchange` or `compare_exchange_weak` instead
[INFO] [stdout]    --> src/task/__internal/atomic_waker.rs:262:26
[INFO] [stdout]     |
[INFO] [stdout] 262 |         match self.state.compare_and_swap(WAITING, REGISTERING, Acquire) {
[INFO] [stdout]     |                          ^^^^^^^^^^^^^^^^
[INFO] [stdout]     |
[INFO] [stdout]     = note: `#[warn(deprecated)]` on by default
[INFO] [stdout] 
[INFO] [stdout] 
[INFO] [stdout] warning: 1 warning emitted
[INFO] [stdout] 
[INFO] [stdout] 
[INFO] [stderr]     Finished dev [unoptimized + debuginfo] target(s) in 1.30s
[INFO] running `Command { std: "docker" "inspect" "e3537ad10c96a807972e6111f9cf3600fb134d1c15d6bada499240258bf6eb38", kill_on_drop: false }`
[INFO] running `Command { std: "docker" "rm" "-f" "e3537ad10c96a807972e6111f9cf3600fb134d1c15d6bada499240258bf6eb38", kill_on_drop: false }`
[INFO] [stdout] e3537ad10c96a807972e6111f9cf3600fb134d1c15d6bada499240258bf6eb38
[INFO] running `Command { std: "docker" "create" "-v" "/var/lib/crater-agent-workspace/builds/worker-65/target:/opt/rustwide/target:rw,Z" "-v" "/var/lib/crater-agent-workspace/builds/worker-65/source:/opt/rustwide/workdir:ro,Z" "-v" "/var/lib/crater-agent-workspace/cargo-home:/opt/rustwide/cargo-home:ro,Z" "-v" "/var/lib/crater-agent-workspace/rustup-home:/opt/rustwide/rustup-home:ro,Z" "-e" "SOURCE_DIR=/opt/rustwide/workdir" "-e" "CARGO_TARGET_DIR=/opt/rustwide/target" "-e" "CARGO_INCREMENTAL=0" "-e" "RUST_BACKTRACE=full" "-e" "RUSTFLAGS=--cap-lints=warn" "-e" "CARGO_HOME=/opt/rustwide/cargo-home" "-e" "RUSTUP_HOME=/opt/rustwide/rustup-home" "-w" "/opt/rustwide/workdir" "-m" "1610612736" "--user" "0:0" "--network" "none" "ghcr.io/rust-lang/crates-build-env/linux@sha256:34b6a614d2c27851fe6cbf88fbd1137609cefab8b10d0615aaeb6fd47975d74e" "/opt/rustwide/cargo-home/bin/cargo" "+beta-2021-08-01" "test" "--frozen" "--no-run" "--message-format=json", kill_on_drop: false }`
[INFO] [stdout] efd6385039df08d594198f7efed2dc55f5255f4d6515c7fcbca0b8ec50c9b579
[INFO] running `Command { std: "docker" "start" "-a" "efd6385039df08d594198f7efed2dc55f5255f4d6515c7fcbca0b8ec50c9b579", kill_on_drop: false }`
[INFO] [stdout] warning: use of deprecated associated function `std::sync::atomic::AtomicUsize::compare_and_swap`: Use `compare_exchange` or `compare_exchange_weak` instead
[INFO] [stdout]    --> src/task/__internal/atomic_waker.rs:262:26
[INFO] [stdout]     |
[INFO] [stdout] 262 |         match self.state.compare_and_swap(WAITING, REGISTERING, Acquire) {
[INFO] [stdout]     |                          ^^^^^^^^^^^^^^^^
[INFO] [stdout]     |
[INFO] [stdout]     = note: `#[warn(deprecated)]` on by default
[INFO] [stdout] 
[INFO] [stdout] 
[INFO] [stderr]    Compiling futures-core-preview v0.3.0-alpha.19 (/opt/rustwide/workdir)
[INFO] [stdout] warning: 1 warning emitted
[INFO] [stdout] 
[INFO] [stdout] 
[INFO] [stdout] warning: use of deprecated associated function `std::sync::atomic::AtomicUsize::compare_and_swap`: Use `compare_exchange` or `compare_exchange_weak` instead
[INFO] [stdout]    --> src/task/__internal/atomic_waker.rs:262:26
[INFO] [stdout]     |
[INFO] [stdout] 262 |         match self.state.compare_and_swap(WAITING, REGISTERING, Acquire) {
[INFO] [stdout]     |                          ^^^^^^^^^^^^^^^^
[INFO] [stdout]     |
[INFO] [stdout]     = note: `#[warn(deprecated)]` on by default
[INFO] [stdout] 
[INFO] [stdout] 
[INFO] [stdout] warning: 1 warning emitted
[INFO] [stdout] 
[INFO] [stdout] 
[INFO] [stderr]     Finished test [unoptimized + debuginfo] target(s) in 0.62s
[INFO] running `Command { std: "docker" "inspect" "efd6385039df08d594198f7efed2dc55f5255f4d6515c7fcbca0b8ec50c9b579", kill_on_drop: false }`
[INFO] running `Command { std: "docker" "rm" "-f" "efd6385039df08d594198f7efed2dc55f5255f4d6515c7fcbca0b8ec50c9b579", kill_on_drop: false }`
[INFO] [stdout] efd6385039df08d594198f7efed2dc55f5255f4d6515c7fcbca0b8ec50c9b579
[INFO] running `Command { std: "docker" "create" "-v" "/var/lib/crater-agent-workspace/builds/worker-65/target:/opt/rustwide/target:rw,Z" "-v" "/var/lib/crater-agent-workspace/builds/worker-65/source:/opt/rustwide/workdir:ro,Z" "-v" "/var/lib/crater-agent-workspace/cargo-home:/opt/rustwide/cargo-home:ro,Z" "-v" "/var/lib/crater-agent-workspace/rustup-home:/opt/rustwide/rustup-home:ro,Z" "-e" "SOURCE_DIR=/opt/rustwide/workdir" "-e" "CARGO_TARGET_DIR=/opt/rustwide/target" "-e" "CARGO_INCREMENTAL=0" "-e" "RUST_BACKTRACE=full" "-e" "RUSTFLAGS=--cap-lints=warn" "-e" "CARGO_HOME=/opt/rustwide/cargo-home" "-e" "RUSTUP_HOME=/opt/rustwide/rustup-home" "-w" "/opt/rustwide/workdir" "-m" "1610612736" "--user" "0:0" "--network" "none" "ghcr.io/rust-lang/crates-build-env/linux@sha256:34b6a614d2c27851fe6cbf88fbd1137609cefab8b10d0615aaeb6fd47975d74e" "/opt/rustwide/cargo-home/bin/cargo" "+beta-2021-08-01" "test" "--frozen", kill_on_drop: false }`
[INFO] [stdout] dadb3da47b73cba33de9453766f4d0aac995c580c8c7fc9e333fe0471112ad7f
[INFO] running `Command { std: "docker" "start" "-a" "dadb3da47b73cba33de9453766f4d0aac995c580c8c7fc9e333fe0471112ad7f", kill_on_drop: false }`
[INFO] [stderr] warning: use of deprecated associated function `std::sync::atomic::AtomicUsize::compare_and_swap`: Use `compare_exchange` or `compare_exchange_weak` instead
[INFO] [stderr]    --> src/task/__internal/atomic_waker.rs:262:26
[INFO] [stderr]     |
[INFO] [stderr] 262 |         match self.state.compare_and_swap(WAITING, REGISTERING, Acquire) {
[INFO] [stderr]     |                          ^^^^^^^^^^^^^^^^
[INFO] [stderr]     |
[INFO] [stderr]     = note: `#[warn(deprecated)]` on by default
[INFO] [stderr] 
[INFO] [stderr] warning: `futures-core-preview` (lib) generated 1 warning
[INFO] [stderr] warning: `futures-core-preview` (lib test) generated 1 warning (1 duplicate)
[INFO] [stderr]     Finished test [unoptimized + debuginfo] target(s) in 0.02s
[INFO] [stderr]      Running unittests (/opt/rustwide/target/debug/deps/futures_core-8403fa031facd99b)
[INFO] [stdout] 
[INFO] [stdout] running 0 tests
[INFO] [stdout] 
[INFO] [stdout] test result: ok. 0 passed; 0 failed; 0 ignored; 0 measured; 0 filtered out; finished in 0.00s
[INFO] [stdout] 
[INFO] [stderr]    Doc-tests futures_core
[INFO] [stdout] 
[INFO] [stdout] running 2 tests
[INFO] [stdout] test src/task/__internal/atomic_waker.rs - task::__internal::atomic_waker::AtomicWaker (line 38) ... FAILED
[INFO] [stdout] test src/task/__internal/atomic_waker.rs - task::__internal::atomic_waker::AtomicWaker::register (line 233) ... FAILED
[INFO] [stdout] 
[INFO] [stdout] failures:
[INFO] [stdout] 
[INFO] [stdout] ---- src/task/__internal/atomic_waker.rs - task::__internal::atomic_waker::AtomicWaker (line 38) stdout ----
[INFO] [stdout] error[E0433]: failed to resolve: use of undeclared crate or module `futures`
[INFO] [stdout]  --> src/task/__internal/atomic_waker.rs:39:5
[INFO] [stdout]   |
[INFO] [stdout] 4 | use futures::future::Future;
[INFO] [stdout]   |     ^^^^^^^ use of undeclared crate or module `futures`
[INFO] [stdout] 
[INFO] [stdout] error[E0433]: failed to resolve: use of undeclared crate or module `futures`
[INFO] [stdout]  --> src/task/__internal/atomic_waker.rs:40:5
[INFO] [stdout]   |
[INFO] [stdout] 5 | use futures::task::{Context, Poll, AtomicWaker};
[INFO] [stdout]   |     ^^^^^^^ use of undeclared crate or module `futures`
[INFO] [stdout] 
[INFO] [stdout] error[E0433]: failed to resolve: use of undeclared type `Poll`
[INFO] [stdout]   --> src/task/__internal/atomic_waker.rs:84:13
[INFO] [stdout]    |
[INFO] [stdout] 49 |             Poll::Pending
[INFO] [stdout]    |             ^^^^ use of undeclared type `Poll`
[INFO] [stdout] 
[INFO] [stdout] error[E0412]: cannot find type `AtomicWaker` in this scope
[INFO] [stdout]   --> src/task/__internal/atomic_waker.rs:47:12
[INFO] [stdout]    |
[INFO] [stdout] 12 |     waker: AtomicWaker,
[INFO] [stdout]    |            ^^^^^^^^^^^ not found in this scope
[INFO] [stdout]    |
[INFO] [stdout] help: consider importing this struct
[INFO] [stdout]    |
[INFO] [stdout] 3  | use futures_core::task::__internal::AtomicWaker;
[INFO] [stdout]    |
[INFO] [stdout] 
[INFO] [stdout] error[E0433]: failed to resolve: use of undeclared type `AtomicWaker`
[INFO] [stdout]   --> src/task/__internal/atomic_waker.rs:57:20
[INFO] [stdout]    |
[INFO] [stdout] 22 |             waker: AtomicWaker::new(),
[INFO] [stdout]    |                    ^^^^^^^^^^^ not found in this scope
[INFO] [stdout]    |
[INFO] [stdout] help: consider importing this struct
[INFO] [stdout]    |
[INFO] [stdout] 3  | use futures_core::task::__internal::AtomicWaker;
[INFO] [stdout]    |
[INFO] [stdout] 
[INFO] [stdout] error[E0405]: cannot find trait `Future` in this scope
[INFO] [stdout]   --> src/task/__internal/atomic_waker.rs:68:6
[INFO] [stdout]    |
[INFO] [stdout] 33 | impl Future for Flag {
[INFO] [stdout]    |      ^^^^^^ not found in this scope
[INFO] [stdout]    |
[INFO] [stdout] help: consider importing one of these items
[INFO] [stdout]    |
[INFO] [stdout] 3  | use core::future::Future;
[INFO] [stdout]    |
[INFO] [stdout] 3  | use futures_core::Future;
[INFO] [stdout]    |
[INFO] [stdout] 3  | use std::future::Future;
[INFO] [stdout]    |
[INFO] [stdout] 
[INFO] [stdout] error[E0412]: cannot find type `Context` in this scope
[INFO] [stdout]   --> src/task/__internal/atomic_waker.rs:71:44
[INFO] [stdout]    |
[INFO] [stdout] 36 |     fn poll(self: Pin<&mut Self>, cx: &mut Context<'_>) -> Poll<()> {
[INFO] [stdout]    |                                            ^^^^^^^ not found in this scope
[INFO] [stdout]    |
[INFO] [stdout] help: consider importing one of these items
[INFO] [stdout]    |
[INFO] [stdout] 3  | use core::task::Context;
[INFO] [stdout]    |
[INFO] [stdout] 3  | use futures_core::core_reexport::task::Context;
[INFO] [stdout]    |
[INFO] [stdout] 3  | use std::task::Context;
[INFO] [stdout]    |
[INFO] [stdout] 
[INFO] [stdout] error[E0412]: cannot find type `Poll` in this scope
[INFO] [stdout]   --> src/task/__internal/atomic_waker.rs:71:60
[INFO] [stdout]    |
[INFO] [stdout] 36 |     fn poll(self: Pin<&mut Self>, cx: &mut Context<'_>) -> Poll<()> {
[INFO] [stdout]    |                                                            ^^^^ not found in this scope
[INFO] [stdout]    |
[INFO] [stdout] help: consider importing one of these items
[INFO] [stdout]    |
[INFO] [stdout] 3  | use core::task::Poll;
[INFO] [stdout]    |
[INFO] [stdout] 3  | use futures_core::Poll;
[INFO] [stdout]    |
[INFO] [stdout] 3  | use std::task::Poll;
[INFO] [stdout]    |
[INFO] [stdout] 
[INFO] [stdout] error[E0433]: failed to resolve: use of undeclared type `Poll`
[INFO] [stdout]   --> src/task/__internal/atomic_waker.rs:74:20
[INFO] [stdout]    |
[INFO] [stdout] 39 |             return Poll::Ready(());
[INFO] [stdout]    |                    ^^^^ not found in this scope
[INFO] [stdout]    |
[INFO] [stdout] help: consider importing one of these items
[INFO] [stdout]    |
[INFO] [stdout] 3  | use core::task::Poll;
[INFO] [stdout]    |
[INFO] [stdout] 3  | use futures_core::Poll;
[INFO] [stdout]    |
[INFO] [stdout] 3  | use std::task::Poll;
[INFO] [stdout]    |
[INFO] [stdout] 
[INFO] [stdout] error[E0433]: failed to resolve: use of undeclared type `Poll`
[INFO] [stdout]   --> src/task/__internal/atomic_waker.rs:82:13
[INFO] [stdout]    |
[INFO] [stdout] 47 |             Poll::Ready(())
[INFO] [stdout]    |             ^^^^ not found in this scope
[INFO] [stdout]    |
[INFO] [stdout] help: consider importing one of these items
[INFO] [stdout]    |
[INFO] [stdout] 3  | use core::task::Poll;
[INFO] [stdout]    |
[INFO] [stdout] 3  | use futures_core::Poll;
[INFO] [stdout]    |
[INFO] [stdout] 3  | use std::task::Poll;
[INFO] [stdout]    |
[INFO] [stdout] 
[INFO] [stdout] error: aborting due to 10 previous errors
[INFO] [stdout] 
[INFO] [stdout] Some errors have detailed explanations: E0405, E0412, E0433.
[INFO] [stdout] For more information about an error, try `rustc --explain E0405`.
[INFO] [stdout] Couldn't compile the test.
[INFO] [stdout] ---- src/task/__internal/atomic_waker.rs - task::__internal::atomic_waker::AtomicWaker::register (line 233) stdout ----
[INFO] [stdout] error[E0433]: failed to resolve: use of undeclared crate or module `futures`
[INFO] [stdout]  --> src/task/__internal/atomic_waker.rs:234:5
[INFO] [stdout]   |
[INFO] [stdout] 4 | use futures::future::Future;
[INFO] [stdout]   |     ^^^^^^^ use of undeclared crate or module `futures`
[INFO] [stdout] 
[INFO] [stdout] error[E0433]: failed to resolve: use of undeclared crate or module `futures`
[INFO] [stdout]  --> src/task/__internal/atomic_waker.rs:235:5
[INFO] [stdout]   |
[INFO] [stdout] 5 | use futures::task::{Context, Poll, AtomicWaker};
[INFO] [stdout]   |     ^^^^^^^ use of undeclared crate or module `futures`
[INFO] [stdout] 
[INFO] [stdout] error[E0433]: failed to resolve: use of undeclared type `Poll`
[INFO] [stdout]   --> src/task/__internal/atomic_waker.rs:256:13
[INFO] [stdout]    |
[INFO] [stdout] 26 |             Poll::Pending
[INFO] [stdout]    |             ^^^^ use of undeclared type `Poll`
[INFO] [stdout] 
[INFO] [stdout] error[E0412]: cannot find type `AtomicWaker` in this scope
[INFO] [stdout]   --> src/task/__internal/atomic_waker.rs:241:12
[INFO] [stdout]    |
[INFO] [stdout] 11 |     waker: AtomicWaker,
[INFO] [stdout]    |            ^^^^^^^^^^^ not found in this scope
[INFO] [stdout]    |
[INFO] [stdout] help: consider importing this struct
[INFO] [stdout]    |
[INFO] [stdout] 3  | use futures_core::task::__internal::AtomicWaker;
[INFO] [stdout]    |
[INFO] [stdout] 
[INFO] [stdout] error[E0405]: cannot find trait `Future` in this scope
[INFO] [stdout]   --> src/task/__internal/atomic_waker.rs:245:6
[INFO] [stdout]    |
[INFO] [stdout] 15 | impl Future for Flag {
[INFO] [stdout]    |      ^^^^^^ not found in this scope
[INFO] [stdout]    |
[INFO] [stdout] help: consider importing one of these items
[INFO] [stdout]    |
[INFO] [stdout] 3  | use core::future::Future;
[INFO] [stdout]    |
[INFO] [stdout] 3  | use futures_core::Future;
[INFO] [stdout]    |
[INFO] [stdout] 3  | use std::future::Future;
[INFO] [stdout]    |
[INFO] [stdout] 
[INFO] [stdout] error[E0412]: cannot find type `Context` in this scope
[INFO] [stdout]   --> src/task/__internal/atomic_waker.rs:248:44
[INFO] [stdout]    |
[INFO] [stdout] 18 |     fn poll(self: Pin<&mut Self>, cx: &mut Context<'_>) -> Poll<()> {
[INFO] [stdout]    |                                            ^^^^^^^ not found in this scope
[INFO] [stdout]    |
[INFO] [stdout] help: consider importing one of these items
[INFO] [stdout]    |
[INFO] [stdout] 3  | use core::task::Context;
[INFO] [stdout]    |
[INFO] [stdout] 3  | use futures_core::core_reexport::task::Context;
[INFO] [stdout]    |
[INFO] [stdout] 3  | use std::task::Context;
[INFO] [stdout]    |
[INFO] [stdout] 
[INFO] [stdout] error[E0412]: cannot find type `Poll` in this scope
[INFO] [stdout]   --> src/task/__internal/atomic_waker.rs:248:60
[INFO] [stdout]    |
[INFO] [stdout] 18 |     fn poll(self: Pin<&mut Self>, cx: &mut Context<'_>) -> Poll<()> {
[INFO] [stdout]    |                                                            ^^^^ not found in this scope
[INFO] [stdout]    |
[INFO] [stdout] help: consider importing one of these items
[INFO] [stdout]    |
[INFO] [stdout] 3  | use core::task::Poll;
[INFO] [stdout]    |
[INFO] [stdout] 3  | use futures_core::Poll;
[INFO] [stdout]    |
[INFO] [stdout] 3  | use std::task::Poll;
[INFO] [stdout]    |
[INFO] [stdout] 
[INFO] [stdout] error[E0433]: failed to resolve: use of undeclared type `Poll`
[INFO] [stdout]   --> src/task/__internal/atomic_waker.rs:254:13
[INFO] [stdout]    |
[INFO] [stdout] 24 |             Poll::Ready(())
[INFO] [stdout]    |             ^^^^ not found in this scope
[INFO] [stdout]    |
[INFO] [stdout] help: consider importing one of these items
[INFO] [stdout]    |
[INFO] [stdout] 3  | use core::task::Poll;
[INFO] [stdout]    |
[INFO] [stdout] 3  | use futures_core::Poll;
[INFO] [stdout]    |
[INFO] [stdout] 3  | use std::task::Poll;
[INFO] [stdout]    |
[INFO] [stdout] 
[INFO] [stdout] error: aborting due to 8 previous errors
[INFO] [stdout] 
[INFO] [stdout] Some errors have detailed explanations: E0405, E0412, E0433.
[INFO] [stdout] For more information about an error, try `rustc --explain E0405`.
[INFO] [stdout] Couldn't compile the test.
[INFO] [stdout] 
[INFO] [stdout] failures:
[INFO] [stdout]     src/task/__internal/atomic_waker.rs - task::__internal::atomic_waker::AtomicWaker (line 38)
[INFO] [stdout]     src/task/__internal/atomic_waker.rs - task::__internal::atomic_waker::AtomicWaker::register (line 233)
[INFO] [stdout] 
[INFO] [stdout] test result: FAILED. 0 passed; 2 failed; 0 ignored; 0 measured; 0 filtered out; finished in 0.09s
[INFO] [stdout] 
[INFO] [stderr] error: test failed, to rerun pass '--doc'
[INFO] running `Command { std: "docker" "inspect" "dadb3da47b73cba33de9453766f4d0aac995c580c8c7fc9e333fe0471112ad7f", kill_on_drop: false }`
[INFO] running `Command { std: "docker" "rm" "-f" "dadb3da47b73cba33de9453766f4d0aac995c580c8c7fc9e333fe0471112ad7f", kill_on_drop: false }`
[INFO] [stdout] dadb3da47b73cba33de9453766f4d0aac995c580c8c7fc9e333fe0471112ad7f
