[INFO] fetching crate funksteckdose 0.1.0...
[INFO] testing funksteckdose-0.1.0 against 1.54.0 for beta-1.55-1
[INFO] extracting crate funksteckdose 0.1.0 into /workspace/builds/worker-2/source
[INFO] validating manifest of crates.io crate funksteckdose 0.1.0 on toolchain 1.54.0
[INFO] running `Command { std: "/workspace/cargo-home/bin/cargo" "+1.54.0" "metadata" "--manifest-path" "Cargo.toml" "--no-deps", kill_on_drop: false }`
[INFO] removed /workspace/builds/worker-2/source/.cargo/config
[INFO] started tweaking crates.io crate funksteckdose 0.1.0
[INFO] finished tweaking crates.io crate funksteckdose 0.1.0
[INFO] tweaked toml for crates.io crate funksteckdose 0.1.0 written to /workspace/builds/worker-2/source/Cargo.toml
[INFO] running `Command { std: "/workspace/cargo-home/bin/cargo" "+1.54.0" "generate-lockfile" "--manifest-path" "Cargo.toml" "-Zno-index-update", kill_on_drop: false }`
[INFO] running `Command { std: "/workspace/cargo-home/bin/cargo" "+1.54.0" "fetch" "--manifest-path" "Cargo.toml", kill_on_drop: false }`
[INFO] [stderr]     Blocking waiting for file lock on package cache
[INFO] running `Command { std: "docker" "create" "-v" "/var/lib/crater-agent-workspace/builds/worker-2/target:/opt/rustwide/target:rw,Z" "-v" "/var/lib/crater-agent-workspace/builds/worker-2/source:/opt/rustwide/workdir:ro,Z" "-v" "/var/lib/crater-agent-workspace/cargo-home:/opt/rustwide/cargo-home:ro,Z" "-v" "/var/lib/crater-agent-workspace/rustup-home:/opt/rustwide/rustup-home:ro,Z" "-e" "SOURCE_DIR=/opt/rustwide/workdir" "-e" "CARGO_TARGET_DIR=/opt/rustwide/target" "-e" "CARGO_HOME=/opt/rustwide/cargo-home" "-e" "RUSTUP_HOME=/opt/rustwide/rustup-home" "-w" "/opt/rustwide/workdir" "-m" "1610612736" "--user" "0:0" "--network" "none" "ghcr.io/rust-lang/crates-build-env/linux@sha256:34b6a614d2c27851fe6cbf88fbd1137609cefab8b10d0615aaeb6fd47975d74e" "/opt/rustwide/cargo-home/bin/cargo" "+1.54.0" "metadata" "--no-deps" "--format-version=1", kill_on_drop: false }`
[INFO] [stdout] 9b6b2ee1f0ec857fe091fa78f778da8a31bf51c7b5da89c007ef5d6da047a41c
[INFO] [stderr] WARNING: Your kernel does not support swap limit capabilities or the cgroup is not mounted. Memory limited without swap.
[INFO] running `Command { std: "docker" "start" "-a" "9b6b2ee1f0ec857fe091fa78f778da8a31bf51c7b5da89c007ef5d6da047a41c", kill_on_drop: false }`
[INFO] running `Command { std: "docker" "inspect" "9b6b2ee1f0ec857fe091fa78f778da8a31bf51c7b5da89c007ef5d6da047a41c", kill_on_drop: false }`
[INFO] running `Command { std: "docker" "rm" "-f" "9b6b2ee1f0ec857fe091fa78f778da8a31bf51c7b5da89c007ef5d6da047a41c", kill_on_drop: false }`
[INFO] [stdout] 9b6b2ee1f0ec857fe091fa78f778da8a31bf51c7b5da89c007ef5d6da047a41c
[INFO] running `Command { std: "docker" "create" "-v" "/var/lib/crater-agent-workspace/builds/worker-2/target:/opt/rustwide/target:rw,Z" "-v" "/var/lib/crater-agent-workspace/builds/worker-2/source:/opt/rustwide/workdir:ro,Z" "-v" "/var/lib/crater-agent-workspace/cargo-home:/opt/rustwide/cargo-home:ro,Z" "-v" "/var/lib/crater-agent-workspace/rustup-home:/opt/rustwide/rustup-home:ro,Z" "-e" "SOURCE_DIR=/opt/rustwide/workdir" "-e" "CARGO_TARGET_DIR=/opt/rustwide/target" "-e" "CARGO_INCREMENTAL=0" "-e" "RUST_BACKTRACE=full" "-e" "RUSTFLAGS=--cap-lints=warn" "-e" "CARGO_HOME=/opt/rustwide/cargo-home" "-e" "RUSTUP_HOME=/opt/rustwide/rustup-home" "-w" "/opt/rustwide/workdir" "-m" "1610612736" "--user" "0:0" "--network" "none" "ghcr.io/rust-lang/crates-build-env/linux@sha256:34b6a614d2c27851fe6cbf88fbd1137609cefab8b10d0615aaeb6fd47975d74e" "/opt/rustwide/cargo-home/bin/cargo" "+1.54.0" "build" "--frozen" "--message-format=json", kill_on_drop: false }`
[INFO] [stdout] 8d060558940c12c6e8ce8edd0bb07240529f0238dfa2497c82a2942f6e5dd9bc
[INFO] [stderr] WARNING: Your kernel does not support swap limit capabilities or the cgroup is not mounted. Memory limited without swap.
[INFO] running `Command { std: "docker" "start" "-a" "8d060558940c12c6e8ce8edd0bb07240529f0238dfa2497c82a2942f6e5dd9bc", kill_on_drop: false }`
[INFO] [stderr]    Compiling structopt-derive v0.2.18
[INFO] [stderr]    Compiling structopt v0.2.18
[INFO] [stderr]    Compiling funksteckdose v0.1.0 (/opt/rustwide/workdir)
[INFO] [stderr]     Finished dev [unoptimized + debuginfo] target(s) in 6.05s
[INFO] running `Command { std: "docker" "inspect" "8d060558940c12c6e8ce8edd0bb07240529f0238dfa2497c82a2942f6e5dd9bc", kill_on_drop: false }`
[INFO] running `Command { std: "docker" "rm" "-f" "8d060558940c12c6e8ce8edd0bb07240529f0238dfa2497c82a2942f6e5dd9bc", kill_on_drop: false }`
[INFO] [stdout] 8d060558940c12c6e8ce8edd0bb07240529f0238dfa2497c82a2942f6e5dd9bc
[INFO] running `Command { std: "docker" "create" "-v" "/var/lib/crater-agent-workspace/builds/worker-2/target:/opt/rustwide/target:rw,Z" "-v" "/var/lib/crater-agent-workspace/builds/worker-2/source:/opt/rustwide/workdir:ro,Z" "-v" "/var/lib/crater-agent-workspace/cargo-home:/opt/rustwide/cargo-home:ro,Z" "-v" "/var/lib/crater-agent-workspace/rustup-home:/opt/rustwide/rustup-home:ro,Z" "-e" "SOURCE_DIR=/opt/rustwide/workdir" "-e" "CARGO_TARGET_DIR=/opt/rustwide/target" "-e" "CARGO_INCREMENTAL=0" "-e" "RUST_BACKTRACE=full" "-e" "RUSTFLAGS=--cap-lints=warn" "-e" "CARGO_HOME=/opt/rustwide/cargo-home" "-e" "RUSTUP_HOME=/opt/rustwide/rustup-home" "-w" "/opt/rustwide/workdir" "-m" "1610612736" "--user" "0:0" "--network" "none" "ghcr.io/rust-lang/crates-build-env/linux@sha256:34b6a614d2c27851fe6cbf88fbd1137609cefab8b10d0615aaeb6fd47975d74e" "/opt/rustwide/cargo-home/bin/cargo" "+1.54.0" "test" "--frozen" "--no-run" "--message-format=json", kill_on_drop: false }`
[INFO] [stdout] ca69080cb4b7356ae5e4ce563b7c44e296b6227719f98b581f0d22c91a33d9d2
[INFO] [stderr] WARNING: Your kernel does not support swap limit capabilities or the cgroup is not mounted. Memory limited without swap.
[INFO] running `Command { std: "docker" "start" "-a" "ca69080cb4b7356ae5e4ce563b7c44e296b6227719f98b581f0d22c91a33d9d2", kill_on_drop: false }`
[INFO] [stderr]    Compiling funksteckdose v0.1.0 (/opt/rustwide/workdir)
[INFO] [stderr]     Finished test [unoptimized + debuginfo] target(s) in 2.18s
[INFO] running `Command { std: "docker" "inspect" "ca69080cb4b7356ae5e4ce563b7c44e296b6227719f98b581f0d22c91a33d9d2", kill_on_drop: false }`
[INFO] running `Command { std: "docker" "rm" "-f" "ca69080cb4b7356ae5e4ce563b7c44e296b6227719f98b581f0d22c91a33d9d2", kill_on_drop: false }`
[INFO] [stdout] ca69080cb4b7356ae5e4ce563b7c44e296b6227719f98b581f0d22c91a33d9d2
[INFO] running `Command { std: "docker" "create" "-v" "/var/lib/crater-agent-workspace/builds/worker-2/target:/opt/rustwide/target:rw,Z" "-v" "/var/lib/crater-agent-workspace/builds/worker-2/source:/opt/rustwide/workdir:ro,Z" "-v" "/var/lib/crater-agent-workspace/cargo-home:/opt/rustwide/cargo-home:ro,Z" "-v" "/var/lib/crater-agent-workspace/rustup-home:/opt/rustwide/rustup-home:ro,Z" "-e" "SOURCE_DIR=/opt/rustwide/workdir" "-e" "CARGO_TARGET_DIR=/opt/rustwide/target" "-e" "CARGO_INCREMENTAL=0" "-e" "RUST_BACKTRACE=full" "-e" "RUSTFLAGS=--cap-lints=warn" "-e" "CARGO_HOME=/opt/rustwide/cargo-home" "-e" "RUSTUP_HOME=/opt/rustwide/rustup-home" "-w" "/opt/rustwide/workdir" "-m" "1610612736" "--user" "0:0" "--network" "none" "ghcr.io/rust-lang/crates-build-env/linux@sha256:34b6a614d2c27851fe6cbf88fbd1137609cefab8b10d0615aaeb6fd47975d74e" "/opt/rustwide/cargo-home/bin/cargo" "+1.54.0" "test" "--frozen", kill_on_drop: false }`
[INFO] [stdout] 597a8849a986654e2647d82c302b0aecec577c3e5f4e1c942a8800a4dac43fd1
[INFO] [stderr] WARNING: Your kernel does not support swap limit capabilities or the cgroup is not mounted. Memory limited without swap.
[INFO] running `Command { std: "docker" "start" "-a" "597a8849a986654e2647d82c302b0aecec577c3e5f4e1c942a8800a4dac43fd1", kill_on_drop: false }`
[INFO] [stdout] 
[INFO] [stderr]     Finished test [unoptimized + debuginfo] target(s) in 0.05s
[INFO] [stdout] running 0 tests
[INFO] [stderr]      Running unittests (/opt/rustwide/target/debug/deps/funksteckdose-e047890f6d7ef6b9)
[INFO] [stdout] 
[INFO] [stdout] test result: ok. 0 passed; 0 failed; 0 ignored; 0 measured; 0 filtered out; finished in 0.00s
[INFO] [stdout] 
[INFO] [stderr]      Running unittests (/opt/rustwide/target/debug/deps/funksteckdose-2ed16a0c998d074a)
[INFO] [stdout] 
[INFO] [stdout] running 0 tests
[INFO] [stdout] 
[INFO] [stdout] test result: ok. 0 passed; 0 failed; 0 ignored; 0 measured; 0 filtered out; finished in 0.00s
[INFO] [stdout] 
[INFO] [stderr]    Doc-tests funksteckdose
[INFO] [stdout] 
[INFO] [stdout] running 3 tests
[INFO] [stdout] test src/lib.rs - Funksteckdose<T, E, P>::with_repeat_transmit (line 187) ... FAILED
[INFO] [stdout] test src/lib.rs - Funksteckdose<T, E, P>::new (line 177) ... FAILED
[INFO] [stdout] test src/lib.rs - Funksteckdose<T, E, P>::send (line 203) ... FAILED
[INFO] [stdout] 
[INFO] [stdout] failures:
[INFO] [stdout] 
[INFO] [stdout] ---- src/lib.rs - Funksteckdose<T, E, P>::with_repeat_transmit (line 187) stdout ----
[INFO] [stdout] error[E0433]: failed to resolve: use of undeclared type `WiringPiPin`
[INFO] [stdout]  --> src/lib.rs:189:11
[INFO] [stdout]   |
[INFO] [stdout] 5 | let pin = WiringPiPin::new(0);
[INFO] [stdout]   |           ^^^^^^^^^^^ use of undeclared type `WiringPiPin`
[INFO] [stdout] 
[INFO] [stdout] error[E0412]: cannot find type `WiringPiPin` in this scope
[INFO] [stdout]  --> src/lib.rs:188:51
[INFO] [stdout]   |
[INFO] [stdout] 4 | type Funksteckdose = funksteckdose::Funksteckdose<WiringPiPin, EncodingA, Protocol1>;
[INFO] [stdout]   |                   -                               ^^^^^^^^^^^ not found in this scope
[INFO] [stdout]   |                   |
[INFO] [stdout]   |                   help: you might be missing a type parameter: `<WiringPiPin>`
[INFO] [stdout] 
[INFO] [stdout] error[E0412]: cannot find type `EncodingA` in this scope
[INFO] [stdout]  --> src/lib.rs:188:64
[INFO] [stdout]   |
[INFO] [stdout] 4 | type Funksteckdose = funksteckdose::Funksteckdose<WiringPiPin, EncodingA, Protocol1>;
[INFO] [stdout]   |                                                                ^^^^^^^^^ not found in this scope
[INFO] [stdout]   |
[INFO] [stdout] help: consider importing this struct
[INFO] [stdout]   |
[INFO] [stdout] 3 | use funksteckdose::EncodingA;
[INFO] [stdout]   |
[INFO] [stdout] 
[INFO] [stdout] error[E0412]: cannot find type `Protocol1` in this scope
[INFO] [stdout]  --> src/lib.rs:188:75
[INFO] [stdout]   |
[INFO] [stdout] 4 | type Funksteckdose = funksteckdose::Funksteckdose<WiringPiPin, EncodingA, Protocol1>;
[INFO] [stdout]   |                                                                           ^^^^^^^^^ not found in this scope
[INFO] [stdout]   |
[INFO] [stdout] help: consider importing this struct
[INFO] [stdout]   |
[INFO] [stdout] 3 | use funksteckdose::Protocol1;
[INFO] [stdout]   |
[INFO] [stdout] 
[INFO] [stdout] error: aborting due to 4 previous errors
[INFO] [stdout] 
[INFO] [stdout] Some errors have detailed explanations: E0412, E0433.
[INFO] [stdout] For more information about an error, try `rustc --explain E0412`.
[INFO] [stdout] Couldn't compile the test.
[INFO] [stdout] ---- src/lib.rs - Funksteckdose<T, E, P>::new (line 177) stdout ----
[INFO] [stdout] error[E0433]: failed to resolve: use of undeclared type `WiringPiPin`
[INFO] [stdout]  --> src/lib.rs:179:11
[INFO] [stdout]   |
[INFO] [stdout] 5 | let pin = WiringPiPin::new(0);
[INFO] [stdout]   |           ^^^^^^^^^^^ use of undeclared type `WiringPiPin`
[INFO] [stdout] 
[INFO] [stdout] error[E0412]: cannot find type `WiringPiPin` in this scope
[INFO] [stdout]  --> src/lib.rs:178:51
[INFO] [stdout]   |
[INFO] [stdout] 4 | type Funksteckdose = funksteckdose::Funksteckdose<WiringPiPin, EncodingA, Protocol1>;
[INFO] [stdout]   |                   -                               ^^^^^^^^^^^ not found in this scope
[INFO] [stdout]   |                   |
[INFO] [stdout]   |                   help: you might be missing a type parameter: `<WiringPiPin>`
[INFO] [stdout] 
[INFO] [stdout] error[E0412]: cannot find type `EncodingA` in this scope
[INFO] [stdout]  --> src/lib.rs:178:64
[INFO] [stdout]   |
[INFO] [stdout] 4 | type Funksteckdose = funksteckdose::Funksteckdose<WiringPiPin, EncodingA, Protocol1>;
[INFO] [stdout]   |                                                                ^^^^^^^^^ not found in this scope
[INFO] [stdout]   |
[INFO] [stdout] help: consider importing this struct
[INFO] [stdout]   |
[INFO] [stdout] 3 | use funksteckdose::EncodingA;
[INFO] [stdout]   |
[INFO] [stdout] 
[INFO] [stdout] error[E0412]: cannot find type `Protocol1` in this scope
[INFO] [stdout]  --> src/lib.rs:178:75
[INFO] [stdout]   |
[INFO] [stdout] 4 | type Funksteckdose = funksteckdose::Funksteckdose<WiringPiPin, EncodingA, Protocol1>;
[INFO] [stdout]   |                                                                           ^^^^^^^^^ not found in this scope
[INFO] [stdout]   |
[INFO] [stdout] help: consider importing this struct
[INFO] [stdout]   |
[INFO] [stdout] 3 | use funksteckdose::Protocol1;
[INFO] [stdout]   |
[INFO] [stdout] 
[INFO] [stdout] error: aborting due to 4 previous errors
[INFO] [stdout] 
[INFO] [stdout] Some errors have detailed explanations: E0412, E0433.
[INFO] [stdout] For more information about an error, try `rustc --explain E0412`.
[INFO] [stdout] Couldn't compile the test.
[INFO] [stdout] ---- src/lib.rs - Funksteckdose<T, E, P>::send (line 203) stdout ----
[INFO] [stdout] error[E0433]: failed to resolve: use of undeclared type `WiringPiPin`
[INFO] [stdout]  --> src/lib.rs:205:11
[INFO] [stdout]   |
[INFO] [stdout] 5 | let pin = WiringPiPin::new(0);
[INFO] [stdout]   |           ^^^^^^^^^^^ use of undeclared type `WiringPiPin`
[INFO] [stdout] 
[INFO] [stdout] error[E0433]: failed to resolve: use of undeclared type `Device`
[INFO] [stdout]  --> src/lib.rs:207:18
[INFO] [stdout]   |
[INFO] [stdout] 7 | d.send("10001", &Device::A, &State::On).expect("Failed to send");
[INFO] [stdout]   |                  ^^^^^^ use of undeclared type `Device`
[INFO] [stdout] 
[INFO] [stdout] error[E0433]: failed to resolve: use of undeclared type `State`
[INFO] [stdout]  --> src/lib.rs:207:30
[INFO] [stdout]   |
[INFO] [stdout] 7 | d.send("10001", &Device::A, &State::On).expect("Failed to send");
[INFO] [stdout]   |                              ^^^^^ use of undeclared type `State`
[INFO] [stdout] 
[INFO] [stdout] error[E0412]: cannot find type `WiringPiPin` in this scope
[INFO] [stdout]  --> src/lib.rs:204:51
[INFO] [stdout]   |
[INFO] [stdout] 4 | type Funksteckdose = funksteckdose::Funksteckdose<WiringPiPin, EncodingA, Protocol1>;
[INFO] [stdout]   |                   -                               ^^^^^^^^^^^ not found in this scope
[INFO] [stdout]   |                   |
[INFO] [stdout]   |                   help: you might be missing a type parameter: `<WiringPiPin>`
[INFO] [stdout] 
[INFO] [stdout] error[E0412]: cannot find type `EncodingA` in this scope
[INFO] [stdout]  --> src/lib.rs:204:64
[INFO] [stdout]   |
[INFO] [stdout] 4 | type Funksteckdose = funksteckdose::Funksteckdose<WiringPiPin, EncodingA, Protocol1>;
[INFO] [stdout]   |                                                                ^^^^^^^^^ not found in this scope
[INFO] [stdout]   |
[INFO] [stdout] help: consider importing this struct
[INFO] [stdout]   |
[INFO] [stdout] 3 | use funksteckdose::EncodingA;
[INFO] [stdout]   |
[INFO] [stdout] 
[INFO] [stdout] error[E0412]: cannot find type `Protocol1` in this scope
[INFO] [stdout]  --> src/lib.rs:204:75
[INFO] [stdout]   |
[INFO] [stdout] 4 | type Funksteckdose = funksteckdose::Funksteckdose<WiringPiPin, EncodingA, Protocol1>;
[INFO] [stdout]   |                                                                           ^^^^^^^^^ not found in this scope
[INFO] [stdout]   |
[INFO] [stdout] help: consider importing this struct
[INFO] [stdout]   |
[INFO] [stdout] 3 | use funksteckdose::Protocol1;
[INFO] [stdout]   |
[INFO] [stdout] 
[INFO] [stdout] error: aborting due to 6 previous errors
[INFO] [stdout] 
[INFO] [stdout] Some errors have detailed explanations: E0412, E0433.
[INFO] [stdout] For more information about an error, try `rustc --explain E0412`.
[INFO] [stdout] Couldn't compile the test.
[INFO] [stdout] 
[INFO] [stdout] failures:
[INFO] [stdout]     src/lib.rs - Funksteckdose<T, E, P>::new (line 177)
[INFO] [stdout]     src/lib.rs - Funksteckdose<T, E, P>::send (line 203)
[INFO] [stdout]     src/lib.rs - Funksteckdose<T, E, P>::with_repeat_transmit (line 187)
[INFO] [stdout] 
[INFO] [stdout] test result: FAILED. 0 passed; 3 failed; 0 ignored; 0 measured; 0 filtered out; finished in 0.76s
[INFO] [stdout] 
[INFO] [stderr] error: test failed, to rerun pass '--doc'
[INFO] running `Command { std: "docker" "inspect" "597a8849a986654e2647d82c302b0aecec577c3e5f4e1c942a8800a4dac43fd1", kill_on_drop: false }`
[INFO] running `Command { std: "docker" "rm" "-f" "597a8849a986654e2647d82c302b0aecec577c3e5f4e1c942a8800a4dac43fd1", kill_on_drop: false }`
[INFO] [stdout] 597a8849a986654e2647d82c302b0aecec577c3e5f4e1c942a8800a4dac43fd1
