[INFO] fetching crate fungus 0.1.27...
[INFO] testing fungus-0.1.27 against 1.54.0 for beta-1.55-1
[INFO] extracting crate fungus 0.1.27 into /workspace/builds/worker-3/source
[INFO] validating manifest of crates.io crate fungus 0.1.27 on toolchain 1.54.0
[INFO] running `Command { std: "/workspace/cargo-home/bin/cargo" "+1.54.0" "metadata" "--manifest-path" "Cargo.toml" "--no-deps", kill_on_drop: false }`
[INFO] started tweaking crates.io crate fungus 0.1.27
[INFO] finished tweaking crates.io crate fungus 0.1.27
[INFO] tweaked toml for crates.io crate fungus 0.1.27 written to /workspace/builds/worker-3/source/Cargo.toml
[INFO] crate crates.io crate fungus 0.1.27 already has a lockfile, it will not be regenerated
[INFO] running `Command { std: "/workspace/cargo-home/bin/cargo" "+1.54.0" "fetch" "--manifest-path" "Cargo.toml", kill_on_drop: false }`
[INFO] [stderr]     Blocking waiting for file lock on package cache
[INFO] running `Command { std: "docker" "create" "-v" "/var/lib/crater-agent-workspace/builds/worker-3/target:/opt/rustwide/target:rw,Z" "-v" "/var/lib/crater-agent-workspace/builds/worker-3/source:/opt/rustwide/workdir:ro,Z" "-v" "/var/lib/crater-agent-workspace/cargo-home:/opt/rustwide/cargo-home:ro,Z" "-v" "/var/lib/crater-agent-workspace/rustup-home:/opt/rustwide/rustup-home:ro,Z" "-e" "SOURCE_DIR=/opt/rustwide/workdir" "-e" "CARGO_TARGET_DIR=/opt/rustwide/target" "-e" "CARGO_HOME=/opt/rustwide/cargo-home" "-e" "RUSTUP_HOME=/opt/rustwide/rustup-home" "-w" "/opt/rustwide/workdir" "-m" "1610612736" "--user" "0:0" "--network" "none" "ghcr.io/rust-lang/crates-build-env/linux@sha256:34b6a614d2c27851fe6cbf88fbd1137609cefab8b10d0615aaeb6fd47975d74e" "/opt/rustwide/cargo-home/bin/cargo" "+1.54.0" "metadata" "--no-deps" "--format-version=1", kill_on_drop: false }`
[INFO] [stderr] WARNING: Your kernel does not support swap limit capabilities or the cgroup is not mounted. Memory limited without swap.
[INFO] [stdout] 9ed0755e4294c5f796b4a377a032577461f024648f90bba6a1a5a8b2a9e8f60a
[INFO] running `Command { std: "docker" "start" "-a" "9ed0755e4294c5f796b4a377a032577461f024648f90bba6a1a5a8b2a9e8f60a", kill_on_drop: false }`
[INFO] running `Command { std: "docker" "inspect" "9ed0755e4294c5f796b4a377a032577461f024648f90bba6a1a5a8b2a9e8f60a", kill_on_drop: false }`
[INFO] running `Command { std: "docker" "rm" "-f" "9ed0755e4294c5f796b4a377a032577461f024648f90bba6a1a5a8b2a9e8f60a", kill_on_drop: false }`
[INFO] [stdout] 9ed0755e4294c5f796b4a377a032577461f024648f90bba6a1a5a8b2a9e8f60a
[INFO] running `Command { std: "docker" "create" "-v" "/var/lib/crater-agent-workspace/builds/worker-3/target:/opt/rustwide/target:rw,Z" "-v" "/var/lib/crater-agent-workspace/builds/worker-3/source:/opt/rustwide/workdir:ro,Z" "-v" "/var/lib/crater-agent-workspace/cargo-home:/opt/rustwide/cargo-home:ro,Z" "-v" "/var/lib/crater-agent-workspace/rustup-home:/opt/rustwide/rustup-home:ro,Z" "-e" "SOURCE_DIR=/opt/rustwide/workdir" "-e" "CARGO_TARGET_DIR=/opt/rustwide/target" "-e" "CARGO_INCREMENTAL=0" "-e" "RUST_BACKTRACE=full" "-e" "RUSTFLAGS=--cap-lints=warn" "-e" "CARGO_HOME=/opt/rustwide/cargo-home" "-e" "RUSTUP_HOME=/opt/rustwide/rustup-home" "-w" "/opt/rustwide/workdir" "-m" "1610612736" "--user" "0:0" "--network" "none" "ghcr.io/rust-lang/crates-build-env/linux@sha256:34b6a614d2c27851fe6cbf88fbd1137609cefab8b10d0615aaeb6fd47975d74e" "/opt/rustwide/cargo-home/bin/cargo" "+1.54.0" "build" "--frozen" "--message-format=json", kill_on_drop: false }`
[INFO] [stderr] WARNING: Your kernel does not support swap limit capabilities or the cgroup is not mounted. Memory limited without swap.
[INFO] [stdout] 7dcbdac40076b802b96c29a61be1dfd268244eeacbe7c90199b21e5b9f7e5e79
[INFO] running `Command { std: "docker" "start" "-a" "7dcbdac40076b802b96c29a61be1dfd268244eeacbe7c90199b21e5b9f7e5e79", kill_on_drop: false }`
[INFO] [stderr]     Blocking waiting for file lock on package cache
[INFO] [stderr]     Blocking waiting for file lock on package cache
[INFO] [stderr]    Compiling adler v0.2.3
[INFO] [stderr]    Compiling miniz_oxide v0.4.3
[INFO] [stderr]    Compiling walkdir v2.3.1
[INFO] [stderr]    Compiling xattr v0.2.2
[INFO] [stderr]    Compiling filetime v0.2.13
[INFO] [stderr]    Compiling gory v0.1.8
[INFO] [stderr]    Compiling crypto-mac v0.8.0
[INFO] [stderr]    Compiling blake2 v0.9.1
[INFO] [stderr]    Compiling tar v0.4.30
[INFO] [stderr]    Compiling flate2 v1.0.19
[INFO] [stderr]    Compiling fungus v0.1.27 (/opt/rustwide/workdir)
[INFO] [stderr]     Finished dev [unoptimized + debuginfo] target(s) in 8.46s
[INFO] running `Command { std: "docker" "inspect" "7dcbdac40076b802b96c29a61be1dfd268244eeacbe7c90199b21e5b9f7e5e79", kill_on_drop: false }`
[INFO] running `Command { std: "docker" "rm" "-f" "7dcbdac40076b802b96c29a61be1dfd268244eeacbe7c90199b21e5b9f7e5e79", kill_on_drop: false }`
[INFO] [stdout] 7dcbdac40076b802b96c29a61be1dfd268244eeacbe7c90199b21e5b9f7e5e79
[INFO] running `Command { std: "docker" "create" "-v" "/var/lib/crater-agent-workspace/builds/worker-3/target:/opt/rustwide/target:rw,Z" "-v" "/var/lib/crater-agent-workspace/builds/worker-3/source:/opt/rustwide/workdir:ro,Z" "-v" "/var/lib/crater-agent-workspace/cargo-home:/opt/rustwide/cargo-home:ro,Z" "-v" "/var/lib/crater-agent-workspace/rustup-home:/opt/rustwide/rustup-home:ro,Z" "-e" "SOURCE_DIR=/opt/rustwide/workdir" "-e" "CARGO_TARGET_DIR=/opt/rustwide/target" "-e" "CARGO_INCREMENTAL=0" "-e" "RUST_BACKTRACE=full" "-e" "RUSTFLAGS=--cap-lints=warn" "-e" "CARGO_HOME=/opt/rustwide/cargo-home" "-e" "RUSTUP_HOME=/opt/rustwide/rustup-home" "-w" "/opt/rustwide/workdir" "-m" "1610612736" "--user" "0:0" "--network" "none" "ghcr.io/rust-lang/crates-build-env/linux@sha256:34b6a614d2c27851fe6cbf88fbd1137609cefab8b10d0615aaeb6fd47975d74e" "/opt/rustwide/cargo-home/bin/cargo" "+1.54.0" "test" "--frozen" "--no-run" "--message-format=json", kill_on_drop: false }`
[INFO] [stdout] 1c048811ecb887519dff11f5ee2b283222e3dbee28efc09ff5e83a2351131842
[INFO] [stderr] WARNING: Your kernel does not support swap limit capabilities or the cgroup is not mounted. Memory limited without swap.
[INFO] running `Command { std: "docker" "start" "-a" "1c048811ecb887519dff11f5ee2b283222e3dbee28efc09ff5e83a2351131842", kill_on_drop: false }`
[INFO] [stderr]    Compiling fungus v0.1.27 (/opt/rustwide/workdir)
[INFO] [stderr]     Finished test [unoptimized + debuginfo] target(s) in 7.21s
[INFO] running `Command { std: "docker" "inspect" "1c048811ecb887519dff11f5ee2b283222e3dbee28efc09ff5e83a2351131842", kill_on_drop: false }`
[INFO] running `Command { std: "docker" "rm" "-f" "1c048811ecb887519dff11f5ee2b283222e3dbee28efc09ff5e83a2351131842", kill_on_drop: false }`
[INFO] [stdout] 1c048811ecb887519dff11f5ee2b283222e3dbee28efc09ff5e83a2351131842
[INFO] running `Command { std: "docker" "create" "-v" "/var/lib/crater-agent-workspace/builds/worker-3/target:/opt/rustwide/target:rw,Z" "-v" "/var/lib/crater-agent-workspace/builds/worker-3/source:/opt/rustwide/workdir:ro,Z" "-v" "/var/lib/crater-agent-workspace/cargo-home:/opt/rustwide/cargo-home:ro,Z" "-v" "/var/lib/crater-agent-workspace/rustup-home:/opt/rustwide/rustup-home:ro,Z" "-e" "SOURCE_DIR=/opt/rustwide/workdir" "-e" "CARGO_TARGET_DIR=/opt/rustwide/target" "-e" "CARGO_INCREMENTAL=0" "-e" "RUST_BACKTRACE=full" "-e" "RUSTFLAGS=--cap-lints=warn" "-e" "CARGO_HOME=/opt/rustwide/cargo-home" "-e" "RUSTUP_HOME=/opt/rustwide/rustup-home" "-w" "/opt/rustwide/workdir" "-m" "1610612736" "--user" "0:0" "--network" "none" "ghcr.io/rust-lang/crates-build-env/linux@sha256:34b6a614d2c27851fe6cbf88fbd1137609cefab8b10d0615aaeb6fd47975d74e" "/opt/rustwide/cargo-home/bin/cargo" "+1.54.0" "test" "--frozen", kill_on_drop: false }`
[INFO] [stdout] 6da59afc7707d2b11c8c1f1e6193e7ef079ebbbcb8faa2790046981a88b69065
[INFO] [stderr] WARNING: Your kernel does not support swap limit capabilities or the cgroup is not mounted. Memory limited without swap.
[INFO] running `Command { std: "docker" "start" "-a" "6da59afc7707d2b11c8c1f1e6193e7ef079ebbbcb8faa2790046981a88b69065", kill_on_drop: false }`
[INFO] [stderr]     Blocking waiting for file lock on package cache
[INFO] [stderr]     Finished test [unoptimized + debuginfo] target(s) in 0.24s
[INFO] [stderr]      Running unittests (/opt/rustwide/target/debug/deps/fungus-2bbb8cd95b82e389)
[INFO] [stdout] 
[INFO] [stdout] running 154 tests
[INFO] [stdout] test core::assert::tests::test_assert_exists ... FAILED
[INFO] [stdout] test core::assert::tests::test_assert_remove ... FAILED
[INFO] [stdout] test core::assert::tests::test_assert_remove_all ... FAILED
[INFO] [stdout] test core::defer::tests::test_defer_actually_waits_until_end ... ok
[INFO] [stdout] test core::assert::tests::test_assert_file ... FAILED
[INFO] [stdout] test core::assert::tests::test_assert_dir ... FAILED
[INFO] [stdout] test core::assert::tests::test_assert_setup ... FAILED
[INFO] [stdout] test core::defer::tests::test_defer_fires_even_with_panic ... ok
[INFO] [stdout] test core::iter::tests::test_consume ... ok
[INFO] [stdout] test core::string::tests::test_string_trim_suffix ... ok
[INFO] [stdout] test core::iter::tests::test_eq ... ok
[INFO] [stdout] test core::iter::tests::test_single ... ok
[INFO] [stdout] test enc::gzip::tests::test_is_gzipped ... FAILED
[INFO] [stdout] test enc::tar::tests::test_create_and_extract_multiple ... FAILED
[INFO] [stdout] test enc::tar::tests::test_create_and_extract_multiple_files ... FAILED
[INFO] [stdout] test enc::tar::tests::test_extract_sys_tar ... FAILED
[INFO] [stdout] test enc::tar::tests::test_create_and_extract_single_file ... FAILED
[INFO] [stdout] test core::string::tests::test_path_to_string ... ok
[INFO] [stdout] test enc::tar::tests::test_extract_sys_tgz ... FAILED
[INFO] [stdout] test core::string::tests::test_str_size ... ok
[INFO] [stdout] test errors::error::tests::test_error ... ok
[INFO] [stdout] test errors::error::tests::test_downcast_ref ... ok
[INFO] [stdout] test errors::error::tests::test_is ... ok
[INFO] [stdout] test core::option::tests::test_has ... ok
[INFO] [stdout] test core::iter::tests::test_some ... ok
[INFO] [stdout] test errors::iter_error::tests::test_multiple_items_found ... ok
[INFO] [stdout] test core::iter::tests::test_first_result ... ok
[INFO] [stdout] test core::iter::tests::test_first ... ok
[INFO] [stdout] test core::string::tests::test_string_size ... ok
[INFO] [stdout] test core::string::tests::test_osstr_to_string ... ok
[INFO] [stdout] test core::iter::tests::test_last_result ... ok
[INFO] [stdout] test core::string::tests::test_str_trim_suffix ... ok
[INFO] [stdout] test errors::iter_error::tests::test_mutually_exclusive_indices ... ok
[INFO] [stdout] test core::iter::tests::test_drop ... ok
[INFO] [stdout] test net::agent::tests::test_agents ... ok
[INFO] [stdout] test errors::path_error::tests::test_new_path_empty ... ok
[INFO] [stdout] test errors::user_error::tests::test_errors ... ok
[INFO] [stdout] test core::iter::tests::test_slice ... ok
[INFO] [stdout] test sys::env::tests::test_flag ... ok
[INFO] [stdout] test errors::os_error::tests::test_errors ... ok
[INFO] [stdout] test errors::string_error::tests::test_errors ... ok
[INFO] [stdout] test errors::path_error::tests::test_other_errors ... ok
[INFO] [stdout] test errors::path_error::tests::test_parent_not_found ... ok
[INFO] [stdout] test errors::path_error::tests::test_backtrace ... ok
[INFO] [stdout] test errors::iter_error::tests::test_backtrace ... ok
[INFO] [stdout] test errors::iter_error::tests::test_item_not_found ... ok
[INFO] [stdout] test sys::env::tests::test_flag_defaultg ... ok
[INFO] [stdout] test sys::exec::tests::test_name ... ok
[INFO] [stdout] test sys::file::tests::test_copy_dir_clone ... FAILED
[INFO] [stdout] test sys::file::tests::test_chmod ... FAILED
[INFO] [stdout] test sys::file::tests::test_copyfile ... FAILED
[INFO] [stdout] test sys::file::tests::test_copy_link_dir ... FAILED
[INFO] [stdout] test sys::file::tests::test_copy_dir_copy ... FAILED
[INFO] [stdout] test sys::file::tests::test_chmod_p ... FAILED
[INFO] [stdout] test sys::file::tests::test_copy_single_file ... FAILED
[INFO] [stdout] test sys::env::tests::test_tty ... ok
[INFO] [stdout] test sys::exec::tests::test_dir ... FAILED
[INFO] [stdout] test sys::file::tests::test_digest ... FAILED
[INFO] [stdout] test sys::file::tests::test_errors ... ok
[INFO] [stdout] test sys::file::tests::test_extract_strings ... FAILED
[INFO] [stdout] test sys::file::tests::test_chmod_p_symbolic ... FAILED
[INFO] [stdout] test sys::file::tests::test_copy_empty ... FAILED
[INFO] [stdout] test sys::file::tests::test_copyfile_p ... FAILED
[INFO] [stdout] test sys::file::tests::test_touch_p ... FAILED
[INFO] [stdout] test sys::file::tests::test_readlines_p ... FAILED
[INFO] [stdout] test sys::file::tests::test_mkdir_p ... FAILED
[INFO] [stdout] test sys::file::tests::test_readlines ... FAILED
[INFO] [stdout] test sys::file::tests::test_readbytes ... FAILED
[INFO] [stdout] test sys::file::tests::test_extract_string ... FAILED
[INFO] [stdout] test sys::file::tests::test_remove_all ... FAILED
[INFO] [stdout] test sys::os::tests::test_linux ... ok
[INFO] [stdout] test sys::file::tests::test_symlink ... FAILED
[INFO] [stdout] test sys::file::tests::test_writelines ... FAILED
[INFO] [stdout] test sys::file::tests::test_readstring ... FAILED
[INFO] [stdout] test sys::file::tests::test_write ... FAILED
[INFO] [stdout] test sys::file::tests::test_write_p ... FAILED
[INFO] [stdout] test sys::file::tests::test_touch ... FAILED
[INFO] [stdout] test sys::file::tests::test_move_p ... FAILED
[INFO] [stdout] test sys::os::tests::test_arch ... ok
[INFO] [stdout] test sys::path::tests::test_dirs ... FAILED
[INFO] [stdout] test sys::file::tests::test_remove ... FAILED
[INFO] [stdout] test sys::os::tests::test_info ... ok
[INFO] [stdout] test sys::path::tests::test_abs ... ok
[INFO] [stdout] Hello out
[INFO] [stdout] test sys::os::tests::test_stdio ... ok
[INFO] [stdout] test sys::path::tests::test_is_exec ... FAILED
[INFO] [stdout] test sys::path::tests::test_is_dir ... FAILED
[INFO] [stdout] test sys::file::tests::test_revoking ... ok
[INFO] [stdout] test sys::path::tests::test_gid ... ok
[INFO] [stderr] Hello err
[INFO] [stdout] test sys::path::tests::test_is_symlink ... FAILED
[INFO] [stdout] test sys::path::tests::test_all_paths ... FAILED
[INFO] [stdout] test sys::path::tests::test_glob ... FAILED
[INFO] [stdout] test sys::path::tests::test_exists ... FAILED
[INFO] [stdout] test sys::path::tests::test_is_readonly ... FAILED
[INFO] [stdout] test sys::path::tests::test_files ... FAILED
[INFO] [stdout] test sys::path::tests::test_metadata ... FAILED
[INFO] [stdout] test sys::path::tests::test_pathcolorext ... ok
[INFO] [stdout] test sys::path::tests::test_is_symlink_dir ... FAILED
[INFO] [stdout] test sys::path::tests::test_all_dirs ... FAILED
[INFO] [stdout] test sys::path::tests::test_all_files ... FAILED
[INFO] [stdout] test sys::path::tests::test_is_file ... FAILED
[INFO] [stdout] test sys::file::tests::test_writelines_p ... FAILED
[INFO] [stdout] test sys::path::tests::test_pathext_first ... ok
[INFO] [stdout] test sys::path::tests::test_pathext_has ... ok
[INFO] [stdout] test sys::path::tests::test_pathext_has_suffix ... ok
[INFO] [stdout] test sys::path::tests::test_parse_paths ... ok
[INFO] [stdout] test sys::path::tests::test_pathext_is_file ... FAILED
[INFO] [stdout] test sys::path::tests::test_is_symlink_file ... FAILED
[INFO] [stdout] test sys::path::tests::test_pathext_ext ... ok
[INFO] [stdout] test sys::path::tests::test_pathext_chmod ... FAILED
[INFO] [stdout] test sys::path::tests::test_pathext_abs_from ... ok
[INFO] [stdout] test sys::path::tests::test_pathext_base ... ok
[INFO] [stdout] test sys::path::tests::test_pathext_clean ... ok
[INFO] [stdout] test sys::path::tests::test_pathext_is_symlink_file ... FAILED
[INFO] [stdout] test sys::path::tests::test_pathext_last ... ok
[INFO] [stdout] test sys::path::tests::test_pathext_mash ... ok
[INFO] [stdout] test sys::path::tests::test_pathext_concat ... ok
[INFO] [stdout] test sys::path::tests::test_pathext_dirname ... ok
[INFO] [stdout] test sys::path::tests::test_pathext_exists ... FAILED
[INFO] [stdout] test sys::path::tests::test_pathext_expand ... FAILED
[INFO] [stdout] test sys::path::tests::test_pathext_has_prefix ... ok
[INFO] [stdout] test sys::path::tests::test_pathext_empty ... ok
[INFO] [stdout] test sys::path::tests::test_pathext_is_dir ... FAILED
[INFO] [stdout] test sys::path::tests::test_pathext_trim_suffix ... ok
[INFO] [stdout] test sys::path::tests::test_pathext_trim_protocol ... ok
[INFO] [stdout] test sys::path::tests::test_pathext_trim_prefix ... ok
[INFO] [stdout] test sys::path::tests::test_uid ... ok
[INFO] [stdout] test sys::user::tests::test_user_dirs ... ok
[INFO] [stdout] test sys::user::tests::test_user_home ... ok
[INFO] [stdout] test sys::path::tests::test_pathext_relative_from ... ok
[INFO] [stdout] test sys::path::tests::test_pathext_setperms ... FAILED
[INFO] [stdout] test sys::path::tests::test_pathext_trim_ext ... ok
[INFO] [stdout] test sys::path::tests::test_pathext_trim_first ... ok
[INFO] [stdout] test sys::user::tests::test_temp_dir ... ok
[INFO] [stdout] test sys::path::tests::test_paths ... FAILED
[INFO] [stdout] test sys::path::tests::test_pathext_metadata ... FAILED
[INFO] [stdout] test sys::path::tests::test_readlink ... FAILED
[INFO] [stdout] test sys::path::tests::test_pathext_meta ... FAILED
[INFO] [stdout] test sys::path::tests::test_rel_to ... FAILED
[INFO] [stdout] test sys::path::tests::test_pathext_trim_last ... ok
[INFO] [stdout] test sys::path::tests::test_pathext_mode ... FAILED
[INFO] [stdout] test sys::path::tests::test_pathext_name ... ok
[INFO] [stdout] test sys::path::tests::test_pathext_perms ... FAILED
[INFO] [stdout] test unit::bytes::tests::test_to_tib ... ok
[INFO] [stdout] test unit::bytes::tests::test_to_kib ... ok
[INFO] [stdout] test unit::bytes::tests::test_to_gib ... ok
[INFO] [stdout] test unit::bytes::tests::test_to_mib ... ok
[INFO] [stdout] test unit::time::tests::utc_now ... ok
[INFO] [stdout] test unit::bytes::tests::test_to_human ... ok
[INFO] [stdout] test tests::test_function_macro ... ok
[INFO] [stdout] test tests::test_defer_macro ... ok
[INFO] [stdout] test unit::time::tests::local_format ... ok
[INFO] [stdout] test unit::time::tests::local_now ... ok
[INFO] [stdout] test unit::time::tests::utc_format ... ok
[INFO] [stdout] test sys::user::tests::test_user_libc ... FAILED
[INFO] [stdout] 
[INFO] [stdout] failures:
[INFO] [stdout] 
[INFO] [stdout] ---- core::assert::tests::test_assert_exists stdout ----
[INFO] [stdout] thread 'core::assert::tests::test_assert_exists' panicked at 'assertion failed: sys::mkdir(&target).is_ok()', src/core/assert.rs:267:5
[INFO] [stdout] 
[INFO] [stdout] ---- core::assert::tests::test_assert_remove stdout ----
[INFO] [stdout] thread 'core::assert::tests::test_assert_remove' panicked at 'assertion failed: sys::mkdir(&target).is_ok()', src/core/assert.rs:267:5
[INFO] [stdout] note: run with `RUST_BACKTRACE=1` environment variable to display a backtrace
[INFO] [stdout] 
[INFO] [stdout] ---- core::assert::tests::test_assert_remove_all stdout ----
[INFO] [stdout] thread 'core::assert::tests::test_assert_remove_all' panicked at 'assertion failed: sys::mkdir(&target).is_ok()', src/core/assert.rs:267:5
[INFO] [stdout] 
[INFO] [stdout] ---- core::assert::tests::test_assert_file stdout ----
[INFO] [stdout] thread 'core::assert::tests::test_assert_file' panicked at 'assertion failed: sys::mkdir(&target).is_ok()', src/core/assert.rs:267:5
[INFO] [stdout] 
[INFO] [stdout] ---- core::assert::tests::test_assert_dir stdout ----
[INFO] [stdout] thread 'core::assert::tests::test_assert_dir' panicked at 'assertion failed: sys::mkdir(&target).is_ok()', src/core/assert.rs:267:5
[INFO] [stdout] 
[INFO] [stdout] 
[INFO] [stdout] failures:
[INFO] [stdout]     core::assert::tests::test_assert_dir
[INFO] [stdout]     core::assert::tests::test_assert_exists
[INFO] [stdout]     core::assert::tests::test_assert_file
[INFO] [stdout]     core::assert::tests::test_assert_remove
[INFO] [stdout]     core::assert::tests::test_assert_remove_all
[INFO] [stdout]     core::assert::tests::test_assert_setup
[INFO] [stdout]     enc::gzip::tests::test_is_gzipped
[INFO] [stdout]     enc::tar::tests::test_create_and_extract_multiple
[INFO] [stdout]     enc::tar::tests::test_create_and_extract_multiple_files
[INFO] [stdout]     enc::tar::tests::test_create_and_extract_single_file
[INFO] [stdout]     enc::tar::tests::test_extract_sys_tar
[INFO] [stdout]     enc::tar::tests::test_extract_sys_tgz
[INFO] [stdout]     sys::exec::tests::test_dir
[INFO] [stdout]     sys::file::tests::test_chmod
[INFO] [stdout]     sys::file::tests::test_chmod_p
[INFO] [stdout]     sys::file::tests::test_chmod_p_symbolic
[INFO] [stdout]     sys::file::tests::test_copy_dir_clone
[INFO] [stdout]     sys::file::tests::test_copy_dir_copy
[INFO] [stdout]     sys::file::tests::test_copy_empty
[INFO] [stdout]     sys::file::tests::test_copy_link_dir
[INFO] [stdout]     sys::file::tests::test_copy_single_file
[INFO] [stdout]     sys::file::tests::test_copyfile
[INFO] [stdout]     sys::file::tests::test_copyfile_p
[INFO] [stdout]     sys::file::tests::test_digest
[INFO] [stdout]     sys::file::tests::test_extract_string
[INFO] [stdout]     sys::file::tests::test_extract_strings
[INFO] [stdout]     sys::file::tests::test_mkdir_p
[INFO] [stdout]     sys::file::tests::test_move_p
[INFO] [stdout]     sys::file::tests::test_readbytes
[INFO] [stdout]     sys::file::tests::test_readlines
[INFO] [stdout]     sys::file::tests::test_readlines_p
[INFO] [stdout]     sys::file::tests::test_readstring
[INFO] [stdout]     sys::file::tests::test_remove
[INFO] [stdout]     sys::file::tests::test_remove_all
[INFO] [stdout]     sys::file::tests::test_symlink
[INFO] [stdout]     sys::file::tests::test_touch
[INFO] [stdout]     sys::file::tests::test_touch_p
[INFO] [stdout]     sys::file::tests::test_write
[INFO] [stdout]     sys::file::tests::test_write_p
[INFO] [stdout]     sys::file::tests::test_writelines
[INFO] [stdout]     sys::file::tests::test_writelines_p
[INFO] [stdout]     sys::path::tests::test_all_dirs
[INFO] [stdout]     sys::path::tests::test_all_files
[INFO] [stdout]     sys::path::tests::test_all_paths
[INFO] [stdout]     sys::path::tests::test_dirs
[INFO] [stdout]     sys::path::tests::test_exists
[INFO] [stdout]     sys::path::tests::test_files
[INFO] [stdout]     sys::path::tests::test_glob
[INFO] [stdout]     sys::path::tests::test_is_dir
[INFO] [stdout]     sys::path::tests::test_is_exec
[INFO] [stdout]     sys::path::tests::test_is_file
[INFO] [stdout]     sys::path::tests::test_is_readonly
[INFO] [stdout]     sys::path::tests::test_is_symlink
[INFO] [stdout]     sys::path::tests::test_is_symlink_dir
[INFO] [stdout]     sys::path::tests::test_is_symlink_file
[INFO] [stdout]     sys::path::tests::test_metadata
[INFO] [stdout]     sys::path::tests::test_pathext_chmod
[INFO] [stdout]     sys::path::tests::test_pathext_exists
[INFO] [stdout]     sys::path::tests::test_pathext_expand
[INFO] [stdout]     sys::path::tests::test_pathext_is_dir
[INFO] [stdout]     sys::path::tests::test_pathext_is_file
[INFO] [stdout]     sys::path::tests::test_pathext_is_symlink_file
[INFO] [stdout]     sys::path::tests::test_pathext_meta
[INFO] [stdout]     sys::path::tests::test_pathext_metadata
[INFO] [stdout]     sys::path::tests::test_pathext_mode
[INFO] [stdout]     sys::path::tests::test_pathext_perms
[INFO] [stdout]     sys::path::tests::test_pathext_setperms
[INFO] [stdout]     sys::path::tests::test_paths
[INFO] [stdout]     sys::path::tests::test_readlink
[INFO] [stdout]     sys::path::tests::test_rel_to
[INFO] [stdout]     sys::user::tests::test_user_libc
[INFO] [stdout] 
[INFO] [stdout] test result: FAILED. 83 passed; 71 failed; 0 ignored; 0 measured; 0 filtered out; finished in 0.16s
[INFO] [stdout] 
[INFO] [stderr] error: test failed, to rerun pass '--lib'
[INFO] running `Command { std: "docker" "inspect" "6da59afc7707d2b11c8c1f1e6193e7ef079ebbbcb8faa2790046981a88b69065", kill_on_drop: false }`
[INFO] running `Command { std: "docker" "rm" "-f" "6da59afc7707d2b11c8c1f1e6193e7ef079ebbbcb8faa2790046981a88b69065", kill_on_drop: false }`
[INFO] [stdout] 6da59afc7707d2b11c8c1f1e6193e7ef079ebbbcb8faa2790046981a88b69065
