[INFO] fetching crate full-duplex-async-copy 0.1.0...
[INFO] testing full-duplex-async-copy-0.1.0 against 1.54.0 for beta-1.55-1
[INFO] extracting crate full-duplex-async-copy 0.1.0 into /workspace/builds/worker-2/source
[INFO] validating manifest of crates.io crate full-duplex-async-copy 0.1.0 on toolchain 1.54.0
[INFO] running `Command { std: "/workspace/cargo-home/bin/cargo" "+1.54.0" "metadata" "--manifest-path" "Cargo.toml" "--no-deps", kill_on_drop: false }`
[INFO] started tweaking crates.io crate full-duplex-async-copy 0.1.0
[INFO] finished tweaking crates.io crate full-duplex-async-copy 0.1.0
[INFO] tweaked toml for crates.io crate full-duplex-async-copy 0.1.0 written to /workspace/builds/worker-2/source/Cargo.toml
[INFO] running `Command { std: "/workspace/cargo-home/bin/cargo" "+1.54.0" "generate-lockfile" "--manifest-path" "Cargo.toml" "-Zno-index-update", kill_on_drop: false }`
[INFO] running `Command { std: "/workspace/cargo-home/bin/cargo" "+1.54.0" "fetch" "--manifest-path" "Cargo.toml", kill_on_drop: false }`
[INFO] [stderr]     Blocking waiting for file lock on package cache
[INFO] running `Command { std: "docker" "create" "-v" "/var/lib/crater-agent-workspace/builds/worker-2/target:/opt/rustwide/target:rw,Z" "-v" "/var/lib/crater-agent-workspace/builds/worker-2/source:/opt/rustwide/workdir:ro,Z" "-v" "/var/lib/crater-agent-workspace/cargo-home:/opt/rustwide/cargo-home:ro,Z" "-v" "/var/lib/crater-agent-workspace/rustup-home:/opt/rustwide/rustup-home:ro,Z" "-e" "SOURCE_DIR=/opt/rustwide/workdir" "-e" "CARGO_TARGET_DIR=/opt/rustwide/target" "-e" "CARGO_HOME=/opt/rustwide/cargo-home" "-e" "RUSTUP_HOME=/opt/rustwide/rustup-home" "-w" "/opt/rustwide/workdir" "-m" "1610612736" "--user" "0:0" "--network" "none" "ghcr.io/rust-lang/crates-build-env/linux@sha256:34b6a614d2c27851fe6cbf88fbd1137609cefab8b10d0615aaeb6fd47975d74e" "/opt/rustwide/cargo-home/bin/cargo" "+1.54.0" "metadata" "--no-deps" "--format-version=1", kill_on_drop: false }`
[INFO] [stdout] 9a9019fca253e14fb7b9accdb6fd21c41e52e89ecdc412eee56b07966d650c3a
[INFO] [stderr] WARNING: Your kernel does not support swap limit capabilities or the cgroup is not mounted. Memory limited without swap.
[INFO] running `Command { std: "docker" "start" "-a" "9a9019fca253e14fb7b9accdb6fd21c41e52e89ecdc412eee56b07966d650c3a", kill_on_drop: false }`
[INFO] running `Command { std: "docker" "inspect" "9a9019fca253e14fb7b9accdb6fd21c41e52e89ecdc412eee56b07966d650c3a", kill_on_drop: false }`
[INFO] running `Command { std: "docker" "rm" "-f" "9a9019fca253e14fb7b9accdb6fd21c41e52e89ecdc412eee56b07966d650c3a", kill_on_drop: false }`
[INFO] [stdout] 9a9019fca253e14fb7b9accdb6fd21c41e52e89ecdc412eee56b07966d650c3a
[INFO] running `Command { std: "docker" "create" "-v" "/var/lib/crater-agent-workspace/builds/worker-2/target:/opt/rustwide/target:rw,Z" "-v" "/var/lib/crater-agent-workspace/builds/worker-2/source:/opt/rustwide/workdir:ro,Z" "-v" "/var/lib/crater-agent-workspace/cargo-home:/opt/rustwide/cargo-home:ro,Z" "-v" "/var/lib/crater-agent-workspace/rustup-home:/opt/rustwide/rustup-home:ro,Z" "-e" "SOURCE_DIR=/opt/rustwide/workdir" "-e" "CARGO_TARGET_DIR=/opt/rustwide/target" "-e" "CARGO_INCREMENTAL=0" "-e" "RUST_BACKTRACE=full" "-e" "RUSTFLAGS=--cap-lints=warn" "-e" "CARGO_HOME=/opt/rustwide/cargo-home" "-e" "RUSTUP_HOME=/opt/rustwide/rustup-home" "-w" "/opt/rustwide/workdir" "-m" "1610612736" "--user" "0:0" "--network" "none" "ghcr.io/rust-lang/crates-build-env/linux@sha256:34b6a614d2c27851fe6cbf88fbd1137609cefab8b10d0615aaeb6fd47975d74e" "/opt/rustwide/cargo-home/bin/cargo" "+1.54.0" "build" "--frozen" "--message-format=json", kill_on_drop: false }`
[INFO] [stdout] 53b8725d68789fec7775bd31e08754302dbab0b211ae77737303590bdfdcfb81
[INFO] [stderr] WARNING: Your kernel does not support swap limit capabilities or the cgroup is not mounted. Memory limited without swap.
[INFO] running `Command { std: "docker" "start" "-a" "53b8725d68789fec7775bd31e08754302dbab0b211ae77737303590bdfdcfb81", kill_on_drop: false }`
[INFO] [stderr]    Compiling futures-lite v1.12.0
[INFO] [stderr]    Compiling full-duplex-async-copy v0.1.0 (/opt/rustwide/workdir)
[INFO] [stderr]     Finished dev [unoptimized + debuginfo] target(s) in 2.35s
[INFO] running `Command { std: "docker" "inspect" "53b8725d68789fec7775bd31e08754302dbab0b211ae77737303590bdfdcfb81", kill_on_drop: false }`
[INFO] running `Command { std: "docker" "rm" "-f" "53b8725d68789fec7775bd31e08754302dbab0b211ae77737303590bdfdcfb81", kill_on_drop: false }`
[INFO] [stdout] 53b8725d68789fec7775bd31e08754302dbab0b211ae77737303590bdfdcfb81
[INFO] running `Command { std: "docker" "create" "-v" "/var/lib/crater-agent-workspace/builds/worker-2/target:/opt/rustwide/target:rw,Z" "-v" "/var/lib/crater-agent-workspace/builds/worker-2/source:/opt/rustwide/workdir:ro,Z" "-v" "/var/lib/crater-agent-workspace/cargo-home:/opt/rustwide/cargo-home:ro,Z" "-v" "/var/lib/crater-agent-workspace/rustup-home:/opt/rustwide/rustup-home:ro,Z" "-e" "SOURCE_DIR=/opt/rustwide/workdir" "-e" "CARGO_TARGET_DIR=/opt/rustwide/target" "-e" "CARGO_INCREMENTAL=0" "-e" "RUST_BACKTRACE=full" "-e" "RUSTFLAGS=--cap-lints=warn" "-e" "CARGO_HOME=/opt/rustwide/cargo-home" "-e" "RUSTUP_HOME=/opt/rustwide/rustup-home" "-w" "/opt/rustwide/workdir" "-m" "1610612736" "--user" "0:0" "--network" "none" "ghcr.io/rust-lang/crates-build-env/linux@sha256:34b6a614d2c27851fe6cbf88fbd1137609cefab8b10d0615aaeb6fd47975d74e" "/opt/rustwide/cargo-home/bin/cargo" "+1.54.0" "test" "--frozen" "--no-run" "--message-format=json", kill_on_drop: false }`
[INFO] [stdout] 58c65297b7603d5ae69163c0c42bd3a3f2dabba5fd8960f6c8cfa18580aba8c4
[INFO] [stderr] WARNING: Your kernel does not support swap limit capabilities or the cgroup is not mounted. Memory limited without swap.
[INFO] running `Command { std: "docker" "start" "-a" "58c65297b7603d5ae69163c0c42bd3a3f2dabba5fd8960f6c8cfa18580aba8c4", kill_on_drop: false }`
[INFO] [stderr]     Blocking waiting for file lock on package cache
[INFO] [stderr]    Compiling full-duplex-async-copy v0.1.0 (/opt/rustwide/workdir)
[INFO] [stderr]     Finished test [unoptimized + debuginfo] target(s) in 1.00s
[INFO] running `Command { std: "docker" "inspect" "58c65297b7603d5ae69163c0c42bd3a3f2dabba5fd8960f6c8cfa18580aba8c4", kill_on_drop: false }`
[INFO] running `Command { std: "docker" "rm" "-f" "58c65297b7603d5ae69163c0c42bd3a3f2dabba5fd8960f6c8cfa18580aba8c4", kill_on_drop: false }`
[INFO] [stdout] 58c65297b7603d5ae69163c0c42bd3a3f2dabba5fd8960f6c8cfa18580aba8c4
[INFO] running `Command { std: "docker" "create" "-v" "/var/lib/crater-agent-workspace/builds/worker-2/target:/opt/rustwide/target:rw,Z" "-v" "/var/lib/crater-agent-workspace/builds/worker-2/source:/opt/rustwide/workdir:ro,Z" "-v" "/var/lib/crater-agent-workspace/cargo-home:/opt/rustwide/cargo-home:ro,Z" "-v" "/var/lib/crater-agent-workspace/rustup-home:/opt/rustwide/rustup-home:ro,Z" "-e" "SOURCE_DIR=/opt/rustwide/workdir" "-e" "CARGO_TARGET_DIR=/opt/rustwide/target" "-e" "CARGO_INCREMENTAL=0" "-e" "RUST_BACKTRACE=full" "-e" "RUSTFLAGS=--cap-lints=warn" "-e" "CARGO_HOME=/opt/rustwide/cargo-home" "-e" "RUSTUP_HOME=/opt/rustwide/rustup-home" "-w" "/opt/rustwide/workdir" "-m" "1610612736" "--user" "0:0" "--network" "none" "ghcr.io/rust-lang/crates-build-env/linux@sha256:34b6a614d2c27851fe6cbf88fbd1137609cefab8b10d0615aaeb6fd47975d74e" "/opt/rustwide/cargo-home/bin/cargo" "+1.54.0" "test" "--frozen", kill_on_drop: false }`
[INFO] [stdout] cb1e54e0fbed2dbd8203b2e8dd6223f2064af30277257d4342f997696799e888
[INFO] [stderr] WARNING: Your kernel does not support swap limit capabilities or the cgroup is not mounted. Memory limited without swap.
[INFO] running `Command { std: "docker" "start" "-a" "cb1e54e0fbed2dbd8203b2e8dd6223f2064af30277257d4342f997696799e888", kill_on_drop: false }`
[INFO] [stdout] 
[INFO] [stderr]     Finished test [unoptimized + debuginfo] target(s) in 0.03s
[INFO] [stdout] running 0 tests
[INFO] [stderr]      Running unittests (/opt/rustwide/target/debug/deps/full_duplex_async_copy-4e69bdb9b5ad1762)
[INFO] [stdout] 
[INFO] [stderr]    Doc-tests full-duplex-async-copy
[INFO] [stdout] test result: ok. 0 passed; 0 failed; 0 ignored; 0 measured; 0 filtered out; finished in 0.00s
[INFO] [stdout] 
[INFO] [stdout] 
[INFO] [stdout] running 7 tests
[INFO] [stdout] test src/bufreader.rs - bufreader::BufReader (line 27) ... FAILED
[INFO] [stdout] test src/bufreader.rs - bufreader::BufReader<R>::get_ref (line 92) ... ok
[INFO] [stdout] test src/bufreader.rs - bufreader::BufReader<R>::with_capacity (line 69) ... ok
[INFO] [stdout] test src/bufreader.rs - bufreader::BufReader<R>::buffer (line 135) ... ok
[INFO] [stdout] test src/bufreader.rs - bufreader::BufReader<R>::get_mut (line 110) ... ok
[INFO] [stdout] test src/bufreader.rs - bufreader::BufReader<R>::into_inner (line 154) ... ok
[INFO] [stdout] test src/bufreader.rs - bufreader::BufReader<R>::new (line 55) ... ok
[INFO] [stdout] 
[INFO] [stdout] failures:
[INFO] [stdout] 
[INFO] [stdout] ---- src/bufreader.rs - bufreader::BufReader (line 27) stdout ----
[INFO] [stdout] error[E0433]: failed to resolve: use of undeclared crate or module `spin_on`
[INFO] [stdout]  --> src/bufreader.rs:30:1
[INFO] [stdout]   |
[INFO] [stdout] 5 | spin_on::spin_on(async {
[INFO] [stdout]   | ^^^^^^^ use of undeclared crate or module `spin_on`
[INFO] [stdout] 
[INFO] [stdout] error: aborting due to previous error
[INFO] [stdout] 
[INFO] [stdout] For more information about this error, try `rustc --explain E0433`.
[INFO] [stdout] Couldn't compile the test.
[INFO] [stdout] 
[INFO] [stdout] failures:
[INFO] [stdout]     src/bufreader.rs - bufreader::BufReader (line 27)
[INFO] [stdout] 
[INFO] [stdout] test result: FAILED. 6 passed; 1 failed; 0 ignored; 0 measured; 0 filtered out; finished in 2.39s
[INFO] [stdout] 
[INFO] [stderr] error: test failed, to rerun pass '--doc'
[INFO] running `Command { std: "docker" "inspect" "cb1e54e0fbed2dbd8203b2e8dd6223f2064af30277257d4342f997696799e888", kill_on_drop: false }`
[INFO] running `Command { std: "docker" "rm" "-f" "cb1e54e0fbed2dbd8203b2e8dd6223f2064af30277257d4342f997696799e888", kill_on_drop: false }`
[INFO] [stdout] cb1e54e0fbed2dbd8203b2e8dd6223f2064af30277257d4342f997696799e888
