[INFO] fetching crate fts_units 0.1.1...
[INFO] testing fts_units-0.1.1 against 1.54.0 for beta-1.55-1
[INFO] extracting crate fts_units 0.1.1 into /workspace/builds/worker-6/source
[INFO] validating manifest of crates.io crate fts_units 0.1.1 on toolchain 1.54.0
[INFO] running `Command { std: "/workspace/cargo-home/bin/cargo" "+1.54.0" "metadata" "--manifest-path" "Cargo.toml" "--no-deps", kill_on_drop: false }`
[INFO] started tweaking crates.io crate fts_units 0.1.1
[INFO] finished tweaking crates.io crate fts_units 0.1.1
[INFO] tweaked toml for crates.io crate fts_units 0.1.1 written to /workspace/builds/worker-6/source/Cargo.toml
[INFO] running `Command { std: "/workspace/cargo-home/bin/cargo" "+1.54.0" "generate-lockfile" "--manifest-path" "Cargo.toml" "-Zno-index-update", kill_on_drop: false }`
[INFO] running `Command { std: "/workspace/cargo-home/bin/cargo" "+1.54.0" "fetch" "--manifest-path" "Cargo.toml", kill_on_drop: false }`
[INFO] [stderr]     Blocking waiting for file lock on package cache
[INFO] [stderr]     Blocking waiting for file lock on package cache
[INFO] running `Command { std: "docker" "create" "-v" "/var/lib/crater-agent-workspace/builds/worker-6/target:/opt/rustwide/target:rw,Z" "-v" "/var/lib/crater-agent-workspace/builds/worker-6/source:/opt/rustwide/workdir:ro,Z" "-v" "/var/lib/crater-agent-workspace/cargo-home:/opt/rustwide/cargo-home:ro,Z" "-v" "/var/lib/crater-agent-workspace/rustup-home:/opt/rustwide/rustup-home:ro,Z" "-e" "SOURCE_DIR=/opt/rustwide/workdir" "-e" "CARGO_TARGET_DIR=/opt/rustwide/target" "-e" "CARGO_HOME=/opt/rustwide/cargo-home" "-e" "RUSTUP_HOME=/opt/rustwide/rustup-home" "-w" "/opt/rustwide/workdir" "-m" "1610612736" "--user" "0:0" "--network" "none" "ghcr.io/rust-lang/crates-build-env/linux@sha256:34b6a614d2c27851fe6cbf88fbd1137609cefab8b10d0615aaeb6fd47975d74e" "/opt/rustwide/cargo-home/bin/cargo" "+1.54.0" "metadata" "--no-deps" "--format-version=1", kill_on_drop: false }`
[INFO] [stdout] f2863d7f6f5b6d847fd8657ed647f807e5aeda8b9a5c6219e17be09edfe8fe95
[INFO] [stderr] WARNING: Your kernel does not support swap limit capabilities or the cgroup is not mounted. Memory limited without swap.
[INFO] running `Command { std: "docker" "start" "-a" "f2863d7f6f5b6d847fd8657ed647f807e5aeda8b9a5c6219e17be09edfe8fe95", kill_on_drop: false }`
[INFO] running `Command { std: "docker" "inspect" "f2863d7f6f5b6d847fd8657ed647f807e5aeda8b9a5c6219e17be09edfe8fe95", kill_on_drop: false }`
[INFO] running `Command { std: "docker" "rm" "-f" "f2863d7f6f5b6d847fd8657ed647f807e5aeda8b9a5c6219e17be09edfe8fe95", kill_on_drop: false }`
[INFO] [stdout] f2863d7f6f5b6d847fd8657ed647f807e5aeda8b9a5c6219e17be09edfe8fe95
[INFO] running `Command { std: "docker" "create" "-v" "/var/lib/crater-agent-workspace/builds/worker-6/target:/opt/rustwide/target:rw,Z" "-v" "/var/lib/crater-agent-workspace/builds/worker-6/source:/opt/rustwide/workdir:ro,Z" "-v" "/var/lib/crater-agent-workspace/cargo-home:/opt/rustwide/cargo-home:ro,Z" "-v" "/var/lib/crater-agent-workspace/rustup-home:/opt/rustwide/rustup-home:ro,Z" "-e" "SOURCE_DIR=/opt/rustwide/workdir" "-e" "CARGO_TARGET_DIR=/opt/rustwide/target" "-e" "CARGO_INCREMENTAL=0" "-e" "RUST_BACKTRACE=full" "-e" "RUSTFLAGS=--cap-lints=warn" "-e" "CARGO_HOME=/opt/rustwide/cargo-home" "-e" "RUSTUP_HOME=/opt/rustwide/rustup-home" "-w" "/opt/rustwide/workdir" "-m" "1610612736" "--user" "0:0" "--network" "none" "ghcr.io/rust-lang/crates-build-env/linux@sha256:34b6a614d2c27851fe6cbf88fbd1137609cefab8b10d0615aaeb6fd47975d74e" "/opt/rustwide/cargo-home/bin/cargo" "+1.54.0" "build" "--frozen" "--message-format=json", kill_on_drop: false }`
[INFO] [stdout] c6721f85f0c8fce9bad91005cb2d941c6cc24c49e3a083b48065714013895cbe
[INFO] [stderr] WARNING: Your kernel does not support swap limit capabilities or the cgroup is not mounted. Memory limited without swap.
[INFO] running `Command { std: "docker" "start" "-a" "c6721f85f0c8fce9bad91005cb2d941c6cc24c49e3a083b48065714013895cbe", kill_on_drop: false }`
[INFO] [stderr]    Compiling fts_units v0.1.1 (/opt/rustwide/workdir)
[INFO] [stderr]     Finished dev [unoptimized + debuginfo] target(s) in 1.46s
[INFO] running `Command { std: "docker" "inspect" "c6721f85f0c8fce9bad91005cb2d941c6cc24c49e3a083b48065714013895cbe", kill_on_drop: false }`
[INFO] running `Command { std: "docker" "rm" "-f" "c6721f85f0c8fce9bad91005cb2d941c6cc24c49e3a083b48065714013895cbe", kill_on_drop: false }`
[INFO] [stdout] c6721f85f0c8fce9bad91005cb2d941c6cc24c49e3a083b48065714013895cbe
[INFO] running `Command { std: "docker" "create" "-v" "/var/lib/crater-agent-workspace/builds/worker-6/target:/opt/rustwide/target:rw,Z" "-v" "/var/lib/crater-agent-workspace/builds/worker-6/source:/opt/rustwide/workdir:ro,Z" "-v" "/var/lib/crater-agent-workspace/cargo-home:/opt/rustwide/cargo-home:ro,Z" "-v" "/var/lib/crater-agent-workspace/rustup-home:/opt/rustwide/rustup-home:ro,Z" "-e" "SOURCE_DIR=/opt/rustwide/workdir" "-e" "CARGO_TARGET_DIR=/opt/rustwide/target" "-e" "CARGO_INCREMENTAL=0" "-e" "RUST_BACKTRACE=full" "-e" "RUSTFLAGS=--cap-lints=warn" "-e" "CARGO_HOME=/opt/rustwide/cargo-home" "-e" "RUSTUP_HOME=/opt/rustwide/rustup-home" "-w" "/opt/rustwide/workdir" "-m" "1610612736" "--user" "0:0" "--network" "none" "ghcr.io/rust-lang/crates-build-env/linux@sha256:34b6a614d2c27851fe6cbf88fbd1137609cefab8b10d0615aaeb6fd47975d74e" "/opt/rustwide/cargo-home/bin/cargo" "+1.54.0" "test" "--frozen" "--no-run" "--message-format=json", kill_on_drop: false }`
[INFO] [stdout] 08d3807bbbf31c92219c8f337a3a395dfea11d51e24ca73de3a7eba9f4851c85
[INFO] [stderr] WARNING: Your kernel does not support swap limit capabilities or the cgroup is not mounted. Memory limited without swap.
[INFO] running `Command { std: "docker" "start" "-a" "08d3807bbbf31c92219c8f337a3a395dfea11d51e24ca73de3a7eba9f4851c85", kill_on_drop: false }`
[INFO] [stderr]    Compiling trybuild v1.0.43
[INFO] [stderr]    Compiling fts_units v0.1.1 (/opt/rustwide/workdir)
[INFO] [stderr]     Finished test [unoptimized + debuginfo] target(s) in 13.80s
[INFO] running `Command { std: "docker" "inspect" "08d3807bbbf31c92219c8f337a3a395dfea11d51e24ca73de3a7eba9f4851c85", kill_on_drop: false }`
[INFO] running `Command { std: "docker" "rm" "-f" "08d3807bbbf31c92219c8f337a3a395dfea11d51e24ca73de3a7eba9f4851c85", kill_on_drop: false }`
[INFO] [stdout] 08d3807bbbf31c92219c8f337a3a395dfea11d51e24ca73de3a7eba9f4851c85
[INFO] running `Command { std: "docker" "create" "-v" "/var/lib/crater-agent-workspace/builds/worker-6/target:/opt/rustwide/target:rw,Z" "-v" "/var/lib/crater-agent-workspace/builds/worker-6/source:/opt/rustwide/workdir:ro,Z" "-v" "/var/lib/crater-agent-workspace/cargo-home:/opt/rustwide/cargo-home:ro,Z" "-v" "/var/lib/crater-agent-workspace/rustup-home:/opt/rustwide/rustup-home:ro,Z" "-e" "SOURCE_DIR=/opt/rustwide/workdir" "-e" "CARGO_TARGET_DIR=/opt/rustwide/target" "-e" "CARGO_INCREMENTAL=0" "-e" "RUST_BACKTRACE=full" "-e" "RUSTFLAGS=--cap-lints=warn" "-e" "CARGO_HOME=/opt/rustwide/cargo-home" "-e" "RUSTUP_HOME=/opt/rustwide/rustup-home" "-w" "/opt/rustwide/workdir" "-m" "1610612736" "--user" "0:0" "--network" "none" "ghcr.io/rust-lang/crates-build-env/linux@sha256:34b6a614d2c27851fe6cbf88fbd1137609cefab8b10d0615aaeb6fd47975d74e" "/opt/rustwide/cargo-home/bin/cargo" "+1.54.0" "test" "--frozen", kill_on_drop: false }`
[INFO] [stderr] WARNING: Your kernel does not support swap limit capabilities or the cgroup is not mounted. Memory limited without swap.
[INFO] [stdout] 06a0c5a22363225f39c416af22cfccfb66d80accc6f5439633efa78f0dcdb9ee
[INFO] running `Command { std: "docker" "start" "-a" "06a0c5a22363225f39c416af22cfccfb66d80accc6f5439633efa78f0dcdb9ee", kill_on_drop: false }`
[INFO] [stderr]     Finished test [unoptimized + debuginfo] target(s) in 0.04s
[INFO] [stderr]      Running unittests (/opt/rustwide/target/debug/deps/fts_units-627a09e99f19fefa)
[INFO] [stdout] 
[INFO] [stdout] running 0 tests
[INFO] [stdout] 
[INFO] [stdout] test result: ok. 0 passed; 0 failed; 0 ignored; 0 measured; 0 filtered out; finished in 0.00s
[INFO] [stdout] 
[INFO] [stderr]      Running tests/si_system.rs (/opt/rustwide/target/debug/deps/si_system-001c4ac6dfb83b97)
[INFO] [stdout] 
[INFO] [stdout] running 21 tests
[INFO] [stdout] test tests::basic_add ... ok
[INFO] [stdout] test tests::basic_cast ... ok
[INFO] [stdout] test tests::basic_mul ... ok
[INFO] [stdout] test tests::easy_from ... ok
[INFO] [stdout] test tests::length_new ... ok
[INFO] [stdout] test tests::mass_new ... ok
[INFO] [stdout] test tests::invert ... ok
[INFO] [stdout] test tests::dimensionless ... ok
[INFO] [stdout] test tests::size_check ... ok
[INFO] [stdout] test tests::si_traits ... ok
[INFO] [stdout] test tests::sqrt_inv ... ok
[INFO] [stdout] test tests::convert_syntax ... ok
[INFO] [stdout] test tests::sqrt_simple ... ok
[INFO] [stdout] test tests::cast_truncate ... ok
[INFO] [stdout] test tests::basic_sub ... ok
[INFO] [stdout] test tests::velocity_calc ... ok
[INFO] [stdout] test tests::velocity_convert ... ok
[INFO] [stdout] test tests::reduce ... ok
[INFO] [stdout] test tests::length_convert ... ok
[INFO] [stdout] test tests::format ... ok
[INFO] [stderr]    Compiling autocfg v1.0.1
[INFO] [stderr]    Compiling typenum v1.13.0
[INFO] [stderr]    Compiling num-traits v0.2.14
[INFO] [stderr]     Checking fts_units v0.1.1 (/opt/rustwide/workdir)
[INFO] [stderr]     Checking fts_units-tests v0.0.0 (/opt/rustwide/target/tests/fts_units)
[INFO] [stderr]     Finished dev [unoptimized + debuginfo] target(s) in 9.17s
[INFO] [stderr] 
[INFO] [stderr] 
[INFO] [stderr] test tests/compile_fail/si_system.rs ... mismatch
[INFO] [stderr] 
[INFO] [stderr] EXPECTED:
[INFO] [stderr] ┈┈┈┈┈┈┈┈┈┈┈┈┈┈┈┈┈┈┈┈┈┈┈┈┈┈┈┈┈┈┈┈┈┈┈┈┈┈┈┈┈┈┈┈┈┈┈┈┈┈┈┈┈┈┈┈┈┈┈┈
[INFO] [stderr] error[E0308]: mismatched types
[INFO] [stderr]   --> $DIR/si_system.rs:11:39
[INFO] [stderr]    |
[INFO] [stderr] 11 |     let _ = Meters::<f32>::new(6.0) + Kilometers::<f32>::new(4.2);
[INFO] [stderr]    |                                       ^^^^^^^^^^^^^^^^^^^^^^^^^^^ expected struct `typenum::uint::UTerm`, found struct `typenum::uint::UInt`
[INFO] [stderr]    |
[INFO] [stderr]    = note: expected type `fts_units::quantity::QuantityT<_, fts_units::si_system::SIUnitsT<fts_units::si_system::SIRatiosT<fts_units::ratio::RatioT<typenum::int::PInt<typenum::uint::UInt<typenum::uint::UTerm, typenum::bit::B1>>, _>, _, _>, _>>`
[INFO] [stderr]               found type `fts_units::quantity::QuantityT<_, fts_units::si_system::SIUnitsT<fts_units::si_system::SIRatiosT<fts_units::ratio::RatioT<typenum::int::PInt<typenum::uint::UInt<typenum::uint::UInt<typenum::uint::UInt<typenum::uint::UInt<typenum::uint::UInt<typenum::uint::UInt<typenum::uint::UInt<typenum::uint::UInt<typenum::uint::UInt<typenum::uint::UInt<typenum::uint::UTerm, typenum::bit::B1>, typenum::bit::B1>, typenum::bit::B1>, typenum::bit::B1>, typenum::bit::B1>, typenum::bit::B0>, typenum::bit::B1>, typenum::bit::B0>, typenum::bit::B0>, typenum::bit::B0>>, _>, _, _>, _>>`
[INFO] [stderr] 
[INFO] [stderr] error[E0308]: mismatched types
[INFO] [stderr]   --> $DIR/si_system.rs:12:39
[INFO] [stderr]    |
[INFO] [stderr] 12 |     let _ = Meters::<f32>::new(6.0) - Kilometers::<f32>::new(4.2);
[INFO] [stderr]    |                                       ^^^^^^^^^^^^^^^^^^^^^^^^^^^ expected struct `typenum::uint::UTerm`, found struct `typenum::uint::UInt`
[INFO] [stderr]    |
[INFO] [stderr]    = note: expected type `fts_units::quantity::QuantityT<_, fts_units::si_system::SIUnitsT<fts_units::si_system::SIRatiosT<fts_units::ratio::RatioT<typenum::int::PInt<typenum::uint::UInt<typenum::uint::UTerm, typenum::bit::B1>>, _>, _, _>, _>>`
[INFO] [stderr]               found type `fts_units::quantity::QuantityT<_, fts_units::si_system::SIUnitsT<fts_units::si_system::SIRatiosT<fts_units::ratio::RatioT<typenum::int::PInt<typenum::uint::UInt<typenum::uint::UInt<typenum::uint::UInt<typenum::uint::UInt<typenum::uint::UInt<typenum::uint::UInt<typenum::uint::UInt<typenum::uint::UInt<typenum::uint::UInt<typenum::uint::UInt<typenum::uint::UTerm, typenum::bit::B1>, typenum::bit::B1>, typenum::bit::B1>, typenum::bit::B1>, typenum::bit::B1>, typenum::bit::B0>, typenum::bit::B1>, typenum::bit::B0>, typenum::bit::B0>, typenum::bit::B0>>, _>, _, _>, _>>`
[INFO] [stderr] 
[INFO] [stderr] error[E0277]: the trait bound `fts_units::ratio::RatioT<typenum::int::PInt<typenum::uint::UInt<typenum::uint::UTerm, typenum::bit::B1>>, typenum::int::PInt<typenum::uint::UInt<typenum::uint::UTerm, typenum::bit::B1>>>: fts_units::ops::Xor<fts_units::ratio::RatioT<typenum::int::PInt<typenum::uint::UInt<typenum::uint::UInt<typenum::uint::UInt<typenum::uint::UInt<typenum::uint::UInt<typenum::uint::UInt<typenum::uint::UInt<typenum::uint::UInt<typenum::uint::UInt<typenum::uint::UInt<typenum::uint::UTerm, typenum::bit::B1>, typenum::bit::B1>, typenum::bit::B1>, typenum::bit::B1>, typenum::bit::B1>, typenum::bit::B0>, typenum::bit::B1>, typenum::bit::B0>, typenum::bit::B0>, typenum::bit::B0>>, typenum::int::PInt<typenum::uint::UInt<typenum::uint::UTerm, typenum::bit::B1>>>>` is not satisfied
[INFO] [stderr]   --> $DIR/si_system.rs:13:37
[INFO] [stderr]    |
[INFO] [stderr] 13 |     let _ = Meters::<f32>::new(6.0) * Kilometers::<f32>::new(4.2);
[INFO] [stderr]    |                                     ^ the trait `fts_units::ops::Xor<fts_units::ratio::RatioT<typenum::int::PInt<typenum::uint::UInt<typenum::uint::UInt<typenum::uint::UInt<typenum::uint::UInt<typenum::uint::UInt<typenum::uint::UInt<typenum::uint::UInt<typenum::uint::UInt<typenum::uint::UInt<typenum::uint::UInt<typenum::uint::UTerm, typenum::bit::B1>, typenum::bit::B1>, typenum::bit::B1>, typenum::bit::B1>, typenum::bit::B1>, typenum::bit::B0>, typenum::bit::B1>, typenum::bit::B0>, typenum::bit::B0>, typenum::bit::B0>>, typenum::int::PInt<typenum::uint::UInt<typenum::uint::UTerm, typenum::bit::B1>>>>` is not implemented for `fts_units::ratio::RatioT<typenum::int::PInt<typenum::uint::UInt<typenum::uint::UTerm, typenum::bit::B1>>, typenum::int::PInt<typenum::uint::UInt<typenum::uint::UTerm, typenum::bit::B1>>>`
[INFO] [stderr]    |
[INFO] [stderr]    = help: the following implementations were found:
[INFO] [stderr]              <fts_units::ratio::RatioT<N, D> as fts_units::ops::Xor<fts_units::ratio::RatioT<N, D>>>
[INFO] [stderr]              <fts_units::ratio::RatioT<N, D> as fts_units::ops::Xor<fts_units::ratio::RatioZero>>
[INFO] [stderr]    = note: required because of the requirements on the impl of `fts_units::ops::Xor<fts_units::si_system::SIRatiosT<fts_units::ratio::RatioT<typenum::int::PInt<typenum::uint::UInt<typenum::uint::UInt<typenum::uint::UInt<typenum::uint::UInt<typenum::uint::UInt<typenum::uint::UInt<typenum::uint::UInt<typenum::uint::UInt<typenum::uint::UInt<typenum::uint::UInt<typenum::uint::UTerm, typenum::bit::B1>, typenum::bit::B1>, typenum::bit::B1>, typenum::bit::B1>, typenum::bit::B1>, typenum::bit::B0>, typenum::bit::B1>, typenum::bit::B0>, typenum::bit::B0>, typenum::bit::B0>>, typenum::int::PInt<typenum::uint::UInt<typenum::uint::UTerm, typenum::bit::B1>>>, fts_units::ratio::RatioZero, fts_units::ratio::RatioZero>>` for `fts_units::si_system::SIRatiosT<fts_units::ratio::RatioT<typenum::int::PInt<typenum::uint::UInt<typenum::uint::UTerm, typenum::bit::B1>>, typenum::int::PInt<typenum::uint::UInt<typenum::uint::UTerm, typenum::bit::B1>>>, fts_units::ratio::RatioZero, fts_units::ratio::RatioZero>`
[INFO] [stderr]    = note: required because of the requirements on the impl of `std::ops::Mul<fts_units::si_system::SIUnitsT<fts_units::si_system::SIRatiosT<fts_units::ratio::RatioT<typenum::int::PInt<typenum::uint::UInt<typenum::uint::UInt<typenum::uint::UInt<typenum::uint::UInt<typenum::uint::UInt<typenum::uint::UInt<typenum::uint::UInt<typenum::uint::UInt<typenum::uint::UInt<typenum::uint::UInt<typenum::uint::UTerm, typenum::bit::B1>, typenum::bit::B1>, typenum::bit::B1>, typenum::bit::B1>, typenum::bit::B1>, typenum::bit::B0>, typenum::bit::B1>, typenum::bit::B0>, typenum::bit::B0>, typenum::bit::B0>>, typenum::int::PInt<typenum::uint::UInt<typenum::uint::UTerm, typenum::bit::B1>>>, fts_units::ratio::RatioZero, fts_units::ratio::RatioZero>, fts_units::si_system::SIExponentsT<typenum::int::PInt<typenum::uint::UInt<typenum::uint::UTerm, typenum::bit::B1>>, typenum::int::Z0, typenum::int::Z0>>>` for `fts_units::si_system::SIUnitsT<fts_units::si_system::SIRatiosT<fts_units::ratio::RatioT<typenum::int::PInt<typenum::uint::UInt<typenum::uint::UTerm, typenum::bit::B1>>, typenum::int::PInt<typenum::uint::UInt<typenum::uint::UTerm, typenum::bit::B1>>>, fts_units::ratio::RatioZero, fts_units::ratio::RatioZero>, fts_units::si_system::SIExponentsT<typenum::int::PInt<typenum::uint::UInt<typenum::uint::UTerm, typenum::bit::B1>>, typenum::int::Z0, typenum::int::Z0>>`
[INFO] [stderr] 
[INFO] [stderr] error[E0277]: the trait bound `fts_units::ratio::RatioT<typenum::int::PInt<typenum::uint::UInt<typenum::uint::UTerm, typenum::bit::B1>>, typenum::int::PInt<typenum::uint::UInt<typenum::uint::UTerm, typenum::bit::B1>>>: fts_units::ops::Xor<fts_units::ratio::RatioT<typenum::int::PInt<typenum::uint::UInt<typenum::uint::UInt<typenum::uint::UInt<typenum::uint::UInt<typenum::uint::UInt<typenum::uint::UInt<typenum::uint::UInt<typenum::uint::UInt<typenum::uint::UInt<typenum::uint::UInt<typenum::uint::UTerm, typenum::bit::B1>, typenum::bit::B1>, typenum::bit::B1>, typenum::bit::B1>, typenum::bit::B1>, typenum::bit::B0>, typenum::bit::B1>, typenum::bit::B0>, typenum::bit::B0>, typenum::bit::B0>>, typenum::int::PInt<typenum::uint::UInt<typenum::uint::UTerm, typenum::bit::B1>>>>` is not satisfied
[INFO] [stderr]   --> $DIR/si_system.rs:14:37
[INFO] [stderr]    |
[INFO] [stderr] 14 |     let _ = Meters::<f32>::new(6.0) / Kilometers::<f32>::new(4.2);
[INFO] [stderr]    |                                     ^ the trait `fts_units::ops::Xor<fts_units::ratio::RatioT<typenum::int::PInt<typenum::uint::UInt<typenum::uint::UInt<typenum::uint::UInt<typenum::uint::UInt<typenum::uint::UInt<typenum::uint::UInt<typenum::uint::UInt<typenum::uint::UInt<typenum::uint::UInt<typenum::uint::UInt<typenum::uint::UTerm, typenum::bit::B1>, typenum::bit::B1>, typenum::bit::B1>, typenum::bit::B1>, typenum::bit::B1>, typenum::bit::B0>, typenum::bit::B1>, typenum::bit::B0>, typenum::bit::B0>, typenum::bit::B0>>, typenum::int::PInt<typenum::uint::UInt<typenum::uint::UTerm, typenum::bit::B1>>>>` is not implemented for `fts_units::ratio::RatioT<typenum::int::PInt<typenum::uint::UInt<typenum::uint::UTerm, typenum::bit::B1>>, typenum::int::PInt<typenum::uint::UInt<typenum::uint::UTerm, typenum::bit::B1>>>`
[INFO] [stderr]    |
[INFO] [stderr]    = help: the following implementations were found:
[INFO] [stderr]              <fts_units::ratio::RatioT<N, D> as fts_units::ops::Xor<fts_units::ratio::RatioT<N, D>>>
[INFO] [stderr]              <fts_units::ratio::RatioT<N, D> as fts_units::ops::Xor<fts_units::ratio::RatioZero>>
[INFO] [stderr]    = note: required because of the requirements on the impl of `fts_units::ops::Xor<fts_units::si_system::SIRatiosT<fts_units::ratio::RatioT<typenum::int::PInt<typenum::uint::UInt<typenum::uint::UInt<typenum::uint::UInt<typenum::uint::UInt<typenum::uint::UInt<typenum::uint::UInt<typenum::uint::UInt<typenum::uint::UInt<typenum::uint::UInt<typenum::uint::UInt<typenum::uint::UTerm, typenum::bit::B1>, typenum::bit::B1>, typenum::bit::B1>, typenum::bit::B1>, typenum::bit::B1>, typenum::bit::B0>, typenum::bit::B1>, typenum::bit::B0>, typenum::bit::B0>, typenum::bit::B0>>, typenum::int::PInt<typenum::uint::UInt<typenum::uint::UTerm, typenum::bit::B1>>>, fts_units::ratio::RatioZero, fts_units::ratio::RatioZero>>` for `fts_units::si_system::SIRatiosT<fts_units::ratio::RatioT<typenum::int::PInt<typenum::uint::UInt<typenum::uint::UTerm, typenum::bit::B1>>, typenum::int::PInt<typenum::uint::UInt<typenum::uint::UTerm, typenum::bit::B1>>>, fts_units::ratio::RatioZero, fts_units::ratio::RatioZero>`
[INFO] [stderr]    = note: required because of the requirements on the impl of `std::ops::Div<fts_units::si_system::SIUnitsT<fts_units::si_system::SIRatiosT<fts_units::ratio::RatioT<typenum::int::PInt<typenum::uint::UInt<typenum::uint::UInt<typenum::uint::UInt<typenum::uint::UInt<typenum::uint::UInt<typenum::uint::UInt<typenum::uint::UInt<typenum::uint::UInt<typenum::uint::UInt<typenum::uint::UInt<typenum::uint::UTerm, typenum::bit::B1>, typenum::bit::B1>, typenum::bit::B1>, typenum::bit::B1>, typenum::bit::B1>, typenum::bit::B0>, typenum::bit::B1>, typenum::bit::B0>, typenum::bit::B0>, typenum::bit::B0>>, typenum::int::PInt<typenum::uint::UInt<typenum::uint::UTerm, typenum::bit::B1>>>, fts_units::ratio::RatioZero, fts_units::ratio::RatioZero>, fts_units::si_system::SIExponentsT<typenum::int::PInt<typenum::uint::UInt<typenum::uint::UTerm, typenum::bit::B1>>, typenum::int::Z0, typenum::int::Z0>>>` for `fts_units::si_system::SIUnitsT<fts_units::si_system::SIRatiosT<fts_units::ratio::RatioT<typenum::int::PInt<typenum::uint::UInt<typenum::uint::UTerm, typenum::bit::B1>>, typenum::int::PInt<typenum::uint::UInt<typenum::uint::UTerm, typenum::bit::B1>>>, fts_units::ratio::RatioZero, fts_units::ratio::RatioZero>, fts_units::si_system::SIExponentsT<typenum::int::PInt<typenum::uint::UInt<typenum::uint::UTerm, typenum::bit::B1>>, typenum::int::Z0, typenum::int::Z0>>`
[INFO] [stderr] 
[INFO] [stderr] error[E0308]: mismatched types
[INFO] [stderr]   --> $DIR/si_system.rs:17:39
[INFO] [stderr]    |
[INFO] [stderr] 17 |     let _ = Meters::<f32>::new(6.0) + Meters::<f64>::new(4.2);
[INFO] [stderr]    |                                       ^^^^^^^^^^^^^^^^^^^^^^^ expected f32, found f64
[INFO] [stderr]    |
[INFO] [stderr]    = note: expected type `fts_units::quantity::QuantityT<f32, _>`
[INFO] [stderr]               found type `fts_units::quantity::QuantityT<f64, _>`
[INFO] [stderr] 
[INFO] [stderr] error[E0308]: mismatched types
[INFO] [stderr]   --> $DIR/si_system.rs:18:39
[INFO] [stderr]    |
[INFO] [stderr] 18 |     let _ = Meters::<f32>::new(6.0) + Meters::<i32>::new(4);
[INFO] [stderr]    |                                       ^^^^^^^^^^^^^^^^^^^^^ expected f32, found i32
[INFO] [stderr]    |
[INFO] [stderr]    = note: expected type `fts_units::quantity::QuantityT<f32, _>`
[INFO] [stderr]               found type `fts_units::quantity::QuantityT<i32, _>`
[INFO] [stderr] 
[INFO] [stderr] error[E0308]: mismatched types
[INFO] [stderr]   --> $DIR/si_system.rs:19:37
[INFO] [stderr]    |
[INFO] [stderr] 19 |     let _ = Meters::<i16>::new(6) + Meters::<i32>::new(4);
[INFO] [stderr]    |                                     ^^^^^^^^^^^^^^^^^^^^^ expected i16, found i32
[INFO] [stderr]    |
[INFO] [stderr]    = note: expected type `fts_units::quantity::QuantityT<i16, _>`
[INFO] [stderr]               found type `fts_units::quantity::QuantityT<i32, _>`
[INFO] [stderr] 
[INFO] [stderr] error[E0308]: mismatched types
[INFO] [stderr]   --> $DIR/si_system.rs:22:39
[INFO] [stderr]    |
[INFO] [stderr] 22 |     let _ = Meters::<f32>::new(6.0) - Meters::<f64>::new(4.2);
[INFO] [stderr]    |                                       ^^^^^^^^^^^^^^^^^^^^^^^ expected f32, found f64
[INFO] [stderr]    |
[INFO] [stderr]    = note: expected type `fts_units::quantity::QuantityT<f32, _>`
[INFO] [stderr]               found type `fts_units::quantity::QuantityT<f64, _>`
[INFO] [stderr] 
[INFO] [stderr] error[E0308]: mismatched types
[INFO] [stderr]   --> $DIR/si_system.rs:23:39
[INFO] [stderr]    |
[INFO] [stderr] 23 |     let _ = Meters::<f32>::new(6.0) - Meters::<i32>::new(4);
[INFO] [stderr]    |                                       ^^^^^^^^^^^^^^^^^^^^^ expected f32, found i32
[INFO] [stderr]    |
[INFO] [stderr]    = note: expected type `fts_units::quantity::QuantityT<f32, _>`
[INFO] [stderr]               found type `fts_units::quantity::QuantityT<i32, _>`
[INFO] [stderr] 
[INFO] [stderr] error[E0308]: mismatched types
[INFO] [stderr]   --> $DIR/si_system.rs:24:37
[INFO] [stderr]    |
[INFO] [stderr] 24 |     let _ = Meters::<i16>::new(6) - Meters::<i32>::new(4);
[INFO] [stderr]    |                                     ^^^^^^^^^^^^^^^^^^^^^ expected i16, found i32
[INFO] [stderr]    |
[INFO] [stderr]    = note: expected type `fts_units::quantity::QuantityT<i16, _>`
[INFO] [stderr]               found type `fts_units::quantity::QuantityT<i32, _>`
[INFO] [stderr] 
[INFO] [stderr] error[E0308]: mismatched types
[INFO] [stderr]   --> $DIR/si_system.rs:27:39
[INFO] [stderr]    |
[INFO] [stderr] 27 |     let _ = Meters::<f32>::new(6.0) - Seconds::<f32>::new(7.0);
[INFO] [stderr]    |                                       ^^^^^^^^^^^^^^^^^^^^^^^^ expected struct `fts_units::ratio::RatioT`, found struct `fts_units::ratio::RatioZero`
[INFO] [stderr]    |
[INFO] [stderr]    = note: expected type `fts_units::quantity::QuantityT<_, fts_units::si_system::SIUnitsT<fts_units::si_system::SIRatiosT<fts_units::ratio::RatioT<typenum::int::PInt<typenum::uint::UInt<typenum::uint::UTerm, typenum::bit::B1>>, typenum::int::PInt<typenum::uint::UInt<typenum::uint::UTerm, typenum::bit::B1>>>, _, fts_units::ratio::RatioZero>, fts_units::si_system::SIExponentsT<typenum::int::PInt<typenum::uint::UInt<typenum::uint::UTerm, typenum::bit::B1>>, _, typenum::int::Z0>>>`
[INFO] [stderr]               found type `fts_units::quantity::QuantityT<_, fts_units::si_system::SIUnitsT<fts_units::si_system::SIRatiosT<fts_units::ratio::RatioZero, _, fts_units::ratio::RatioT<typenum::int::PInt<typenum::uint::UInt<typenum::uint::UTerm, typenum::bit::B1>>, typenum::int::PInt<typenum::uint::UInt<typenum::uint::UTerm, typenum::bit::B1>>>>, fts_units::si_system::SIExponentsT<typenum::int::Z0, _, typenum::int::PInt<typenum::uint::UInt<typenum::uint::UTerm, typenum::bit::B1>>>>>`
[INFO] [stderr] 
[INFO] [stderr] error[E0599]: no method named `convert_into` found for type `fts_units::quantity::QuantityT<f32, fts_units::si_system::SIUnitsT<fts_units::si_system::SIRatiosT<fts_units::ratio::RatioT<typenum::int::PInt<typenum::uint::UInt<typenum::uint::UTerm, typenum::bit::B1>>, typenum::int::PInt<typenum::uint::UInt<typenum::uint::UTerm, typenum::bit::B1>>>, fts_units::ratio::RatioZero, fts_units::ratio::RatioZero>, fts_units::si_system::SIExponentsT<typenum::int::PInt<typenum::uint::UInt<typenum::uint::UTerm, typenum::bit::B1>>, typenum::int::Z0, typenum::int::Z0>>>` in the current scope
[INFO] [stderr]   --> $DIR/si_system.rs:30:53
[INFO] [stderr]    |
[INFO] [stderr] 30 |     let _ : Seconds<f32> = Meters::<f32>::new(23.0).convert_into();
[INFO] [stderr]    |                                                     ^^^^^^^^^^^^
[INFO] [stderr]    |
[INFO] [stderr]    = help: items from traits can only be used if the trait is in scope
[INFO] [stderr] help: the following trait is implemented but not in scope, perhaps add a `use` for it:
[INFO] [stderr]    |
[INFO] [stderr] 1  | use fts_units::quantity::ConvertUnits;
[INFO] [stderr]    |
[INFO] [stderr] 
[INFO] [stderr] error[E0308]: mismatched types
[INFO] [stderr]   --> $DIR/si_system.rs:33:39
[INFO] [stderr]    |
[INFO] [stderr] 33 |     let _ = Meters::<f32>::new(6.0) + Dimensionless::<f32>::new(4.2);
[INFO] [stderr]    |                                       ^^^^^^^^^^^^^^^^^^^^^^^^^^^^^^ expected struct `fts_units::ratio::RatioT`, found struct `fts_units::ratio::RatioZero`
[INFO] [stderr]    |
[INFO] [stderr]    = note: expected type `fts_units::quantity::QuantityT<_, fts_units::si_system::SIUnitsT<fts_units::si_system::SIRatiosT<fts_units::ratio::RatioT<typenum::int::PInt<typenum::uint::UInt<typenum::uint::UTerm, typenum::bit::B1>>, typenum::int::PInt<typenum::uint::UInt<typenum::uint::UTerm, typenum::bit::B1>>>, _, _>, fts_units::si_system::SIExponentsT<typenum::int::PInt<typenum::uint::UInt<typenum::uint::UTerm, typenum::bit::B1>>, _, _>>>`
[INFO] [stderr]               found type `fts_units::quantity::QuantityT<_, fts_units::si_system::SIUnitsT<fts_units::si_system::SIRatiosT<fts_units::ratio::RatioZero, _, _>, fts_units::si_system::SIExponentsT<typenum::int::Z0, _, _>>>`
[INFO] [stderr] 
[INFO] [stderr] error[E0308]: mismatched types
[INFO] [stderr]   --> $DIR/si_system.rs:34:39
[INFO] [stderr]    |
[INFO] [stderr] 34 |     let _ = Meters::<f32>::new(6.0) - Dimensionless::<f32>::new(4.2);
[INFO] [stderr]    |                                       ^^^^^^^^^^^^^^^^^^^^^^^^^^^^^^ expected struct `fts_units::ratio::RatioT`, found struct `fts_units::ratio::RatioZero`
[INFO] [stderr]    |
[INFO] [stderr]    = note: expected type `fts_units::quantity::QuantityT<_, fts_units::si_system::SIUnitsT<fts_units::si_system::SIRatiosT<fts_units::ratio::RatioT<typenum::int::PInt<typenum::uint::UInt<typenum::uint::UTerm, typenum::bit::B1>>, typenum::int::PInt<typenum::uint::UInt<typenum::uint::UTerm, typenum::bit::B1>>>, _, _>, fts_units::si_system::SIExponentsT<typenum::int::PInt<typenum::uint::UInt<typenum::uint::UTerm, typenum::bit::B1>>, _, _>>>`
[INFO] [stderr]               found type `fts_units::quantity::QuantityT<_, fts_units::si_system::SIUnitsT<fts_units::si_system::SIRatiosT<fts_units::ratio::RatioZero, _, _>, fts_units::si_system::SIExponentsT<typenum::int::Z0, _, _>>>`
[INFO] [stderr] 
[INFO] [stderr] error[E0308]: mismatched types
[INFO] [stderr]   --> $DIR/si_system.rs:41:39
[INFO] [stderr]    |
[INFO] [stderr] 41 |     let _ = Meters::<f32>::new(6.0) + 5.0;
[INFO] [stderr]    |                                       ^^^ expected struct `fts_units::quantity::QuantityT`, found floating-point number
[INFO] [stderr]    |
[INFO] [stderr]    = note: expected type `fts_units::quantity::QuantityT<f32, fts_units::si_system::SIUnitsT<fts_units::si_system::SIRatiosT<fts_units::ratio::RatioT<typenum::int::PInt<typenum::uint::UInt<typenum::uint::UTerm, typenum::bit::B1>>, typenum::int::PInt<typenum::uint::UInt<typenum::uint::UTerm, typenum::bit::B1>>>, fts_units::ratio::RatioZero, fts_units::ratio::RatioZero>, fts_units::si_system::SIExponentsT<typenum::int::PInt<typenum::uint::UInt<typenum::uint::UTerm, typenum::bit::B1>>, typenum::int::Z0, typenum::int::Z0>>>`
[INFO] [stderr]               found type `{float}`
[INFO] [stderr] 
[INFO] [stderr] error[E0308]: mismatched types
[INFO] [stderr]   --> $DIR/si_system.rs:42:39
[INFO] [stderr]    |
[INFO] [stderr] 42 |     let _ = Meters::<f32>::new(6.0) - 5.0;
[INFO] [stderr]    |                                       ^^^ expected struct `fts_units::quantity::QuantityT`, found floating-point number
[INFO] [stderr]    |
[INFO] [stderr]    = note: expected type `fts_units::quantity::QuantityT<f32, fts_units::si_system::SIUnitsT<fts_units::si_system::SIRatiosT<fts_units::ratio::RatioT<typenum::int::PInt<typenum::uint::UInt<typenum::uint::UTerm, typenum::bit::B1>>, typenum::int::PInt<typenum::uint::UInt<typenum::uint::UTerm, typenum::bit::B1>>>, fts_units::ratio::RatioZero, fts_units::ratio::RatioZero>, fts_units::si_system::SIExponentsT<typenum::int::PInt<typenum::uint::UInt<typenum::uint::UTerm, typenum::bit::B1>>, typenum::int::Z0, typenum::int::Z0>>>`
[INFO] [stderr]               found type `{float}`
[INFO] [stderr] 
[INFO] [stderr] error[E0308]: mismatched types
[INFO] [stderr]   --> $DIR/si_system.rs:43:39
[INFO] [stderr]    |
[INFO] [stderr] 43 |     let _ = Meters::<f32>::new(6.0) * 5.0;
[INFO] [stderr]    |                                       ^^^ expected struct `fts_units::quantity::QuantityT`, found floating-point number
[INFO] [stderr]    |
[INFO] [stderr]    = note: expected type `fts_units::quantity::QuantityT<f32, fts_units::si_system::SIUnitsT<fts_units::si_system::SIRatiosT<_, _, _>, fts_units::si_system::SIExponentsT<_, _, _>>>`
[INFO] [stderr]               found type `{float}`
[INFO] [stderr] 
[INFO] [stderr] error[E0308]: mismatched types
[INFO] [stderr]   --> $DIR/si_system.rs:44:39
[INFO] [stderr]    |
[INFO] [stderr] 44 |     let _ = Meters::<f32>::new(6.0) / 5.0;
[INFO] [stderr]    |                                       ^^^ expected struct `fts_units::quantity::QuantityT`, found floating-point number
[INFO] [stderr]    |
[INFO] [stderr]    = note: expected type `fts_units::quantity::QuantityT<f32, fts_units::si_system::SIUnitsT<fts_units::si_system::SIRatiosT<_, _, _>, fts_units::si_system::SIExponentsT<_, _, _>>>`
[INFO] [stderr]               found type `{float}`
[INFO] [stderr] 
[INFO] [stderr] error[E0599]: no method named `invert` found for type `fts_units::quantity::QuantityT<i32, fts_units::si_system::SIUnitsT<fts_units::si_system::SIRatiosT<fts_units::ratio::RatioT<typenum::int::PInt<typenum::uint::UInt<typenum::uint::UTerm, typenum::bit::B1>>, typenum::int::PInt<typenum::uint::UInt<typenum::uint::UTerm, typenum::bit::B1>>>, fts_units::ratio::RatioZero, fts_units::ratio::RatioZero>, fts_units::si_system::SIExponentsT<typenum::int::PInt<typenum::uint::UInt<typenum::uint::UTerm, typenum::bit::B1>>, typenum::int::Z0, typenum::int::Z0>>>` in the current scope
[INFO] [stderr]   --> $DIR/si_system.rs:47:35
[INFO] [stderr]    |
[INFO] [stderr] 47 |     let _ = Meters::<i32>::new(9).invert();
[INFO] [stderr]    |                                   ^^^^^^
[INFO] [stderr] 
[INFO] [stderr] error[E0599]: no method named `sqrt` found for type `fts_units::quantity::QuantityT<f32, fts_units::si_system::SIUnitsT<fts_units::si_system::SIRatiosT<fts_units::ratio::RatioT<typenum::int::PInt<typenum::uint::UInt<typenum::uint::UTerm, typenum::bit::B1>>, typenum::int::PInt<typenum::uint::UInt<typenum::uint::UTerm, typenum::bit::B1>>>, fts_units::ratio::RatioZero, fts_units::ratio::RatioZero>, fts_units::si_system::SIExponentsT<typenum::int::PInt<typenum::uint::UInt<typenum::uint::UTerm, typenum::bit::B1>>, typenum::int::Z0, typenum::int::Z0>>>` in the current scope
[INFO] [stderr]   --> $DIR/si_system.rs:50:37
[INFO] [stderr]    |
[INFO] [stderr] 50 |     let _ = Meters::<f32>::new(4.0).sqrt();
[INFO] [stderr]    |                                     ^^^^
[INFO] [stderr] 
[INFO] [stderr] error[E0599]: no method named `sqrt` found for type `fts_units::quantity::QuantityT<f32, fts_units::si_system::SIUnitsT<fts_units::si_system::SIRatiosT<fts_units::ratio::RatioT<typenum::int::PInt<typenum::uint::UInt<typenum::uint::UTerm, typenum::bit::B1>>, typenum::int::PInt<typenum::uint::UInt<typenum::uint::UTerm, typenum::bit::B1>>>, fts_units::ratio::RatioZero, fts_units::ratio::RatioZero>, fts_units::si_system::SIExponentsT<typenum::int::PInt<typenum::uint::UInt<typenum::uint::UInt<typenum::uint::UTerm, typenum::bit::B1>, typenum::bit::B1>>, typenum::int::Z0, typenum::int::Z0>>>` in the current scope
[INFO] [stderr]   --> $DIR/si_system.rs:51:91
[INFO] [stderr]    |
[INFO] [stderr] 51 |     let _ = (Meters::<f32>::new(4.0) * Meters::<f32>::new(4.0) * Meters::<f32>::new(4.0)).sqrt();
[INFO] [stderr]    |                                                                                           ^^^^
[INFO] [stderr] 
[INFO] [stderr] error[E0599]: no function or associated item named `convert_from` found for type `fts_units::quantity::QuantityT<f32, fts_units::si_system::SIUnitsT<fts_units::si_system::SIRatiosT<fts_units::ratio::RatioZero, fts_units::ratio::RatioZero, fts_units::ratio::RatioT<typenum::int::PInt<typenum::uint::UInt<typenum::uint::UTerm, typenum::bit::B1>>, typenum::int::PInt<typenum::uint::UInt<typenum::uint::UTerm, typenum::bit::B1>>>>, fts_units::si_system::SIExponentsT<typenum::int::Z0, typenum::int::Z0, typenum::int::PInt<typenum::uint::UInt<typenum::uint::UTerm, typenum::bit::B1>>>>>` in the current scope
[INFO] [stderr]   --> $DIR/si_system.rs:54:29
[INFO] [stderr]    |
[INFO] [stderr] 54 |     let _ = Seconds::<f32>::convert_from(Meters::<f32>::new(10.0));
[INFO] [stderr]    |                             ^^^^^^^^^^^^ function or associated item not found in `fts_units::quantity::QuantityT<f32, fts_units::si_system::SIUnitsT<fts_units::si_system::SIRatiosT<fts_units::ratio::RatioZero, fts_units::ratio::RatioZero, fts_units::ratio::RatioT<typenum::int::PInt<typenum::uint::UInt<typenum::uint::UTerm, typenum::bit::B1>>, typenum::int::PInt<typenum::uint::UInt<typenum::uint::UTerm, typenum::bit::B1>>>>, fts_units::si_system::SIExponentsT<typenum::int::Z0, typenum::int::Z0, typenum::int::PInt<typenum::uint::UInt<typenum::uint::UTerm, typenum::bit::B1>>>>>`
[INFO] [stderr]    |
[INFO] [stderr]    = help: items from traits can only be used if the trait is in scope
[INFO] [stderr] help: the following trait is implemented but not in scope, perhaps add a `use` for it:
[INFO] [stderr]    |
[INFO] [stderr] 1  | use fts_units::quantity::ConvertUnits;
[INFO] [stderr]    |
[INFO] [stderr] 
[INFO] [stderr] error[E0599]: no function or associated item named `convert_from` found for type `fts_units::quantity::QuantityT<f32, fts_units::si_system::SIUnitsT<fts_units::si_system::SIRatiosT<fts_units::ratio::RatioT<typenum::int::PInt<typenum::uint::UInt<typenum::uint::UTerm, typenum::bit::B1>>, typenum::int::PInt<typenum::uint::UInt<typenum::uint::UTerm, typenum::bit::B1>>>, fts_units::ratio::RatioZero, fts_units::ratio::RatioT<typenum::int::PInt<typenum::uint::UInt<typenum::uint::UTerm, typenum::bit::B1>>, typenum::int::PInt<typenum::uint::UInt<typenum::uint::UTerm, typenum::bit::B1>>>>, fts_units::si_system::SIExponentsT<typenum::int::PInt<typenum::uint::UInt<typenum::uint::UTerm, typenum::bit::B1>>, typenum::int::Z0, typenum::int::NInt<typenum::uint::UInt<typenum::uint::UTerm, typenum::bit::B1>>>>>` in the current scope
[INFO] [stderr]   --> $DIR/si_system.rs:55:37
[INFO] [stderr]    |
[INFO] [stderr] 55 |     let _ = MetersPerSecond::<f32>::convert_from(Meters::<f32>::new(10.0));
[INFO] [stderr]    |                                     ^^^^^^^^^^^^ function or associated item not found in `fts_units::quantity::QuantityT<f32, fts_units::si_system::SIUnitsT<fts_units::si_system::SIRatiosT<fts_units::ratio::RatioT<typenum::int::PInt<typenum::uint::UInt<typenum::uint::UTerm, typenum::bit::B1>>, typenum::int::PInt<typenum::uint::UInt<typenum::uint::UTerm, typenum::bit::B1>>>, fts_units::ratio::RatioZero, fts_units::ratio::RatioT<typenum::int::PInt<typenum::uint::UInt<typenum::uint::UTerm, typenum::bit::B1>>, typenum::int::PInt<typenum::uint::UInt<typenum::uint::UTerm, typenum::bit::B1>>>>, fts_units::si_system::SIExponentsT<typenum::int::PInt<typenum::uint::UInt<typenum::uint::UTerm, typenum::bit::B1>>, typenum::int::Z0, typenum::int::NInt<typenum::uint::UInt<typenum::uint::UTerm, typenum::bit::B1>>>>>`
[INFO] [stderr]    |
[INFO] [stderr]    = help: items from traits can only be used if the trait is in scope
[INFO] [stderr] help: the following trait is implemented but not in scope, perhaps add a `use` for it:
[INFO] [stderr]    |
[INFO] [stderr] 1  | use fts_units::quantity::ConvertUnits;
[INFO] [stderr]    |
[INFO] [stderr] 
[INFO] [stderr] error[E0599]: no function or associated item named `convert_from` found for type `fts_units::quantity::QuantityT<f64, fts_units::si_system::SIUnitsT<fts_units::si_system::SIRatiosT<fts_units::ratio::RatioT<typenum::int::PInt<typenum::uint::UInt<typenum::uint::UTerm, typenum::bit::B1>>, typenum::int::PInt<typenum::uint::UInt<typenum::uint::UTerm, typenum::bit::B1>>>, fts_units::ratio::RatioZero, fts_units::ratio::RatioZero>, fts_units::si_system::SIExponentsT<typenum::int::PInt<typenum::uint::UInt<typenum::uint::UTerm, typenum::bit::B1>>, typenum::int::Z0, typenum::int::Z0>>>` in the current scope
[INFO] [stderr]   --> $DIR/si_system.rs:58:28
[INFO] [stderr]    |
[INFO] [stderr] 58 |     let _ = Meters::<f64>::convert_from(Meters::<f32>::new(77.7));
[INFO] [stderr]    |                            ^^^^^^^^^^^^ function or associated item not found in `fts_units::quantity::QuantityT<f64, fts_units::si_system::SIUnitsT<fts_units::si_system::SIRatiosT<fts_units::ratio::RatioT<typenum::int::PInt<typenum::uint::UInt<typenum::uint::UTerm, typenum::bit::B1>>, typenum::int::PInt<typenum::uint::UInt<typenum::uint::UTerm, typenum::bit::B1>>>, fts_units::ratio::RatioZero, fts_units::ratio::RatioZero>, fts_units::si_system::SIExponentsT<typenum::int::PInt<typenum::uint::UInt<typenum::uint::UTerm, typenum::bit::B1>>, typenum::int::Z0, typenum::int::Z0>>>`
[INFO] [stderr]    |
[INFO] [stderr]    = help: items from traits can only be used if the trait is in scope
[INFO] [stderr] help: the following trait is implemented but not in scope, perhaps add a `use` for it:
[INFO] [stderr]    |
[INFO] [stderr] 1  | use fts_units::quantity::ConvertUnits;
[INFO] [stderr]    |
[INFO] [stderr] 
[INFO] [stderr] Some errors occurred: E0277, E0308, E0599.
[INFO] [stderr] For more information about an error, try `rustc --explain E0277`.
[INFO] [stderr] ┈┈┈┈┈┈┈┈┈┈┈┈┈┈┈┈┈┈┈┈┈┈┈┈┈┈┈┈┈┈┈┈┈┈┈┈┈┈┈┈┈┈┈┈┈┈┈┈┈┈┈┈┈┈┈┈┈┈┈┈
[INFO] [stderr] 
[INFO] [stderr] ACTUAL OUTPUT:
[INFO] [stderr] ┈┈┈┈┈┈┈┈┈┈┈┈┈┈┈┈┈┈┈┈┈┈┈┈┈┈┈┈┈┈┈┈┈┈┈┈┈┈┈┈┈┈┈┈┈┈┈┈┈┈┈┈┈┈┈┈┈┈┈┈
[INFO] [stderr] error[E0308]: mismatched types
[INFO] [stderr]   --> $DIR/si_system.rs:11:39
[INFO] [stderr]    |
[INFO] [stderr] 11 |     let _ = Meters::<f32>::new(6.0) + Kilometers::<f32>::new(4.2);
[INFO] [stderr]    |                                       ^^^^^^^^^^^^^^^^^^^^^^^^^^^ expected struct `typenum::uint::UTerm`, found struct `typenum::uint::UInt`
[INFO] [stderr]    |
[INFO] [stderr]    = note: expected struct `QuantityT<_, SIUnitsT<SIRatiosT<RatioT<typenum::int::PInt<typenum::uint::UInt<typenum::uint::UTerm, typenum::bit::B1>>, _>, _, _>, _>>`
[INFO] [stderr]               found struct `QuantityT<_, SIUnitsT<SIRatiosT<RatioT<typenum::int::PInt<typenum::uint::UInt<typenum::uint::UInt<typenum::uint::UInt<typenum::uint::UInt<typenum::uint::UInt<typenum::uint::UInt<typenum::uint::UInt<typenum::uint::UInt<typenum::uint::UInt<typenum::uint::UInt<typenum::uint::UTerm, typenum::bit::B1>, typenum::bit::B1>, typenum::bit::B1>, typenum::bit::B1>, typenum::bit::B1>, typenum::bit::B0>, typenum::bit::B1>, typenum::bit::B0>, typenum::bit::B0>, typenum::bit::B0>>, _>, _, _>, _>>`
[INFO] [stderr] 
[INFO] [stderr] error[E0308]: mismatched types
[INFO] [stderr]   --> $DIR/si_system.rs:12:39
[INFO] [stderr]    |
[INFO] [stderr] 12 |     let _ = Meters::<f32>::new(6.0) - Kilometers::<f32>::new(4.2);
[INFO] [stderr]    |                                       ^^^^^^^^^^^^^^^^^^^^^^^^^^^ expected struct `typenum::uint::UTerm`, found struct `typenum::uint::UInt`
[INFO] [stderr]    |
[INFO] [stderr]    = note: expected struct `QuantityT<_, SIUnitsT<SIRatiosT<RatioT<typenum::int::PInt<typenum::uint::UInt<typenum::uint::UTerm, typenum::bit::B1>>, _>, _, _>, _>>`
[INFO] [stderr]               found struct `QuantityT<_, SIUnitsT<SIRatiosT<RatioT<typenum::int::PInt<typenum::uint::UInt<typenum::uint::UInt<typenum::uint::UInt<typenum::uint::UInt<typenum::uint::UInt<typenum::uint::UInt<typenum::uint::UInt<typenum::uint::UInt<typenum::uint::UInt<typenum::uint::UInt<typenum::uint::UTerm, typenum::bit::B1>, typenum::bit::B1>, typenum::bit::B1>, typenum::bit::B1>, typenum::bit::B1>, typenum::bit::B0>, typenum::bit::B1>, typenum::bit::B0>, typenum::bit::B0>, typenum::bit::B0>>, _>, _, _>, _>>`
[INFO] [stderr] 
[INFO] [stderr] error[E0277]: the trait bound `RatioT<typenum::int::PInt<typenum::uint::UInt<typenum::uint::UTerm, typenum::bit::B1>>, typenum::int::PInt<typenum::uint::UInt<typenum::uint::UTerm, typenum::bit::B1>>>: Xor<RatioT<typenum::int::PInt<typenum::uint::UInt<typenum::uint::UInt<typenum::uint::UInt<typenum::uint::UInt<typenum::uint::UInt<typenum::uint::UInt<typenum::uint::UInt<typenum::uint::UInt<typenum::uint::UInt<typenum::uint::UInt<typenum::uint::UTerm, typenum::bit::B1>, typenum::bit::B1>, typenum::bit::B1>, typenum::bit::B1>, typenum::bit::B1>, typenum::bit::B0>, typenum::bit::B1>, typenum::bit::B0>, typenum::bit::B0>, typenum::bit::B0>>, typenum::int::PInt<typenum::uint::UInt<typenum::uint::UTerm, typenum::bit::B1>>>>` is not satisfied
[INFO] [stderr]   --> $DIR/si_system.rs:13:37
[INFO] [stderr]    |
[INFO] [stderr] 13 |     let _ = Meters::<f32>::new(6.0) * Kilometers::<f32>::new(4.2);
[INFO] [stderr]    |                                     ^ the trait `Xor<RatioT<typenum::int::PInt<typenum::uint::UInt<typenum::uint::UInt<typenum::uint::UInt<typenum::uint::UInt<typenum::uint::UInt<typenum::uint::UInt<typenum::uint::UInt<typenum::uint::UInt<typenum::uint::UInt<typenum::uint::UInt<typenum::uint::UTerm, typenum::bit::B1>, typenum::bit::B1>, typenum::bit::B1>, typenum::bit::B1>, typenum::bit::B1>, typenum::bit::B0>, typenum::bit::B1>, typenum::bit::B0>, typenum::bit::B0>, typenum::bit::B0>>, typenum::int::PInt<typenum::uint::UInt<typenum::uint::UTerm, typenum::bit::B1>>>>` is not implemented for `RatioT<typenum::int::PInt<typenum::uint::UInt<typenum::uint::UTerm, typenum::bit::B1>>, typenum::int::PInt<typenum::uint::UInt<typenum::uint::UTerm, typenum::bit::B1>>>`
[INFO] [stderr]    |
[INFO] [stderr]    = help: the following implementations were found:
[INFO] [stderr]              <RatioT<N, D> as Xor<RatioT<N, D>>>
[INFO] [stderr]              <RatioT<N, D> as Xor<RatioZero>>
[INFO] [stderr]    = note: required because of the requirements on the impl of `Xor<SIRatiosT<RatioT<typenum::int::PInt<typenum::uint::UInt<typenum::uint::UInt<typenum::uint::UInt<typenum::uint::UInt<typenum::uint::UInt<typenum::uint::UInt<typenum::uint::UInt<typenum::uint::UInt<typenum::uint::UInt<typenum::uint::UInt<typenum::uint::UTerm, typenum::bit::B1>, typenum::bit::B1>, typenum::bit::B1>, typenum::bit::B1>, typenum::bit::B1>, typenum::bit::B0>, typenum::bit::B1>, typenum::bit::B0>, typenum::bit::B0>, typenum::bit::B0>>, typenum::int::PInt<typenum::uint::UInt<typenum::uint::UTerm, typenum::bit::B1>>>, RatioZero, RatioZero>>` for `SIRatiosT<RatioT<typenum::int::PInt<typenum::uint::UInt<typenum::uint::UTerm, typenum::bit::B1>>, typenum::int::PInt<typenum::uint::UInt<typenum::uint::UTerm, typenum::bit::B1>>>, RatioZero, RatioZero>`
[INFO] [stderr]    = note: required because of the requirements on the impl of `Mul<SIUnitsT<SIRatiosT<RatioT<typenum::int::PInt<typenum::uint::UInt<typenum::uint::UInt<typenum::uint::UInt<typenum::uint::UInt<typenum::uint::UInt<typenum::uint::UInt<typenum::uint::UInt<typenum::uint::UInt<typenum::uint::UInt<typenum::uint::UInt<typenum::uint::UTerm, typenum::bit::B1>, typenum::bit::B1>, typenum::bit::B1>, typenum::bit::B1>, typenum::bit::B1>, typenum::bit::B0>, typenum::bit::B1>, typenum::bit::B0>, typenum::bit::B0>, typenum::bit::B0>>, typenum::int::PInt<typenum::uint::UInt<typenum::uint::UTerm, typenum::bit::B1>>>, RatioZero, RatioZero>, SIExponentsT<typenum::int::PInt<typenum::uint::UInt<typenum::uint::UTerm, typenum::bit::B1>>, typenum::int::Z0, typenum::int::Z0>>>` for `SIUnitsT<SIRatiosT<RatioT<typenum::int::PInt<typenum::uint::UInt<typenum::uint::UTerm, typenum::bit::B1>>, typenum::int::PInt<typenum::uint::UInt<typenum::uint::UTerm, typenum::bit::B1>>>, RatioZero, RatioZero>, SIExponentsT<typenum::int::PInt<typenum::uint::UInt<typenum::uint::UTerm, typenum::bit::B1>>, typenum::int::Z0, typenum::int::Z0>>`
[INFO] [stderr] 
[INFO] [stderr] error[E0277]: the trait bound `RatioT<typenum::int::PInt<typenum::uint::UInt<typenum::uint::UTerm, typenum::bit::B1>>, typenum::int::PInt<typenum::uint::UInt<typenum::uint::UTerm, typenum::bit::B1>>>: Xor<RatioT<typenum::int::PInt<typenum::uint::UInt<typenum::uint::UInt<typenum::uint::UInt<typenum::uint::UInt<typenum::uint::UInt<typenum::uint::UInt<typenum::uint::UInt<typenum::uint::UInt<typenum::uint::UInt<typenum::uint::UInt<typenum::uint::UTerm, typenum::bit::B1>, typenum::bit::B1>, typenum::bit::B1>, typenum::bit::B1>, typenum::bit::B1>, typenum::bit::B0>, typenum::bit::B1>, typenum::bit::B0>, typenum::bit::B0>, typenum::bit::B0>>, typenum::int::PInt<typenum::uint::UInt<typenum::uint::UTerm, typenum::bit::B1>>>>` is not satisfied
[INFO] [stderr]   --> $DIR/si_system.rs:14:37
[INFO] [stderr]    |
[INFO] [stderr] 14 |     let _ = Meters::<f32>::new(6.0) / Kilometers::<f32>::new(4.2);
[INFO] [stderr]    |                                     ^ the trait `Xor<RatioT<typenum::int::PInt<typenum::uint::UInt<typenum::uint::UInt<typenum::uint::UInt<typenum::uint::UInt<typenum::uint::UInt<typenum::uint::UInt<typenum::uint::UInt<typenum::uint::UInt<typenum::uint::UInt<typenum::uint::UInt<typenum::uint::UTerm, typenum::bit::B1>, typenum::bit::B1>, typenum::bit::B1>, typenum::bit::B1>, typenum::bit::B1>, typenum::bit::B0>, typenum::bit::B1>, typenum::bit::B0>, typenum::bit::B0>, typenum::bit::B0>>, typenum::int::PInt<typenum::uint::UInt<typenum::uint::UTerm, typenum::bit::B1>>>>` is not implemented for `RatioT<typenum::int::PInt<typenum::uint::UInt<typenum::uint::UTerm, typenum::bit::B1>>, typenum::int::PInt<typenum::uint::UInt<typenum::uint::UTerm, typenum::bit::B1>>>`
[INFO] [stderr]    |
[INFO] [stderr]    = help: the following implementations were found:
[INFO] [stderr]              <RatioT<N, D> as Xor<RatioT<N, D>>>
[INFO] [stderr]              <RatioT<N, D> as Xor<RatioZero>>
[INFO] [stderr]    = note: required because of the requirements on the impl of `Xor<SIRatiosT<RatioT<typenum::int::PInt<typenum::uint::UInt<typenum::uint::UInt<typenum::uint::UInt<typenum::uint::UInt<typenum::uint::UInt<typenum::uint::UInt<typenum::uint::UInt<typenum::uint::UInt<typenum::uint::UInt<typenum::uint::UInt<typenum::uint::UTerm, typenum::bit::B1>, typenum::bit::B1>, typenum::bit::B1>, typenum::bit::B1>, typenum::bit::B1>, typenum::bit::B0>, typenum::bit::B1>, typenum::bit::B0>, typenum::bit::B0>, typenum::bit::B0>>, typenum::int::PInt<typenum::uint::UInt<typenum::uint::UTerm, typenum::bit::B1>>>, RatioZero, RatioZero>>` for `SIRatiosT<RatioT<typenum::int::PInt<typenum::uint::UInt<typenum::uint::UTerm, typenum::bit::B1>>, typenum::int::PInt<typenum::uint::UInt<typenum::uint::UTerm, typenum::bit::B1>>>, RatioZero, RatioZero>`
[INFO] [stderr]    = note: required because of the requirements on the impl of `Div<SIUnitsT<SIRatiosT<RatioT<typenum::int::PInt<typenum::uint::UInt<typenum::uint::UInt<typenum::uint::UInt<typenum::uint::UInt<typenum::uint::UInt<typenum::uint::UInt<typenum::uint::UInt<typenum::uint::UInt<typenum::uint::UInt<typenum::uint::UInt<typenum::uint::UTerm, typenum::bit::B1>, typenum::bit::B1>, typenum::bit::B1>, typenum::bit::B1>, typenum::bit::B1>, typenum::bit::B0>, typenum::bit::B1>, typenum::bit::B0>, typenum::bit::B0>, typenum::bit::B0>>, typenum::int::PInt<typenum::uint::UInt<typenum::uint::UTerm, typenum::bit::B1>>>, RatioZero, RatioZero>, SIExponentsT<typenum::int::PInt<typenum::uint::UInt<typenum::uint::UTerm, typenum::bit::B1>>, typenum::int::Z0, typenum::int::Z0>>>` for `SIUnitsT<SIRatiosT<RatioT<typenum::int::PInt<typenum::uint::UInt<typenum::uint::UTerm, typenum::bit::B1>>, typenum::int::PInt<typenum::uint::UInt<typenum::uint::UTerm, typenum::bit::B1>>>, RatioZero, RatioZero>, SIExponentsT<typenum::int::PInt<typenum::uint::UInt<typenum::uint::UTerm, typenum::bit::B1>>, typenum::int::Z0, typenum::int::Z0>>`
[INFO] [stderr] 
[INFO] [stderr] error[E0308]: mismatched types
[INFO] [stderr]   --> $DIR/si_system.rs:17:39
[INFO] [stderr]    |
[INFO] [stderr] 17 |     let _ = Meters::<f32>::new(6.0) + Meters::<f64>::new(4.2);
[INFO] [stderr]    |                                       ^^^^^^^^^^^^^^^^^^^^^^^ expected `f32`, found `f64`
[INFO] [stderr]    |
[INFO] [stderr]    = note: expected struct `QuantityT<f32, _>`
[INFO] [stderr]               found struct `QuantityT<f64, _>`
[INFO] [stderr] 
[INFO] [stderr] error[E0308]: mismatched types
[INFO] [stderr]   --> $DIR/si_system.rs:18:39
[INFO] [stderr]    |
[INFO] [stderr] 18 |     let _ = Meters::<f32>::new(6.0) + Meters::<i32>::new(4);
[INFO] [stderr]    |                                       ^^^^^^^^^^^^^^^^^^^^^ expected `f32`, found `i32`
[INFO] [stderr]    |
[INFO] [stderr]    = note: expected struct `QuantityT<f32, _>`
[INFO] [stderr]               found struct `QuantityT<i32, _>`
[INFO] [stderr] 
[INFO] [stderr] error[E0308]: mismatched types
[INFO] [stderr]   --> $DIR/si_system.rs:19:37
[INFO] [stderr]    |
[INFO] [stderr] 19 |     let _ = Meters::<i16>::new(6) + Meters::<i32>::new(4);
[INFO] [stderr]    |                                     ^^^^^^^^^^^^^^^^^^^^^ expected `i16`, found `i32`
[INFO] [stderr]    |
[INFO] [stderr]    = note: expected struct `QuantityT<i16, _>`
[INFO] [stderr]               found struct `QuantityT<i32, _>`
[INFO] [stderr] 
[INFO] [stderr] error[E0308]: mismatched types
[INFO] [stderr]   --> $DIR/si_system.rs:22:39
[INFO] [stderr]    |
[INFO] [stderr] 22 |     let _ = Meters::<f32>::new(6.0) - Meters::<f64>::new(4.2);
[INFO] [stderr]    |                                       ^^^^^^^^^^^^^^^^^^^^^^^ expected `f32`, found `f64`
[INFO] [stderr]    |
[INFO] [stderr]    = note: expected struct `QuantityT<f32, _>`
[INFO] [stderr]               found struct `QuantityT<f64, _>`
[INFO] [stderr] 
[INFO] [stderr] error[E0308]: mismatched types
[INFO] [stderr]   --> $DIR/si_system.rs:23:39
[INFO] [stderr]    |
[INFO] [stderr] 23 |     let _ = Meters::<f32>::new(6.0) - Meters::<i32>::new(4);
[INFO] [stderr]    |                                       ^^^^^^^^^^^^^^^^^^^^^ expected `f32`, found `i32`
[INFO] [stderr]    |
[INFO] [stderr]    = note: expected struct `QuantityT<f32, _>`
[INFO] [stderr]               found struct `QuantityT<i32, _>`
[INFO] [stderr] 
[INFO] [stderr] error[E0308]: mismatched types
[INFO] [stderr]   --> $DIR/si_system.rs:24:37
[INFO] [stderr]    |
[INFO] [stderr] 24 |     let _ = Meters::<i16>::new(6) - Meters::<i32>::new(4);
[INFO] [stderr]    |                                     ^^^^^^^^^^^^^^^^^^^^^ expected `i16`, found `i32`
[INFO] [stderr]    |
[INFO] [stderr]    = note: expected struct `QuantityT<i16, _>`
[INFO] [stderr]               found struct `QuantityT<i32, _>`
[INFO] [stderr] 
[INFO] [stderr] error[E0308]: mismatched types
[INFO] [stderr]   --> $DIR/si_system.rs:27:39
[INFO] [stderr]    |
[INFO] [stderr] 27 |     let _ = Meters::<f32>::new(6.0) - Seconds::<f32>::new(7.0);
[INFO] [stderr]    |                                       ^^^^^^^^^^^^^^^^^^^^^^^^ expected struct `RatioT`, found struct `RatioZero`
[INFO] [stderr]    |
[INFO] [stderr]    = note: expected struct `QuantityT<_, SIUnitsT<SIRatiosT<RatioT<typenum::int::PInt<typenum::uint::UInt<typenum::uint::UTerm, typenum::bit::B1>>, typenum::int::PInt<typenum::uint::UInt<typenum::uint::UTerm, typenum::bit::B1>>>, _, RatioZero>, SIExponentsT<typenum::int::PInt<typenum::uint::UInt<typenum::uint::UTerm, typenum::bit::B1>>, _, typenum::int::Z0>>>`
[INFO] [stderr]               found struct `QuantityT<_, SIUnitsT<SIRatiosT<RatioZero, _, RatioT<typenum::int::PInt<typenum::uint::UInt<typenum::uint::UTerm, typenum::bit::B1>>, typenum::int::PInt<typenum::uint::UInt<typenum::uint::UTerm, typenum::bit::B1>>>>, SIExponentsT<typenum::int::Z0, _, typenum::int::PInt<typenum::uint::UInt<typenum::uint::UTerm, typenum::bit::B1>>>>>`
[INFO] [stderr] 
[INFO] [stderr] error[E0599]: no method named `convert_into` found for struct `QuantityT` in the current scope
[INFO] [stderr]   --> $DIR/si_system.rs:30:53
[INFO] [stderr]    |
[INFO] [stderr] 30 |     let _ : Seconds<f32> = Meters::<f32>::new(23.0).convert_into();
[INFO] [stderr]    |                                                     ^^^^^^^^^^^^ method not found in `QuantityT<f32, SIUnitsT<SIRatiosT<RatioT<typenum::int::PInt<typenum::uint::UInt<typenum::uint::UTerm, typenum::bit::B1>>, typenum::int::PInt<typenum::uint::UInt<typenum::uint::UTerm, typenum::bit::B1>>>, RatioZero, RatioZero>, SIExponentsT<typenum::int::PInt<typenum::uint::UInt<typenum::uint::UTerm, typenum::bit::B1>>, typenum::int::Z0, typenum::int::Z0>>>`
[INFO] [stderr]    |
[INFO] [stderr]   ::: $WORKSPACE/src/quantity.rs
[INFO] [stderr]    |
[INFO] [stderr]    |     fn convert_into(self) -> T;
[INFO] [stderr]    |        ------------ the method is available for `QuantityT<f32, SIUnitsT<SIRatiosT<RatioT<typenum::int::PInt<typenum::uint::UInt<typenum::uint::UTerm, typenum::bit::B1>>, typenum::int::PInt<typenum::uint::UInt<typenum::uint::UTerm, typenum::bit::B1>>>, RatioZero, RatioZero>, SIExponentsT<typenum::int::PInt<typenum::uint::UInt<typenum::uint::UTerm, typenum::bit::B1>>, typenum::int::Z0, typenum::int::Z0>>>` here
[INFO] [stderr]    |
[INFO] [stderr]    = help: items from traits can only be used if the trait is in scope
[INFO] [stderr] help: the following trait is implemented but not in scope; perhaps add a `use` for it:
[INFO] [stderr]    |
[INFO] [stderr] 1  | use fts_units::quantity::ConvertUnits;
[INFO] [stderr]    |
[INFO] [stderr] 
[INFO] [stderr] error[E0308]: mismatched types
[INFO] [stderr]   --> $DIR/si_system.rs:33:39
[INFO] [stderr]    |
[INFO] [stderr] 33 |     let _ = Meters::<f32>::new(6.0) + Dimensionless::<f32>::new(4.2);
[INFO] [stderr]    |                                       ^^^^^^^^^^^^^^^^^^^^^^^^^^^^^^ expected struct `RatioT`, found struct `RatioZero`
[INFO] [stderr]    |
[INFO] [stderr]    = note: expected struct `QuantityT<_, SIUnitsT<SIRatiosT<RatioT<typenum::int::PInt<typenum::uint::UInt<typenum::uint::UTerm, typenum::bit::B1>>, typenum::int::PInt<typenum::uint::UInt<typenum::uint::UTerm, typenum::bit::B1>>>, _, _>, SIExponentsT<typenum::int::PInt<typenum::uint::UInt<typenum::uint::UTerm, typenum::bit::B1>>, _, _>>>`
[INFO] [stderr]               found struct `QuantityT<_, SIUnitsT<SIRatiosT<RatioZero, _, _>, SIExponentsT<typenum::int::Z0, _, _>>>`
[INFO] [stderr] 
[INFO] [stderr] error[E0308]: mismatched types
[INFO] [stderr]   --> $DIR/si_system.rs:34:39
[INFO] [stderr]    |
[INFO] [stderr] 34 |     let _ = Meters::<f32>::new(6.0) - Dimensionless::<f32>::new(4.2);
[INFO] [stderr]    |                                       ^^^^^^^^^^^^^^^^^^^^^^^^^^^^^^ expected struct `RatioT`, found struct `RatioZero`
[INFO] [stderr]    |
[INFO] [stderr]    = note: expected struct `QuantityT<_, SIUnitsT<SIRatiosT<RatioT<typenum::int::PInt<typenum::uint::UInt<typenum::uint::UTerm, typenum::bit::B1>>, typenum::int::PInt<typenum::uint::UInt<typenum::uint::UTerm, typenum::bit::B1>>>, _, _>, SIExponentsT<typenum::int::PInt<typenum::uint::UInt<typenum::uint::UTerm, typenum::bit::B1>>, _, _>>>`
[INFO] [stderr]               found struct `QuantityT<_, SIUnitsT<SIRatiosT<RatioZero, _, _>, SIExponentsT<typenum::int::Z0, _, _>>>`
[INFO] [stderr] 
[INFO] [stderr] error[E0308]: mismatched types
[INFO] [stderr]   --> $DIR/si_system.rs:41:39
[INFO] [stderr]    |
[INFO] [stderr] 41 |     let _ = Meters::<f32>::new(6.0) + 5.0;
[INFO] [stderr]    |                                       ^^^ expected struct `QuantityT`, found floating-point number
[INFO] [stderr]    |
[INFO] [stderr]    = note: expected struct `QuantityT<f32, SIUnitsT<SIRatiosT<RatioT<typenum::int::PInt<typenum::uint::UInt<typenum::uint::UTerm, typenum::bit::B1>>, typenum::int::PInt<typenum::uint::UInt<typenum::uint::UTerm, typenum::bit::B1>>>, RatioZero, RatioZero>, SIExponentsT<typenum::int::PInt<typenum::uint::UInt<typenum::uint::UTerm, typenum::bit::B1>>, typenum::int::Z0, typenum::int::Z0>>>`
[INFO] [stderr]                 found type `{float}`
[INFO] [stderr] 
[INFO] [stderr] error[E0308]: mismatched types
[INFO] [stderr]   --> $DIR/si_system.rs:42:39
[INFO] [stderr]    |
[INFO] [stderr] 42 |     let _ = Meters::<f32>::new(6.0) - 5.0;
[INFO] [stderr]    |                                       ^^^ expected struct `QuantityT`, found floating-point number
[INFO] [stderr]    |
[INFO] [stderr]    = note: expected struct `QuantityT<f32, SIUnitsT<SIRatiosT<RatioT<typenum::int::PInt<typenum::uint::UInt<typenum::uint::UTerm, typenum::bit::B1>>, typenum::int::PInt<typenum::uint::UInt<typenum::uint::UTerm, typenum::bit::B1>>>, RatioZero, RatioZero>, SIExponentsT<typenum::int::PInt<typenum::uint::UInt<typenum::uint::UTerm, typenum::bit::B1>>, typenum::int::Z0, typenum::int::Z0>>>`
[INFO] [stderr]                 found type `{float}`
[INFO] [stderr] 
[INFO] [stderr] error[E0308]: mismatched types
[INFO] [stderr]   --> $DIR/si_system.rs:43:39
[INFO] [stderr]    |
[INFO] [stderr] 43 |     let _ = Meters::<f32>::new(6.0) * 5.0;
[INFO] [stderr]    |                                       ^^^ expected struct `QuantityT`, found floating-point number
[INFO] [stderr]    |
[INFO] [stderr]    = note: expected struct `QuantityT<f32, SIUnitsT<SIRatiosT<_, _, _>, SIExponentsT<_, _, _>>>`
[INFO] [stderr]                 found type `{float}`
[INFO] [stderr] 
[INFO] [stderr] error[E0308]: mismatched types
[INFO] [stderr]   --> $DIR/si_system.rs:44:39
[INFO] [stderr]    |
[INFO] [stderr] 44 |     let _ = Meters::<f32>::new(6.0) / 5.0;
[INFO] [stderr]    |                                       ^^^ expected struct `QuantityT`, found floating-point number
[INFO] [stderr]    |
[INFO] [stderr]    = note: expected struct `QuantityT<f32, SIUnitsT<SIRatiosT<_, _, _>, SIExponentsT<_, _, _>>>`
[INFO] [stderr]                 found type `{float}`
[INFO] [stderr] 
[INFO] [stderr] error[E0599]: no method named `invert` found for struct `QuantityT` in the current scope
[INFO] [stderr]   --> $DIR/si_system.rs:47:35
[INFO] [stderr]    |
[INFO] [stderr] 47 |     let _ = Meters::<i32>::new(9).invert();
[INFO] [stderr]    |                                   ^^^^^^ method not found in `QuantityT<i32, SIUnitsT<SIRatiosT<RatioT<typenum::int::PInt<typenum::uint::UInt<typenum::uint::UTerm, typenum::bit::B1>>, typenum::int::PInt<typenum::uint::UInt<typenum::uint::UTerm, typenum::bit::B1>>>, RatioZero, RatioZero>, SIExponentsT<typenum::int::PInt<typenum::uint::UInt<typenum::uint::UTerm, typenum::bit::B1>>, typenum::int::Z0, typenum::int::Z0>>>`
[INFO] [stderr] 
[INFO] [stderr] error[E0599]: no method named `sqrt` found for struct `QuantityT` in the current scope
[INFO] [stderr]   --> $DIR/si_system.rs:50:37
[INFO] [stderr]    |
[INFO] [stderr] 50 |     let _ = Meters::<f32>::new(4.0).sqrt();
[INFO] [stderr]    |                                     ^^^^ method not found in `QuantityT<f32, SIUnitsT<SIRatiosT<RatioT<typenum::int::PInt<typenum::uint::UInt<typenum::uint::UTerm, typenum::bit::B1>>, typenum::int::PInt<typenum::uint::UInt<typenum::uint::UTerm, typenum::bit::B1>>>, RatioZero, RatioZero>, SIExponentsT<typenum::int::PInt<typenum::uint::UInt<typenum::uint::UTerm, typenum::bit::B1>>, typenum::int::Z0, typenum::int::Z0>>>`
[INFO] [stderr] 
[INFO] [stderr] error[E0599]: no method named `sqrt` found for struct `QuantityT` in the current scope
[INFO] [stderr]   --> $DIR/si_system.rs:51:91
[INFO] [stderr]    |
[INFO] [stderr] 51 |     let _ = (Meters::<f32>::new(4.0) * Meters::<f32>::new(4.0) * Meters::<f32>::new(4.0)).sqrt();
[INFO] [stderr]    |                                                                                           ^^^^ method not found in `QuantityT<f32, SIUnitsT<SIRatiosT<RatioT<typenum::int::PInt<typenum::uint::UInt<typenum::uint::UTerm, typenum::bit::B1>>, typenum::int::PInt<typenum::uint::UInt<typenum::uint::UTerm, typenum::bit::B1>>>, RatioZero, RatioZero>, SIExponentsT<typenum::int::PInt<typenum::uint::UInt<typenum::uint::UInt<typenum::uint::UTerm, typenum::bit::B1>, typenum::bit::B1>>, typenum::int::Z0, typenum::int::Z0>>>`
[INFO] [stderr] 
[INFO] [stderr] error[E0599]: no function or associated item named `convert_from` found for struct `QuantityT` in the current scope
[INFO] [stderr]   --> $DIR/si_system.rs:54:29
[INFO] [stderr]    |
[INFO] [stderr] 54 |     let _ = Seconds::<f32>::convert_from(Meters::<f32>::new(10.0));
[INFO] [stderr]    |                             ^^^^^^^^^^^^ function or associated item not found in `QuantityT<f32, SIUnitsT<SIRatiosT<RatioZero, RatioZero, RatioT<typenum::int::PInt<typenum::uint::UInt<typenum::uint::UTerm, typenum::bit::B1>>, typenum::int::PInt<typenum::uint::UInt<typenum::uint::UTerm, typenum::bit::B1>>>>, SIExponentsT<typenum::int::Z0, typenum::int::Z0, typenum::int::PInt<typenum::uint::UInt<typenum::uint::UTerm, typenum::bit::B1>>>>>`
[INFO] [stderr]    |
[INFO] [stderr]    = help: items from traits can only be used if the trait is in scope
[INFO] [stderr] help: the following trait is implemented but not in scope; perhaps add a `use` for it:
[INFO] [stderr]    |
[INFO] [stderr] 1  | use fts_units::quantity::ConvertUnits;
[INFO] [stderr]    |
[INFO] [stderr] 
[INFO] [stderr] error[E0599]: no function or associated item named `convert_from` found for struct `QuantityT` in the current scope
[INFO] [stderr]   --> $DIR/si_system.rs:55:37
[INFO] [stderr]    |
[INFO] [stderr] 55 |     let _ = MetersPerSecond::<f32>::convert_from(Meters::<f32>::new(10.0));
[INFO] [stderr]    |                                     ^^^^^^^^^^^^ function or associated item not found in `QuantityT<f32, SIUnitsT<SIRatiosT<RatioT<typenum::int::PInt<typenum::uint::UInt<typenum::uint::UTerm, typenum::bit::B1>>, typenum::int::PInt<typenum::uint::UInt<typenum::uint::UTerm, typenum::bit::B1>>>, RatioZero, RatioT<typenum::int::PInt<typenum::uint::UInt<typenum::uint::UTerm, typenum::bit::B1>>, typenum::int::PInt<typenum::uint::UInt<typenum::uint::UTerm, typenum::bit::B1>>>>, SIExponentsT<typenum::int::PInt<typenum::uint::UInt<typenum::uint::UTerm, typenum::bit::B1>>, typenum::int::Z0, typenum::int::NInt<typenum::uint::UInt<typenum::uint::UTerm, typenum::bit::B1>>>>>`
[INFO] [stderr]    |
[INFO] [stderr]    = help: items from traits can only be used if the trait is in scope
[INFO] [stderr] help: the following trait is implemented but not in scope; perhaps add a `use` for it:
[INFO] [stderr]    |
[INFO] [stderr] 1  | use fts_units::quantity::ConvertUnits;
[INFO] [stderr]    |
[INFO] [stderr] 
[INFO] [stderr] error[E0599]: no function or associated item named `convert_from` found for struct `QuantityT` in the current scope
[INFO] [stderr]   --> $DIR/si_system.rs:58:28
[INFO] [stderr]    |
[INFO] [stderr] 58 |     let _ = Meters::<f64>::convert_from(Meters::<f32>::new(77.7));
[INFO] [stderr]    |                            ^^^^^^^^^^^^ function or associated item not found in `QuantityT<f64, SIUnitsT<SIRatiosT<RatioT<typenum::int::PInt<typenum::uint::UInt<typenum::uint::UTerm, typenum::bit::B1>>, typenum::int::PInt<typenum::uint::UInt<typenum::uint::UTerm, typenum::bit::B1>>>, RatioZero, RatioZero>, SIExponentsT<typenum::int::PInt<typenum::uint::UInt<typenum::uint::UTerm, typenum::bit::B1>>, typenum::int::Z0, typenum::int::Z0>>>`
[INFO] [stderr]    |
[INFO] [stderr]    = help: items from traits can only be used if the trait is in scope
[INFO] [stderr] help: the following trait is implemented but not in scope; perhaps add a `use` for it:
[INFO] [stderr]    |
[INFO] [stderr] 1  | use fts_units::quantity::ConvertUnits;
[INFO] [stderr]    |
[INFO] [stderr] ┈┈┈┈┈┈┈┈┈┈┈┈┈┈┈┈┈┈┈┈┈┈┈┈┈┈┈┈┈┈┈┈┈┈┈┈┈┈┈┈┈┈┈┈┈┈┈┈┈┈┈┈┈┈┈┈┈┈┈┈
[INFO] [stderr] note: If the actual output is the correct output you can bless it by rerunning
[INFO] [stderr]       your test with the environment variable TRYBUILD=overwrite
[INFO] [stderr] 
[INFO] [stderr] 
[INFO] [stderr] 
[INFO] [stdout] test tests::try_build ... FAILED
[INFO] [stdout] 
[INFO] [stdout] failures:
[INFO] [stdout] 
[INFO] [stdout] ---- tests::try_build stdout ----
[INFO] [stdout] thread 'tests::try_build' panicked at '1 of 1 tests failed', /opt/rustwide/cargo-home/registry/src/github.com-1ecc6299db9ec823/trybuild-1.0.43/src/run.rs:73:13
[INFO] [stdout] stack backtrace:
[INFO] [stdout]    0:     0x5612bf3aa6e0 - std::backtrace_rs::backtrace::libunwind::trace::h34055254b57d8e79
[INFO] [stdout]                                at /rustc/a178d0322ce20e33eac124758e837cbd80a6f633/library/std/src/../../backtrace/src/backtrace/libunwind.rs:90:5
[INFO] [stdout]    1:     0x5612bf3aa6e0 - std::backtrace_rs::backtrace::trace_unsynchronized::h8f1e3fbd9afff6ec
[INFO] [stdout]                                at /rustc/a178d0322ce20e33eac124758e837cbd80a6f633/library/std/src/../../backtrace/src/backtrace/mod.rs:66:5
[INFO] [stdout]    2:     0x5612bf3aa6e0 - std::sys_common::backtrace::_print_fmt::h3a99a796b770c360
[INFO] [stdout]                                at /rustc/a178d0322ce20e33eac124758e837cbd80a6f633/library/std/src/sys_common/backtrace.rs:67:5
[INFO] [stdout]    3:     0x5612bf3aa6e0 - <std::sys_common::backtrace::_print::DisplayBacktrace as core::fmt::Display>::fmt::h32d1f94a80615d18
[INFO] [stdout]                                at /rustc/a178d0322ce20e33eac124758e837cbd80a6f633/library/std/src/sys_common/backtrace.rs:46:22
[INFO] [stdout]    4:     0x5612bf3d0a3c - core::fmt::write::h306731c068f7162c
[INFO] [stdout]                                at /rustc/a178d0322ce20e33eac124758e837cbd80a6f633/library/core/src/fmt/mod.rs:1110:17
[INFO] [stdout]    5:     0x5612bf3a6b05 - std::io::Write::write_fmt::h87f19b0a2cd190bc
[INFO] [stdout]                                at /rustc/a178d0322ce20e33eac124758e837cbd80a6f633/library/std/src/io/mod.rs:1588:15
[INFO] [stdout]    6:     0x5612bf3ac9fb - std::sys_common::backtrace::_print::h5abaa2601a852287
[INFO] [stdout]                                at /rustc/a178d0322ce20e33eac124758e837cbd80a6f633/library/std/src/sys_common/backtrace.rs:49:5
[INFO] [stdout]    7:     0x5612bf3ac9fb - std::sys_common::backtrace::print::h8d81445442bb638f
[INFO] [stdout]                                at /rustc/a178d0322ce20e33eac124758e837cbd80a6f633/library/std/src/sys_common/backtrace.rs:36:9
[INFO] [stdout]    8:     0x5612bf3ac9fb - std::panicking::default_hook::{{closure}}::hcfe804496a9fa747
[INFO] [stdout]                                at /rustc/a178d0322ce20e33eac124758e837cbd80a6f633/library/std/src/panicking.rs:208:50
[INFO] [stdout]    9:     0x5612bf3ac50c - std::panicking::default_hook::hbea8e3ccf2ba8901
[INFO] [stdout]                                at /rustc/a178d0322ce20e33eac124758e837cbd80a6f633/library/std/src/panicking.rs:222:9
[INFO] [stdout]   10:     0x5612bf3ad0c4 - std::panicking::rust_panic_with_hook::h7ee9e1a2d0f8975a
[INFO] [stdout]                                at /rustc/a178d0322ce20e33eac124758e837cbd80a6f633/library/std/src/panicking.rs:622:17
[INFO] [stdout]   11:     0x5612bf3acba7 - std::panicking::begin_panic_handler::{{closure}}::h8ab3b4491718b2c7
[INFO] [stdout]                                at /rustc/a178d0322ce20e33eac124758e837cbd80a6f633/library/std/src/panicking.rs:519:13
[INFO] [stderr] error: test failed, to rerun pass '--test si_system'
[INFO] [stdout]   12:     0x5612bf3aabdc - std::sys_common::backtrace::__rust_end_short_backtrace::hd489062ffa586a9f
[INFO] [stdout]                                at /rustc/a178d0322ce20e33eac124758e837cbd80a6f633/library/std/src/sys_common/backtrace.rs:141:18
[INFO] [stdout]   13:     0x5612bf3acb09 - rust_begin_unwind
[INFO] [stdout]                                at /rustc/a178d0322ce20e33eac124758e837cbd80a6f633/library/std/src/panicking.rs:515:5
[INFO] [stdout]   14:     0x5612bf142f9b - std::panicking::begin_panic_fmt::h5479575e112541f8
[INFO] [stdout]                                at /rustc/a178d0322ce20e33eac124758e837cbd80a6f633/library/std/src/panicking.rs:457:5
[INFO] [stdout]   15:     0x5612bf183a72 - trybuild::run::<impl trybuild::Runner>::run::h6e72c1030dbd49d5
[INFO] [stdout]                                at /opt/rustwide/cargo-home/registry/src/github.com-1ecc6299db9ec823/trybuild-1.0.43/src/run.rs:73:13
[INFO] [stdout]   16:     0x5612bf1886e2 - <trybuild::TestCases as core::ops::drop::Drop>::drop::h6bbf84492cb52f3f
[INFO] [stdout]                                at /opt/rustwide/cargo-home/registry/src/github.com-1ecc6299db9ec823/trybuild-1.0.43/src/lib.rs:306:13
[INFO] [stdout]   17:     0x5612bf14c0a7 - core::ptr::drop_in_place<trybuild::TestCases>::h8d9e20ca31b10505
[INFO] [stdout]                                at /rustc/a178d0322ce20e33eac124758e837cbd80a6f633/library/core/src/ptr/mod.rs:192:1
[INFO] [stdout]   18:     0x5612bf14aea1 - si_system::tests::try_build::hf38ffcade1bd4188
[INFO] [stdout]                                at /opt/rustwide/workdir/tests/si_system.rs:245:5
[INFO] [stdout]   19:     0x5612bf14ae5a - si_system::tests::try_build::{{closure}}::hf8ae8dfe541e2d8b
[INFO] [stdout]                                at /opt/rustwide/workdir/tests/si_system.rs:242:5
[INFO] [stdout]   20:     0x5612bf14bbee - core::ops::function::FnOnce::call_once::h50d163d2db5d58ff
[INFO] [stdout]                                at /rustc/a178d0322ce20e33eac124758e837cbd80a6f633/library/core/src/ops/function.rs:227:5
[INFO] [stdout]   21:     0x5612bf37ec23 - core::ops::function::FnOnce::call_once::h152e7e439ff59e19
[INFO] [stdout]                                at /rustc/a178d0322ce20e33eac124758e837cbd80a6f633/library/core/src/ops/function.rs:227:5
[INFO] [stdout]   22:     0x5612bf37ec23 - test::__rust_begin_short_backtrace::h0908f3b1fdbb72ab
[INFO] [stdout]                                at /rustc/a178d0322ce20e33eac124758e837cbd80a6f633/library/test/src/lib.rs:577:5
[INFO] [stdout]   23:     0x5612bf37d6e0 - <alloc::boxed::Box<F,A> as core::ops::function::FnOnce<Args>>::call_once::hf6d2a51e5587546c
[INFO] [stdout]                                at /rustc/a178d0322ce20e33eac124758e837cbd80a6f633/library/alloc/src/boxed.rs:1575:9
[INFO] [stdout]   24:     0x5612bf37d6e0 - <std::panic::AssertUnwindSafe<F> as core::ops::function::FnOnce<()>>::call_once::h8af660f3a89ef593
[INFO] [stdout]                                at /rustc/a178d0322ce20e33eac124758e837cbd80a6f633/library/std/src/panic.rs:347:9
[INFO] [stdout]   25:     0x5612bf37d6e0 - std::panicking::try::do_call::hd36aef60f84b6d36
[INFO] [stdout]                                at /rustc/a178d0322ce20e33eac124758e837cbd80a6f633/library/std/src/panicking.rs:401:40
[INFO] [stdout]   26:     0x5612bf37d6e0 - std::panicking::try::h9932b4480e69817c
[INFO] [stdout]                                at /rustc/a178d0322ce20e33eac124758e837cbd80a6f633/library/std/src/panicking.rs:365:19
[INFO] [stdout]   27:     0x5612bf37d6e0 - std::panic::catch_unwind::h6aa177099cfff5f8
[INFO] [stdout]                                at /rustc/a178d0322ce20e33eac124758e837cbd80a6f633/library/std/src/panic.rs:434:14
[INFO] [stdout]   28:     0x5612bf37d6e0 - test::run_test_in_process::h5884d6f2d99e20c3
[INFO] [stdout]                                at /rustc/a178d0322ce20e33eac124758e837cbd80a6f633/library/test/src/lib.rs:600:18
[INFO] [stdout]   29:     0x5612bf37d6e0 - test::run_test::run_test_inner::{{closure}}::h6fdc58c6d5f5b6e3
[INFO] [stdout]                                at /rustc/a178d0322ce20e33eac124758e837cbd80a6f633/library/test/src/lib.rs:492:39
[INFO] [stdout]   30:     0x5612bf356d92 - test::run_test::run_test_inner::{{closure}}::h408365d67a78ade8
[INFO] [stdout]                                at /rustc/a178d0322ce20e33eac124758e837cbd80a6f633/library/test/src/lib.rs:519:37
[INFO] [stdout]   31:     0x5612bf356d92 - std::sys_common::backtrace::__rust_begin_short_backtrace::hb560b77c4f701523
[INFO] [stdout]                                at /rustc/a178d0322ce20e33eac124758e837cbd80a6f633/library/std/src/sys_common/backtrace.rs:125:18
[INFO] [stdout]   32:     0x5612bf35a948 - std::thread::Builder::spawn_unchecked::{{closure}}::{{closure}}::hf2e7831dad93c597
[INFO] [stdout]                                at /rustc/a178d0322ce20e33eac124758e837cbd80a6f633/library/std/src/thread/mod.rs:481:17
[INFO] [stdout]   33:     0x5612bf35a948 - <std::panic::AssertUnwindSafe<F> as core::ops::function::FnOnce<()>>::call_once::hd2e08783d8be4d02
[INFO] [stdout]                                at /rustc/a178d0322ce20e33eac124758e837cbd80a6f633/library/std/src/panic.rs:347:9
[INFO] [stdout]   34:     0x5612bf35a948 - std::panicking::try::do_call::h062597b7acfd6b82
[INFO] [stdout]                                at /rustc/a178d0322ce20e33eac124758e837cbd80a6f633/library/std/src/panicking.rs:401:40
[INFO] [stdout]   35:     0x5612bf35a948 - std::panicking::try::h0d7b79db04c14552
[INFO] [stdout]                                at /rustc/a178d0322ce20e33eac124758e837cbd80a6f633/library/std/src/panicking.rs:365:19
[INFO] [stdout]   36:     0x5612bf35a948 - std::panic::catch_unwind::hb01a0b5e7c8cd43b
[INFO] [stdout]                                at /rustc/a178d0322ce20e33eac124758e837cbd80a6f633/library/std/src/panic.rs:434:14
[INFO] [stdout]   37:     0x5612bf35a948 - std::thread::Builder::spawn_unchecked::{{closure}}::h5bde48cc887e0d1e
[INFO] [stdout]                                at /rustc/a178d0322ce20e33eac124758e837cbd80a6f633/library/std/src/thread/mod.rs:480:30
[INFO] [stdout]   38:     0x5612bf35a948 - core::ops::function::FnOnce::call_once{{vtable.shim}}::h745ea30807a29e55
[INFO] [stdout]                                at /rustc/a178d0322ce20e33eac124758e837cbd80a6f633/library/core/src/ops/function.rs:227:5
[INFO] [stdout]   39:     0x5612bf3b3087 - <alloc::boxed::Box<F,A> as core::ops::function::FnOnce<Args>>::call_once::h7ece6cfefaff1005
[INFO] [stdout]                                at /rustc/a178d0322ce20e33eac124758e837cbd80a6f633/library/alloc/src/boxed.rs:1575:9
[INFO] [stdout]   40:     0x5612bf3b3087 - <alloc::boxed::Box<F,A> as core::ops::function::FnOnce<Args>>::call_once::hb8b48e55c21f193e
[INFO] [stdout]                                at /rustc/a178d0322ce20e33eac124758e837cbd80a6f633/library/alloc/src/boxed.rs:1575:9
[INFO] [stdout]   41:     0x5612bf3b3087 - std::sys::unix::thread::Thread::new::thread_start::h8c7c4450dba62914
[INFO] [stdout]                                at /rustc/a178d0322ce20e33eac124758e837cbd80a6f633/library/std/src/sys/unix/thread.rs:71:17
[INFO] [stdout]   42:     0x7f2d49d4c609 - start_thread
[INFO] [stdout]   43:     0x7f2d49b1e293 - clone
[INFO] [stdout]   44:                0x0 - <unknown>
[INFO] [stdout] 
[INFO] [stdout] 
[INFO] [stdout] failures:
[INFO] [stdout]     tests::try_build
[INFO] [stdout] 
[INFO] [stdout] test result: FAILED. 20 passed; 1 failed; 0 ignored; 0 measured; 0 filtered out; finished in 11.44s
[INFO] [stdout] 
[INFO] running `Command { std: "docker" "inspect" "06a0c5a22363225f39c416af22cfccfb66d80accc6f5439633efa78f0dcdb9ee", kill_on_drop: false }`
[INFO] running `Command { std: "docker" "rm" "-f" "06a0c5a22363225f39c416af22cfccfb66d80accc6f5439633efa78f0dcdb9ee", kill_on_drop: false }`
[INFO] [stdout] 06a0c5a22363225f39c416af22cfccfb66d80accc6f5439633efa78f0dcdb9ee
