[INFO] fetching crate frunk_laws 0.4.0...
[INFO] testing frunk_laws-0.4.0 against 1.54.0 for beta-1.55-1
[INFO] extracting crate frunk_laws 0.4.0 into /workspace/builds/worker-3/source
[INFO] validating manifest of crates.io crate frunk_laws 0.4.0 on toolchain 1.54.0
[INFO] running `Command { std: "/workspace/cargo-home/bin/cargo" "+1.54.0" "metadata" "--manifest-path" "Cargo.toml" "--no-deps", kill_on_drop: false }`
[INFO] started tweaking crates.io crate frunk_laws 0.4.0
[INFO] finished tweaking crates.io crate frunk_laws 0.4.0
[INFO] tweaked toml for crates.io crate frunk_laws 0.4.0 written to /workspace/builds/worker-3/source/Cargo.toml
[INFO] running `Command { std: "/workspace/cargo-home/bin/cargo" "+1.54.0" "generate-lockfile" "--manifest-path" "Cargo.toml" "-Zno-index-update", kill_on_drop: false }`
[INFO] running `Command { std: "/workspace/cargo-home/bin/cargo" "+1.54.0" "fetch" "--manifest-path" "Cargo.toml", kill_on_drop: false }`
[INFO] running `Command { std: "docker" "create" "-v" "/var/lib/crater-agent-workspace/builds/worker-3/target:/opt/rustwide/target:rw,Z" "-v" "/var/lib/crater-agent-workspace/builds/worker-3/source:/opt/rustwide/workdir:ro,Z" "-v" "/var/lib/crater-agent-workspace/cargo-home:/opt/rustwide/cargo-home:ro,Z" "-v" "/var/lib/crater-agent-workspace/rustup-home:/opt/rustwide/rustup-home:ro,Z" "-e" "SOURCE_DIR=/opt/rustwide/workdir" "-e" "CARGO_TARGET_DIR=/opt/rustwide/target" "-e" "CARGO_HOME=/opt/rustwide/cargo-home" "-e" "RUSTUP_HOME=/opt/rustwide/rustup-home" "-w" "/opt/rustwide/workdir" "-m" "1610612736" "--user" "0:0" "--network" "none" "ghcr.io/rust-lang/crates-build-env/linux@sha256:34b6a614d2c27851fe6cbf88fbd1137609cefab8b10d0615aaeb6fd47975d74e" "/opt/rustwide/cargo-home/bin/cargo" "+1.54.0" "metadata" "--no-deps" "--format-version=1", kill_on_drop: false }`
[INFO] [stdout] f9f180bcb5b93421609f063f796b6107ff3bbe71386e405f0695078e9f899264
[INFO] [stderr] WARNING: Your kernel does not support swap limit capabilities or the cgroup is not mounted. Memory limited without swap.
[INFO] running `Command { std: "docker" "start" "-a" "f9f180bcb5b93421609f063f796b6107ff3bbe71386e405f0695078e9f899264", kill_on_drop: false }`
[INFO] running `Command { std: "docker" "inspect" "f9f180bcb5b93421609f063f796b6107ff3bbe71386e405f0695078e9f899264", kill_on_drop: false }`
[INFO] running `Command { std: "docker" "rm" "-f" "f9f180bcb5b93421609f063f796b6107ff3bbe71386e405f0695078e9f899264", kill_on_drop: false }`
[INFO] [stdout] f9f180bcb5b93421609f063f796b6107ff3bbe71386e405f0695078e9f899264
[INFO] running `Command { std: "docker" "create" "-v" "/var/lib/crater-agent-workspace/builds/worker-3/target:/opt/rustwide/target:rw,Z" "-v" "/var/lib/crater-agent-workspace/builds/worker-3/source:/opt/rustwide/workdir:ro,Z" "-v" "/var/lib/crater-agent-workspace/cargo-home:/opt/rustwide/cargo-home:ro,Z" "-v" "/var/lib/crater-agent-workspace/rustup-home:/opt/rustwide/rustup-home:ro,Z" "-e" "SOURCE_DIR=/opt/rustwide/workdir" "-e" "CARGO_TARGET_DIR=/opt/rustwide/target" "-e" "CARGO_INCREMENTAL=0" "-e" "RUST_BACKTRACE=full" "-e" "RUSTFLAGS=--cap-lints=warn" "-e" "CARGO_HOME=/opt/rustwide/cargo-home" "-e" "RUSTUP_HOME=/opt/rustwide/rustup-home" "-w" "/opt/rustwide/workdir" "-m" "1610612736" "--user" "0:0" "--network" "none" "ghcr.io/rust-lang/crates-build-env/linux@sha256:34b6a614d2c27851fe6cbf88fbd1137609cefab8b10d0615aaeb6fd47975d74e" "/opt/rustwide/cargo-home/bin/cargo" "+1.54.0" "build" "--frozen" "--message-format=json", kill_on_drop: false }`
[INFO] [stdout] 6fb9734e4f8df03ab7dfdf7a069ae86a8df73833897752a9683fd9bfb2016e79
[INFO] [stderr] WARNING: Your kernel does not support swap limit capabilities or the cgroup is not mounted. Memory limited without swap.
[INFO] running `Command { std: "docker" "start" "-a" "6fb9734e4f8df03ab7dfdf7a069ae86a8df73833897752a9683fd9bfb2016e79", kill_on_drop: false }`
[INFO] [stderr]    Compiling frunk_core v0.4.0
[INFO] [stderr]    Compiling env_logger v0.5.13
[INFO] [stderr]    Compiling quickcheck v0.6.2
[INFO] [stderr]    Compiling frunk_proc_macro_helpers v0.1.0
[INFO] [stderr]    Compiling frunk_derives v0.4.0
[INFO] [stderr]    Compiling frunk v0.4.0
[INFO] [stderr]    Compiling frunk_laws v0.4.0 (/opt/rustwide/workdir)
[INFO] [stderr]     Finished dev [unoptimized + debuginfo] target(s) in 8.14s
[INFO] running `Command { std: "docker" "inspect" "6fb9734e4f8df03ab7dfdf7a069ae86a8df73833897752a9683fd9bfb2016e79", kill_on_drop: false }`
[INFO] running `Command { std: "docker" "rm" "-f" "6fb9734e4f8df03ab7dfdf7a069ae86a8df73833897752a9683fd9bfb2016e79", kill_on_drop: false }`
[INFO] [stdout] 6fb9734e4f8df03ab7dfdf7a069ae86a8df73833897752a9683fd9bfb2016e79
[INFO] running `Command { std: "docker" "create" "-v" "/var/lib/crater-agent-workspace/builds/worker-3/target:/opt/rustwide/target:rw,Z" "-v" "/var/lib/crater-agent-workspace/builds/worker-3/source:/opt/rustwide/workdir:ro,Z" "-v" "/var/lib/crater-agent-workspace/cargo-home:/opt/rustwide/cargo-home:ro,Z" "-v" "/var/lib/crater-agent-workspace/rustup-home:/opt/rustwide/rustup-home:ro,Z" "-e" "SOURCE_DIR=/opt/rustwide/workdir" "-e" "CARGO_TARGET_DIR=/opt/rustwide/target" "-e" "CARGO_INCREMENTAL=0" "-e" "RUST_BACKTRACE=full" "-e" "RUSTFLAGS=--cap-lints=warn" "-e" "CARGO_HOME=/opt/rustwide/cargo-home" "-e" "RUSTUP_HOME=/opt/rustwide/rustup-home" "-w" "/opt/rustwide/workdir" "-m" "1610612736" "--user" "0:0" "--network" "none" "ghcr.io/rust-lang/crates-build-env/linux@sha256:34b6a614d2c27851fe6cbf88fbd1137609cefab8b10d0615aaeb6fd47975d74e" "/opt/rustwide/cargo-home/bin/cargo" "+1.54.0" "test" "--frozen" "--no-run" "--message-format=json", kill_on_drop: false }`
[INFO] [stdout] 70c4f8acc01f9104408a40f2f7d1800887e925b7ca61593b0506b557887ce6c1
[INFO] [stderr] WARNING: Your kernel does not support swap limit capabilities or the cgroup is not mounted. Memory limited without swap.
[INFO] running `Command { std: "docker" "start" "-a" "70c4f8acc01f9104408a40f2f7d1800887e925b7ca61593b0506b557887ce6c1", kill_on_drop: false }`
[INFO] [stderr]    Compiling frunk_laws v0.4.0 (/opt/rustwide/workdir)
[INFO] [stderr]     Finished test [unoptimized + debuginfo] target(s) in 3.98s
[INFO] running `Command { std: "docker" "inspect" "70c4f8acc01f9104408a40f2f7d1800887e925b7ca61593b0506b557887ce6c1", kill_on_drop: false }`
[INFO] running `Command { std: "docker" "rm" "-f" "70c4f8acc01f9104408a40f2f7d1800887e925b7ca61593b0506b557887ce6c1", kill_on_drop: false }`
[INFO] [stdout] 70c4f8acc01f9104408a40f2f7d1800887e925b7ca61593b0506b557887ce6c1
[INFO] running `Command { std: "docker" "create" "-v" "/var/lib/crater-agent-workspace/builds/worker-3/target:/opt/rustwide/target:rw,Z" "-v" "/var/lib/crater-agent-workspace/builds/worker-3/source:/opt/rustwide/workdir:ro,Z" "-v" "/var/lib/crater-agent-workspace/cargo-home:/opt/rustwide/cargo-home:ro,Z" "-v" "/var/lib/crater-agent-workspace/rustup-home:/opt/rustwide/rustup-home:ro,Z" "-e" "SOURCE_DIR=/opt/rustwide/workdir" "-e" "CARGO_TARGET_DIR=/opt/rustwide/target" "-e" "CARGO_INCREMENTAL=0" "-e" "RUST_BACKTRACE=full" "-e" "RUSTFLAGS=--cap-lints=warn" "-e" "CARGO_HOME=/opt/rustwide/cargo-home" "-e" "RUSTUP_HOME=/opt/rustwide/rustup-home" "-w" "/opt/rustwide/workdir" "-m" "1610612736" "--user" "0:0" "--network" "none" "ghcr.io/rust-lang/crates-build-env/linux@sha256:34b6a614d2c27851fe6cbf88fbd1137609cefab8b10d0615aaeb6fd47975d74e" "/opt/rustwide/cargo-home/bin/cargo" "+1.54.0" "test" "--frozen", kill_on_drop: false }`
[INFO] [stdout] 6d303bf23b55be97ba1566b7043f83b18e75c88fc9babe807aee865fcb6aecae
[INFO] [stderr] WARNING: Your kernel does not support swap limit capabilities or the cgroup is not mounted. Memory limited without swap.
[INFO] running `Command { std: "docker" "start" "-a" "6d303bf23b55be97ba1566b7043f83b18e75c88fc9babe807aee865fcb6aecae", kill_on_drop: false }`
[INFO] [stderr]     Blocking waiting for file lock on package cache
[INFO] [stdout] 
[INFO] [stderr]     Finished test [unoptimized + debuginfo] target(s) in 0.04s
[INFO] [stdout] running 26 tests
[INFO] [stderr]      Running unittests (/opt/rustwide/target/debug/deps/frunk_laws-84063045f93e6272)
[INFO] [stdout] test monoid_laws::tests::any_id_prop ... ok
[INFO] [stdout] test monoid_laws::tests::i64_id_prop ... ok
[INFO] [stderr]    Doc-tests frunk_laws
[INFO] [stdout] test monoid_laws::tests::isize_id_prop ... ok
[INFO] [stdout] test monoid_laws::tests::i8_id_prop ... ok
[INFO] [stdout] test monoid_laws::tests::i32_id_prop ... ok
[INFO] [stdout] test monoid_laws::tests::product_usize_id_prop ... ok
[INFO] [stdout] test monoid_laws::tests::product_i64_id_prop ... ok
[INFO] [stdout] test monoid_laws::tests::all_id_prop ... ok
[INFO] [stdout] test monoid_laws::tests::product_i8_id_prop ... ok
[INFO] [stdout] test monoid_laws::tests::product_isize_id_prop ... ok
[INFO] [stdout] test monoid_laws::tests::product_u16_id_prop ... ok
[INFO] [stdout] test monoid_laws::tests::product_i32_id_prop ... ok
[INFO] [stdout] test monoid_laws::tests::product_u32_id_prop ... ok
[INFO] [stdout] test monoid_laws::tests::product_u64_id_prop ... ok
[INFO] [stdout] test monoid_laws::tests::product_u8_id_prop ... ok
[INFO] [stdout] test monoid_laws::tests::u16_id_prop ... ok
[INFO] [stdout] test monoid_laws::tests::i16_id_prop ... ok
[INFO] [stdout] test monoid_laws::tests::u32_id_prop ... ok
[INFO] [stdout] test semigroup_laws::tests::all_prop ... ok
[INFO] [stdout] test monoid_laws::tests::usize_id_prop ... ok
[INFO] [stdout] test semigroup_laws::tests::max_prop ... ok
[INFO] [stdout] test monoid_laws::tests::product_i16_id_prop ... ok
[INFO] [stdout] test semigroup_laws::tests::any_prop ... ok
[INFO] [stdout] test monoid_laws::tests::u8_id_prop ... ok
[INFO] [stdout] test monoid_laws::tests::u64_id_prop ... ok
[INFO] [stdout] test semigroup_laws::tests::min_prop ... ok
[INFO] [stdout] 
[INFO] [stdout] test result: ok. 26 passed; 0 failed; 0 ignored; 0 measured; 0 filtered out; finished in 0.02s
[INFO] [stdout] 
[INFO] [stdout] 
[INFO] [stdout] running 5 tests
[INFO] [stdout] test src/semigroup_laws.rs - semigroup_laws (line 5) ... FAILED
[INFO] [stdout] test src/monoid_laws.rs - monoid_laws::left_identity (line 28) ... FAILED
[INFO] [stdout] test src/semigroup_laws.rs - semigroup_laws::associativity (line 25) ... FAILED
[INFO] [stdout] test src/monoid_laws.rs - monoid_laws (line 8) ... FAILED
[INFO] [stdout] test src/monoid_laws.rs - monoid_laws::right_identity (line 48) ... FAILED
[INFO] [stdout] 
[INFO] [stdout] failures:
[INFO] [stdout] 
[INFO] [stdout] ---- src/semigroup_laws.rs - semigroup_laws (line 5) stdout ----
[INFO] [stdout] error[E0277]: the trait bound `Vec<i8>: Semigroup` is not satisfied
[INFO] [stdout]   --> src/semigroup_laws.rs:13:12
[INFO] [stdout]    |
[INFO] [stdout] 9  | quickcheck(associativity as fn(Vec<i8>, Vec<i8>, Vec<i8>) -> bool)
[INFO] [stdout]    |            ^^^^^^^^^^^^^ the trait `Semigroup` is not implemented for `Vec<i8>`
[INFO] [stdout]    | 
[INFO] [stdout]   ::: /opt/rustwide/workdir/src/semigroup_laws.rs:36:25
[INFO] [stdout]    |
[INFO] [stdout] 36 | pub fn associativity<A: Semigroup + Eq>(a: A, b: A, c: A) -> bool {
[INFO] [stdout]    |                         --------- required by this bound in `frunk_laws::semigroup_laws::associativity`
[INFO] [stdout] 
[INFO] [stdout] error: aborting due to previous error
[INFO] [stdout] 
[INFO] [stdout] For more information about this error, try `rustc --explain E0277`.
[INFO] [stdout] Couldn't compile the test.
[INFO] [stdout] ---- src/monoid_laws.rs - monoid_laws::left_identity (line 28) stdout ----
[INFO] [stdout] error[E0277]: the trait bound `String: Monoid` is not satisfied
[INFO] [stdout]   --> src/monoid_laws.rs:36:12
[INFO] [stdout]    |
[INFO] [stdout] 9  | quickcheck(left_identity as fn(String) -> bool);
[INFO] [stdout]    |            ^^^^^^^^^^^^^ the trait `Monoid` is not implemented for `String`
[INFO] [stdout]    | 
[INFO] [stdout]   ::: /opt/rustwide/workdir/src/monoid_laws.rs:39:25
[INFO] [stdout]    |
[INFO] [stdout] 39 | pub fn left_identity<A: Monoid + Eq>(a: A) -> bool {
[INFO] [stdout]    |                         ------ required by this bound in `frunk_laws::monoid_laws::left_identity`
[INFO] [stdout] 
[INFO] [stdout] error: aborting due to previous error
[INFO] [stdout] 
[INFO] [stdout] For more information about this error, try `rustc --explain E0277`.
[INFO] [stdout] Couldn't compile the test.
[INFO] [stdout] ---- src/semigroup_laws.rs - semigroup_laws::associativity (line 25) stdout ----
[INFO] [stdout] error[E0277]: the trait bound `Vec<i8>: Semigroup` is not satisfied
[INFO] [stdout]   --> src/semigroup_laws.rs:33:12
[INFO] [stdout]    |
[INFO] [stdout] 9  | quickcheck(associativity as fn(Vec<i8>, Vec<i8>, Vec<i8>) -> bool)
[INFO] [stdout]    |            ^^^^^^^^^^^^^ the trait `Semigroup` is not implemented for `Vec<i8>`
[INFO] [stdout]    | 
[INFO] [stdout]   ::: /opt/rustwide/workdir/src/semigroup_laws.rs:36:25
[INFO] [stdout]    |
[INFO] [stdout] 36 | pub fn associativity<A: Semigroup + Eq>(a: A, b: A, c: A) -> bool {
[INFO] [stdout]    |                         --------- required by this bound in `frunk_laws::semigroup_laws::associativity`
[INFO] [stdout] 
[INFO] [stdout] error: aborting due to previous error
[INFO] [stdout] 
[INFO] [stdout] For more information about this error, try `rustc --explain E0277`.
[INFO] [stdout] Couldn't compile the test.
[INFO] [stdout] ---- src/monoid_laws.rs - monoid_laws (line 8) stdout ----
[INFO] [stdout] error[E0277]: the trait bound `String: Monoid` is not satisfied
[INFO] [stdout]   --> src/monoid_laws.rs:16:12
[INFO] [stdout]    |
[INFO] [stdout] 9  | quickcheck(left_identity as fn(String) -> bool);
[INFO] [stdout]    |            ^^^^^^^^^^^^^ the trait `Monoid` is not implemented for `String`
[INFO] [stdout]    | 
[INFO] [stdout]   ::: /opt/rustwide/workdir/src/monoid_laws.rs:39:25
[INFO] [stdout]    |
[INFO] [stdout] 39 | pub fn left_identity<A: Monoid + Eq>(a: A) -> bool {
[INFO] [stdout]    |                         ------ required by this bound in `frunk_laws::monoid_laws::left_identity`
[INFO] [stdout] 
[INFO] [stdout] error[E0277]: the trait bound `String: Monoid` is not satisfied
[INFO] [stdout]   --> src/monoid_laws.rs:17:12
[INFO] [stdout]    |
[INFO] [stdout] 10 | quickcheck(right_identity as fn(String) -> bool);
[INFO] [stdout]    |            ^^^^^^^^^^^^^^ the trait `Monoid` is not implemented for `String`
[INFO] [stdout]    | 
[INFO] [stdout]   ::: /opt/rustwide/workdir/src/monoid_laws.rs:59:26
[INFO] [stdout]    |
[INFO] [stdout] 59 | pub fn right_identity<A: Monoid + Eq>(a: A) -> bool {
[INFO] [stdout]    |                          ------ required by this bound in `frunk_laws::monoid_laws::right_identity`
[INFO] [stdout] 
[INFO] [stdout] error: aborting due to 2 previous errors
[INFO] [stdout] 
[INFO] [stdout] For more information about this error, try `rustc --explain E0277`.
[INFO] [stdout] Couldn't compile the test.
[INFO] [stdout] ---- src/monoid_laws.rs - monoid_laws::right_identity (line 48) stdout ----
[INFO] [stdout] error[E0277]: the trait bound `String: Monoid` is not satisfied
[INFO] [stdout]   --> src/monoid_laws.rs:56:12
[INFO] [stdout]    |
[INFO] [stdout] 9  | quickcheck(right_identity as fn(String) -> bool);
[INFO] [stdout]    |            ^^^^^^^^^^^^^^ the trait `Monoid` is not implemented for `String`
[INFO] [stdout]    | 
[INFO] [stdout]   ::: /opt/rustwide/workdir/src/monoid_laws.rs:59:26
[INFO] [stdout]    |
[INFO] [stdout] 59 | pub fn right_identity<A: Monoid + Eq>(a: A) -> bool {
[INFO] [stdout]    |                          ------ required by this bound in `frunk_laws::monoid_laws::right_identity`
[INFO] [stdout] 
[INFO] [stdout] error: aborting due to previous error
[INFO] [stdout] 
[INFO] [stdout] For more information about this error, try `rustc --explain E0277`.
[INFO] [stdout] Couldn't compile the test.
[INFO] [stdout] 
[INFO] [stdout] failures:
[INFO] [stdout]     src/monoid_laws.rs - monoid_laws (line 8)
[INFO] [stdout]     src/monoid_laws.rs - monoid_laws::left_identity (line 28)
[INFO] [stdout]     src/monoid_laws.rs - monoid_laws::right_identity (line 48)
[INFO] [stdout]     src/semigroup_laws.rs - semigroup_laws (line 5)
[INFO] [stdout]     src/semigroup_laws.rs - semigroup_laws::associativity (line 25)
[INFO] [stdout] 
[INFO] [stdout] test result: FAILED. 0 passed; 5 failed; 0 ignored; 0 measured; 0 filtered out; finished in 0.76s
[INFO] [stdout] 
[INFO] [stderr] error: test failed, to rerun pass '--doc'
[INFO] running `Command { std: "docker" "inspect" "6d303bf23b55be97ba1566b7043f83b18e75c88fc9babe807aee865fcb6aecae", kill_on_drop: false }`
[INFO] running `Command { std: "docker" "rm" "-f" "6d303bf23b55be97ba1566b7043f83b18e75c88fc9babe807aee865fcb6aecae", kill_on_drop: false }`
[INFO] [stdout] 6d303bf23b55be97ba1566b7043f83b18e75c88fc9babe807aee865fcb6aecae
