[INFO] fetching crate fruity__bbqsrc 0.2.0...
[INFO] testing fruity__bbqsrc-0.2.0 against beta-2021-08-01 for beta-1.55-1
[INFO] extracting crate fruity__bbqsrc 0.2.0 into /workspace/builds/worker-12/source
[INFO] validating manifest of crates.io crate fruity__bbqsrc 0.2.0 on toolchain beta-2021-08-01
[INFO] running `Command { std: "/workspace/cargo-home/bin/cargo" "+beta-2021-08-01" "metadata" "--manifest-path" "Cargo.toml" "--no-deps", kill_on_drop: false }`
[INFO] started tweaking crates.io crate fruity__bbqsrc 0.2.0
[INFO] finished tweaking crates.io crate fruity__bbqsrc 0.2.0
[INFO] tweaked toml for crates.io crate fruity__bbqsrc 0.2.0 written to /workspace/builds/worker-12/source/Cargo.toml
[INFO] running `Command { std: "/workspace/cargo-home/bin/cargo" "+beta-2021-08-01" "generate-lockfile" "--manifest-path" "Cargo.toml" "-Zno-index-update", kill_on_drop: false }`
[INFO] running `Command { std: "/workspace/cargo-home/bin/cargo" "+beta-2021-08-01" "fetch" "--manifest-path" "Cargo.toml", kill_on_drop: false }`
[INFO] [stderr]  Downloading crates ...
[INFO] [stderr]   Downloaded malloced v1.0.0
[INFO] running `Command { std: "docker" "create" "-v" "/var/lib/crater-agent-workspace/builds/worker-12/target:/opt/rustwide/target:rw,Z" "-v" "/var/lib/crater-agent-workspace/builds/worker-12/source:/opt/rustwide/workdir:ro,Z" "-v" "/var/lib/crater-agent-workspace/cargo-home:/opt/rustwide/cargo-home:ro,Z" "-v" "/var/lib/crater-agent-workspace/rustup-home:/opt/rustwide/rustup-home:ro,Z" "-e" "SOURCE_DIR=/opt/rustwide/workdir" "-e" "CARGO_TARGET_DIR=/opt/rustwide/target" "-e" "CARGO_HOME=/opt/rustwide/cargo-home" "-e" "RUSTUP_HOME=/opt/rustwide/rustup-home" "-w" "/opt/rustwide/workdir" "-m" "1610612736" "--user" "0:0" "--network" "none" "ghcr.io/rust-lang/crates-build-env/linux@sha256:34b6a614d2c27851fe6cbf88fbd1137609cefab8b10d0615aaeb6fd47975d74e" "/opt/rustwide/cargo-home/bin/cargo" "+beta-2021-08-01" "metadata" "--no-deps" "--format-version=1", kill_on_drop: false }`
[INFO] [stdout] 6a3abd74558d403138d03fe3e439cf567340dd907335b5a2264cbe1978334787
[INFO] [stderr] WARNING: Your kernel does not support swap limit capabilities or the cgroup is not mounted. Memory limited without swap.
[INFO] running `Command { std: "docker" "start" "-a" "6a3abd74558d403138d03fe3e439cf567340dd907335b5a2264cbe1978334787", kill_on_drop: false }`
[INFO] running `Command { std: "docker" "inspect" "6a3abd74558d403138d03fe3e439cf567340dd907335b5a2264cbe1978334787", kill_on_drop: false }`
[INFO] running `Command { std: "docker" "rm" "-f" "6a3abd74558d403138d03fe3e439cf567340dd907335b5a2264cbe1978334787", kill_on_drop: false }`
[INFO] [stdout] 6a3abd74558d403138d03fe3e439cf567340dd907335b5a2264cbe1978334787
[INFO] running `Command { std: "docker" "create" "-v" "/var/lib/crater-agent-workspace/builds/worker-12/target:/opt/rustwide/target:rw,Z" "-v" "/var/lib/crater-agent-workspace/builds/worker-12/source:/opt/rustwide/workdir:ro,Z" "-v" "/var/lib/crater-agent-workspace/cargo-home:/opt/rustwide/cargo-home:ro,Z" "-v" "/var/lib/crater-agent-workspace/rustup-home:/opt/rustwide/rustup-home:ro,Z" "-e" "SOURCE_DIR=/opt/rustwide/workdir" "-e" "CARGO_TARGET_DIR=/opt/rustwide/target" "-e" "CARGO_INCREMENTAL=0" "-e" "RUST_BACKTRACE=full" "-e" "RUSTFLAGS=--cap-lints=warn" "-e" "CARGO_HOME=/opt/rustwide/cargo-home" "-e" "RUSTUP_HOME=/opt/rustwide/rustup-home" "-w" "/opt/rustwide/workdir" "-m" "1610612736" "--user" "0:0" "--network" "none" "ghcr.io/rust-lang/crates-build-env/linux@sha256:34b6a614d2c27851fe6cbf88fbd1137609cefab8b10d0615aaeb6fd47975d74e" "/opt/rustwide/cargo-home/bin/cargo" "+beta-2021-08-01" "build" "--frozen" "--message-format=json", kill_on_drop: false }`
[INFO] [stderr] WARNING: Your kernel does not support swap limit capabilities or the cgroup is not mounted. Memory limited without swap.
[INFO] [stdout] 8395bc6784420c3eb5d03d1aff2323bcf8d5782e09bbc77c318d44c63cb30e98
[INFO] running `Command { std: "docker" "start" "-a" "8395bc6784420c3eb5d03d1aff2323bcf8d5782e09bbc77c318d44c63cb30e98", kill_on_drop: false }`
[INFO] [stderr]    Compiling malloced v1.0.0
[INFO] [stderr]    Compiling fruity__bbqsrc v0.2.0 (/opt/rustwide/workdir)
[INFO] [stdout] warning: crate `fruity__bbqsrc` should have a snake case name
[INFO] [stdout]   |
[INFO] [stdout]   = note: `#[warn(non_snake_case)]` on by default
[INFO] [stdout]   = help: convert the identifier to snake case: `fruity_bbqsrc`
[INFO] [stdout] 
[INFO] [stdout] 
[INFO] [stdout] warning: 1 warning emitted
[INFO] [stdout] 
[INFO] [stdout] 
[INFO] [stderr]     Finished dev [unoptimized + debuginfo] target(s) in 0.77s
[INFO] running `Command { std: "docker" "inspect" "8395bc6784420c3eb5d03d1aff2323bcf8d5782e09bbc77c318d44c63cb30e98", kill_on_drop: false }`
[INFO] running `Command { std: "docker" "rm" "-f" "8395bc6784420c3eb5d03d1aff2323bcf8d5782e09bbc77c318d44c63cb30e98", kill_on_drop: false }`
[INFO] [stdout] 8395bc6784420c3eb5d03d1aff2323bcf8d5782e09bbc77c318d44c63cb30e98
[INFO] running `Command { std: "docker" "create" "-v" "/var/lib/crater-agent-workspace/builds/worker-12/target:/opt/rustwide/target:rw,Z" "-v" "/var/lib/crater-agent-workspace/builds/worker-12/source:/opt/rustwide/workdir:ro,Z" "-v" "/var/lib/crater-agent-workspace/cargo-home:/opt/rustwide/cargo-home:ro,Z" "-v" "/var/lib/crater-agent-workspace/rustup-home:/opt/rustwide/rustup-home:ro,Z" "-e" "SOURCE_DIR=/opt/rustwide/workdir" "-e" "CARGO_TARGET_DIR=/opt/rustwide/target" "-e" "CARGO_INCREMENTAL=0" "-e" "RUST_BACKTRACE=full" "-e" "RUSTFLAGS=--cap-lints=warn" "-e" "CARGO_HOME=/opt/rustwide/cargo-home" "-e" "RUSTUP_HOME=/opt/rustwide/rustup-home" "-w" "/opt/rustwide/workdir" "-m" "1610612736" "--user" "0:0" "--network" "none" "ghcr.io/rust-lang/crates-build-env/linux@sha256:34b6a614d2c27851fe6cbf88fbd1137609cefab8b10d0615aaeb6fd47975d74e" "/opt/rustwide/cargo-home/bin/cargo" "+beta-2021-08-01" "test" "--frozen" "--no-run" "--message-format=json", kill_on_drop: false }`
[INFO] [stdout] b311d03dac51928ed21e2096b04e09ed4719d80a2f8effeb5fb22ba0c4d51c73
[INFO] [stderr] WARNING: Your kernel does not support swap limit capabilities or the cgroup is not mounted. Memory limited without swap.
[INFO] running `Command { std: "docker" "start" "-a" "b311d03dac51928ed21e2096b04e09ed4719d80a2f8effeb5fb22ba0c4d51c73", kill_on_drop: false }`
[INFO] [stdout] warning: crate `fruity__bbqsrc` should have a snake case name
[INFO] [stdout]   |
[INFO] [stdout]   = note: `#[warn(non_snake_case)]` on by default
[INFO] [stdout]   = help: convert the identifier to snake case: `fruity_bbqsrc`
[INFO] [stdout] 
[INFO] [stdout] 
[INFO] [stdout] warning: 1 warning emitted
[INFO] [stdout] 
[INFO] [stdout] 
[INFO] [stderr]    Compiling fruity__bbqsrc v0.2.0 (/opt/rustwide/workdir)
[INFO] [stdout] warning: crate `fruity__bbqsrc` should have a snake case name
[INFO] [stdout]   |
[INFO] [stdout]   = note: `#[warn(non_snake_case)]` on by default
[INFO] [stdout]   = help: convert the identifier to snake case: `fruity_bbqsrc`
[INFO] [stdout] 
[INFO] [stdout] 
[INFO] [stdout] warning: 1 warning emitted
[INFO] [stdout] 
[INFO] [stdout] 
[INFO] [stderr]     Finished test [unoptimized + debuginfo] target(s) in 0.86s
[INFO] running `Command { std: "docker" "inspect" "b311d03dac51928ed21e2096b04e09ed4719d80a2f8effeb5fb22ba0c4d51c73", kill_on_drop: false }`
[INFO] running `Command { std: "docker" "rm" "-f" "b311d03dac51928ed21e2096b04e09ed4719d80a2f8effeb5fb22ba0c4d51c73", kill_on_drop: false }`
[INFO] [stdout] b311d03dac51928ed21e2096b04e09ed4719d80a2f8effeb5fb22ba0c4d51c73
[INFO] running `Command { std: "docker" "create" "-v" "/var/lib/crater-agent-workspace/builds/worker-12/target:/opt/rustwide/target:rw,Z" "-v" "/var/lib/crater-agent-workspace/builds/worker-12/source:/opt/rustwide/workdir:ro,Z" "-v" "/var/lib/crater-agent-workspace/cargo-home:/opt/rustwide/cargo-home:ro,Z" "-v" "/var/lib/crater-agent-workspace/rustup-home:/opt/rustwide/rustup-home:ro,Z" "-e" "SOURCE_DIR=/opt/rustwide/workdir" "-e" "CARGO_TARGET_DIR=/opt/rustwide/target" "-e" "CARGO_INCREMENTAL=0" "-e" "RUST_BACKTRACE=full" "-e" "RUSTFLAGS=--cap-lints=warn" "-e" "CARGO_HOME=/opt/rustwide/cargo-home" "-e" "RUSTUP_HOME=/opt/rustwide/rustup-home" "-w" "/opt/rustwide/workdir" "-m" "1610612736" "--user" "0:0" "--network" "none" "ghcr.io/rust-lang/crates-build-env/linux@sha256:34b6a614d2c27851fe6cbf88fbd1137609cefab8b10d0615aaeb6fd47975d74e" "/opt/rustwide/cargo-home/bin/cargo" "+beta-2021-08-01" "test" "--frozen", kill_on_drop: false }`
[INFO] [stdout] 79e66acbc618832daa5d3e90afec1508fc1c3d512064037c6e359b8c7825fd7e
[INFO] [stderr] WARNING: Your kernel does not support swap limit capabilities or the cgroup is not mounted. Memory limited without swap.
[INFO] running `Command { std: "docker" "start" "-a" "79e66acbc618832daa5d3e90afec1508fc1c3d512064037c6e359b8c7825fd7e", kill_on_drop: false }`
[INFO] [stderr] warning: crate `fruity__bbqsrc` should have a snake case name
[INFO] [stderr]   |
[INFO] [stderr]   = note: `#[warn(non_snake_case)]` on by default
[INFO] [stderr]   = help: convert the identifier to snake case: `fruity_bbqsrc`
[INFO] [stderr] 
[INFO] [stderr] warning: `fruity__bbqsrc` (lib) generated 1 warning
[INFO] [stderr] warning: `fruity__bbqsrc` (lib test) generated 1 warning (1 duplicate)
[INFO] [stderr]     Finished test [unoptimized + debuginfo] target(s) in 0.03s
[INFO] [stdout] 
[INFO] [stderr]      Running unittests (/opt/rustwide/target/debug/deps/fruity__bbqsrc-fb5219aa8589b696)
[INFO] [stdout] running 0 tests
[INFO] [stderr]    Doc-tests fruity__bbqsrc
[INFO] [stdout] 
[INFO] [stdout] test result: ok. 0 passed; 0 failed; 0 ignored; 0 measured; 0 filtered out; finished in 0.00s
[INFO] [stdout] 
[INFO] [stdout] 
[INFO] [stdout] running 1 test
[INFO] [stderr] error: test failed, to rerun pass '--doc'
[INFO] [stdout] test src/core/four_char_code.rs - core::four_char_code::FourCharCode (line 17) ... FAILED
[INFO] [stdout] 
[INFO] [stdout] failures:
[INFO] [stdout] 
[INFO] [stdout] ---- src/core/four_char_code.rs - core::four_char_code::FourCharCode (line 17) stdout ----
[INFO] [stdout] error[E0433]: failed to resolve: use of undeclared crate or module `fruity`
[INFO] [stdout]  --> src/core/four_char_code.rs:18:5
[INFO] [stdout]   |
[INFO] [stdout] 3 | use fruity::core::FourCharCode;
[INFO] [stdout]   |     ^^^^^^ use of undeclared crate or module `fruity`
[INFO] [stdout] 
[INFO] [stdout] error[E0412]: cannot find type `FourCharCode` in this scope
[INFO] [stdout]  --> src/core/four_char_code.rs:20:13
[INFO] [stdout]   |
[INFO] [stdout] 5 | const APPL: FourCharCode = FourCharCode::from_chars(*b"APPL");
[INFO] [stdout]   |             ^^^^^^^^^^^^ not found in this scope
[INFO] [stdout]   |
[INFO] [stdout] help: consider importing this struct
[INFO] [stdout]   |
[INFO] [stdout] 2 | use fruity__bbqsrc::core::FourCharCode;
[INFO] [stdout]   |
[INFO] [stdout] 
[INFO] [stdout] error[E0433]: failed to resolve: use of undeclared type `FourCharCode`
[INFO] [stdout]  --> src/core/four_char_code.rs:20:28
[INFO] [stdout]   |
[INFO] [stdout] 5 | const APPL: FourCharCode = FourCharCode::from_chars(*b"APPL");
[INFO] [stdout]   |                            ^^^^^^^^^^^^ not found in this scope
[INFO] [stdout]   |
[INFO] [stdout] help: consider importing this struct
[INFO] [stdout]   |
[INFO] [stdout] 2 | use fruity__bbqsrc::core::FourCharCode;
[INFO] [stdout]   |
[INFO] [stdout] 
[INFO] [stdout] error: aborting due to 3 previous errors
[INFO] [stdout] 
[INFO] [stdout] Some errors have detailed explanations: E0412, E0433.
[INFO] [stdout] For more information about an error, try `rustc --explain E0412`.
[INFO] [stdout] Couldn't compile the test.
[INFO] [stdout] 
[INFO] [stdout] failures:
[INFO] [stdout]     src/core/four_char_code.rs - core::four_char_code::FourCharCode (line 17)
[INFO] [stdout] 
[INFO] [stdout] test result: FAILED. 0 passed; 1 failed; 0 ignored; 0 measured; 0 filtered out; finished in 0.27s
[INFO] [stdout] 
[INFO] running `Command { std: "docker" "inspect" "79e66acbc618832daa5d3e90afec1508fc1c3d512064037c6e359b8c7825fd7e", kill_on_drop: false }`
[INFO] running `Command { std: "docker" "rm" "-f" "79e66acbc618832daa5d3e90afec1508fc1c3d512064037c6e359b8c7825fd7e", kill_on_drop: false }`
[INFO] [stdout] 79e66acbc618832daa5d3e90afec1508fc1c3d512064037c6e359b8c7825fd7e
