[INFO] fetching crate fpe-v04 0.4.0...
[INFO] testing fpe-v04-0.4.0 against 1.54.0 for beta-1.55-1
[INFO] extracting crate fpe-v04 0.4.0 into /workspace/builds/worker-2/source
[INFO] validating manifest of crates.io crate fpe-v04 0.4.0 on toolchain 1.54.0
[INFO] running `Command { std: "/workspace/cargo-home/bin/cargo" "+1.54.0" "metadata" "--manifest-path" "Cargo.toml" "--no-deps", kill_on_drop: false }`
[INFO] started tweaking crates.io crate fpe-v04 0.4.0
[INFO] finished tweaking crates.io crate fpe-v04 0.4.0
[INFO] tweaked toml for crates.io crate fpe-v04 0.4.0 written to /workspace/builds/worker-2/source/Cargo.toml
[INFO] running `Command { std: "/workspace/cargo-home/bin/cargo" "+1.54.0" "generate-lockfile" "--manifest-path" "Cargo.toml" "-Zno-index-update", kill_on_drop: false }`
[INFO] running `Command { std: "/workspace/cargo-home/bin/cargo" "+1.54.0" "fetch" "--manifest-path" "Cargo.toml", kill_on_drop: false }`
[INFO] running `Command { std: "docker" "create" "-v" "/var/lib/crater-agent-workspace/builds/worker-2/target:/opt/rustwide/target:rw,Z" "-v" "/var/lib/crater-agent-workspace/builds/worker-2/source:/opt/rustwide/workdir:ro,Z" "-v" "/var/lib/crater-agent-workspace/cargo-home:/opt/rustwide/cargo-home:ro,Z" "-v" "/var/lib/crater-agent-workspace/rustup-home:/opt/rustwide/rustup-home:ro,Z" "-e" "SOURCE_DIR=/opt/rustwide/workdir" "-e" "CARGO_TARGET_DIR=/opt/rustwide/target" "-e" "CARGO_HOME=/opt/rustwide/cargo-home" "-e" "RUSTUP_HOME=/opt/rustwide/rustup-home" "-w" "/opt/rustwide/workdir" "-m" "1610612736" "--user" "0:0" "--network" "none" "ghcr.io/rust-lang/crates-build-env/linux@sha256:34b6a614d2c27851fe6cbf88fbd1137609cefab8b10d0615aaeb6fd47975d74e" "/opt/rustwide/cargo-home/bin/cargo" "+1.54.0" "metadata" "--no-deps" "--format-version=1", kill_on_drop: false }`
[INFO] [stderr] WARNING: Your kernel does not support swap limit capabilities or the cgroup is not mounted. Memory limited without swap.
[INFO] [stdout] ff56aafee7c7ebaeb1b51216b01f19f5fdf3a4a177bc62b44c1d91f60b32984a
[INFO] running `Command { std: "docker" "start" "-a" "ff56aafee7c7ebaeb1b51216b01f19f5fdf3a4a177bc62b44c1d91f60b32984a", kill_on_drop: false }`
[INFO] running `Command { std: "docker" "inspect" "ff56aafee7c7ebaeb1b51216b01f19f5fdf3a4a177bc62b44c1d91f60b32984a", kill_on_drop: false }`
[INFO] running `Command { std: "docker" "rm" "-f" "ff56aafee7c7ebaeb1b51216b01f19f5fdf3a4a177bc62b44c1d91f60b32984a", kill_on_drop: false }`
[INFO] [stdout] ff56aafee7c7ebaeb1b51216b01f19f5fdf3a4a177bc62b44c1d91f60b32984a
[INFO] running `Command { std: "docker" "create" "-v" "/var/lib/crater-agent-workspace/builds/worker-2/target:/opt/rustwide/target:rw,Z" "-v" "/var/lib/crater-agent-workspace/builds/worker-2/source:/opt/rustwide/workdir:ro,Z" "-v" "/var/lib/crater-agent-workspace/cargo-home:/opt/rustwide/cargo-home:ro,Z" "-v" "/var/lib/crater-agent-workspace/rustup-home:/opt/rustwide/rustup-home:ro,Z" "-e" "SOURCE_DIR=/opt/rustwide/workdir" "-e" "CARGO_TARGET_DIR=/opt/rustwide/target" "-e" "CARGO_INCREMENTAL=0" "-e" "RUST_BACKTRACE=full" "-e" "RUSTFLAGS=--cap-lints=warn" "-e" "CARGO_HOME=/opt/rustwide/cargo-home" "-e" "RUSTUP_HOME=/opt/rustwide/rustup-home" "-w" "/opt/rustwide/workdir" "-m" "1610612736" "--user" "0:0" "--network" "none" "ghcr.io/rust-lang/crates-build-env/linux@sha256:34b6a614d2c27851fe6cbf88fbd1137609cefab8b10d0615aaeb6fd47975d74e" "/opt/rustwide/cargo-home/bin/cargo" "+1.54.0" "build" "--frozen" "--message-format=json", kill_on_drop: false }`
[INFO] [stdout] e3de257a32b03beb61a1db1f28b0520931cb83a0fb0d90f91c5e8084357c51c9
[INFO] [stderr] WARNING: Your kernel does not support swap limit capabilities or the cgroup is not mounted. Memory limited without swap.
[INFO] running `Command { std: "docker" "start" "-a" "e3de257a32b03beb61a1db1f28b0520931cb83a0fb0d90f91c5e8084357c51c9", kill_on_drop: false }`
[INFO] [stderr]    Compiling aes v0.7.4
[INFO] [stderr]    Compiling num-bigint v0.4.0
[INFO] [stderr]    Compiling fpe-v04 v0.4.0 (/opt/rustwide/workdir)
[INFO] [stderr]     Finished dev [unoptimized + debuginfo] target(s) in 5.15s
[INFO] running `Command { std: "docker" "inspect" "e3de257a32b03beb61a1db1f28b0520931cb83a0fb0d90f91c5e8084357c51c9", kill_on_drop: false }`
[INFO] running `Command { std: "docker" "rm" "-f" "e3de257a32b03beb61a1db1f28b0520931cb83a0fb0d90f91c5e8084357c51c9", kill_on_drop: false }`
[INFO] [stdout] e3de257a32b03beb61a1db1f28b0520931cb83a0fb0d90f91c5e8084357c51c9
[INFO] running `Command { std: "docker" "create" "-v" "/var/lib/crater-agent-workspace/builds/worker-2/target:/opt/rustwide/target:rw,Z" "-v" "/var/lib/crater-agent-workspace/builds/worker-2/source:/opt/rustwide/workdir:ro,Z" "-v" "/var/lib/crater-agent-workspace/cargo-home:/opt/rustwide/cargo-home:ro,Z" "-v" "/var/lib/crater-agent-workspace/rustup-home:/opt/rustwide/rustup-home:ro,Z" "-e" "SOURCE_DIR=/opt/rustwide/workdir" "-e" "CARGO_TARGET_DIR=/opt/rustwide/target" "-e" "CARGO_INCREMENTAL=0" "-e" "RUST_BACKTRACE=full" "-e" "RUSTFLAGS=--cap-lints=warn" "-e" "CARGO_HOME=/opt/rustwide/cargo-home" "-e" "RUSTUP_HOME=/opt/rustwide/rustup-home" "-w" "/opt/rustwide/workdir" "-m" "1610612736" "--user" "0:0" "--network" "none" "ghcr.io/rust-lang/crates-build-env/linux@sha256:34b6a614d2c27851fe6cbf88fbd1137609cefab8b10d0615aaeb6fd47975d74e" "/opt/rustwide/cargo-home/bin/cargo" "+1.54.0" "test" "--frozen" "--no-run" "--message-format=json", kill_on_drop: false }`
[INFO] [stdout] 7fe09912a34f7d38e7a983e69d5f7b671ff6fcf2732f30a2f2c19577cee9ce83
[INFO] [stderr] WARNING: Your kernel does not support swap limit capabilities or the cgroup is not mounted. Memory limited without swap.
[INFO] running `Command { std: "docker" "start" "-a" "7fe09912a34f7d38e7a983e69d5f7b671ff6fcf2732f30a2f2c19577cee9ce83", kill_on_drop: false }`
[INFO] [stderr]    Compiling plotters v0.3.1
[INFO] [stderr]    Compiling block-cipher v0.8.0
[INFO] [stderr]    Compiling aes-soft v0.5.0
[INFO] [stderr]    Compiling aes v0.5.0
[INFO] [stderr]    Compiling criterion v0.3.5
[INFO] [stderr]    Compiling criterion-cycles-per-byte v0.1.2
[INFO] [stderr]    Compiling fpe-v04 v0.4.0 (/opt/rustwide/workdir)
[INFO] [stderr]     Finished test [unoptimized + debuginfo] target(s) in 21.06s
[INFO] running `Command { std: "docker" "inspect" "7fe09912a34f7d38e7a983e69d5f7b671ff6fcf2732f30a2f2c19577cee9ce83", kill_on_drop: false }`
[INFO] running `Command { std: "docker" "rm" "-f" "7fe09912a34f7d38e7a983e69d5f7b671ff6fcf2732f30a2f2c19577cee9ce83", kill_on_drop: false }`
[INFO] [stdout] 7fe09912a34f7d38e7a983e69d5f7b671ff6fcf2732f30a2f2c19577cee9ce83
[INFO] running `Command { std: "docker" "create" "-v" "/var/lib/crater-agent-workspace/builds/worker-2/target:/opt/rustwide/target:rw,Z" "-v" "/var/lib/crater-agent-workspace/builds/worker-2/source:/opt/rustwide/workdir:ro,Z" "-v" "/var/lib/crater-agent-workspace/cargo-home:/opt/rustwide/cargo-home:ro,Z" "-v" "/var/lib/crater-agent-workspace/rustup-home:/opt/rustwide/rustup-home:ro,Z" "-e" "SOURCE_DIR=/opt/rustwide/workdir" "-e" "CARGO_TARGET_DIR=/opt/rustwide/target" "-e" "CARGO_INCREMENTAL=0" "-e" "RUST_BACKTRACE=full" "-e" "RUSTFLAGS=--cap-lints=warn" "-e" "CARGO_HOME=/opt/rustwide/cargo-home" "-e" "RUSTUP_HOME=/opt/rustwide/rustup-home" "-w" "/opt/rustwide/workdir" "-m" "1610612736" "--user" "0:0" "--network" "none" "ghcr.io/rust-lang/crates-build-env/linux@sha256:34b6a614d2c27851fe6cbf88fbd1137609cefab8b10d0615aaeb6fd47975d74e" "/opt/rustwide/cargo-home/bin/cargo" "+1.54.0" "test" "--frozen", kill_on_drop: false }`
[INFO] [stdout] a4cb5c44c394d6109a7ec62ec2f5b6c56cf7dcd64387f378af8d9513071c9ee8
[INFO] [stderr] WARNING: Your kernel does not support swap limit capabilities or the cgroup is not mounted. Memory limited without swap.
[INFO] running `Command { std: "docker" "start" "-a" "a4cb5c44c394d6109a7ec62ec2f5b6c56cf7dcd64387f378af8d9513071c9ee8", kill_on_drop: false }`
[INFO] [stderr]     Finished test [unoptimized + debuginfo] target(s) in 0.13s
[INFO] [stderr]      Running unittests (/opt/rustwide/target/debug/deps/fpe_v04-cf788c27d6a75919)
[INFO] [stdout] 
[INFO] [stdout] running 4 tests
[INFO] [stdout] test ff1::alloc::tests::ns_is_valid ... ok
[INFO] [stdout] test ff1::tests::radix ... ok
[INFO] [stdout] test ff1::alloc::tests::test_vectors_binary ... ok
[INFO] [stdout] test ff1::alloc::tests::test_vectors ... ok
[INFO] [stdout] 
[INFO] [stdout] test result: ok. 4 passed; 0 failed; 0 ignored; 0 measured; 0 filtered out; finished in 0.07s
[INFO] [stdout] 
[INFO] [stderr]    Doc-tests fpe-v04
[INFO] [stdout] 
[INFO] [stdout] running 1 test
[INFO] [stdout] test src/lib.rs - (line 5) ... FAILED
[INFO] [stdout] 
[INFO] [stdout] failures:
[INFO] [stdout] 
[INFO] [stdout] ---- src/lib.rs - (line 5) stdout ----
[INFO] [stdout] error[E0463]: can't find crate for `fpe`
[INFO] [stdout]  --> src/lib.rs:6:1
[INFO] [stdout]   |
[INFO] [stdout] 3 | extern crate fpe;
[INFO] [stdout]   | ^^^^^^^^^^^^^^^^^ can't find crate
[INFO] [stdout] 
[INFO] [stdout] error: aborting due to previous error
[INFO] [stdout] 
[INFO] [stdout] For more information about this error, try `rustc --explain E0463`.
[INFO] [stdout] Couldn't compile the test.
[INFO] [stdout] 
[INFO] [stdout] failures:
[INFO] [stdout]     src/lib.rs - (line 5)
[INFO] [stdout] 
[INFO] [stdout] test result: FAILED. 0 passed; 1 failed; 0 ignored; 0 measured; 0 filtered out; finished in 0.26s
[INFO] [stdout] 
[INFO] [stderr] error: test failed, to rerun pass '--doc'
[INFO] running `Command { std: "docker" "inspect" "a4cb5c44c394d6109a7ec62ec2f5b6c56cf7dcd64387f378af8d9513071c9ee8", kill_on_drop: false }`
[INFO] running `Command { std: "docker" "rm" "-f" "a4cb5c44c394d6109a7ec62ec2f5b6c56cf7dcd64387f378af8d9513071c9ee8", kill_on_drop: false }`
[INFO] [stdout] a4cb5c44c394d6109a7ec62ec2f5b6c56cf7dcd64387f378af8d9513071c9ee8
