[INFO] fetching crate formations 0.1.0...
[INFO] testing formations-0.1.0 against 1.54.0 for beta-1.55-1
[INFO] extracting crate formations 0.1.0 into /workspace/builds/worker-1/source
[INFO] validating manifest of crates.io crate formations 0.1.0 on toolchain 1.54.0
[INFO] running `Command { std: "/workspace/cargo-home/bin/cargo" "+1.54.0" "metadata" "--manifest-path" "Cargo.toml" "--no-deps", kill_on_drop: false }`
[INFO] started tweaking crates.io crate formations 0.1.0
[INFO] finished tweaking crates.io crate formations 0.1.0
[INFO] tweaked toml for crates.io crate formations 0.1.0 written to /workspace/builds/worker-1/source/Cargo.toml
[INFO] crate crates.io crate formations 0.1.0 already has a lockfile, it will not be regenerated
[INFO] running `Command { std: "/workspace/cargo-home/bin/cargo" "+1.54.0" "fetch" "--manifest-path" "Cargo.toml", kill_on_drop: false }`
[INFO] [stderr]     Blocking waiting for file lock on package cache
[INFO] running `Command { std: "docker" "create" "-v" "/var/lib/crater-agent-workspace/builds/worker-1/target:/opt/rustwide/target:rw,Z" "-v" "/var/lib/crater-agent-workspace/builds/worker-1/source:/opt/rustwide/workdir:ro,Z" "-v" "/var/lib/crater-agent-workspace/cargo-home:/opt/rustwide/cargo-home:ro,Z" "-v" "/var/lib/crater-agent-workspace/rustup-home:/opt/rustwide/rustup-home:ro,Z" "-e" "SOURCE_DIR=/opt/rustwide/workdir" "-e" "CARGO_TARGET_DIR=/opt/rustwide/target" "-e" "CARGO_HOME=/opt/rustwide/cargo-home" "-e" "RUSTUP_HOME=/opt/rustwide/rustup-home" "-w" "/opt/rustwide/workdir" "-m" "1610612736" "--user" "0:0" "--network" "none" "ghcr.io/rust-lang/crates-build-env/linux@sha256:34b6a614d2c27851fe6cbf88fbd1137609cefab8b10d0615aaeb6fd47975d74e" "/opt/rustwide/cargo-home/bin/cargo" "+1.54.0" "metadata" "--no-deps" "--format-version=1", kill_on_drop: false }`
[INFO] [stdout] 14a655374dce6a377cecd1234c71bb4ef9e70dbbc71c0e9d3cc5bf27ecb94aec
[INFO] [stderr] WARNING: Your kernel does not support swap limit capabilities or the cgroup is not mounted. Memory limited without swap.
[INFO] running `Command { std: "docker" "start" "-a" "14a655374dce6a377cecd1234c71bb4ef9e70dbbc71c0e9d3cc5bf27ecb94aec", kill_on_drop: false }`
[INFO] running `Command { std: "docker" "inspect" "14a655374dce6a377cecd1234c71bb4ef9e70dbbc71c0e9d3cc5bf27ecb94aec", kill_on_drop: false }`
[INFO] running `Command { std: "docker" "rm" "-f" "14a655374dce6a377cecd1234c71bb4ef9e70dbbc71c0e9d3cc5bf27ecb94aec", kill_on_drop: false }`
[INFO] [stdout] 14a655374dce6a377cecd1234c71bb4ef9e70dbbc71c0e9d3cc5bf27ecb94aec
[INFO] running `Command { std: "docker" "create" "-v" "/var/lib/crater-agent-workspace/builds/worker-1/target:/opt/rustwide/target:rw,Z" "-v" "/var/lib/crater-agent-workspace/builds/worker-1/source:/opt/rustwide/workdir:ro,Z" "-v" "/var/lib/crater-agent-workspace/cargo-home:/opt/rustwide/cargo-home:ro,Z" "-v" "/var/lib/crater-agent-workspace/rustup-home:/opt/rustwide/rustup-home:ro,Z" "-e" "SOURCE_DIR=/opt/rustwide/workdir" "-e" "CARGO_TARGET_DIR=/opt/rustwide/target" "-e" "CARGO_INCREMENTAL=0" "-e" "RUST_BACKTRACE=full" "-e" "RUSTFLAGS=--cap-lints=warn" "-e" "CARGO_HOME=/opt/rustwide/cargo-home" "-e" "RUSTUP_HOME=/opt/rustwide/rustup-home" "-w" "/opt/rustwide/workdir" "-m" "1610612736" "--user" "0:0" "--network" "none" "ghcr.io/rust-lang/crates-build-env/linux@sha256:34b6a614d2c27851fe6cbf88fbd1137609cefab8b10d0615aaeb6fd47975d74e" "/opt/rustwide/cargo-home/bin/cargo" "+1.54.0" "build" "--frozen" "--message-format=json", kill_on_drop: false }`
[INFO] [stdout] eb30e9964effeca04bc0f0e7f515114275ac379417d094803960660e1761625e
[INFO] [stderr] WARNING: Your kernel does not support swap limit capabilities or the cgroup is not mounted. Memory limited without swap.
[INFO] running `Command { std: "docker" "start" "-a" "eb30e9964effeca04bc0f0e7f515114275ac379417d094803960660e1761625e", kill_on_drop: false }`
[INFO] [stderr]    Compiling yansi v0.5.0
[INFO] [stderr]    Compiling termsize v0.1.6
[INFO] [stderr]    Compiling formations v0.1.0 (/opt/rustwide/workdir)
[INFO] [stderr]     Finished dev [unoptimized + debuginfo] target(s) in 1.82s
[INFO] running `Command { std: "docker" "inspect" "eb30e9964effeca04bc0f0e7f515114275ac379417d094803960660e1761625e", kill_on_drop: false }`
[INFO] running `Command { std: "docker" "rm" "-f" "eb30e9964effeca04bc0f0e7f515114275ac379417d094803960660e1761625e", kill_on_drop: false }`
[INFO] [stdout] eb30e9964effeca04bc0f0e7f515114275ac379417d094803960660e1761625e
[INFO] running `Command { std: "docker" "create" "-v" "/var/lib/crater-agent-workspace/builds/worker-1/target:/opt/rustwide/target:rw,Z" "-v" "/var/lib/crater-agent-workspace/builds/worker-1/source:/opt/rustwide/workdir:ro,Z" "-v" "/var/lib/crater-agent-workspace/cargo-home:/opt/rustwide/cargo-home:ro,Z" "-v" "/var/lib/crater-agent-workspace/rustup-home:/opt/rustwide/rustup-home:ro,Z" "-e" "SOURCE_DIR=/opt/rustwide/workdir" "-e" "CARGO_TARGET_DIR=/opt/rustwide/target" "-e" "CARGO_INCREMENTAL=0" "-e" "RUST_BACKTRACE=full" "-e" "RUSTFLAGS=--cap-lints=warn" "-e" "CARGO_HOME=/opt/rustwide/cargo-home" "-e" "RUSTUP_HOME=/opt/rustwide/rustup-home" "-w" "/opt/rustwide/workdir" "-m" "1610612736" "--user" "0:0" "--network" "none" "ghcr.io/rust-lang/crates-build-env/linux@sha256:34b6a614d2c27851fe6cbf88fbd1137609cefab8b10d0615aaeb6fd47975d74e" "/opt/rustwide/cargo-home/bin/cargo" "+1.54.0" "test" "--frozen" "--no-run" "--message-format=json", kill_on_drop: false }`
[INFO] [stdout] 015501053f02631e94c579e0bd9bfaea62fa33056e5bae9c66cad6bfc24aa9d5
[INFO] [stderr] WARNING: Your kernel does not support swap limit capabilities or the cgroup is not mounted. Memory limited without swap.
[INFO] running `Command { std: "docker" "start" "-a" "015501053f02631e94c579e0bd9bfaea62fa33056e5bae9c66cad6bfc24aa9d5", kill_on_drop: false }`
[INFO] [stderr]    Compiling formations v0.1.0 (/opt/rustwide/workdir)
[INFO] [stderr]     Finished test [unoptimized + debuginfo] target(s) in 1.45s
[INFO] running `Command { std: "docker" "inspect" "015501053f02631e94c579e0bd9bfaea62fa33056e5bae9c66cad6bfc24aa9d5", kill_on_drop: false }`
[INFO] running `Command { std: "docker" "rm" "-f" "015501053f02631e94c579e0bd9bfaea62fa33056e5bae9c66cad6bfc24aa9d5", kill_on_drop: false }`
[INFO] [stdout] 015501053f02631e94c579e0bd9bfaea62fa33056e5bae9c66cad6bfc24aa9d5
[INFO] running `Command { std: "docker" "create" "-v" "/var/lib/crater-agent-workspace/builds/worker-1/target:/opt/rustwide/target:rw,Z" "-v" "/var/lib/crater-agent-workspace/builds/worker-1/source:/opt/rustwide/workdir:ro,Z" "-v" "/var/lib/crater-agent-workspace/cargo-home:/opt/rustwide/cargo-home:ro,Z" "-v" "/var/lib/crater-agent-workspace/rustup-home:/opt/rustwide/rustup-home:ro,Z" "-e" "SOURCE_DIR=/opt/rustwide/workdir" "-e" "CARGO_TARGET_DIR=/opt/rustwide/target" "-e" "CARGO_INCREMENTAL=0" "-e" "RUST_BACKTRACE=full" "-e" "RUSTFLAGS=--cap-lints=warn" "-e" "CARGO_HOME=/opt/rustwide/cargo-home" "-e" "RUSTUP_HOME=/opt/rustwide/rustup-home" "-w" "/opt/rustwide/workdir" "-m" "1610612736" "--user" "0:0" "--network" "none" "ghcr.io/rust-lang/crates-build-env/linux@sha256:34b6a614d2c27851fe6cbf88fbd1137609cefab8b10d0615aaeb6fd47975d74e" "/opt/rustwide/cargo-home/bin/cargo" "+1.54.0" "test" "--frozen", kill_on_drop: false }`
[INFO] [stderr] WARNING: Your kernel does not support swap limit capabilities or the cgroup is not mounted. Memory limited without swap.
[INFO] [stdout] e4a72dacdd672fac40d2ddb71cbb675ac0111c3cd7645e33447d8cb2ae4ac9e2
[INFO] running `Command { std: "docker" "start" "-a" "e4a72dacdd672fac40d2ddb71cbb675ac0111c3cd7645e33447d8cb2ae4ac9e2", kill_on_drop: false }`
[INFO] [stdout] 
[INFO] [stderr]     Finished test [unoptimized + debuginfo] target(s) in 0.01s
[INFO] [stdout] running 0 tests
[INFO] [stderr]      Running unittests (/opt/rustwide/target/debug/deps/formations-672be294e2134767)
[INFO] [stdout] 
[INFO] [stderr]    Doc-tests formations
[INFO] [stdout] test result: ok. 0 passed; 0 failed; 0 ignored; 0 measured; 0 filtered out; finished in 0.00s
[INFO] [stdout] 
[INFO] [stdout] 
[INFO] [stdout] running 1 test
[INFO] [stdout] test src/lib.rs - (line 12) ... FAILED
[INFO] [stdout] 
[INFO] [stdout] failures:
[INFO] [stdout] 
[INFO] [stdout] ---- src/lib.rs - (line 12) stdout ----
[INFO] [stdout] error[E0308]: mismatched types
[INFO] [stdout]  --> src/lib.rs:18:33
[INFO] [stdout]   |
[INFO] [stdout] 8 |         FormElement::new("cat", "Small mammal with fur"),
[INFO] [stdout]   |                                 ^^^^^^^^^^^^^^^^^^^^^^^
[INFO] [stdout]   |                                 |
[INFO] [stdout]   |                                 expected enum `Option`, found `&str`
[INFO] [stdout]   |                                 help: try using a variant of the expected enum: `Some("Small mammal with fur")`
[INFO] [stdout]   |
[INFO] [stdout]   = note:   expected enum `Option<_>`
[INFO] [stdout]           found reference `&'static str`
[INFO] [stdout] 
[INFO] [stdout] error[E0308]: mismatched types
[INFO] [stdout]  --> src/lib.rs:19:33
[INFO] [stdout]   |
[INFO] [stdout] 9 |         FormElement::new("dog", "Likes a bone"),
[INFO] [stdout]   |                                 ^^^^^^^^^^^^^^
[INFO] [stdout]   |                                 |
[INFO] [stdout]   |                                 expected enum `Option`, found `&str`
[INFO] [stdout]   |                                 help: try using a variant of the expected enum: `Some("Likes a bone")`
[INFO] [stdout]   |
[INFO] [stdout]   = note:   expected enum `Option<_>`
[INFO] [stdout]           found reference `&'static str`
[INFO] [stdout] 
[INFO] [stdout] error[E0308]: mismatched types
[INFO] [stdout]   --> src/lib.rs:20:35
[INFO] [stdout]    |
[INFO] [stdout] 10 |         FormElement::new("mouse", "Likes cheese"),
[INFO] [stdout]    |                                   ^^^^^^^^^^^^^^
[INFO] [stdout]    |                                   |
[INFO] [stdout]    |                                   expected enum `Option`, found `&str`
[INFO] [stdout]    |                                   help: try using a variant of the expected enum: `Some("Likes cheese")`
[INFO] [stdout]    |
[INFO] [stdout]    = note:   expected enum `Option<_>`
[INFO] [stdout]            found reference `&'static str`
[INFO] [stdout] 
[INFO] [stdout] error: aborting due to 3 previous errors
[INFO] [stdout] 
[INFO] [stdout] For more information about this error, try `rustc --explain E0308`.
[INFO] [stdout] Couldn't compile the test.
[INFO] [stdout] 
[INFO] [stdout] failures:
[INFO] [stdout]     src/lib.rs - (line 12)
[INFO] [stdout] 
[INFO] [stdout] test result: FAILED. 0 passed; 1 failed; 0 ignored; 0 measured; 0 filtered out; finished in 0.34s
[INFO] [stdout] 
[INFO] [stderr] error: test failed, to rerun pass '--doc'
[INFO] running `Command { std: "docker" "inspect" "e4a72dacdd672fac40d2ddb71cbb675ac0111c3cd7645e33447d8cb2ae4ac9e2", kill_on_drop: false }`
[INFO] running `Command { std: "docker" "rm" "-f" "e4a72dacdd672fac40d2ddb71cbb675ac0111c3cd7645e33447d8cb2ae4ac9e2", kill_on_drop: false }`
[INFO] [stdout] e4a72dacdd672fac40d2ddb71cbb675ac0111c3cd7645e33447d8cb2ae4ac9e2
