[INFO] fetching crate foolang 0.0.0...
[INFO] testing foolang-0.0.0 against beta-2021-08-01 for beta-1.55-1
[INFO] extracting crate foolang 0.0.0 into /workspace/builds/worker-12/source
[INFO] validating manifest of crates.io crate foolang 0.0.0 on toolchain beta-2021-08-01
[INFO] running `Command { std: "/workspace/cargo-home/bin/cargo" "+beta-2021-08-01" "metadata" "--manifest-path" "Cargo.toml" "--no-deps", kill_on_drop: false }`
[INFO] started tweaking crates.io crate foolang 0.0.0
[INFO] finished tweaking crates.io crate foolang 0.0.0
[INFO] tweaked toml for crates.io crate foolang 0.0.0 written to /workspace/builds/worker-12/source/Cargo.toml
[INFO] crate crates.io crate foolang 0.0.0 already has a lockfile, it will not be regenerated
[INFO] running `Command { std: "/workspace/cargo-home/bin/cargo" "+beta-2021-08-01" "fetch" "--manifest-path" "Cargo.toml", kill_on_drop: false }`
[INFO] [stderr]     Blocking waiting for file lock on package cache
[INFO] running `Command { std: "docker" "create" "-v" "/var/lib/crater-agent-workspace/builds/worker-12/target:/opt/rustwide/target:rw,Z" "-v" "/var/lib/crater-agent-workspace/builds/worker-12/source:/opt/rustwide/workdir:ro,Z" "-v" "/var/lib/crater-agent-workspace/cargo-home:/opt/rustwide/cargo-home:ro,Z" "-v" "/var/lib/crater-agent-workspace/rustup-home:/opt/rustwide/rustup-home:ro,Z" "-e" "SOURCE_DIR=/opt/rustwide/workdir" "-e" "CARGO_TARGET_DIR=/opt/rustwide/target" "-e" "CARGO_HOME=/opt/rustwide/cargo-home" "-e" "RUSTUP_HOME=/opt/rustwide/rustup-home" "-w" "/opt/rustwide/workdir" "-m" "1610612736" "--user" "0:0" "--network" "none" "ghcr.io/rust-lang/crates-build-env/linux@sha256:34b6a614d2c27851fe6cbf88fbd1137609cefab8b10d0615aaeb6fd47975d74e" "/opt/rustwide/cargo-home/bin/cargo" "+beta-2021-08-01" "metadata" "--no-deps" "--format-version=1", kill_on_drop: false }`
[INFO] [stdout] d6a5da3c99fbb5b64785f22782e2261e9687b99bdf53d32df4b9012d7b356524
[INFO] [stderr] WARNING: Your kernel does not support swap limit capabilities or the cgroup is not mounted. Memory limited without swap.
[INFO] running `Command { std: "docker" "start" "-a" "d6a5da3c99fbb5b64785f22782e2261e9687b99bdf53d32df4b9012d7b356524", kill_on_drop: false }`
[INFO] running `Command { std: "docker" "inspect" "d6a5da3c99fbb5b64785f22782e2261e9687b99bdf53d32df4b9012d7b356524", kill_on_drop: false }`
[INFO] running `Command { std: "docker" "rm" "-f" "d6a5da3c99fbb5b64785f22782e2261e9687b99bdf53d32df4b9012d7b356524", kill_on_drop: false }`
[INFO] [stdout] d6a5da3c99fbb5b64785f22782e2261e9687b99bdf53d32df4b9012d7b356524
[INFO] running `Command { std: "docker" "create" "-v" "/var/lib/crater-agent-workspace/builds/worker-12/target:/opt/rustwide/target:rw,Z" "-v" "/var/lib/crater-agent-workspace/builds/worker-12/source:/opt/rustwide/workdir:ro,Z" "-v" "/var/lib/crater-agent-workspace/cargo-home:/opt/rustwide/cargo-home:ro,Z" "-v" "/var/lib/crater-agent-workspace/rustup-home:/opt/rustwide/rustup-home:ro,Z" "-e" "SOURCE_DIR=/opt/rustwide/workdir" "-e" "CARGO_TARGET_DIR=/opt/rustwide/target" "-e" "CARGO_INCREMENTAL=0" "-e" "RUST_BACKTRACE=full" "-e" "RUSTFLAGS=--cap-lints=warn" "-e" "CARGO_HOME=/opt/rustwide/cargo-home" "-e" "RUSTUP_HOME=/opt/rustwide/rustup-home" "-w" "/opt/rustwide/workdir" "-m" "1610612736" "--user" "0:0" "--network" "none" "ghcr.io/rust-lang/crates-build-env/linux@sha256:34b6a614d2c27851fe6cbf88fbd1137609cefab8b10d0615aaeb6fd47975d74e" "/opt/rustwide/cargo-home/bin/cargo" "+beta-2021-08-01" "build" "--frozen" "--message-format=json", kill_on_drop: false }`
[INFO] [stdout] 36a5364dee51270be94b0f9ff90d82cbda9d5bdb2fac8f8cd8cb98d1c8ff6d54
[INFO] [stderr] WARNING: Your kernel does not support swap limit capabilities or the cgroup is not mounted. Memory limited without swap.
[INFO] running `Command { std: "docker" "start" "-a" "36a5364dee51270be94b0f9ff90d82cbda9d5bdb2fac8f8cd8cb98d1c8ff6d54", kill_on_drop: false }`
[INFO] [stderr]    Compiling memchr v2.3.2
[INFO] [stderr]    Compiling syn v1.0.14
[INFO] [stderr]    Compiling arrayvec v0.5.1
[INFO] [stderr]    Compiling downcast-rs v1.1.1
[INFO] [stderr]    Compiling rayon-core v1.7.0
[INFO] [stderr]    Compiling color_quant v1.0.1
[INFO] [stderr]    Compiling slotmap v0.4.0
[INFO] [stderr]    Compiling chunked_transfer v0.3.1
[INFO] [stderr]    Compiling ascii v0.8.7
[INFO] [stderr]    Compiling instant v0.1.2
[INFO] [stderr]    Compiling regex-syntax v0.6.14
[INFO] [stderr]    Compiling webbrowser v0.5.2
[INFO] [stderr]    Compiling num-traits v0.2.11
[INFO] [stderr]    Compiling crossbeam-utils v0.7.0
[INFO] [stderr]    Compiling crossbeam-epoch v0.8.0
[INFO] [stderr]    Compiling libloading v0.5.2
[INFO] [stderr]    Compiling num-rational v0.2.3
[INFO] [stderr]    Compiling num-complex v0.2.4
[INFO] [stderr]    Compiling num-iter v0.1.40
[INFO] [stderr]    Compiling brotli-sys v0.3.2
[INFO] [stderr]    Compiling c2-chacha v0.2.3
[INFO] [stderr]    Compiling inflate v0.4.5
[INFO] [stderr]    Compiling x11-dl v2.18.5
[INFO] [stderr]    Compiling matrixmultiply v0.2.3
[INFO] [stderr]    Compiling gif v0.10.3
[INFO] [stderr]    Compiling rand_os v0.1.3
[INFO] [stderr]    Compiling getrandom v0.1.14
[INFO] [stderr]    Compiling memmap v0.7.0
[INFO] [stderr]    Compiling rand v0.4.6
[INFO] [stderr]    Compiling shared_library v0.1.9
[INFO] [stderr]    Compiling dirs v1.0.5
[INFO] [stderr]    Compiling atty v0.2.14
[INFO] [stderr]    Compiling filetime v0.2.8
[INFO] [stderr]    Compiling rand v0.5.6
[INFO] [stderr]    Compiling memoffset v0.5.3
[INFO] [stderr]    Compiling stb_truetype v0.3.1
[INFO] [stderr]    Compiling base64 v0.9.3
[INFO] [stderr]    Compiling log v0.3.9
[INFO] [stderr]    Compiling gl_generator v0.10.0
[INFO] [stderr]    Compiling gl_generator v0.14.0
[INFO] [stderr]    Compiling smallvec v0.6.13
[INFO] [stderr]    Compiling gzip-header v0.3.0
[INFO] [stderr]    Compiling generic-array v0.13.2
[INFO] [stderr]    Compiling threadpool v1.7.1
[INFO] [stderr]    Compiling rand_core v0.5.1
[INFO] [stderr]    Compiling term v0.5.2
[INFO] [stderr]    Compiling osmesa-sys v0.1.2
[INFO] [stderr]    Compiling clap v2.33.0
[INFO] [stderr]    Compiling wayland-scanner v0.21.13
[INFO] [stderr]    Compiling rand v0.6.5
[INFO] [stderr]    Compiling phf_shared v0.7.24
[INFO] [stderr]    Compiling mime v0.2.6
[INFO] [stderr]    Compiling tempdir v0.3.7
[INFO] [stderr]    Compiling buf_redux v0.8.4
[INFO] [stderr]    Compiling twoway v0.1.8
[INFO] [stderr]    Compiling aho-corasick v0.7.8
[INFO] [stderr]    Compiling deflate v0.7.20
[INFO] [stderr]    Compiling num-derive v0.2.5
[INFO] [stderr]    Compiling rand_chacha v0.2.1
[INFO] [stderr]    Compiling phf v0.7.24
[INFO] [stderr]    Compiling crossbeam-queue v0.2.1
[INFO] [stderr]    Compiling dlib v0.4.1
[INFO] [stderr]    Compiling rand v0.7.3
[INFO] [stderr]    Compiling phf_generator v0.7.24
[INFO] [stderr]    Compiling parking_lot_core v0.4.0
[INFO] [stderr]    Compiling png v0.15.3
[INFO] [stderr]    Compiling gl v0.14.0
[INFO] [stderr]    Compiling regex v1.3.4
[INFO] [stderr]    Compiling glutin v0.19.0
[INFO] [stderr]    Compiling wayland-sys v0.21.13
[INFO] [stderr]    Compiling approx v0.3.2
[INFO] [stderr]    Compiling num-integer v0.1.42
[INFO] [stderr]    Compiling ordered-float v1.0.2
[INFO] [stderr]    Compiling line_drawing v0.7.0
[INFO] [stderr]    Compiling phf_codegen v0.7.24
[INFO] [stderr]    Compiling parking_lot v0.7.1
[INFO] [stderr]    Compiling crossbeam-deque v0.7.2
[INFO] [stderr]    Compiling wayland-commons v0.21.13
[INFO] [stderr]    Compiling rand_distr v0.2.2
[INFO] [stderr]    Compiling chrono v0.4.10
[INFO] [stderr]    Compiling wayland-client v0.21.13
[INFO] [stderr]    Compiling wayland-protocols v0.21.13
[INFO] [stderr]    Compiling mime_guess v1.8.7
[INFO] [stderr]    Compiling rusttype v0.8.2
[INFO] [stderr]    Compiling alga v0.9.2
[INFO] [stderr]    Compiling rusttype v0.7.9
[INFO] [stderr]    Compiling tiff v0.3.1
[INFO] [stderr]    Compiling rayon v1.3.0
[INFO] [stderr]    Compiling brotli2 v0.3.2
[INFO] [stderr]    Compiling tiny_http v0.6.2
[INFO] [stderr]    Compiling andrew v0.2.1
[INFO] [stderr]    Compiling nalgebra v0.19.0
[INFO] [stderr]    Compiling multipart v0.15.4
[INFO] [stderr]    Compiling jpeg-decoder v0.1.18
[INFO] [stderr]    Compiling serde_derive v1.0.104
[INFO] [stderr]    Compiling image v0.22.5
[INFO] [stderr]    Compiling serde v1.0.104
[INFO] [stderr]    Compiling ncollide3d v0.21.0
[INFO] [stderr]    Compiling serde_json v1.0.48
[INFO] [stderr]    Compiling rouille v3.0.0
[INFO] [stderr]    Compiling smithay-client-toolkit v0.4.6
[INFO] [stderr]    Compiling winit v0.18.1
[INFO] [stderr]    Compiling kiss3d v0.22.1
[INFO] [stderr]    Compiling foolang v0.0.0 (/opt/rustwide/workdir)
[INFO] [stdout] warning: panic message contains an unused formatting placeholder
[INFO] [stdout]    --> src/main.rs:199:39
[INFO] [stdout]     |
[INFO] [stdout] 199 |                 panic!("ERROR: module {} specified multiple times with inconsistent paths");
[INFO] [stdout]     |                                       ^^
[INFO] [stdout]     |
[INFO] [stdout]     = note: `#[warn(non_fmt_panics)]` on by default
[INFO] [stdout]     = note: this message is not used as a format string when given without arguments, but will be in Rust 2021
[INFO] [stdout] help: add the missing argument
[INFO] [stdout]     |
[INFO] [stdout] 199 |                 panic!("ERROR: module {} specified multiple times with inconsistent paths", ...);
[INFO] [stdout]     |                                                                                           ^^^^^
[INFO] [stdout] help: or add a "{}" format string to use the message literally
[INFO] [stdout]     |
[INFO] [stdout] 199 |                 panic!("{}", "ERROR: module {} specified multiple times with inconsistent paths");
[INFO] [stdout]     |                        ^^^^^
[INFO] [stdout] 
[INFO] [stdout] 
[INFO] [stdout] warning: 1 warning emitted
[INFO] [stdout] 
[INFO] [stdout] 
[INFO] [stderr]     Finished dev [unoptimized + debuginfo] target(s) in 4m 02s
[INFO] running `Command { std: "docker" "inspect" "36a5364dee51270be94b0f9ff90d82cbda9d5bdb2fac8f8cd8cb98d1c8ff6d54", kill_on_drop: false }`
[INFO] running `Command { std: "docker" "rm" "-f" "36a5364dee51270be94b0f9ff90d82cbda9d5bdb2fac8f8cd8cb98d1c8ff6d54", kill_on_drop: false }`
[INFO] [stdout] 36a5364dee51270be94b0f9ff90d82cbda9d5bdb2fac8f8cd8cb98d1c8ff6d54
[INFO] running `Command { std: "docker" "create" "-v" "/var/lib/crater-agent-workspace/builds/worker-12/target:/opt/rustwide/target:rw,Z" "-v" "/var/lib/crater-agent-workspace/builds/worker-12/source:/opt/rustwide/workdir:ro,Z" "-v" "/var/lib/crater-agent-workspace/cargo-home:/opt/rustwide/cargo-home:ro,Z" "-v" "/var/lib/crater-agent-workspace/rustup-home:/opt/rustwide/rustup-home:ro,Z" "-e" "SOURCE_DIR=/opt/rustwide/workdir" "-e" "CARGO_TARGET_DIR=/opt/rustwide/target" "-e" "CARGO_INCREMENTAL=0" "-e" "RUST_BACKTRACE=full" "-e" "RUSTFLAGS=--cap-lints=warn" "-e" "CARGO_HOME=/opt/rustwide/cargo-home" "-e" "RUSTUP_HOME=/opt/rustwide/rustup-home" "-w" "/opt/rustwide/workdir" "-m" "1610612736" "--user" "0:0" "--network" "none" "ghcr.io/rust-lang/crates-build-env/linux@sha256:34b6a614d2c27851fe6cbf88fbd1137609cefab8b10d0615aaeb6fd47975d74e" "/opt/rustwide/cargo-home/bin/cargo" "+beta-2021-08-01" "test" "--frozen" "--no-run" "--message-format=json", kill_on_drop: false }`
[INFO] [stderr] WARNING: Your kernel does not support swap limit capabilities or the cgroup is not mounted. Memory limited without swap.
[INFO] [stdout] e56efff37977d8d83735fc950ed587cb8c9db12bae8f6a7b03db172b255c994f
[INFO] running `Command { std: "docker" "start" "-a" "e56efff37977d8d83735fc950ed587cb8c9db12bae8f6a7b03db172b255c994f", kill_on_drop: false }`
[INFO] [stderr]    Compiling normalize-line-endings v0.2.2
[INFO] [stderr]    Compiling pretty_assertions v0.6.1
[INFO] [stderr]    Compiling float-cmp v0.5.3
[INFO] [stderr]    Compiling escargot v0.5.0
[INFO] [stdout] warning: panic message contains an unused formatting placeholder
[INFO] [stdout]    --> src/main.rs:199:39
[INFO] [stdout]     |
[INFO] [stdout] 199 |                 panic!("ERROR: module {} specified multiple times with inconsistent paths");
[INFO] [stdout]     |                                       ^^
[INFO] [stdout]     |
[INFO] [stdout]     = note: `#[warn(non_fmt_panics)]` on by default
[INFO] [stdout]     = note: this message is not used as a format string when given without arguments, but will be in Rust 2021
[INFO] [stdout] help: add the missing argument
[INFO] [stdout]     |
[INFO] [stdout] 199 |                 panic!("ERROR: module {} specified multiple times with inconsistent paths", ...);
[INFO] [stdout]     |                                                                                           ^^^^^
[INFO] [stdout] help: or add a "{}" format string to use the message literally
[INFO] [stdout]     |
[INFO] [stdout] 199 |                 panic!("{}", "ERROR: module {} specified multiple times with inconsistent paths");
[INFO] [stdout]     |                        ^^^^^
[INFO] [stdout] 
[INFO] [stdout] 
[INFO] [stdout] warning: 1 warning emitted
[INFO] [stdout] 
[INFO] [stdout] 
[INFO] [stderr]    Compiling predicates v1.0.2
[INFO] [stderr]    Compiling assert_cmd v0.12.0
[INFO] [stderr]    Compiling foolang v0.0.0 (/opt/rustwide/workdir)
[INFO] [stdout] warning: panic message contains an unused formatting placeholder
[INFO] [stdout]    --> src/main.rs:199:39
[INFO] [stdout]     |
[INFO] [stdout] 199 |                 panic!("ERROR: module {} specified multiple times with inconsistent paths");
[INFO] [stdout]     |                                       ^^
[INFO] [stdout]     |
[INFO] [stdout]     = note: `#[warn(non_fmt_panics)]` on by default
[INFO] [stdout]     = note: this message is not used as a format string when given without arguments, but will be in Rust 2021
[INFO] [stdout] help: add the missing argument
[INFO] [stdout]     |
[INFO] [stdout] 199 |                 panic!("ERROR: module {} specified multiple times with inconsistent paths", ...);
[INFO] [stdout]     |                                                                                           ^^^^^
[INFO] [stdout] help: or add a "{}" format string to use the message literally
[INFO] [stdout]     |
[INFO] [stdout] 199 |                 panic!("{}", "ERROR: module {} specified multiple times with inconsistent paths");
[INFO] [stdout]     |                        ^^^^^
[INFO] [stdout] 
[INFO] [stdout] 
[INFO] [stdout] warning: 1 warning emitted
[INFO] [stdout] 
[INFO] [stdout] 
[INFO] [stderr]     Finished test [unoptimized + debuginfo] target(s) in 16.36s
[INFO] running `Command { std: "docker" "inspect" "e56efff37977d8d83735fc950ed587cb8c9db12bae8f6a7b03db172b255c994f", kill_on_drop: false }`
[INFO] running `Command { std: "docker" "rm" "-f" "e56efff37977d8d83735fc950ed587cb8c9db12bae8f6a7b03db172b255c994f", kill_on_drop: false }`
[INFO] [stdout] e56efff37977d8d83735fc950ed587cb8c9db12bae8f6a7b03db172b255c994f
[INFO] running `Command { std: "docker" "create" "-v" "/var/lib/crater-agent-workspace/builds/worker-12/target:/opt/rustwide/target:rw,Z" "-v" "/var/lib/crater-agent-workspace/builds/worker-12/source:/opt/rustwide/workdir:ro,Z" "-v" "/var/lib/crater-agent-workspace/cargo-home:/opt/rustwide/cargo-home:ro,Z" "-v" "/var/lib/crater-agent-workspace/rustup-home:/opt/rustwide/rustup-home:ro,Z" "-e" "SOURCE_DIR=/opt/rustwide/workdir" "-e" "CARGO_TARGET_DIR=/opt/rustwide/target" "-e" "CARGO_INCREMENTAL=0" "-e" "RUST_BACKTRACE=full" "-e" "RUSTFLAGS=--cap-lints=warn" "-e" "CARGO_HOME=/opt/rustwide/cargo-home" "-e" "RUSTUP_HOME=/opt/rustwide/rustup-home" "-w" "/opt/rustwide/workdir" "-m" "1610612736" "--user" "0:0" "--network" "none" "ghcr.io/rust-lang/crates-build-env/linux@sha256:34b6a614d2c27851fe6cbf88fbd1137609cefab8b10d0615aaeb6fd47975d74e" "/opt/rustwide/cargo-home/bin/cargo" "+beta-2021-08-01" "test" "--frozen", kill_on_drop: false }`
[INFO] [stdout] 5eded9c50594ffffec98dfc04c954b1d8d8da8812f447a6c3fb10c4af418ce4a
[INFO] [stderr] WARNING: Your kernel does not support swap limit capabilities or the cgroup is not mounted. Memory limited without swap.
[INFO] running `Command { std: "docker" "start" "-a" "5eded9c50594ffffec98dfc04c954b1d8d8da8812f447a6c3fb10c4af418ce4a", kill_on_drop: false }`
[INFO] [stderr] warning: panic message contains an unused formatting placeholder
[INFO] [stderr]    --> src/main.rs:199:39
[INFO] [stderr]     |
[INFO] [stderr] 199 |                 panic!("ERROR: module {} specified multiple times with inconsistent paths");
[INFO] [stderr]     |                                       ^^
[INFO] [stderr]     |
[INFO] [stderr]     = note: `#[warn(non_fmt_panics)]` on by default
[INFO] [stderr]     = note: this message is not used as a format string when given without arguments, but will be in Rust 2021
[INFO] [stderr] help: add the missing argument
[INFO] [stderr]     |
[INFO] [stderr] 199 |                 panic!("ERROR: module {} specified multiple times with inconsistent paths", ...);
[INFO] [stderr]     |                                                                                           ^^^^^
[INFO] [stderr] help: or add a "{}" format string to use the message literally
[INFO] [stderr]     |
[INFO] [stderr] 199 |                 panic!("{}", "ERROR: module {} specified multiple times with inconsistent paths");
[INFO] [stderr]     |                        ^^^^^
[INFO] [stderr] 
[INFO] [stderr] warning: `foolang` (bin "foo" test) generated 1 warning
[INFO] [stderr] warning: `foolang` (bin "foo") generated 1 warning (1 duplicate)
[INFO] [stderr]     Finished test [unoptimized + debuginfo] target(s) in 0.16s
[INFO] [stderr]      Running unittests (/opt/rustwide/target/debug/deps/foolang-ef2957ce80491b24)
[INFO] [stdout] 
[INFO] [stdout] running 184 tests
[INFO] [stdout] test parse::test_parser_error_after_lookahead2 ... ok
[INFO] [stdout] test parse::test_tokenstring_after_lookahead2 ... ok
[INFO] [stdout] test parse::test_tokenstring_after_lookahead ... ok
[INFO] [stdout] test parse::test_parser_error_after_lookahead ... ok
[INFO] [stdout] test tests::test_array::test_array_ctor_2 ... ok
[INFO] [stdout] test tests::test_array::test_array_push ... ok
[INFO] [stdout] test tests::test_array::test_array_inject_into ... ok
[INFO] [stdout] test tests::test_array::test_array_normalized ... ok
[INFO] [stdout] test tests::test_array::test_array_at ... ok
[INFO] [stdout] test tests::test_array::test_array_norm ... ok
[INFO] [stdout] test tests::test_array::test_array_do ... ok
[INFO] [stdout] test tests::test_array::test_array_to_string ... ok
[INFO] [stdout] test tests::test_array::test_array_mul ... ok
[INFO] [stdout] test tests::test_array::test_array_ctor_0 ... ok
[INFO] [stdout] test tests::test_block::test_closure1 ... ok
[INFO] [stdout] test tests::test_array::test_array_eq ... ok
[INFO] [stdout] test tests::test_block::test_closure5 ... ok
[INFO] [stdout] test tests::test_array::test_array_div ... ok
[INFO] [stdout] test tests::test_block::test_closure_argcount_error ... ok
[INFO] [stdout] test tests::test_array::test_array_sum ... ok
[INFO] [stdout] test tests::test_block::test_closure4 ... ok
[INFO] [stdout] test tests::test_array::test_array_add ... ok
[INFO] [stdout] test tests::test_block::test_closure2 ... ok
[INFO] [stdout] test tests::test_block::test_closure_while_false ... ok
[INFO] [stdout] test tests::test_array::test_array_put_at ... ok
[INFO] [stdout] test tests::test_block::test_closure_while_false_closure ... ok
[INFO] [stdout] test tests::test_block::test_closure3 ... ok
[INFO] [stdout] test tests::test_block::test_closure0 ... ok
[INFO] [stdout] test tests::test_array::test_array_dot ... ok
[INFO] [stdout] test tests::test_block::test_closure_on_error ... ok
[INFO] [stdout] test tests::test_clock::test_clock1 ... ok
[INFO] [stdout] test tests::test_array::test_array_ctor_1 ... ok
[INFO] [stdout] test tests::test_clock::test_clock2 ... ok
[INFO] [stdout] test tests::test_array::test_array_vector_projection_on ... ok
[INFO] [stdout] test tests::test_array::test_array_ctor_3 - should panic ... ok
[INFO] [stdout] test tests::test_array::test_array_sub ... ok
[INFO] [stdout] test tests::test_compiler::test_compiler1 ... ok
[INFO] [stdout] test tests::test_compiler::test_compiler2 ... ok
[INFO] [stdout] test tests::test_boolean::test_boolean_if_true_if_false ... ok
[INFO] [stdout] test tests::test_boolean::test_boolean ... ok
[INFO] [stdout] test tests::test_eval::eval_global1 ... ok
[INFO] [stdout] test tests::test_eval::eval_unary ... ok
[INFO] [stdout] test tests::test_boolean::test_boolean_if_true ... ok
[INFO] [stdout] test tests::test_block::test_closure_while_true ... ok
[INFO] [stdout] test tests::test_block::test_closure_return ... ok
[INFO] [stdout] test tests::test_eval::test_cascade3 ... ignored
[INFO] [stdout] test tests::test_eval::test_assign_unbound ... ok
[INFO] [stdout] test tests::test_compiler::test_parse_on_eof ... ok
[INFO] [stdout] test tests::test_eval::test_assign1 ... ok
[INFO] [stdout] test tests::test_block::test_closure_while_true_closure ... ok
[INFO] [stdout] test tests::test_eval::test_cascade2 ... ok
[INFO] [stdout] test tests::test_eval::test_cascade1 ... ok
[INFO] [stdout] test tests::test_array::test_array_scalar_projection_on ... ok
[INFO] [stdout] test tests::test_boolean::test_boolean_if_false ... ok
[INFO] [stdout] test tests::test_boolean::test_boolean_or ... ok
[INFO] [stdout] test tests::test_eval::test_instance_method1 ... ok
[INFO] [stdout] test tests::test_eval::test_instance_method3 ... ok
[INFO] [stdout] test tests::test_eval::test_extend_exception2 ... ok
[INFO] [stdout] test tests::test_eval::test_class_not_toplevel ... ok
[INFO] [stdout] test tests::test_eval::test_instance_method2 ... ok
[INFO] [stdout] test tests::test_eval::test_extend_exception1 ... ok
[INFO] [stdout] test tests::test_eval::test_instance_variable1 ... ok
[INFO] [stdout] test tests::test_eval::test_class_method1 ... ok
[INFO] [stdout] test tests::test_eval::test_instance_variable3 ... ok
[INFO] [stdout] test tests::test_eval::test_instance_variable2 ... ok
[INFO] [stdout] test tests::test_eval::test_class1 ... ok
[INFO] [stdout] test tests::test_eval::test_method_keyword_multiline ... ok
[INFO] [stdout] test tests::test_eval::test_extend2 ... ok
[INFO] [stdout] test tests::test_eval::test_return_returns ... ok
[INFO] [stdout] test tests::test_eval::test_return_from_method_block ... ok
[INFO] [stdout] test tests::test_eval::test_typecheck10 ... ok
[INFO] [stdout] test tests::test_eval::test_not_understood ... ok
[INFO] [stdout] test tests::test_eval::test_extend1 ... ok
[INFO] [stdout] test tests::test_eval::test_class_method2 ... ok
[INFO] [stdout] test tests::test_eval::test_new_instance2 ... ok
[INFO] [stdout] test tests::test_eval::test_return_from_deep_block_to_middle ... ok
[INFO] [stdout] test tests::test_eval::test_instance_variable4 ... ok
[INFO] [stdout] test tests::test_eval::eval_global2 ... ok
[INFO] [stdout] test tests::test_eval::test_typecheck1 ... ok
[INFO] [stdout] test tests::test_eval::test_typecheck2 ... ok
[INFO] [stdout] test tests::test_eval::test_typecheck6 ... ok
[INFO] [stdout] test tests::test_eval::test_new_instance1 ... ok
[INFO] [stdout] test tests::test_eval::test_typecheck7 ... ok
[INFO] [stdout] test tests::test_eval::test_typecheck8 ... ok
[INFO] [stdout] test tests::test_eval::test_let1 ... ok
[INFO] [stdout] test tests::test_boolean::test_boolean_and ... ok
[INFO] [stdout] test tests::test_eval::test_typecheck5 ... ok
[INFO] [stdout] test tests::test_float::test_float_as_float ... ok
[INFO] [stdout] test tests::test_float::test_float ... ok
[INFO] [stdout] test tests::test_float::test_addmul_float ... ok
[INFO] [stdout] test tests::test_eval::test_typecheck9 ... ok
[INFO] [stdout] test tests::test_eval::test_typecheck3 ... ok
[INFO] [stdout] test tests::test_eval::test_let2 ... ok
[INFO] [stdout] test tests::test_eval::test_unbound ... ok
[INFO] [stdout] test tests::test_float::test_float_add ... ok
[INFO] [stdout] test tests::test_eval::test_is ... ok
[INFO] [stdout] test tests::test_float::test_float_prefix ... ok
[INFO] [stdout] test tests::test_eval::test_let3 ... ok
[INFO] [stdout] test tests::test_float::test_float_at_least_at_most ... ok
[INFO] [stdout] test tests::test_integer::test_addmul_integer ... ok
[INFO] [stdout] test tests::test_integer::test_add_integer ... ok
[INFO] [stdout] test tests::test_float::test_float_as_integer ... ok
[INFO] [stdout] test tests::test_eval::test_typecheck4 ... ok
[INFO] [stdout] test tests::test_float::test_float_div ... ok
[INFO] [stdout] test tests::test_float::test_float_sub ... ok
[INFO] [stdout] test tests::test_integer::test_decimal_integer ... ok
[INFO] [stdout] test tests::test_integer::test_bad_binary_integer ... ok
[INFO] [stdout] test tests::test_integer::test_binary_integer ... ok
[INFO] [stdout] test tests::test_integer::test_hex_integer ... ok
[INFO] [stdout] test tests::test_integer::test_bad_hex_integer ... ok
[INFO] [stdout] test tests::test_integer::test_bad_decimal_integer ... ok
[INFO] [stdout] test tests::test_float::test_float_mul ... ok
[INFO] [stdout] test tests::test_integer::test_integer_as_float ... ok
[INFO] [stdout] test tests::test_integer::test_integer_as_integer ... ok
[INFO] [stdout] test tests::test_integer::test_integer_times ... ok
[INFO] [stdout] test tests::test_parser::parse_block_args ... ok
[INFO] [stdout] test tests::test_parser::parse_block_no_args ... ok
[INFO] [stdout] test tests::test_parser::parse_decimal ... ok
[INFO] [stdout] test tests::test_parser::parse_float1 ... ok
[INFO] [stdout] test tests::test_parser::parse_float2 ... ok
[INFO] [stdout] test tests::test_parser::parse_float3 ... ok
[INFO] [stdout] test tests::test_parser::parse_hexadecimal ... ok
[INFO] [stdout] test tests::test_integer::test_integer_prefix_minus ... ok
[INFO] [stdout] test tests::test_parser::parse_method1 ... ok
[INFO] [stdout] test tests::test_parser::parse_method2 ... ok
[INFO] [stdout] test tests::test_parser::parse_operators1 ... ok
[INFO] [stdout] test tests::test_parser::parse_operators2 ... ok
[INFO] [stdout] test tests::test_parser::parse_binary ... ok
[INFO] [stdout] test tests::test_float::test_float_lt ... ok
[INFO] [stdout] test tests::test_float::test_float_equals ... ok
[INFO] [stdout] test tests::test_parser::parse_operators3 ... ok
[INFO] [stdout] test tests::test_parser::parse_parens ... ok
[INFO] [stdout] test tests::test_parser::parse_method3 ... ok
[INFO] [stdout] test tests::test_float::test_float_lte ... ok
[INFO] [stdout] test tests::test_integer::test_mul_integer ... ok
[INFO] [stdout] test tests::test_integer::test_sub_integer ... ok
[INFO] [stdout] test tests::test_parser::parse_return1 ... ok
[INFO] [stdout] test tests::test_parser::test_comments1 ... ok
[INFO] [stdout] test tests::test_parser::parse_string2 ... ok
[INFO] [stdout] test tests::test_parser::test_keyword2 ... ok
[INFO] [stdout] test tests::test_parser::parse_type_assertions3 ... ok
[INFO] [stdout] test tests::test_parser::parse_type_assertions2 ... ok
[INFO] [stdout] test tests::test_parser::test_let2 ... ok
[INFO] [stdout] test tests::test_integer::test_div_integer ... ok
[INFO] [stdout] test tests::test_parser::parse_type_assertions1 ... ok
[INFO] [stdout] test tests::test_parser::parse_var1 ... ok
[INFO] [stdout] test tests::test_parser::parse_var2 ... ok
[INFO] [stdout] test tests::test_parser::test_newlines2 ... ok
[INFO] [stdout] test tests::test_parser::test_parse_array1 ... ok
[INFO] [stdout] test tests::test_parser::test_keyword1 ... ok
[INFO] [stdout] test tests::test_parser::test_parse_array2 ... ok
[INFO] [stdout] test tests::test_parser::test_parse_array3 ... ok
[INFO] [stdout] test tests::test_parser::test_parse_array0 ... ok
[INFO] [stdout] test tests::test_parser::test_parse_dict2 ... ok
[INFO] [stdout] test tests::test_parser::test_newlines1 ... ok
[INFO] [stdout] test tests::test_parser::test_parse_class1 ... ok
[INFO] [stdout] test tests::test_parser::test_parse_dict3 ... ok
[INFO] [stdout] test tests::test_parser::test_parse_dict4 ... ok
[INFO] [stdout] test tests::test_parser::test_parse_extend1 ... ok
[INFO] [stdout] test tests::test_parser::test_parse_import1 ... ok
[INFO] [stdout] test tests::test_float::test_float_gte ... ok
[INFO] [stdout] test tests::test_parser::test_parse_import2 ... ok
[INFO] [stdout] test tests::test_float::test_float_gt ... ok
[INFO] [stdout] test tests::test_parser::parse_string1 ... ok
[INFO] [stdout] test tests::test_parser::test_sequence3 ... ok
[INFO] [stdout] test tests::test_parser::test_parse_interface1 ... ok
[INFO] [stdout] test tests::test_parser::test_sequence1 ... ok
[INFO] [stdout] test tests::test_parser::test_parse_dict1 ... ok
[INFO] [stdout] test tests::test_parser::test_parse_cascade2 ... ok
[INFO] [stdout] test tests::test_parser::test_parse_cascade1 ... ok
[INFO] [stdout] test tests::test_parser::test_sequence2 ... ok
[INFO] [stdout] test tests::test_parser::test_let1 ... ok
[INFO] [stdout] test tests::test_tokenstream::run_test_vectors ... ok
[INFO] [stdout] test tests::test_string::test_escape_string1 ... ok
[INFO] [stdout] test tests::test_string::test_empty_string ... ok
[INFO] [stdout] test tests::test_string::test_string_append ... ok
[INFO] [stdout] test tests::test_string::test_string_interpolation1 ... ok
[INFO] [stdout] test tests::test_string::test_newline_escape_string ... ok
[INFO] [stdout] test tests::test_integer::test_integer_equal ... ok
[INFO] [stdout] test tests::test_string::test_interpolated_error_location ... ok
[INFO] [stdout] test tests::test_integer::test_integer_greater_than ... ok
[INFO] [stdout] test tests::test_integer::test_integer_greater_than_or_equal ... ok
[INFO] [stdout] test tests::test_integer::test_integer_less_than_or_equal ... ok
[INFO] [stdout] test tests::test_integer::test_integer_less_than ... ok
[INFO] [stdout] 
[INFO] [stdout] test result: ok. 183 passed; 0 failed; 1 ignored; 0 measured; 0 filtered out; finished in 1.41s
[INFO] [stdout] 
[INFO] [stderr]      Running unittests (/opt/rustwide/target/debug/deps/bench-44b415809e7658a5)
[INFO] [stdout] 
[INFO] [stderr]      Running unittests (/opt/rustwide/target/debug/deps/foo-5e279323401a06a9)
[INFO] [stdout] running 0 tests
[INFO] [stderr]      Running tests/output.rs (/opt/rustwide/target/debug/deps/output-b4afd22f5659cfd0)
[INFO] [stdout] 
[INFO] [stdout] test result: ok. 0 passed; 0 failed; 0 ignored; 0 measured; 0 filtered out; finished in 0.00s
[INFO] [stdout] 
[INFO] [stdout] 
[INFO] [stdout] running 0 tests
[INFO] [stdout] 
[INFO] [stdout] test result: ok. 0 passed; 0 failed; 0 ignored; 0 measured; 0 filtered out; finished in 0.00s
[INFO] [stdout] 
[INFO] [stdout] 
[INFO] [stdout] running 27 tests
[INFO] [stdout] test example_flying ... ignored
[INFO] [stdout] test test_bad_class ... ok
[INFO] [stdout] test test_array_let1 ... ok
[INFO] [stdout] test test_import_bar_y ... ok
[INFO] [stdout] test test_import_x_identity ... ok
[INFO] [stdout] test example_hello ... ok
[INFO] [stdout] test test_interface_inheritance ... ok
[INFO] [stdout] test test_exit_42 ... ok
[INFO] [stdout] test test_exit_zero ... ok
[INFO] [stdout] test test_prelude2 ... ok
[INFO] [stdout] test test_import_x_star ... ok
[INFO] [stdout] test test_interface_unimplemented ... ok
[INFO] [stdout] test test_interface_ok ... ok
[INFO] [stdout] test test_prelude1 ... ok
[INFO] [stdout] test test_array_let2 ... ok
[INFO] [stdout] test example_hello_x ... ok
[INFO] [stdout] test test_interface_typecheck ... ok
[INFO] [stdout] test test_import_x ... ok
[INFO] [stdout] test test_import_x_no_use_no_local ... ok
[INFO] [stdout] test test_print_flush ... ok
[INFO] [stdout] test test_import_x_local ... ok
[INFO] [stdout] test test_interface_bad_signature ... ok
[INFO] [stdout] test test_repl ... ok
[INFO] [stdout] test test_print_no_flush ... FAILED
[INFO] [stdout] test test_benchmarks ... ok
[INFO] [stdout] test test_abort ... ok
[INFO] [stdout] test test_test ... ok
[INFO] [stdout] 
[INFO] [stdout] failures:
[INFO] [stdout] 
[INFO] [stdout] ---- test_print_no_flush stdout ----
[INFO] [stdout] thread 'test_print_no_flush' panicked at 'Unexpected stdout, failed var - original <= 0
[INFO] [stdout] ├── original: 
[INFO] [stdout] ├── actual distance: 2
[INFO] [stdout] ├── diff: [92mFoo[0m
[INFO] [stdout] 
[INFO] [stdout] └── var as str: Foo
[INFO] [stdout] 
[INFO] [stdout] command=`"/opt/rustwide/target/debug/foo" "foo/tests/test_print_no_flush.foo"`
[INFO] [stdout] code=0
[INFO] [stdout] stdout=```Foo```
[INFO] [stdout] stderr=``````
[INFO] [stdout] ', /opt/rustwide/cargo-home/registry/src/github.com-1ecc6299db9ec823/assert_cmd-0.12.0/src/assert.rs:353:17
[INFO] [stdout] stack backtrace:
[INFO] [stdout]    0:     0x55c3fab129d0 - std::backtrace_rs::backtrace::libunwind::trace::hff4d1766e93f64f1
[INFO] [stdout]                                at /rustc/53fd98ca776cb875bc9e5514f56b52eb74f9e7a9/library/std/src/../../backtrace/src/backtrace/libunwind.rs:90:5
[INFO] [stdout]    1:     0x55c3fab129d0 - std::backtrace_rs::backtrace::trace_unsynchronized::h56bbc8eb78770bcb
[INFO] [stdout]                                at /rustc/53fd98ca776cb875bc9e5514f56b52eb74f9e7a9/library/std/src/../../backtrace/src/backtrace/mod.rs:66:5
[INFO] [stdout]    2:     0x55c3fab129d0 - std::sys_common::backtrace::_print_fmt::h5c8e75464faca780
[INFO] [stdout]                                at /rustc/53fd98ca776cb875bc9e5514f56b52eb74f9e7a9/library/std/src/sys_common/backtrace.rs:67:5
[INFO] [stdout]    3:     0x55c3fab129d0 - <std::sys_common::backtrace::_print::DisplayBacktrace as core::fmt::Display>::fmt::h48b88277def8b362
[INFO] [stdout]                                at /rustc/53fd98ca776cb875bc9e5514f56b52eb74f9e7a9/library/std/src/sys_common/backtrace.rs:46:22
[INFO] [stdout]    4:     0x55c3fab3566c - core::fmt::write::h3381b3176fe2b3d3
[INFO] [stdout]                                at /rustc/53fd98ca776cb875bc9e5514f56b52eb74f9e7a9/library/core/src/fmt/mod.rs:1115:17
[INFO] [stdout]    5:     0x55c3fab0f465 - std::io::Write::write_fmt::h5f34a676f60246b5
[INFO] [stdout]                                at /rustc/53fd98ca776cb875bc9e5514f56b52eb74f9e7a9/library/std/src/io/mod.rs:1665:15
[INFO] [stdout]    6:     0x55c3fab14b4b - std::sys_common::backtrace::_print::ha537687d6c17dd0d
[INFO] [stdout]                                at /rustc/53fd98ca776cb875bc9e5514f56b52eb74f9e7a9/library/std/src/sys_common/backtrace.rs:49:5
[INFO] [stdout]    7:     0x55c3fab14b4b - std::sys_common::backtrace::print::h61376ae57d131d72
[INFO] [stdout]                                at /rustc/53fd98ca776cb875bc9e5514f56b52eb74f9e7a9/library/std/src/sys_common/backtrace.rs:36:9
[INFO] [stdout]    8:     0x55c3fab14b4b - std::panicking::default_hook::{{closure}}::h0f7208c0b9644a54
[INFO] [stdout]                                at /rustc/53fd98ca776cb875bc9e5514f56b52eb74f9e7a9/library/std/src/panicking.rs:208:50
[INFO] [stdout]    9:     0x55c3fab1465c - std::panicking::default_hook::hdac7fc06578c14ce
[INFO] [stdout]                                at /rustc/53fd98ca776cb875bc9e5514f56b52eb74f9e7a9/library/std/src/panicking.rs:222:9
[INFO] [stdout]   10:     0x55c3fab15214 - std::panicking::rust_panic_with_hook::h72b21c283da3d1ef
[INFO] [stdout]                                at /rustc/53fd98ca776cb875bc9e5514f56b52eb74f9e7a9/library/std/src/panicking.rs:622:17
[INFO] [stdout]   11:     0x55c3fab14cf7 - std::panicking::begin_panic_handler::{{closure}}::he5778f1729cff84a
[INFO] [stdout]                                at /rustc/53fd98ca776cb875bc9e5514f56b52eb74f9e7a9/library/std/src/panicking.rs:519:13
[INFO] [stdout]   12:     0x55c3fab12eac - std::sys_common::backtrace::__rust_end_short_backtrace::h2d11ca8b453b4b1d
[INFO] [stdout]                                at /rustc/53fd98ca776cb875bc9e5514f56b52eb74f9e7a9/library/std/src/sys_common/backtrace.rs:141:18
[INFO] [stdout]   13:     0x55c3fab14c59 - rust_begin_unwind
[INFO] [stdout]                                at /rustc/53fd98ca776cb875bc9e5514f56b52eb74f9e7a9/library/std/src/panicking.rs:515:5
[INFO] [stdout]   14:     0x55c3faa84c8b - std::panicking::begin_panic_fmt::h746518bde832d259
[INFO] [stdout]                                at /rustc/53fd98ca776cb875bc9e5514f56b52eb74f9e7a9/library/std/src/panicking.rs:457:5
[INFO] [stdout]   15:     0x55c3faaccb05 - assert_cmd::assert::Assert::stdout_impl::h243e3f9183421e37
[INFO] [stdout]                                at /opt/rustwide/cargo-home/registry/src/github.com-1ecc6299db9ec823/assert_cmd-0.12.0/src/assert.rs:353:17
[INFO] [stdout]   16:     0x55c3faa8c275 - assert_cmd::assert::Assert::stdout::h7ba7b25e64e93030
[INFO] [stdout]                                at /opt/rustwide/cargo-home/registry/src/github.com-1ecc6299db9ec823/assert_cmd-0.12.0/src/assert.rs:346:9
[INFO] [stdout]   17:     0x55c3faa868ee - output::test_print_no_flush::hfe559741d0b7c9e2
[INFO] [stdout]                                at /opt/rustwide/workdir/tests/output.rs:63:5
[INFO] [stdout]   18:     0x55c3faa8676e - output::test_print_no_flush::{{closure}}::h36dfdd7ce8132d0e
[INFO] [stdout]                                at /opt/rustwide/workdir/tests/output.rs:60:1
[INFO] [stdout]   19:     0x55c3faa8d91e - core::ops::function::FnOnce::call_once::h788891f8cb2932c2
[INFO] [stdout]                                at /rustc/53fd98ca776cb875bc9e5514f56b52eb74f9e7a9/library/core/src/ops/function.rs:227:5
[INFO] [stdout]   20:     0x55c3faac3853 - core::ops::function::FnOnce::call_once::hbb52c4519d3137b0
[INFO] [stdout]                                at /rustc/53fd98ca776cb875bc9e5514f56b52eb74f9e7a9/library/core/src/ops/function.rs:227:5
[INFO] [stdout]   21:     0x55c3faac3853 - test::__rust_begin_short_backtrace::h86fe3a2a5a5121af
[INFO] [stdout]                                at /rustc/53fd98ca776cb875bc9e5514f56b52eb74f9e7a9/library/test/src/lib.rs:578:5
[INFO] [stdout]   22:     0x55c3faac2308 - <alloc::boxed::Box<F,A> as core::ops::function::FnOnce<Args>>::call_once::hfd956bc3d57399be
[INFO] [stdout]                                at /rustc/53fd98ca776cb875bc9e5514f56b52eb74f9e7a9/library/alloc/src/boxed.rs:1572:9
[INFO] [stdout]   23:     0x55c3faac2308 - <std::panic::AssertUnwindSafe<F> as core::ops::function::FnOnce<()>>::call_once::h40dc93e0ddb5938a
[INFO] [stdout]                                at /rustc/53fd98ca776cb875bc9e5514f56b52eb74f9e7a9/library/std/src/panic.rs:347:9
[INFO] [stdout]   24:     0x55c3faac2308 - std::panicking::try::do_call::h90d07750cb47c562
[INFO] [stdout]                                at /rustc/53fd98ca776cb875bc9e5514f56b52eb74f9e7a9/library/std/src/panicking.rs:401:40
[INFO] [stdout]   25:     0x55c3faac2308 - std::panicking::try::h063c84733ad2a629
[INFO] [stdout]                                at /rustc/53fd98ca776cb875bc9e5514f56b52eb74f9e7a9/library/std/src/panicking.rs:365:19
[INFO] [stdout]   26:     0x55c3faac2308 - std::panic::catch_unwind::h0c464836a84e7c08
[INFO] [stdout]                                at /rustc/53fd98ca776cb875bc9e5514f56b52eb74f9e7a9/library/std/src/panic.rs:434:14
[INFO] [stdout]   27:     0x55c3faac2308 - test::run_test_in_process::h5cb06ef620b157fc
[INFO] [stdout]                                at /rustc/53fd98ca776cb875bc9e5514f56b52eb74f9e7a9/library/test/src/lib.rs:601:18
[INFO] [stdout]   28:     0x55c3faac2308 - test::run_test::run_test_inner::{{closure}}::h76f677f4b93f9828
[INFO] [stdout]                                at /rustc/53fd98ca776cb875bc9e5514f56b52eb74f9e7a9/library/test/src/lib.rs:493:39
[INFO] [stdout]   29:     0x55c3faa90a9d - test::run_test::run_test_inner::{{closure}}::h366d01fe04f4d67a
[INFO] [stdout]                                at /rustc/53fd98ca776cb875bc9e5514f56b52eb74f9e7a9/library/test/src/lib.rs:520:37
[INFO] [stdout]   30:     0x55c3faa90a9d - std::sys_common::backtrace::__rust_begin_short_backtrace::h7dfa0de4eb395af2
[INFO] [stdout]                                at /rustc/53fd98ca776cb875bc9e5514f56b52eb74f9e7a9/library/std/src/sys_common/backtrace.rs:125:18
[INFO] [stdout]   31:     0x55c3faa95268 - std::thread::Builder::spawn_unchecked::{{closure}}::{{closure}}::hf0a74bb58798037f
[INFO] [stdout]                                at /rustc/53fd98ca776cb875bc9e5514f56b52eb74f9e7a9/library/std/src/thread/mod.rs:476:17
[INFO] [stdout]   32:     0x55c3faa95268 - <std::panic::AssertUnwindSafe<F> as core::ops::function::FnOnce<()>>::call_once::hb024e854818586ac
[INFO] [stdout]                                at /rustc/53fd98ca776cb875bc9e5514f56b52eb74f9e7a9/library/std/src/panic.rs:347:9
[INFO] [stdout]   33:     0x55c3faa95268 - std::panicking::try::do_call::hb2dd9f1d0d48e41d
[INFO] [stdout]                                at /rustc/53fd98ca776cb875bc9e5514f56b52eb74f9e7a9/library/std/src/panicking.rs:401:40
[INFO] [stdout]   34:     0x55c3faa95268 - std::panicking::try::h4717ae7bac8b2bf3
[INFO] [stdout]                                at /rustc/53fd98ca776cb875bc9e5514f56b52eb74f9e7a9/library/std/src/panicking.rs:365:19
[INFO] [stdout]   35:     0x55c3faa95268 - std::panic::catch_unwind::h0dc8a061326ce8d8
[INFO] [stdout]                                at /rustc/53fd98ca776cb875bc9e5514f56b52eb74f9e7a9/library/std/src/panic.rs:434:14
[INFO] [stdout]   36:     0x55c3faa95268 - std::thread::Builder::spawn_unchecked::{{closure}}::haa369e2d6fd00aa1
[INFO] [stdout]                                at /rustc/53fd98ca776cb875bc9e5514f56b52eb74f9e7a9/library/std/src/thread/mod.rs:475:30
[INFO] [stdout]   37:     0x55c3faa95268 - core::ops::function::FnOnce::call_once{{vtable.shim}}::h36dcf3de8b056f17
[INFO] [stdout]                                at /rustc/53fd98ca776cb875bc9e5514f56b52eb74f9e7a9/library/core/src/ops/function.rs:227:5
[INFO] [stdout]   38:     0x55c3fab1a097 - <alloc::boxed::Box<F,A> as core::ops::function::FnOnce<Args>>::call_once::h65c29e4642be2358
[INFO] [stdout]                                at /rustc/53fd98ca776cb875bc9e5514f56b52eb74f9e7a9/library/alloc/src/boxed.rs:1572:9
[INFO] [stdout]   39:     0x55c3fab1a097 - <alloc::boxed::Box<F,A> as core::ops::function::FnOnce<Args>>::call_once::hd0f8f7fbbd9fffbf
[INFO] [stdout]                                at /rustc/53fd98ca776cb875bc9e5514f56b52eb74f9e7a9/library/alloc/src/boxed.rs:1572:9
[INFO] [stdout]   40:     0x55c3fab1a097 - std::sys::unix::thread::Thread::new::thread_start::h2fd22fee3ca77b65
[INFO] [stdout]                                at /rustc/53fd98ca776cb875bc9e5514f56b52eb74f9e7a9/library/std/src/sys/unix/thread.rs:74:17
[INFO] [stdout]   41:     0x7f442db0c609 - start_thread
[INFO] [stdout]   42:     0x7f442d8de293 - clone
[INFO] [stdout]   43:                0x0 - <unknown>
[INFO] [stdout] 
[INFO] [stdout] 
[INFO] [stdout] failures:
[INFO] [stdout]     test_print_no_flush
[INFO] [stdout] 
[INFO] [stdout] test result: FAILED. 25 passed; 1 failed; 1 ignored; 0 measured; 0 filtered out; finished in 0.39s
[INFO] [stdout] 
[INFO] [stderr] error: test failed, to rerun pass '--test output'
[INFO] running `Command { std: "docker" "inspect" "5eded9c50594ffffec98dfc04c954b1d8d8da8812f447a6c3fb10c4af418ce4a", kill_on_drop: false }`
[INFO] running `Command { std: "docker" "rm" "-f" "5eded9c50594ffffec98dfc04c954b1d8d8da8812f447a6c3fb10c4af418ce4a", kill_on_drop: false }`
[INFO] [stdout] 5eded9c50594ffffec98dfc04c954b1d8d8da8812f447a6c3fb10c4af418ce4a
