[INFO] fetching crate fmedia 0.2.0...
[INFO] testing fmedia-0.2.0 against 1.54.0 for beta-1.55-1
[INFO] extracting crate fmedia 0.2.0 into /workspace/builds/worker-13/source
[INFO] validating manifest of crates.io crate fmedia 0.2.0 on toolchain 1.54.0
[INFO] running `Command { std: "/workspace/cargo-home/bin/cargo" "+1.54.0" "metadata" "--manifest-path" "Cargo.toml" "--no-deps", kill_on_drop: false }`
[INFO] started tweaking crates.io crate fmedia 0.2.0
[INFO] finished tweaking crates.io crate fmedia 0.2.0
[INFO] tweaked toml for crates.io crate fmedia 0.2.0 written to /workspace/builds/worker-13/source/Cargo.toml
[INFO] crate crates.io crate fmedia 0.2.0 already has a lockfile, it will not be regenerated
[INFO] running `Command { std: "/workspace/cargo-home/bin/cargo" "+1.54.0" "fetch" "--manifest-path" "Cargo.toml", kill_on_drop: false }`
[INFO] [stderr]     Blocking waiting for file lock on package cache
[INFO] running `Command { std: "docker" "create" "-v" "/var/lib/crater-agent-workspace/builds/worker-13/target:/opt/rustwide/target:rw,Z" "-v" "/var/lib/crater-agent-workspace/builds/worker-13/source:/opt/rustwide/workdir:ro,Z" "-v" "/var/lib/crater-agent-workspace/cargo-home:/opt/rustwide/cargo-home:ro,Z" "-v" "/var/lib/crater-agent-workspace/rustup-home:/opt/rustwide/rustup-home:ro,Z" "-e" "SOURCE_DIR=/opt/rustwide/workdir" "-e" "CARGO_TARGET_DIR=/opt/rustwide/target" "-e" "CARGO_HOME=/opt/rustwide/cargo-home" "-e" "RUSTUP_HOME=/opt/rustwide/rustup-home" "-w" "/opt/rustwide/workdir" "-m" "1610612736" "--user" "0:0" "--network" "none" "ghcr.io/rust-lang/crates-build-env/linux@sha256:34b6a614d2c27851fe6cbf88fbd1137609cefab8b10d0615aaeb6fd47975d74e" "/opt/rustwide/cargo-home/bin/cargo" "+1.54.0" "metadata" "--no-deps" "--format-version=1", kill_on_drop: false }`
[INFO] [stdout] dec50bbc27d783eea76787b07ac309f941a8652c3aeb9ebfe8ff6566b6e865f7
[INFO] [stderr] WARNING: Your kernel does not support swap limit capabilities or the cgroup is not mounted. Memory limited without swap.
[INFO] running `Command { std: "docker" "start" "-a" "dec50bbc27d783eea76787b07ac309f941a8652c3aeb9ebfe8ff6566b6e865f7", kill_on_drop: false }`
[INFO] running `Command { std: "docker" "inspect" "dec50bbc27d783eea76787b07ac309f941a8652c3aeb9ebfe8ff6566b6e865f7", kill_on_drop: false }`
[INFO] running `Command { std: "docker" "rm" "-f" "dec50bbc27d783eea76787b07ac309f941a8652c3aeb9ebfe8ff6566b6e865f7", kill_on_drop: false }`
[INFO] [stdout] dec50bbc27d783eea76787b07ac309f941a8652c3aeb9ebfe8ff6566b6e865f7
[INFO] running `Command { std: "docker" "create" "-v" "/var/lib/crater-agent-workspace/builds/worker-13/target:/opt/rustwide/target:rw,Z" "-v" "/var/lib/crater-agent-workspace/builds/worker-13/source:/opt/rustwide/workdir:ro,Z" "-v" "/var/lib/crater-agent-workspace/cargo-home:/opt/rustwide/cargo-home:ro,Z" "-v" "/var/lib/crater-agent-workspace/rustup-home:/opt/rustwide/rustup-home:ro,Z" "-e" "SOURCE_DIR=/opt/rustwide/workdir" "-e" "CARGO_TARGET_DIR=/opt/rustwide/target" "-e" "CARGO_INCREMENTAL=0" "-e" "RUST_BACKTRACE=full" "-e" "RUSTFLAGS=--cap-lints=warn" "-e" "CARGO_HOME=/opt/rustwide/cargo-home" "-e" "RUSTUP_HOME=/opt/rustwide/rustup-home" "-w" "/opt/rustwide/workdir" "-m" "1610612736" "--user" "0:0" "--network" "none" "ghcr.io/rust-lang/crates-build-env/linux@sha256:34b6a614d2c27851fe6cbf88fbd1137609cefab8b10d0615aaeb6fd47975d74e" "/opt/rustwide/cargo-home/bin/cargo" "+1.54.0" "build" "--frozen" "--message-format=json", kill_on_drop: false }`
[INFO] [stdout] 4159848602b9803bba16dbfa37eb883a96ee359007fc7abe6ec19946791df9ba
[INFO] [stderr] WARNING: Your kernel does not support swap limit capabilities or the cgroup is not mounted. Memory limited without swap.
[INFO] running `Command { std: "docker" "start" "-a" "4159848602b9803bba16dbfa37eb883a96ee359007fc7abe6ec19946791df9ba", kill_on_drop: false }`
[INFO] [stderr]    Compiling fmedia v0.2.0 (/opt/rustwide/workdir)
[INFO] [stderr]     Finished dev [unoptimized + debuginfo] target(s) in 1.66s
[INFO] running `Command { std: "docker" "inspect" "4159848602b9803bba16dbfa37eb883a96ee359007fc7abe6ec19946791df9ba", kill_on_drop: false }`
[INFO] running `Command { std: "docker" "rm" "-f" "4159848602b9803bba16dbfa37eb883a96ee359007fc7abe6ec19946791df9ba", kill_on_drop: false }`
[INFO] [stdout] 4159848602b9803bba16dbfa37eb883a96ee359007fc7abe6ec19946791df9ba
[INFO] running `Command { std: "docker" "create" "-v" "/var/lib/crater-agent-workspace/builds/worker-13/target:/opt/rustwide/target:rw,Z" "-v" "/var/lib/crater-agent-workspace/builds/worker-13/source:/opt/rustwide/workdir:ro,Z" "-v" "/var/lib/crater-agent-workspace/cargo-home:/opt/rustwide/cargo-home:ro,Z" "-v" "/var/lib/crater-agent-workspace/rustup-home:/opt/rustwide/rustup-home:ro,Z" "-e" "SOURCE_DIR=/opt/rustwide/workdir" "-e" "CARGO_TARGET_DIR=/opt/rustwide/target" "-e" "CARGO_INCREMENTAL=0" "-e" "RUST_BACKTRACE=full" "-e" "RUSTFLAGS=--cap-lints=warn" "-e" "CARGO_HOME=/opt/rustwide/cargo-home" "-e" "RUSTUP_HOME=/opt/rustwide/rustup-home" "-w" "/opt/rustwide/workdir" "-m" "1610612736" "--user" "0:0" "--network" "none" "ghcr.io/rust-lang/crates-build-env/linux@sha256:34b6a614d2c27851fe6cbf88fbd1137609cefab8b10d0615aaeb6fd47975d74e" "/opt/rustwide/cargo-home/bin/cargo" "+1.54.0" "test" "--frozen" "--no-run" "--message-format=json", kill_on_drop: false }`
[INFO] [stdout] 809ec86b49cce517fb3caa0859d39112d3a2916047f9b4108bffa7e1f23440c5
[INFO] [stderr] WARNING: Your kernel does not support swap limit capabilities or the cgroup is not mounted. Memory limited without swap.
[INFO] running `Command { std: "docker" "start" "-a" "809ec86b49cce517fb3caa0859d39112d3a2916047f9b4108bffa7e1f23440c5", kill_on_drop: false }`
[INFO] [stderr]    Compiling fmedia v0.2.0 (/opt/rustwide/workdir)
[INFO] [stderr]     Finished test [unoptimized + debuginfo] target(s) in 1.03s
[INFO] running `Command { std: "docker" "inspect" "809ec86b49cce517fb3caa0859d39112d3a2916047f9b4108bffa7e1f23440c5", kill_on_drop: false }`
[INFO] running `Command { std: "docker" "rm" "-f" "809ec86b49cce517fb3caa0859d39112d3a2916047f9b4108bffa7e1f23440c5", kill_on_drop: false }`
[INFO] [stdout] 809ec86b49cce517fb3caa0859d39112d3a2916047f9b4108bffa7e1f23440c5
[INFO] running `Command { std: "docker" "create" "-v" "/var/lib/crater-agent-workspace/builds/worker-13/target:/opt/rustwide/target:rw,Z" "-v" "/var/lib/crater-agent-workspace/builds/worker-13/source:/opt/rustwide/workdir:ro,Z" "-v" "/var/lib/crater-agent-workspace/cargo-home:/opt/rustwide/cargo-home:ro,Z" "-v" "/var/lib/crater-agent-workspace/rustup-home:/opt/rustwide/rustup-home:ro,Z" "-e" "SOURCE_DIR=/opt/rustwide/workdir" "-e" "CARGO_TARGET_DIR=/opt/rustwide/target" "-e" "CARGO_INCREMENTAL=0" "-e" "RUST_BACKTRACE=full" "-e" "RUSTFLAGS=--cap-lints=warn" "-e" "CARGO_HOME=/opt/rustwide/cargo-home" "-e" "RUSTUP_HOME=/opt/rustwide/rustup-home" "-w" "/opt/rustwide/workdir" "-m" "1610612736" "--user" "0:0" "--network" "none" "ghcr.io/rust-lang/crates-build-env/linux@sha256:34b6a614d2c27851fe6cbf88fbd1137609cefab8b10d0615aaeb6fd47975d74e" "/opt/rustwide/cargo-home/bin/cargo" "+1.54.0" "test" "--frozen", kill_on_drop: false }`
[INFO] [stdout] 6021f400e84d7360ae318948ea51429fcf1f219d68862098234d2a60c027284b
[INFO] [stderr] WARNING: Your kernel does not support swap limit capabilities or the cgroup is not mounted. Memory limited without swap.
[INFO] running `Command { std: "docker" "start" "-a" "6021f400e84d7360ae318948ea51429fcf1f219d68862098234d2a60c027284b", kill_on_drop: false }`
[INFO] [stderr]     Finished test [unoptimized + debuginfo] target(s) in 0.01s
[INFO] [stdout] 
[INFO] [stderr]      Running unittests (/opt/rustwide/target/debug/deps/fmedia-94a8f01c43e2a631)
[INFO] [stdout] running 0 tests
[INFO] [stderr]    Doc-tests fmedia
[INFO] [stdout] 
[INFO] [stdout] test result: ok. 0 passed; 0 failed; 0 ignored; 0 measured; 0 filtered out; finished in 0.00s
[INFO] [stdout] 
[INFO] [stdout] 
[INFO] [stdout] running 2 tests
[INFO] [stdout] test src/lib.rs - FileExtension::from_media_type (line 49) ... FAILED
[INFO] [stdout] test src/lib.rs - MediaType::from_file_extension (line 14) ... FAILED
[INFO] [stdout] 
[INFO] [stdout] failures:
[INFO] [stdout] 
[INFO] [stdout] ---- src/lib.rs - FileExtension::from_media_type (line 49) stdout ----
[INFO] [stdout] error[E0433]: failed to resolve: use of undeclared type `FileExtension`
[INFO] [stdout]  --> src/lib.rs:52:5
[INFO] [stdout]   |
[INFO] [stdout] 5 |     FileExtension::from_media_type("image/png").unwrap()
[INFO] [stdout]   |     ^^^^^^^^^^^^^ not found in this scope
[INFO] [stdout]   |
[INFO] [stdout] help: consider importing this struct
[INFO] [stdout]   |
[INFO] [stdout] 2 | use fmedia::FileExtension;
[INFO] [stdout]   |
[INFO] [stdout] 
[INFO] [stdout] error[E0433]: failed to resolve: use of undeclared type `FileExtension`
[INFO] [stdout]  --> src/lib.rs:56:5
[INFO] [stdout]   |
[INFO] [stdout] 9 |     FileExtension::from_media_type("image/jpeg").unwrap()
[INFO] [stdout]   |     ^^^^^^^^^^^^^ not found in this scope
[INFO] [stdout]   |
[INFO] [stdout] help: consider importing this struct
[INFO] [stdout]   |
[INFO] [stdout] 2 | use fmedia::FileExtension;
[INFO] [stdout]   |
[INFO] [stdout] 
[INFO] [stdout] error[E0433]: failed to resolve: use of undeclared type `FileExtension`
[INFO] [stdout]   --> src/lib.rs:60:5
[INFO] [stdout]    |
[INFO] [stdout] 13 |     FileExtension::from_media_type("image/svg+xml").unwrap()
[INFO] [stdout]    |     ^^^^^^^^^^^^^ not found in this scope
[INFO] [stdout]    |
[INFO] [stdout] help: consider importing this struct
[INFO] [stdout]    |
[INFO] [stdout] 2  | use fmedia::FileExtension;
[INFO] [stdout]    |
[INFO] [stdout] 
[INFO] [stdout] error[E0433]: failed to resolve: use of undeclared type `FileExtension`
[INFO] [stdout]   --> src/lib.rs:64:5
[INFO] [stdout]    |
[INFO] [stdout] 17 |     FileExtension::from_media_type("application/json").unwrap()
[INFO] [stdout]    |     ^^^^^^^^^^^^^ not found in this scope
[INFO] [stdout]    |
[INFO] [stdout] help: consider importing this struct
[INFO] [stdout]    |
[INFO] [stdout] 2  | use fmedia::FileExtension;
[INFO] [stdout]    |
[INFO] [stdout] 
[INFO] [stdout] error: aborting due to 4 previous errors
[INFO] [stdout] 
[INFO] [stdout] For more information about this error, try `rustc --explain E0433`.
[INFO] [stdout] Couldn't compile the test.
[INFO] [stdout] ---- src/lib.rs - MediaType::from_file_extension (line 14) stdout ----
[INFO] [stdout] error[E0433]: failed to resolve: use of undeclared type `MediaType`
[INFO] [stdout]  --> src/lib.rs:15:25
[INFO] [stdout]   |
[INFO] [stdout] 3 | assert_eq!("image/png", MediaType::from_file_extension("png").unwrap());
[INFO] [stdout]   |                         ^^^^^^^^^ not found in this scope
[INFO] [stdout]   |
[INFO] [stdout] help: consider importing this struct
[INFO] [stdout]   |
[INFO] [stdout] 2 | use fmedia::MediaType;
[INFO] [stdout]   |
[INFO] [stdout] 
[INFO] [stdout] error[E0433]: failed to resolve: use of undeclared type `MediaType`
[INFO] [stdout]  --> src/lib.rs:18:5
[INFO] [stdout]   |
[INFO] [stdout] 6 |     MediaType::from_file_extension("jpeg").unwrap()
[INFO] [stdout]   |     ^^^^^^^^^ not found in this scope
[INFO] [stdout]   |
[INFO] [stdout] help: consider importing this struct
[INFO] [stdout]   |
[INFO] [stdout] 2 | use fmedia::MediaType;
[INFO] [stdout]   |
[INFO] [stdout] 
[INFO] [stdout] error[E0433]: failed to resolve: use of undeclared type `MediaType`
[INFO] [stdout]   --> src/lib.rs:22:5
[INFO] [stdout]    |
[INFO] [stdout] 10 |     MediaType::from_file_extension("svg").unwrap()
[INFO] [stdout]    |     ^^^^^^^^^ not found in this scope
[INFO] [stdout]    |
[INFO] [stdout] help: consider importing this struct
[INFO] [stdout]    |
[INFO] [stdout] 2  | use fmedia::MediaType;
[INFO] [stdout]    |
[INFO] [stdout] 
[INFO] [stdout] error[E0433]: failed to resolve: use of undeclared type `MediaType`
[INFO] [stdout]   --> src/lib.rs:26:5
[INFO] [stdout]    |
[INFO] [stdout] 14 |     MediaType::from_file_extension("json").unwrap()
[INFO] [stdout]    |     ^^^^^^^^^ not found in this scope
[INFO] [stdout]    |
[INFO] [stdout] help: consider importing this struct
[INFO] [stdout]    |
[INFO] [stdout] 2  | use fmedia::MediaType;
[INFO] [stdout]    |
[INFO] [stdout] 
[INFO] [stdout] error: aborting due to 4 previous errors
[INFO] [stdout] 
[INFO] [stdout] For more information about this error, try `rustc --explain E0433`.
[INFO] [stdout] Couldn't compile the test.
[INFO] [stdout] 
[INFO] [stdout] failures:
[INFO] [stdout]     src/lib.rs - FileExtension::from_media_type (line 49)
[INFO] [stdout]     src/lib.rs - MediaType::from_file_extension (line 14)
[INFO] [stdout] 
[INFO] [stdout] test result: FAILED. 0 passed; 2 failed; 0 ignored; 0 measured; 0 filtered out; finished in 0.29s
[INFO] [stdout] 
[INFO] [stderr] error: test failed, to rerun pass '--doc'
[INFO] running `Command { std: "docker" "inspect" "6021f400e84d7360ae318948ea51429fcf1f219d68862098234d2a60c027284b", kill_on_drop: false }`
[INFO] running `Command { std: "docker" "rm" "-f" "6021f400e84d7360ae318948ea51429fcf1f219d68862098234d2a60c027284b", kill_on_drop: false }`
[INFO] [stdout] 6021f400e84d7360ae318948ea51429fcf1f219d68862098234d2a60c027284b
