[INFO] fetching crate flyr 0.4.2...
[INFO] testing flyr-0.4.2 against beta-2021-08-01 for beta-1.55-1
[INFO] extracting crate flyr 0.4.2 into /workspace/builds/worker-10/source
[INFO] validating manifest of crates.io crate flyr 0.4.2 on toolchain beta-2021-08-01
[INFO] running `Command { std: "/workspace/cargo-home/bin/cargo" "+beta-2021-08-01" "metadata" "--manifest-path" "Cargo.toml" "--no-deps", kill_on_drop: false }`
[INFO] started tweaking crates.io crate flyr 0.4.2
[INFO] finished tweaking crates.io crate flyr 0.4.2
[INFO] tweaked toml for crates.io crate flyr 0.4.2 written to /workspace/builds/worker-10/source/Cargo.toml
[INFO] running `Command { std: "/workspace/cargo-home/bin/cargo" "+beta-2021-08-01" "generate-lockfile" "--manifest-path" "Cargo.toml" "-Zno-index-update", kill_on_drop: false }`
[INFO] running `Command { std: "/workspace/cargo-home/bin/cargo" "+beta-2021-08-01" "fetch" "--manifest-path" "Cargo.toml", kill_on_drop: false }`
[INFO] [stderr]  Downloading crates ...
[INFO] [stderr]   Downloaded binread_derive v1.4.3
[INFO] [stderr]   Downloaded binread v1.4.1
[INFO] running `Command { std: "docker" "create" "-v" "/var/lib/crater-agent-workspace/builds/worker-10/target:/opt/rustwide/target:rw,Z" "-v" "/var/lib/crater-agent-workspace/builds/worker-10/source:/opt/rustwide/workdir:ro,Z" "-v" "/var/lib/crater-agent-workspace/cargo-home:/opt/rustwide/cargo-home:ro,Z" "-v" "/var/lib/crater-agent-workspace/rustup-home:/opt/rustwide/rustup-home:ro,Z" "-e" "SOURCE_DIR=/opt/rustwide/workdir" "-e" "CARGO_TARGET_DIR=/opt/rustwide/target" "-e" "CARGO_HOME=/opt/rustwide/cargo-home" "-e" "RUSTUP_HOME=/opt/rustwide/rustup-home" "-w" "/opt/rustwide/workdir" "-m" "1610612736" "--user" "0:0" "--network" "none" "ghcr.io/rust-lang/crates-build-env/linux@sha256:34b6a614d2c27851fe6cbf88fbd1137609cefab8b10d0615aaeb6fd47975d74e" "/opt/rustwide/cargo-home/bin/cargo" "+beta-2021-08-01" "metadata" "--no-deps" "--format-version=1", kill_on_drop: false }`
[INFO] [stdout] 95902e42e7f07d41f6797c8950d4878d254d2e353dbba4fe3a4e1471ad7a6dbe
[INFO] [stderr] WARNING: Your kernel does not support swap limit capabilities or the cgroup is not mounted. Memory limited without swap.
[INFO] running `Command { std: "docker" "start" "-a" "95902e42e7f07d41f6797c8950d4878d254d2e353dbba4fe3a4e1471ad7a6dbe", kill_on_drop: false }`
[INFO] running `Command { std: "docker" "inspect" "95902e42e7f07d41f6797c8950d4878d254d2e353dbba4fe3a4e1471ad7a6dbe", kill_on_drop: false }`
[INFO] running `Command { std: "docker" "rm" "-f" "95902e42e7f07d41f6797c8950d4878d254d2e353dbba4fe3a4e1471ad7a6dbe", kill_on_drop: false }`
[INFO] [stdout] 95902e42e7f07d41f6797c8950d4878d254d2e353dbba4fe3a4e1471ad7a6dbe
[INFO] running `Command { std: "docker" "create" "-v" "/var/lib/crater-agent-workspace/builds/worker-10/target:/opt/rustwide/target:rw,Z" "-v" "/var/lib/crater-agent-workspace/builds/worker-10/source:/opt/rustwide/workdir:ro,Z" "-v" "/var/lib/crater-agent-workspace/cargo-home:/opt/rustwide/cargo-home:ro,Z" "-v" "/var/lib/crater-agent-workspace/rustup-home:/opt/rustwide/rustup-home:ro,Z" "-e" "SOURCE_DIR=/opt/rustwide/workdir" "-e" "CARGO_TARGET_DIR=/opt/rustwide/target" "-e" "CARGO_INCREMENTAL=0" "-e" "RUST_BACKTRACE=full" "-e" "RUSTFLAGS=--cap-lints=warn" "-e" "CARGO_HOME=/opt/rustwide/cargo-home" "-e" "RUSTUP_HOME=/opt/rustwide/rustup-home" "-w" "/opt/rustwide/workdir" "-m" "1610612736" "--user" "0:0" "--network" "none" "ghcr.io/rust-lang/crates-build-env/linux@sha256:34b6a614d2c27851fe6cbf88fbd1137609cefab8b10d0615aaeb6fd47975d74e" "/opt/rustwide/cargo-home/bin/cargo" "+beta-2021-08-01" "build" "--frozen" "--message-format=json", kill_on_drop: false }`
[INFO] [stdout] 02edb019313404d2e9c7c2550bfd6326c2915ee7ba25326078d40bbca42f540a
[INFO] [stderr] WARNING: Your kernel does not support swap limit capabilities or the cgroup is not mounted. Memory limited without swap.
[INFO] running `Command { std: "docker" "start" "-a" "02edb019313404d2e9c7c2550bfd6326c2915ee7ba25326078d40bbca42f540a", kill_on_drop: false }`
[INFO] [stderr]    Compiling ndarray v0.13.1
[INFO] [stderr]    Compiling num-complex v0.2.4
[INFO] [stderr]    Compiling num-rational v0.3.2
[INFO] [stderr]    Compiling binread_derive v1.4.3
[INFO] [stderr]    Compiling image v0.23.14
[INFO] [stderr]    Compiling binread v1.4.1
[INFO] [stderr]    Compiling flyr v0.4.2 (/opt/rustwide/workdir)
[INFO] [stderr]     Finished dev [unoptimized + debuginfo] target(s) in 23.68s
[INFO] running `Command { std: "docker" "inspect" "02edb019313404d2e9c7c2550bfd6326c2915ee7ba25326078d40bbca42f540a", kill_on_drop: false }`
[INFO] running `Command { std: "docker" "rm" "-f" "02edb019313404d2e9c7c2550bfd6326c2915ee7ba25326078d40bbca42f540a", kill_on_drop: false }`
[INFO] [stdout] 02edb019313404d2e9c7c2550bfd6326c2915ee7ba25326078d40bbca42f540a
[INFO] running `Command { std: "docker" "create" "-v" "/var/lib/crater-agent-workspace/builds/worker-10/target:/opt/rustwide/target:rw,Z" "-v" "/var/lib/crater-agent-workspace/builds/worker-10/source:/opt/rustwide/workdir:ro,Z" "-v" "/var/lib/crater-agent-workspace/cargo-home:/opt/rustwide/cargo-home:ro,Z" "-v" "/var/lib/crater-agent-workspace/rustup-home:/opt/rustwide/rustup-home:ro,Z" "-e" "SOURCE_DIR=/opt/rustwide/workdir" "-e" "CARGO_TARGET_DIR=/opt/rustwide/target" "-e" "CARGO_INCREMENTAL=0" "-e" "RUST_BACKTRACE=full" "-e" "RUSTFLAGS=--cap-lints=warn" "-e" "CARGO_HOME=/opt/rustwide/cargo-home" "-e" "RUSTUP_HOME=/opt/rustwide/rustup-home" "-w" "/opt/rustwide/workdir" "-m" "1610612736" "--user" "0:0" "--network" "none" "ghcr.io/rust-lang/crates-build-env/linux@sha256:34b6a614d2c27851fe6cbf88fbd1137609cefab8b10d0615aaeb6fd47975d74e" "/opt/rustwide/cargo-home/bin/cargo" "+beta-2021-08-01" "test" "--frozen" "--no-run" "--message-format=json", kill_on_drop: false }`
[INFO] [stdout] fb15b5fe0cd7e2a72f38594d45c8ca9b093a8b25571523afd1edac0084b9db41
[INFO] [stderr] WARNING: Your kernel does not support swap limit capabilities or the cgroup is not mounted. Memory limited without swap.
[INFO] running `Command { std: "docker" "start" "-a" "fb15b5fe0cd7e2a72f38594d45c8ca9b093a8b25571523afd1edac0084b9db41", kill_on_drop: false }`
[INFO] [stderr]    Compiling flyr v0.4.2 (/opt/rustwide/workdir)
[INFO] [stderr]     Finished test [unoptimized + debuginfo] target(s) in 1.73s
[INFO] running `Command { std: "docker" "inspect" "fb15b5fe0cd7e2a72f38594d45c8ca9b093a8b25571523afd1edac0084b9db41", kill_on_drop: false }`
[INFO] running `Command { std: "docker" "rm" "-f" "fb15b5fe0cd7e2a72f38594d45c8ca9b093a8b25571523afd1edac0084b9db41", kill_on_drop: false }`
[INFO] [stdout] fb15b5fe0cd7e2a72f38594d45c8ca9b093a8b25571523afd1edac0084b9db41
[INFO] running `Command { std: "docker" "create" "-v" "/var/lib/crater-agent-workspace/builds/worker-10/target:/opt/rustwide/target:rw,Z" "-v" "/var/lib/crater-agent-workspace/builds/worker-10/source:/opt/rustwide/workdir:ro,Z" "-v" "/var/lib/crater-agent-workspace/cargo-home:/opt/rustwide/cargo-home:ro,Z" "-v" "/var/lib/crater-agent-workspace/rustup-home:/opt/rustwide/rustup-home:ro,Z" "-e" "SOURCE_DIR=/opt/rustwide/workdir" "-e" "CARGO_TARGET_DIR=/opt/rustwide/target" "-e" "CARGO_INCREMENTAL=0" "-e" "RUST_BACKTRACE=full" "-e" "RUSTFLAGS=--cap-lints=warn" "-e" "CARGO_HOME=/opt/rustwide/cargo-home" "-e" "RUSTUP_HOME=/opt/rustwide/rustup-home" "-w" "/opt/rustwide/workdir" "-m" "1610612736" "--user" "0:0" "--network" "none" "ghcr.io/rust-lang/crates-build-env/linux@sha256:34b6a614d2c27851fe6cbf88fbd1137609cefab8b10d0615aaeb6fd47975d74e" "/opt/rustwide/cargo-home/bin/cargo" "+beta-2021-08-01" "test" "--frozen", kill_on_drop: false }`
[INFO] [stderr] WARNING: Your kernel does not support swap limit capabilities or the cgroup is not mounted. Memory limited without swap.
[INFO] [stdout] f31747e8d1efecf0a3b5643bf85490fed29a12f8de479558e3fc59dd833a3deb
[INFO] running `Command { std: "docker" "start" "-a" "f31747e8d1efecf0a3b5643bf85490fed29a12f8de479558e3fc59dd833a3deb", kill_on_drop: false }`
[INFO] [stderr]     Finished test [unoptimized + debuginfo] target(s) in 0.04s
[INFO] [stderr]      Running unittests (/opt/rustwide/target/debug/deps/flyr-88491f96a7d19a84)
[INFO] [stdout] 
[INFO] [stdout] running 0 tests
[INFO] [stdout] 
[INFO] [stdout] test result: ok. 0 passed; 0 failed; 0 ignored; 0 measured; 0 filtered out; finished in 0.00s
[INFO] [stdout] 
[INFO] [stderr]    Doc-tests flyr
[INFO] [stdout] 
[INFO] [stdout] running 2 tests
[INFO] [stdout] test src/lib/flyr.rs - (line 18) ... FAILED
[INFO] [stdout] test src/lib/flyr.rs - try_parse_flir (line 81) ... FAILED
[INFO] [stdout] 
[INFO] [stdout] failures:
[INFO] [stdout] 
[INFO] [stdout] ---- src/lib/flyr.rs - (line 18) stdout ----
[INFO] [stdout] error[E0433]: failed to resolve: use of undeclared type `Path`
[INFO] [stdout]  --> src/lib/flyr.rs:23:21
[INFO] [stdout]   |
[INFO] [stdout] 7 |     let file_path = Path::new("/home/user/FLIR0923.jpg");
[INFO] [stdout]   |                     ^^^^ not found in this scope
[INFO] [stdout]   |
[INFO] [stdout] help: consider importing this struct
[INFO] [stdout]   |
[INFO] [stdout] 3 | use std::path::Path;
[INFO] [stdout]   |
[INFO] [stdout] 
[INFO] [stdout] error: aborting due to previous error
[INFO] [stdout] 
[INFO] [stdout] For more information about this error, try `rustc --explain E0433`.
[INFO] [stdout] Couldn't compile the test.
[INFO] [stdout] ---- src/lib/flyr.rs - try_parse_flir (line 81) stdout ----
[INFO] [stdout] error[E0433]: failed to resolve: use of undeclared type `Path`
[INFO] [stdout]  --> src/lib/flyr.rs:86:21
[INFO] [stdout]   |
[INFO] [stdout] 7 |     let file_path = Path::new("/home/user/FLIR0923.jpg");
[INFO] [stdout]   |                     ^^^^ not found in this scope
[INFO] [stdout]   |
[INFO] [stdout] help: consider importing this struct
[INFO] [stdout]   |
[INFO] [stdout] 3 | use std::path::Path;
[INFO] [stdout]   |
[INFO] [stdout] 
[INFO] [stdout] error: aborting due to previous error
[INFO] [stdout] 
[INFO] [stdout] For more information about this error, try `rustc --explain E0433`.
[INFO] [stdout] Couldn't compile the test.
[INFO] [stdout] 
[INFO] [stdout] failures:
[INFO] [stdout]     src/lib/flyr.rs - (line 18)
[INFO] [stdout]     src/lib/flyr.rs - try_parse_flir (line 81)
[INFO] [stdout] 
[INFO] [stdout] test result: FAILED. 0 passed; 2 failed; 0 ignored; 0 measured; 0 filtered out; finished in 0.34s
[INFO] [stdout] 
[INFO] [stderr] error: test failed, to rerun pass '--doc'
[INFO] running `Command { std: "docker" "inspect" "f31747e8d1efecf0a3b5643bf85490fed29a12f8de479558e3fc59dd833a3deb", kill_on_drop: false }`
[INFO] running `Command { std: "docker" "rm" "-f" "f31747e8d1efecf0a3b5643bf85490fed29a12f8de479558e3fc59dd833a3deb", kill_on_drop: false }`
[INFO] [stdout] f31747e8d1efecf0a3b5643bf85490fed29a12f8de479558e3fc59dd833a3deb
