[INFO] fetching crate fluvio-wasm-timer 0.2.5...
[INFO] testing fluvio-wasm-timer-0.2.5 against 1.54.0 for beta-1.55-1
[INFO] extracting crate fluvio-wasm-timer 0.2.5 into /workspace/builds/worker-11/source
[INFO] validating manifest of crates.io crate fluvio-wasm-timer 0.2.5 on toolchain 1.54.0
[INFO] running `Command { std: "/workspace/cargo-home/bin/cargo" "+1.54.0" "metadata" "--manifest-path" "Cargo.toml" "--no-deps", kill_on_drop: false }`
[INFO] started tweaking crates.io crate fluvio-wasm-timer 0.2.5
[INFO] finished tweaking crates.io crate fluvio-wasm-timer 0.2.5
[INFO] tweaked toml for crates.io crate fluvio-wasm-timer 0.2.5 written to /workspace/builds/worker-11/source/Cargo.toml
[INFO] running `Command { std: "/workspace/cargo-home/bin/cargo" "+1.54.0" "generate-lockfile" "--manifest-path" "Cargo.toml" "-Zno-index-update", kill_on_drop: false }`
[INFO] [stderr]     Blocking waiting for file lock on package cache
[INFO] running `Command { std: "/workspace/cargo-home/bin/cargo" "+1.54.0" "fetch" "--manifest-path" "Cargo.toml", kill_on_drop: false }`
[INFO] running `Command { std: "docker" "create" "-v" "/var/lib/crater-agent-workspace/builds/worker-11/target:/opt/rustwide/target:rw,Z" "-v" "/var/lib/crater-agent-workspace/builds/worker-11/source:/opt/rustwide/workdir:ro,Z" "-v" "/var/lib/crater-agent-workspace/cargo-home:/opt/rustwide/cargo-home:ro,Z" "-v" "/var/lib/crater-agent-workspace/rustup-home:/opt/rustwide/rustup-home:ro,Z" "-e" "SOURCE_DIR=/opt/rustwide/workdir" "-e" "CARGO_TARGET_DIR=/opt/rustwide/target" "-e" "CARGO_HOME=/opt/rustwide/cargo-home" "-e" "RUSTUP_HOME=/opt/rustwide/rustup-home" "-w" "/opt/rustwide/workdir" "-m" "1610612736" "--user" "0:0" "--network" "none" "ghcr.io/rust-lang/crates-build-env/linux@sha256:34b6a614d2c27851fe6cbf88fbd1137609cefab8b10d0615aaeb6fd47975d74e" "/opt/rustwide/cargo-home/bin/cargo" "+1.54.0" "metadata" "--no-deps" "--format-version=1", kill_on_drop: false }`
[INFO] [stderr] WARNING: Your kernel does not support swap limit capabilities or the cgroup is not mounted. Memory limited without swap.
[INFO] [stdout] e365d0a991fa847480ac7fe9b16c0c57c8af0efa395c8f15571c3bf3d673ae2f
[INFO] running `Command { std: "docker" "start" "-a" "e365d0a991fa847480ac7fe9b16c0c57c8af0efa395c8f15571c3bf3d673ae2f", kill_on_drop: false }`
[INFO] running `Command { std: "docker" "inspect" "e365d0a991fa847480ac7fe9b16c0c57c8af0efa395c8f15571c3bf3d673ae2f", kill_on_drop: false }`
[INFO] running `Command { std: "docker" "rm" "-f" "e365d0a991fa847480ac7fe9b16c0c57c8af0efa395c8f15571c3bf3d673ae2f", kill_on_drop: false }`
[INFO] [stdout] e365d0a991fa847480ac7fe9b16c0c57c8af0efa395c8f15571c3bf3d673ae2f
[INFO] running `Command { std: "docker" "create" "-v" "/var/lib/crater-agent-workspace/builds/worker-11/target:/opt/rustwide/target:rw,Z" "-v" "/var/lib/crater-agent-workspace/builds/worker-11/source:/opt/rustwide/workdir:ro,Z" "-v" "/var/lib/crater-agent-workspace/cargo-home:/opt/rustwide/cargo-home:ro,Z" "-v" "/var/lib/crater-agent-workspace/rustup-home:/opt/rustwide/rustup-home:ro,Z" "-e" "SOURCE_DIR=/opt/rustwide/workdir" "-e" "CARGO_TARGET_DIR=/opt/rustwide/target" "-e" "CARGO_INCREMENTAL=0" "-e" "RUST_BACKTRACE=full" "-e" "RUSTFLAGS=--cap-lints=warn" "-e" "CARGO_HOME=/opt/rustwide/cargo-home" "-e" "RUSTUP_HOME=/opt/rustwide/rustup-home" "-w" "/opt/rustwide/workdir" "-m" "1610612736" "--user" "0:0" "--network" "none" "ghcr.io/rust-lang/crates-build-env/linux@sha256:34b6a614d2c27851fe6cbf88fbd1137609cefab8b10d0615aaeb6fd47975d74e" "/opt/rustwide/cargo-home/bin/cargo" "+1.54.0" "build" "--frozen" "--message-format=json", kill_on_drop: false }`
[INFO] [stderr] WARNING: Your kernel does not support swap limit capabilities or the cgroup is not mounted. Memory limited without swap.
[INFO] [stdout] d37ba823b9fa74f3e40ef460e5ea9307549a1f7cf61ad402c8999550f67ac08d
[INFO] running `Command { std: "docker" "start" "-a" "d37ba823b9fa74f3e40ef460e5ea9307549a1f7cf61ad402c8999550f67ac08d", kill_on_drop: false }`
[INFO] [stderr]    Compiling futures-sink v0.3.16
[INFO] [stderr]    Compiling futures-io v0.3.16
[INFO] [stderr]    Compiling futures-util v0.3.16
[INFO] [stderr]    Compiling instant v0.1.10
[INFO] [stderr]    Compiling lock_api v0.4.4
[INFO] [stderr]    Compiling syn v1.0.74
[INFO] [stderr]    Compiling parking_lot_core v0.8.3
[INFO] [stderr]    Compiling futures-channel v0.3.16
[INFO] [stderr]    Compiling parking_lot v0.11.1
[INFO] [stderr]    Compiling futures-macro v0.3.16
[INFO] [stderr]    Compiling futures-executor v0.3.16
[INFO] [stderr]    Compiling futures v0.3.16
[INFO] [stderr]    Compiling fluvio-wasm-timer v0.2.5 (/opt/rustwide/workdir)
[INFO] [stderr]     Finished dev [unoptimized + debuginfo] target(s) in 22.38s
[INFO] running `Command { std: "docker" "inspect" "d37ba823b9fa74f3e40ef460e5ea9307549a1f7cf61ad402c8999550f67ac08d", kill_on_drop: false }`
[INFO] running `Command { std: "docker" "rm" "-f" "d37ba823b9fa74f3e40ef460e5ea9307549a1f7cf61ad402c8999550f67ac08d", kill_on_drop: false }`
[INFO] [stdout] d37ba823b9fa74f3e40ef460e5ea9307549a1f7cf61ad402c8999550f67ac08d
[INFO] running `Command { std: "docker" "create" "-v" "/var/lib/crater-agent-workspace/builds/worker-11/target:/opt/rustwide/target:rw,Z" "-v" "/var/lib/crater-agent-workspace/builds/worker-11/source:/opt/rustwide/workdir:ro,Z" "-v" "/var/lib/crater-agent-workspace/cargo-home:/opt/rustwide/cargo-home:ro,Z" "-v" "/var/lib/crater-agent-workspace/rustup-home:/opt/rustwide/rustup-home:ro,Z" "-e" "SOURCE_DIR=/opt/rustwide/workdir" "-e" "CARGO_TARGET_DIR=/opt/rustwide/target" "-e" "CARGO_INCREMENTAL=0" "-e" "RUST_BACKTRACE=full" "-e" "RUSTFLAGS=--cap-lints=warn" "-e" "CARGO_HOME=/opt/rustwide/cargo-home" "-e" "RUSTUP_HOME=/opt/rustwide/rustup-home" "-w" "/opt/rustwide/workdir" "-m" "1610612736" "--user" "0:0" "--network" "none" "ghcr.io/rust-lang/crates-build-env/linux@sha256:34b6a614d2c27851fe6cbf88fbd1137609cefab8b10d0615aaeb6fd47975d74e" "/opt/rustwide/cargo-home/bin/cargo" "+1.54.0" "test" "--frozen" "--no-run" "--message-format=json", kill_on_drop: false }`
[INFO] [stdout] 88583d4b7cecde219d825278c18b8c06356359f16d4e31dcc2025a094a32074d
[INFO] [stderr] WARNING: Your kernel does not support swap limit capabilities or the cgroup is not mounted. Memory limited without swap.
[INFO] running `Command { std: "docker" "start" "-a" "88583d4b7cecde219d825278c18b8c06356359f16d4e31dcc2025a094a32074d", kill_on_drop: false }`
[INFO] [stderr]    Compiling log v0.4.14
[INFO] [stderr]    Compiling cache-padded v1.1.1
[INFO] [stderr]    Compiling waker-fn v1.1.0
[INFO] [stderr]    Compiling fastrand v1.5.0
[INFO] [stderr]    Compiling parking v2.0.0
[INFO] [stderr]    Compiling event-listener v2.5.1
[INFO] [stderr]    Compiling async-task v4.0.3
[INFO] [stderr]    Compiling atomic-waker v1.0.0
[INFO] [stderr]    Compiling value-bag v1.0.0-alpha.7
[INFO] [stderr]    Compiling crossbeam-utils v0.8.5
[INFO] [stderr]    Compiling socket2 v0.4.1
[INFO] [stderr]    Compiling ctor v0.1.20
[INFO] [stderr]    Compiling concurrent-queue v1.2.2
[INFO] [stderr]    Compiling async-mutex v1.4.0
[INFO] [stderr]    Compiling async-lock v2.4.0
[INFO] [stderr]    Compiling async-channel v1.6.1
[INFO] [stderr]    Compiling futures-lite v1.12.0
[INFO] [stderr]    Compiling blocking v1.0.2
[INFO] [stderr]    Compiling async-executor v1.4.1
[INFO] [stderr]    Compiling polling v2.1.0
[INFO] [stderr]    Compiling kv-log-macro v1.0.7
[INFO] [stderr]    Compiling async-io v1.6.0
[INFO] [stderr]    Compiling async-global-executor v2.0.2
[INFO] [stderr]    Compiling async-std v1.9.0
[INFO] [stderr]    Compiling fluvio-wasm-timer v0.2.5 (/opt/rustwide/workdir)
[INFO] [stderr]     Finished test [unoptimized + debuginfo] target(s) in 24.48s
[INFO] running `Command { std: "docker" "inspect" "88583d4b7cecde219d825278c18b8c06356359f16d4e31dcc2025a094a32074d", kill_on_drop: false }`
[INFO] running `Command { std: "docker" "rm" "-f" "88583d4b7cecde219d825278c18b8c06356359f16d4e31dcc2025a094a32074d", kill_on_drop: false }`
[INFO] [stdout] 88583d4b7cecde219d825278c18b8c06356359f16d4e31dcc2025a094a32074d
[INFO] running `Command { std: "docker" "create" "-v" "/var/lib/crater-agent-workspace/builds/worker-11/target:/opt/rustwide/target:rw,Z" "-v" "/var/lib/crater-agent-workspace/builds/worker-11/source:/opt/rustwide/workdir:ro,Z" "-v" "/var/lib/crater-agent-workspace/cargo-home:/opt/rustwide/cargo-home:ro,Z" "-v" "/var/lib/crater-agent-workspace/rustup-home:/opt/rustwide/rustup-home:ro,Z" "-e" "SOURCE_DIR=/opt/rustwide/workdir" "-e" "CARGO_TARGET_DIR=/opt/rustwide/target" "-e" "CARGO_INCREMENTAL=0" "-e" "RUST_BACKTRACE=full" "-e" "RUSTFLAGS=--cap-lints=warn" "-e" "CARGO_HOME=/opt/rustwide/cargo-home" "-e" "RUSTUP_HOME=/opt/rustwide/rustup-home" "-w" "/opt/rustwide/workdir" "-m" "1610612736" "--user" "0:0" "--network" "none" "ghcr.io/rust-lang/crates-build-env/linux@sha256:34b6a614d2c27851fe6cbf88fbd1137609cefab8b10d0615aaeb6fd47975d74e" "/opt/rustwide/cargo-home/bin/cargo" "+1.54.0" "test" "--frozen", kill_on_drop: false }`
[INFO] [stdout] fd0df9f835a874cfae16ae93feb37a6c3cb818f6aa605f9d89852ae0f0f2098a
[INFO] [stderr] WARNING: Your kernel does not support swap limit capabilities or the cgroup is not mounted. Memory limited without swap.
[INFO] running `Command { std: "docker" "start" "-a" "fd0df9f835a874cfae16ae93feb37a6c3cb818f6aa605f9d89852ae0f0f2098a", kill_on_drop: false }`
[INFO] [stderr]     Blocking waiting for file lock on package cache
[INFO] [stderr]     Finished test [unoptimized + debuginfo] target(s) in 0.10s
[INFO] [stderr]      Running unittests (/opt/rustwide/target/debug/deps/fluvio_wasm_timer-e3f6beaa39dfdc37)
[INFO] [stdout] 
[INFO] [stdout] running 13 tests
[INFO] [stdout] test timer::arc_list::tests::seal ... ok
[INFO] [stdout] test timer::interval::test::norm_next ... ok
[INFO] [stdout] test timer::heap::tests::simple2 ... ok
[INFO] [stdout] test timer::heap::tests::test_empty_pop ... ok
[INFO] [stdout] test timer::arc_list::tests::smoke ... ok
[INFO] [stdout] test timer::heap::tests::remove ... ok
[INFO] [stdout] test timer::heap::tests::test_peek_and_pop ... ok
[INFO] [stdout] test timer::heap::tests::test_empty_peek ... ok
[INFO] [stdout] test timer::heap::tests::test_to_vec ... ok
[INFO] [stdout] test timer::heap::tests::simple ... ok
[INFO] [stdout] test timer::heap::tests::test_push ... ok
[INFO] [stdout] test timer::interval::test::fast_forward ... ok
[INFO] [stderr]    Doc-tests fluvio-wasm-timer
[INFO] [stdout] test timer::interval::test::large_skip - should panic ... ok
[INFO] [stdout] 
[INFO] [stdout] test result: ok. 13 passed; 0 failed; 0 ignored; 0 measured; 0 filtered out; finished in 0.04s
[INFO] [stdout] 
[INFO] [stdout] 
[INFO] [stdout] running 1 test
[INFO] [stdout] test src/timer/ext.rs - timer::ext::TryFutureExt::timeout (line 29) - compile ... FAILED
[INFO] [stdout] 
[INFO] [stdout] failures:
[INFO] [stdout] 
[INFO] [stdout] ---- src/timer/ext.rs - timer::ext::TryFutureExt::timeout (line 29) stdout ----
[INFO] [stdout] error[E0432]: unresolved import `wasm_timer`
[INFO] [stdout]  --> src/timer/ext.rs:32:5
[INFO] [stdout]   |
[INFO] [stdout] 4 | use wasm_timer::TryFutureExt;
[INFO] [stdout]   |     ^^^^^^^^^^ use of undeclared crate or module `wasm_timer`
[INFO] [stdout] 
[INFO] [stdout] error[E0599]: no method named `timeout` found for opaque type `impl futures::TryFuture` in the current scope
[INFO] [stdout]   --> src/timer/ext.rs:40:28
[INFO] [stdout]    |
[INFO] [stdout] 12 |     let timed_out = future.timeout(Duration::from_secs(1));
[INFO] [stdout]    |                            ^^^^^^^ method not found in `impl futures::TryFuture`
[INFO] [stdout]    | 
[INFO] [stdout]   ::: /opt/rustwide/workdir/src/timer/ext.rs:50:8
[INFO] [stdout]    |
[INFO] [stdout] 50 |     fn timeout(self, dur: Duration) -> Timeout<Self>
[INFO] [stdout]    |        ------- the method is available for `impl futures::TryFuture` here
[INFO] [stdout]    |
[INFO] [stdout]    = help: items from traits can only be used if the trait is in scope
[INFO] [stdout] help: the following trait is implemented but not in scope; perhaps add a `use` for it:
[INFO] [stdout]    |
[INFO] [stdout] 2  | use fluvio_wasm_timer::TryFutureExt;
[INFO] [stdout]    |
[INFO] [stdout] 
[INFO] [stdout] error: aborting due to 2 previous errors
[INFO] [stdout] 
[INFO] [stdout] Some errors have detailed explanations: E0432, E0599.
[INFO] [stdout] For more information about an error, try `rustc --explain E0432`.
[INFO] [stdout] Couldn't compile the test.
[INFO] [stdout] 
[INFO] [stdout] failures:
[INFO] [stdout]     src/timer/ext.rs - timer::ext::TryFutureExt::timeout (line 29)
[INFO] [stdout] 
[INFO] [stdout] test result: FAILED. 0 passed; 1 failed; 0 ignored; 0 measured; 0 filtered out; finished in 0.50s
[INFO] [stdout] 
[INFO] [stderr] error: test failed, to rerun pass '--doc'
[INFO] running `Command { std: "docker" "inspect" "fd0df9f835a874cfae16ae93feb37a6c3cb818f6aa605f9d89852ae0f0f2098a", kill_on_drop: false }`
[INFO] running `Command { std: "docker" "rm" "-f" "fd0df9f835a874cfae16ae93feb37a6c3cb818f6aa605f9d89852ae0f0f2098a", kill_on_drop: false }`
[INFO] [stdout] fd0df9f835a874cfae16ae93feb37a6c3cb818f6aa605f9d89852ae0f0f2098a
