[INFO] fetching crate fluid_attributes 0.4.0...
[INFO] testing fluid_attributes-0.4.0 against beta-2021-08-01 for beta-1.55-1
[INFO] extracting crate fluid_attributes 0.4.0 into /workspace/builds/worker-2/source
[INFO] validating manifest of crates.io crate fluid_attributes 0.4.0 on toolchain beta-2021-08-01
[INFO] running `Command { std: "/workspace/cargo-home/bin/cargo" "+beta-2021-08-01" "metadata" "--manifest-path" "Cargo.toml" "--no-deps", kill_on_drop: false }`
[INFO] started tweaking crates.io crate fluid_attributes 0.4.0
[INFO] finished tweaking crates.io crate fluid_attributes 0.4.0
[INFO] tweaked toml for crates.io crate fluid_attributes 0.4.0 written to /workspace/builds/worker-2/source/Cargo.toml
[INFO] running `Command { std: "/workspace/cargo-home/bin/cargo" "+beta-2021-08-01" "generate-lockfile" "--manifest-path" "Cargo.toml" "-Zno-index-update", kill_on_drop: false }`
[INFO] running `Command { std: "/workspace/cargo-home/bin/cargo" "+beta-2021-08-01" "fetch" "--manifest-path" "Cargo.toml", kill_on_drop: false }`
[INFO] running `Command { std: "docker" "create" "-v" "/var/lib/crater-agent-workspace/builds/worker-2/target:/opt/rustwide/target:rw,Z" "-v" "/var/lib/crater-agent-workspace/builds/worker-2/source:/opt/rustwide/workdir:ro,Z" "-v" "/var/lib/crater-agent-workspace/cargo-home:/opt/rustwide/cargo-home:ro,Z" "-v" "/var/lib/crater-agent-workspace/rustup-home:/opt/rustwide/rustup-home:ro,Z" "-e" "SOURCE_DIR=/opt/rustwide/workdir" "-e" "CARGO_TARGET_DIR=/opt/rustwide/target" "-e" "CARGO_HOME=/opt/rustwide/cargo-home" "-e" "RUSTUP_HOME=/opt/rustwide/rustup-home" "-w" "/opt/rustwide/workdir" "-m" "1610612736" "--user" "0:0" "--network" "none" "ghcr.io/rust-lang/crates-build-env/linux@sha256:34b6a614d2c27851fe6cbf88fbd1137609cefab8b10d0615aaeb6fd47975d74e" "/opt/rustwide/cargo-home/bin/cargo" "+beta-2021-08-01" "metadata" "--no-deps" "--format-version=1", kill_on_drop: false }`
[INFO] [stdout] 4c6ca0c035a496573e81d617d78bba3ee3ffb27c942d82d2bcfafb3ba764db47
[INFO] [stderr] WARNING: Your kernel does not support swap limit capabilities or the cgroup is not mounted. Memory limited without swap.
[INFO] running `Command { std: "docker" "start" "-a" "4c6ca0c035a496573e81d617d78bba3ee3ffb27c942d82d2bcfafb3ba764db47", kill_on_drop: false }`
[INFO] running `Command { std: "docker" "inspect" "4c6ca0c035a496573e81d617d78bba3ee3ffb27c942d82d2bcfafb3ba764db47", kill_on_drop: false }`
[INFO] running `Command { std: "docker" "rm" "-f" "4c6ca0c035a496573e81d617d78bba3ee3ffb27c942d82d2bcfafb3ba764db47", kill_on_drop: false }`
[INFO] [stdout] 4c6ca0c035a496573e81d617d78bba3ee3ffb27c942d82d2bcfafb3ba764db47
[INFO] running `Command { std: "docker" "create" "-v" "/var/lib/crater-agent-workspace/builds/worker-2/target:/opt/rustwide/target:rw,Z" "-v" "/var/lib/crater-agent-workspace/builds/worker-2/source:/opt/rustwide/workdir:ro,Z" "-v" "/var/lib/crater-agent-workspace/cargo-home:/opt/rustwide/cargo-home:ro,Z" "-v" "/var/lib/crater-agent-workspace/rustup-home:/opt/rustwide/rustup-home:ro,Z" "-e" "SOURCE_DIR=/opt/rustwide/workdir" "-e" "CARGO_TARGET_DIR=/opt/rustwide/target" "-e" "CARGO_INCREMENTAL=0" "-e" "RUST_BACKTRACE=full" "-e" "RUSTFLAGS=--cap-lints=warn" "-e" "CARGO_HOME=/opt/rustwide/cargo-home" "-e" "RUSTUP_HOME=/opt/rustwide/rustup-home" "-w" "/opt/rustwide/workdir" "-m" "1610612736" "--user" "0:0" "--network" "none" "ghcr.io/rust-lang/crates-build-env/linux@sha256:34b6a614d2c27851fe6cbf88fbd1137609cefab8b10d0615aaeb6fd47975d74e" "/opt/rustwide/cargo-home/bin/cargo" "+beta-2021-08-01" "build" "--frozen" "--message-format=json", kill_on_drop: false }`
[INFO] [stdout] d7140642d37f0ae7529fc874106e2ff0da8d7a6b192082c7326561ca25aa2b4d
[INFO] [stderr] WARNING: Your kernel does not support swap limit capabilities or the cgroup is not mounted. Memory limited without swap.
[INFO] running `Command { std: "docker" "start" "-a" "d7140642d37f0ae7529fc874106e2ff0da8d7a6b192082c7326561ca25aa2b4d", kill_on_drop: false }`
[INFO] [stderr]    Compiling syn v0.15.44
[INFO] [stderr]    Compiling fluid_attributes v0.4.0 (/opt/rustwide/workdir)
[INFO] [stdout] warning: unused import: `quote`
[INFO] [stdout]  --> src/session.rs:3:13
[INFO] [stdout]   |
[INFO] [stdout] 3 | use quote::{quote, ToTokens};
[INFO] [stdout]   |             ^^^^^
[INFO] [stdout]   |
[INFO] [stdout]   = note: `#[warn(unused_imports)]` on by default
[INFO] [stdout] 
[INFO] [stdout] 
[INFO] [stdout] warning: unused import: `quote::quote`
[INFO] [stdout]  --> src/helpers.rs:2:5
[INFO] [stdout]   |
[INFO] [stdout] 2 | use quote::quote;
[INFO] [stdout]   |     ^^^^^^^^^^^^
[INFO] [stdout] 
[INFO] [stdout] 
[INFO] [stdout] warning: unused import: `quote`
[INFO] [stdout]  --> src/assertion_derive.rs:2:13
[INFO] [stdout]   |
[INFO] [stdout] 2 | use quote::{quote, ToTokens};
[INFO] [stdout]   |             ^^^^^
[INFO] [stdout] 
[INFO] [stdout] 
[INFO] [stdout] warning: 3 warnings emitted
[INFO] [stdout] 
[INFO] [stdout] 
[INFO] [stderr]     Finished dev [unoptimized + debuginfo] target(s) in 21.59s
[INFO] running `Command { std: "docker" "inspect" "d7140642d37f0ae7529fc874106e2ff0da8d7a6b192082c7326561ca25aa2b4d", kill_on_drop: false }`
[INFO] running `Command { std: "docker" "rm" "-f" "d7140642d37f0ae7529fc874106e2ff0da8d7a6b192082c7326561ca25aa2b4d", kill_on_drop: false }`
[INFO] [stdout] d7140642d37f0ae7529fc874106e2ff0da8d7a6b192082c7326561ca25aa2b4d
[INFO] running `Command { std: "docker" "create" "-v" "/var/lib/crater-agent-workspace/builds/worker-2/target:/opt/rustwide/target:rw,Z" "-v" "/var/lib/crater-agent-workspace/builds/worker-2/source:/opt/rustwide/workdir:ro,Z" "-v" "/var/lib/crater-agent-workspace/cargo-home:/opt/rustwide/cargo-home:ro,Z" "-v" "/var/lib/crater-agent-workspace/rustup-home:/opt/rustwide/rustup-home:ro,Z" "-e" "SOURCE_DIR=/opt/rustwide/workdir" "-e" "CARGO_TARGET_DIR=/opt/rustwide/target" "-e" "CARGO_INCREMENTAL=0" "-e" "RUST_BACKTRACE=full" "-e" "RUSTFLAGS=--cap-lints=warn" "-e" "CARGO_HOME=/opt/rustwide/cargo-home" "-e" "RUSTUP_HOME=/opt/rustwide/rustup-home" "-w" "/opt/rustwide/workdir" "-m" "1610612736" "--user" "0:0" "--network" "none" "ghcr.io/rust-lang/crates-build-env/linux@sha256:34b6a614d2c27851fe6cbf88fbd1137609cefab8b10d0615aaeb6fd47975d74e" "/opt/rustwide/cargo-home/bin/cargo" "+beta-2021-08-01" "test" "--frozen" "--no-run" "--message-format=json", kill_on_drop: false }`
[INFO] [stdout] e5a30b3be4d7cc5706dca774cc5104841f51b4df6f8f4cf957e7b974f61cfeae
[INFO] [stderr] WARNING: Your kernel does not support swap limit capabilities or the cgroup is not mounted. Memory limited without swap.
[INFO] running `Command { std: "docker" "start" "-a" "e5a30b3be4d7cc5706dca774cc5104841f51b4df6f8f4cf957e7b974f61cfeae", kill_on_drop: false }`
[INFO] [stderr]    Compiling fluid_attributes v0.4.0 (/opt/rustwide/workdir)
[INFO] [stdout] warning: unused import: `quote`
[INFO] [stdout]  --> src/session.rs:3:13
[INFO] [stdout]   |
[INFO] [stdout] 3 | use quote::{quote, ToTokens};
[INFO] [stdout]   |             ^^^^^
[INFO] [stdout]   |
[INFO] [stdout]   = note: `#[warn(unused_imports)]` on by default
[INFO] [stdout] 
[INFO] [stdout] 
[INFO] [stdout] warning: unused import: `quote::quote`
[INFO] [stdout]  --> src/helpers.rs:2:5
[INFO] [stdout]   |
[INFO] [stdout] 2 | use quote::quote;
[INFO] [stdout]   |     ^^^^^^^^^^^^
[INFO] [stdout] 
[INFO] [stdout] 
[INFO] [stdout] warning: unused import: `quote`
[INFO] [stdout]  --> src/assertion_derive.rs:2:13
[INFO] [stdout]   |
[INFO] [stdout] 2 | use quote::{quote, ToTokens};
[INFO] [stdout]   |             ^^^^^
[INFO] [stdout] 
[INFO] [stdout] 
[INFO] [stdout] warning: 3 warnings emitted
[INFO] [stdout] 
[INFO] [stdout] 
[INFO] [stdout] warning: unused import: `quote`
[INFO] [stdout]  --> src/session.rs:3:13
[INFO] [stdout]   |
[INFO] [stdout] 3 | use quote::{quote, ToTokens};
[INFO] [stdout]   |             ^^^^^
[INFO] [stdout]   |
[INFO] [stdout]   = note: `#[warn(unused_imports)]` on by default
[INFO] [stdout] 
[INFO] [stdout] 
[INFO] [stdout] warning: unused import: `quote::quote`
[INFO] [stdout]  --> src/helpers.rs:2:5
[INFO] [stdout]   |
[INFO] [stdout] 2 | use quote::quote;
[INFO] [stdout]   |     ^^^^^^^^^^^^
[INFO] [stdout] 
[INFO] [stdout] 
[INFO] [stdout] warning: unused import: `quote`
[INFO] [stdout]  --> src/assertion_derive.rs:2:13
[INFO] [stdout]   |
[INFO] [stdout] 2 | use quote::{quote, ToTokens};
[INFO] [stdout]   |             ^^^^^
[INFO] [stdout] 
[INFO] [stdout] 
[INFO] [stdout] warning: 3 warnings emitted
[INFO] [stdout] 
[INFO] [stdout] 
[INFO] [stderr]     Finished test [unoptimized + debuginfo] target(s) in 0.96s
[INFO] running `Command { std: "docker" "inspect" "e5a30b3be4d7cc5706dca774cc5104841f51b4df6f8f4cf957e7b974f61cfeae", kill_on_drop: false }`
[INFO] running `Command { std: "docker" "rm" "-f" "e5a30b3be4d7cc5706dca774cc5104841f51b4df6f8f4cf957e7b974f61cfeae", kill_on_drop: false }`
[INFO] [stdout] e5a30b3be4d7cc5706dca774cc5104841f51b4df6f8f4cf957e7b974f61cfeae
[INFO] running `Command { std: "docker" "create" "-v" "/var/lib/crater-agent-workspace/builds/worker-2/target:/opt/rustwide/target:rw,Z" "-v" "/var/lib/crater-agent-workspace/builds/worker-2/source:/opt/rustwide/workdir:ro,Z" "-v" "/var/lib/crater-agent-workspace/cargo-home:/opt/rustwide/cargo-home:ro,Z" "-v" "/var/lib/crater-agent-workspace/rustup-home:/opt/rustwide/rustup-home:ro,Z" "-e" "SOURCE_DIR=/opt/rustwide/workdir" "-e" "CARGO_TARGET_DIR=/opt/rustwide/target" "-e" "CARGO_INCREMENTAL=0" "-e" "RUST_BACKTRACE=full" "-e" "RUSTFLAGS=--cap-lints=warn" "-e" "CARGO_HOME=/opt/rustwide/cargo-home" "-e" "RUSTUP_HOME=/opt/rustwide/rustup-home" "-w" "/opt/rustwide/workdir" "-m" "1610612736" "--user" "0:0" "--network" "none" "ghcr.io/rust-lang/crates-build-env/linux@sha256:34b6a614d2c27851fe6cbf88fbd1137609cefab8b10d0615aaeb6fd47975d74e" "/opt/rustwide/cargo-home/bin/cargo" "+beta-2021-08-01" "test" "--frozen", kill_on_drop: false }`
[INFO] [stdout] c102b0092bde23caf4b21fc2f73c85be18846391c2276ff1c421d42dc86f8ac1
[INFO] [stderr] WARNING: Your kernel does not support swap limit capabilities or the cgroup is not mounted. Memory limited without swap.
[INFO] running `Command { std: "docker" "start" "-a" "c102b0092bde23caf4b21fc2f73c85be18846391c2276ff1c421d42dc86f8ac1", kill_on_drop: false }`
[INFO] [stderr] warning: unused import: `quote`
[INFO] [stderr]  --> src/session.rs:3:13
[INFO] [stderr]   |
[INFO] [stderr] 3 | use quote::{quote, ToTokens};
[INFO] [stderr]   |             ^^^^^
[INFO] [stderr]   |
[INFO] [stderr]   = note: `#[warn(unused_imports)]` on by default
[INFO] [stderr] 
[INFO] [stderr] warning: unused import: `quote::quote`
[INFO] [stderr]  --> src/helpers.rs:2:5
[INFO] [stderr]   |
[INFO] [stderr] 2 | use quote::quote;
[INFO] [stderr]   |     ^^^^^^^^^^^^
[INFO] [stderr] 
[INFO] [stderr] warning: unused import: `quote`
[INFO] [stderr]  --> src/assertion_derive.rs:2:13
[INFO] [stderr]   |
[INFO] [stderr] 2 | use quote::{quote, ToTokens};
[INFO] [stderr]   |             ^^^^^
[INFO] [stderr] 
[INFO] [stderr] warning: `fluid_attributes` (lib) generated 3 warnings
[INFO] [stderr] warning: `fluid_attributes` (lib test) generated 3 warnings (3 duplicates)
[INFO] [stderr]     Finished test [unoptimized + debuginfo] target(s) in 0.04s
[INFO] [stderr]      Running unittests (/opt/rustwide/target/debug/deps/fluid_attributes-02a2948733f761d7)
[INFO] [stdout] 
[INFO] [stderr]    Doc-tests fluid_attributes
[INFO] [stdout] running 0 tests
[INFO] [stdout] 
[INFO] [stdout] test result: ok. 0 passed; 0 failed; 0 ignored; 0 measured; 0 filtered out; finished in 0.00s
[INFO] [stdout] 
[INFO] [stdout] 
[INFO] [stdout] running 4 tests
[INFO] [stdout] test src/theory.rs - theory (line 15) ... FAILED
[INFO] [stdout] test src/lib.rs - fact (line 28) ... FAILED
[INFO] [stdout] test src/theory.rs - theory (line 3) ... FAILED
[INFO] [stdout] test src/lib.rs - theory (line 75) ... FAILED
[INFO] [stdout] 
[INFO] [stdout] failures:
[INFO] [stdout] 
[INFO] [stdout] ---- src/theory.rs - theory (line 15) stdout ----
[INFO] [stdout] error[E0433]: failed to resolve: use of undeclared type `LeftElement`
[INFO] [stdout]  --> src/theory.rs:18:9
[INFO] [stdout]   |
[INFO] [stdout] 5 |         LeftElement::new(is_even(i), "is_even(i)", "file:line", Some(case_uuid)).should().be_true();
[INFO] [stdout]   |         ^^^^^^^^^^^ use of undeclared type `LeftElement`
[INFO] [stdout] 
[INFO] [stdout] error[E0425]: cannot find function `is_even` in this scope
[INFO] [stdout]  --> src/theory.rs:18:26
[INFO] [stdout]   |
[INFO] [stdout] 5 |         LeftElement::new(is_even(i), "is_even(i)", "file:line", Some(case_uuid)).should().be_true();
[INFO] [stdout]   |                          ^^^^^^^ not found in this scope
[INFO] [stdout] 
[INFO] [stdout] error: aborting due to 2 previous errors
[INFO] [stdout] 
[INFO] [stdout] Some errors have detailed explanations: E0425, E0433.
[INFO] [stdout] For more information about an error, try `rustc --explain E0425`.
[INFO] [stdout] Couldn't compile the test.
[INFO] [stdout] ---- src/lib.rs - fact (line 28) stdout ----
[INFO] [stdout] error: cannot find attribute `fact` in this scope
[INFO] [stdout]  --> src/lib.rs:29:3
[INFO] [stdout]   |
[INFO] [stdout] 3 | #[fact]
[INFO] [stdout]   |   ^^^^
[INFO] [stdout] 
[INFO] [stdout] error[E0425]: cannot find function `number_of_faces` in this scope
[INFO] [stdout]  --> src/lib.rs:31:5
[INFO] [stdout]   |
[INFO] [stdout] 5 |     number_of_faces("Cerberus").should().be_equal_to(3)
[INFO] [stdout]   |     ^^^^^^^^^^^^^^^ not found in this scope
[INFO] [stdout] 
[INFO] [stdout] error: aborting due to 2 previous errors
[INFO] [stdout] 
[INFO] [stdout] For more information about this error, try `rustc --explain E0425`.
[INFO] [stdout] Couldn't compile the test.
[INFO] [stdout] ---- src/theory.rs - theory (line 3) stdout ----
[INFO] [stdout] error: cannot find attribute `theory` in this scope
[INFO] [stdout]  --> src/theory.rs:4:3
[INFO] [stdout]   |
[INFO] [stdout] 3 | #[theory]
[INFO] [stdout]   |   ^^^^^^
[INFO] [stdout] 
[INFO] [stdout] error: cannot find attribute `case` in this scope
[INFO] [stdout]  --> src/theory.rs:5:3
[INFO] [stdout]   |
[INFO] [stdout] 4 | #[case(0, "zero")]
[INFO] [stdout]   |   ^^^^
[INFO] [stdout] 
[INFO] [stdout] error: cannot find attribute `case` in this scope
[INFO] [stdout]  --> src/theory.rs:6:3
[INFO] [stdout]   |
[INFO] [stdout] 5 | #[case(2, "two")]
[INFO] [stdout]   |   ^^^^
[INFO] [stdout] 
[INFO] [stdout] error: cannot find attribute `case` in this scope
[INFO] [stdout]  --> src/theory.rs:7:3
[INFO] [stdout]   |
[INFO] [stdout] 6 | #[case(4, "four")]
[INFO] [stdout]   |   ^^^^
[INFO] [stdout] 
[INFO] [stdout] error[E0425]: cannot find function `is_even` in this scope
[INFO] [stdout]  --> src/theory.rs:9:5
[INFO] [stdout]   |
[INFO] [stdout] 8 |     is_even(i).should().be_true();
[INFO] [stdout]   |     ^^^^^^^ not found in this scope
[INFO] [stdout] 
[INFO] [stdout] error: aborting due to 5 previous errors
[INFO] [stdout] 
[INFO] [stdout] For more information about this error, try `rustc --explain E0425`.
[INFO] [stdout] Couldn't compile the test.
[INFO] [stdout] ---- src/lib.rs - theory (line 75) stdout ----
[INFO] [stdout] error: cannot find attribute `theory` in this scope
[INFO] [stdout]  --> src/lib.rs:76:3
[INFO] [stdout]   |
[INFO] [stdout] 3 | #[theory]
[INFO] [stdout]   |   ^^^^^^
[INFO] [stdout] 
[INFO] [stdout] error: cannot find attribute `case` in this scope
[INFO] [stdout]  --> src/lib.rs:77:3
[INFO] [stdout]   |
[INFO] [stdout] 4 | #[case("Cerberus", 3)]
[INFO] [stdout]   |   ^^^^
[INFO] [stdout] 
[INFO] [stdout] error: cannot find attribute `case` in this scope
[INFO] [stdout]  --> src/lib.rs:78:3
[INFO] [stdout]   |
[INFO] [stdout] 5 | #[case("Hydra", 7)]
[INFO] [stdout]   |   ^^^^
[INFO] [stdout] 
[INFO] [stdout] error: cannot find attribute `case` in this scope
[INFO] [stdout]  --> src/lib.rs:79:3
[INFO] [stdout]   |
[INFO] [stdout] 6 | #[case("Janus", 2)]
[INFO] [stdout]   |   ^^^^
[INFO] [stdout] 
[INFO] [stdout] error: cannot find attribute `case` in this scope
[INFO] [stdout]  --> src/lib.rs:80:3
[INFO] [stdout]   |
[INFO] [stdout] 7 | #[case("Normal guy", 1)]
[INFO] [stdout]   |   ^^^^
[INFO] [stdout] 
[INFO] [stdout] error[E0425]: cannot find function `number_of_faces` in this scope
[INFO] [stdout]  --> src/lib.rs:82:5
[INFO] [stdout]   |
[INFO] [stdout] 9 |     number_of_faces(name).should().be_equal_to(nbr_faces);
[INFO] [stdout]   |     ^^^^^^^^^^^^^^^ not found in this scope
[INFO] [stdout] 
[INFO] [stdout] error: aborting due to 6 previous errors
[INFO] [stdout] 
[INFO] [stdout] For more information about this error, try `rustc --explain E0425`.
[INFO] [stdout] Couldn't compile the test.
[INFO] [stdout] 
[INFO] [stdout] failures:
[INFO] [stdout]     src/lib.rs - fact (line 28)
[INFO] [stdout]     src/lib.rs - theory (line 75)
[INFO] [stdout]     src/theory.rs - theory (line 15)
[INFO] [stdout]     src/theory.rs - theory (line 3)
[INFO] [stdout] 
[INFO] [stdout] test result: FAILED. 0 passed; 4 failed; 0 ignored; 0 measured; 0 filtered out; finished in 0.63s
[INFO] [stdout] 
[INFO] [stderr] error: test failed, to rerun pass '--doc'
[INFO] running `Command { std: "docker" "inspect" "c102b0092bde23caf4b21fc2f73c85be18846391c2276ff1c421d42dc86f8ac1", kill_on_drop: false }`
[INFO] running `Command { std: "docker" "rm" "-f" "c102b0092bde23caf4b21fc2f73c85be18846391c2276ff1c421d42dc86f8ac1", kill_on_drop: false }`
[INFO] [stdout] c102b0092bde23caf4b21fc2f73c85be18846391c2276ff1c421d42dc86f8ac1
