[INFO] fetching crate fluent-fallback 0.5.0...
[INFO] testing fluent-fallback-0.5.0 against beta-2021-08-01 for beta-1.55-1
[INFO] extracting crate fluent-fallback 0.5.0 into /workspace/builds/worker-9/source
[INFO] validating manifest of crates.io crate fluent-fallback 0.5.0 on toolchain beta-2021-08-01
[INFO] running `Command { std: "/workspace/cargo-home/bin/cargo" "+beta-2021-08-01" "metadata" "--manifest-path" "Cargo.toml" "--no-deps", kill_on_drop: false }`
[INFO] started tweaking crates.io crate fluent-fallback 0.5.0
[INFO] finished tweaking crates.io crate fluent-fallback 0.5.0
[INFO] tweaked toml for crates.io crate fluent-fallback 0.5.0 written to /workspace/builds/worker-9/source/Cargo.toml
[INFO] crate crates.io crate fluent-fallback 0.5.0 already has a lockfile, it will not be regenerated
[INFO] running `Command { std: "/workspace/cargo-home/bin/cargo" "+beta-2021-08-01" "fetch" "--manifest-path" "Cargo.toml", kill_on_drop: false }`
[INFO] [stderr]  Downloading crates ...
[INFO] [stderr]   Downloaded chunky-vec v0.1.0
[INFO] running `Command { std: "docker" "create" "-v" "/var/lib/crater-agent-workspace/builds/worker-9/target:/opt/rustwide/target:rw,Z" "-v" "/var/lib/crater-agent-workspace/builds/worker-9/source:/opt/rustwide/workdir:ro,Z" "-v" "/var/lib/crater-agent-workspace/cargo-home:/opt/rustwide/cargo-home:ro,Z" "-v" "/var/lib/crater-agent-workspace/rustup-home:/opt/rustwide/rustup-home:ro,Z" "-e" "SOURCE_DIR=/opt/rustwide/workdir" "-e" "CARGO_TARGET_DIR=/opt/rustwide/target" "-e" "CARGO_HOME=/opt/rustwide/cargo-home" "-e" "RUSTUP_HOME=/opt/rustwide/rustup-home" "-w" "/opt/rustwide/workdir" "-m" "1610612736" "--user" "0:0" "--network" "none" "ghcr.io/rust-lang/crates-build-env/linux@sha256:34b6a614d2c27851fe6cbf88fbd1137609cefab8b10d0615aaeb6fd47975d74e" "/opt/rustwide/cargo-home/bin/cargo" "+beta-2021-08-01" "metadata" "--no-deps" "--format-version=1", kill_on_drop: false }`
[INFO] [stdout] 5d921b703e5026f7bb9e5b859fb6d9c6caf5783813f1f6b37c78841bcf0c9e2c
[INFO] [stderr] WARNING: Your kernel does not support swap limit capabilities or the cgroup is not mounted. Memory limited without swap.
[INFO] running `Command { std: "docker" "start" "-a" "5d921b703e5026f7bb9e5b859fb6d9c6caf5783813f1f6b37c78841bcf0c9e2c", kill_on_drop: false }`
[INFO] running `Command { std: "docker" "inspect" "5d921b703e5026f7bb9e5b859fb6d9c6caf5783813f1f6b37c78841bcf0c9e2c", kill_on_drop: false }`
[INFO] running `Command { std: "docker" "rm" "-f" "5d921b703e5026f7bb9e5b859fb6d9c6caf5783813f1f6b37c78841bcf0c9e2c", kill_on_drop: false }`
[INFO] [stdout] 5d921b703e5026f7bb9e5b859fb6d9c6caf5783813f1f6b37c78841bcf0c9e2c
[INFO] running `Command { std: "docker" "create" "-v" "/var/lib/crater-agent-workspace/builds/worker-9/target:/opt/rustwide/target:rw,Z" "-v" "/var/lib/crater-agent-workspace/builds/worker-9/source:/opt/rustwide/workdir:ro,Z" "-v" "/var/lib/crater-agent-workspace/cargo-home:/opt/rustwide/cargo-home:ro,Z" "-v" "/var/lib/crater-agent-workspace/rustup-home:/opt/rustwide/rustup-home:ro,Z" "-e" "SOURCE_DIR=/opt/rustwide/workdir" "-e" "CARGO_TARGET_DIR=/opt/rustwide/target" "-e" "CARGO_INCREMENTAL=0" "-e" "RUST_BACKTRACE=full" "-e" "RUSTFLAGS=--cap-lints=warn" "-e" "CARGO_HOME=/opt/rustwide/cargo-home" "-e" "RUSTUP_HOME=/opt/rustwide/rustup-home" "-w" "/opt/rustwide/workdir" "-m" "1610612736" "--user" "0:0" "--network" "none" "ghcr.io/rust-lang/crates-build-env/linux@sha256:34b6a614d2c27851fe6cbf88fbd1137609cefab8b10d0615aaeb6fd47975d74e" "/opt/rustwide/cargo-home/bin/cargo" "+beta-2021-08-01" "build" "--frozen" "--message-format=json", kill_on_drop: false }`
[INFO] [stdout] ad72fade8a3f5d68198129a849f5b291af0ca7c9a971e773568b91aba2b6ca09
[INFO] [stderr] WARNING: Your kernel does not support swap limit capabilities or the cgroup is not mounted. Memory limited without swap.
[INFO] running `Command { std: "docker" "start" "-a" "ad72fade8a3f5d68198129a849f5b291af0ca7c9a971e773568b91aba2b6ca09", kill_on_drop: false }`
[INFO] [stderr]    Compiling syn v1.0.73
[INFO] [stderr]    Compiling tinystr v0.3.4
[INFO] [stderr]    Compiling futures-channel v0.3.15
[INFO] [stderr]    Compiling futures-sink v0.3.15
[INFO] [stderr]    Compiling slab v0.4.3
[INFO] [stderr]    Compiling futures-io v0.3.15
[INFO] [stderr]    Compiling Inflector v0.11.4
[INFO] [stderr]    Compiling chunky-vec v0.1.0
[INFO] [stderr]    Compiling futures-macro v0.3.15
[INFO] [stderr]    Compiling futures-util v0.3.15
[INFO] [stderr]    Compiling type-map v0.4.0
[INFO] [stderr]    Compiling futures-core v0.3.15
[INFO] [stderr]    Compiling futures-task v0.3.15
[INFO] [stderr]    Compiling unic-langid-impl v0.9.0
[INFO] [stderr]    Compiling proc-macro-error v1.0.4
[INFO] [stderr]    Compiling unic-langid-macros-impl v0.9.0
[INFO] [stderr]    Compiling thiserror-impl v1.0.26
[INFO] [stderr]    Compiling ouroboros_macro v0.9.5
[INFO] [stderr]    Compiling async-trait v0.1.50
[INFO] [stderr]    Compiling unic-langid-macros v0.9.0
[INFO] [stderr]    Compiling unic-langid v0.9.0
[INFO] [stderr]    Compiling fluent-langneg v0.13.0
[INFO] [stderr]    Compiling intl_pluralrules v7.0.1
[INFO] [stderr]    Compiling intl-memoizer v0.5.1
[INFO] [stderr]    Compiling thiserror v1.0.26
[INFO] [stderr]    Compiling fluent-syntax v0.11.0
[INFO] [stderr]    Compiling ouroboros v0.9.5
[INFO] [stderr]    Compiling fluent-bundle v0.15.1
[INFO] [stderr]    Compiling futures-executor v0.3.15
[INFO] [stderr]    Compiling futures v0.3.15
[INFO] [stderr]    Compiling fluent-fallback v0.5.0 (/opt/rustwide/workdir)
[INFO] [stderr]     Finished dev [unoptimized + debuginfo] target(s) in 47.36s
[INFO] running `Command { std: "docker" "inspect" "ad72fade8a3f5d68198129a849f5b291af0ca7c9a971e773568b91aba2b6ca09", kill_on_drop: false }`
[INFO] running `Command { std: "docker" "rm" "-f" "ad72fade8a3f5d68198129a849f5b291af0ca7c9a971e773568b91aba2b6ca09", kill_on_drop: false }`
[INFO] [stdout] ad72fade8a3f5d68198129a849f5b291af0ca7c9a971e773568b91aba2b6ca09
[INFO] running `Command { std: "docker" "create" "-v" "/var/lib/crater-agent-workspace/builds/worker-9/target:/opt/rustwide/target:rw,Z" "-v" "/var/lib/crater-agent-workspace/builds/worker-9/source:/opt/rustwide/workdir:ro,Z" "-v" "/var/lib/crater-agent-workspace/cargo-home:/opt/rustwide/cargo-home:ro,Z" "-v" "/var/lib/crater-agent-workspace/rustup-home:/opt/rustwide/rustup-home:ro,Z" "-e" "SOURCE_DIR=/opt/rustwide/workdir" "-e" "CARGO_TARGET_DIR=/opt/rustwide/target" "-e" "CARGO_INCREMENTAL=0" "-e" "RUST_BACKTRACE=full" "-e" "RUSTFLAGS=--cap-lints=warn" "-e" "CARGO_HOME=/opt/rustwide/cargo-home" "-e" "RUSTUP_HOME=/opt/rustwide/rustup-home" "-w" "/opt/rustwide/workdir" "-m" "1610612736" "--user" "0:0" "--network" "none" "ghcr.io/rust-lang/crates-build-env/linux@sha256:34b6a614d2c27851fe6cbf88fbd1137609cefab8b10d0615aaeb6fd47975d74e" "/opt/rustwide/cargo-home/bin/cargo" "+beta-2021-08-01" "test" "--frozen" "--no-run" "--message-format=json", kill_on_drop: false }`
[INFO] [stderr] WARNING: Your kernel does not support swap limit capabilities or the cgroup is not mounted. Memory limited without swap.
[INFO] [stdout] 6ff7d38f2dd4f4509f9d33e6b1a726a572fcf7ab9c8d4dbcee351881c8296e85
[INFO] running `Command { std: "docker" "start" "-a" "6ff7d38f2dd4f4509f9d33e6b1a726a572fcf7ab9c8d4dbcee351881c8296e85", kill_on_drop: false }`
[INFO] [stderr]    Compiling tokio v1.8.1
[INFO] [stderr]    Compiling tokio-macros v1.3.0
[INFO] [stderr]    Compiling fluent-fallback v0.5.0 (/opt/rustwide/workdir)
[INFO] [stderr]     Finished test [unoptimized + debuginfo] target(s) in 11.37s
[INFO] running `Command { std: "docker" "inspect" "6ff7d38f2dd4f4509f9d33e6b1a726a572fcf7ab9c8d4dbcee351881c8296e85", kill_on_drop: false }`
[INFO] running `Command { std: "docker" "rm" "-f" "6ff7d38f2dd4f4509f9d33e6b1a726a572fcf7ab9c8d4dbcee351881c8296e85", kill_on_drop: false }`
[INFO] [stdout] 6ff7d38f2dd4f4509f9d33e6b1a726a572fcf7ab9c8d4dbcee351881c8296e85
[INFO] running `Command { std: "docker" "create" "-v" "/var/lib/crater-agent-workspace/builds/worker-9/target:/opt/rustwide/target:rw,Z" "-v" "/var/lib/crater-agent-workspace/builds/worker-9/source:/opt/rustwide/workdir:ro,Z" "-v" "/var/lib/crater-agent-workspace/cargo-home:/opt/rustwide/cargo-home:ro,Z" "-v" "/var/lib/crater-agent-workspace/rustup-home:/opt/rustwide/rustup-home:ro,Z" "-e" "SOURCE_DIR=/opt/rustwide/workdir" "-e" "CARGO_TARGET_DIR=/opt/rustwide/target" "-e" "CARGO_INCREMENTAL=0" "-e" "RUST_BACKTRACE=full" "-e" "RUSTFLAGS=--cap-lints=warn" "-e" "CARGO_HOME=/opt/rustwide/cargo-home" "-e" "RUSTUP_HOME=/opt/rustwide/rustup-home" "-w" "/opt/rustwide/workdir" "-m" "1610612736" "--user" "0:0" "--network" "none" "ghcr.io/rust-lang/crates-build-env/linux@sha256:34b6a614d2c27851fe6cbf88fbd1137609cefab8b10d0615aaeb6fd47975d74e" "/opt/rustwide/cargo-home/bin/cargo" "+beta-2021-08-01" "test" "--frozen", kill_on_drop: false }`
[INFO] [stdout] 657b950779def952b7d541653c769a08cf80ddc4d9d567c2ae18ee692885201f
[INFO] [stderr] WARNING: Your kernel does not support swap limit capabilities or the cgroup is not mounted. Memory limited without swap.
[INFO] running `Command { std: "docker" "start" "-a" "657b950779def952b7d541653c769a08cf80ddc4d9d567c2ae18ee692885201f", kill_on_drop: false }`
[INFO] [stderr]     Finished test [unoptimized + debuginfo] target(s) in 0.06s
[INFO] [stdout] 
[INFO] [stderr]      Running unittests (/opt/rustwide/target/debug/deps/fluent_fallback-a1be454eca2b140d)
[INFO] [stdout] running 0 tests
[INFO] [stdout] 
[INFO] [stdout] test result: ok. 0 passed; 0 failed; 0 ignored; 0 measured; 0 filtered out; finished in 0.00s
[INFO] [stdout] 
[INFO] [stderr]      Running tests/localization_test.rs (/opt/rustwide/target/debug/deps/localization_test-17022d50487ec469)
[INFO] [stdout] 
[INFO] [stdout] running 8 tests
[INFO] [stdout] test localization_format_missing_argument_error ... ok
[INFO] [stdout] test localization_format_messages_sync_missing_errors ... ok
[INFO] [stdout] test localization_format_value_sync_missing_errors ... ok
[INFO] [stdout] test localization_handle_state_changes_mid_async ... ok
[INFO] [stdout] test localization_format ... ok
[INFO] [stdout] test localization_on_change ... ok
[INFO] [stderr]    Doc-tests fluent-fallback
[INFO] [stdout] test localization_format_values_sync_missing_errors ... ok
[INFO] [stdout] test localization_format_value_missing_errors ... ok
[INFO] [stdout] 
[INFO] [stdout] test result: ok. 8 passed; 0 failed; 0 ignored; 0 measured; 0 filtered out; finished in 0.01s
[INFO] [stdout] 
[INFO] [stdout] 
[INFO] [stdout] running 2 tests
[INFO] [stdout] test src/lib.rs - (line 26) ... FAILED
[INFO] [stdout] test src/env.rs - env::LocalesProvider (line 23) ... FAILED
[INFO] [stdout] 
[INFO] [stdout] failures:
[INFO] [stdout] 
[INFO] [stdout] ---- src/lib.rs - (line 26) stdout ----
[INFO] [stdout] error[E0432]: unresolved import `fluent_resmgr`
[INFO] [stdout]  --> src/lib.rs:28:5
[INFO] [stdout]   |
[INFO] [stdout] 5 | use fluent_resmgr::ResourceManager;
[INFO] [stdout]   |     ^^^^^^^^^^^^^ use of undeclared crate or module `fluent_resmgr`
[INFO] [stdout] 
[INFO] [stdout] error: aborting due to previous error
[INFO] [stdout] 
[INFO] [stdout] For more information about this error, try `rustc --explain E0432`.
[INFO] [stdout] Couldn't compile the test.
[INFO] [stdout] ---- src/env.rs - env::LocalesProvider (line 23) stdout ----
[INFO] [stdout] error[E0432]: unresolved import `fluent_resmgr`
[INFO] [stdout]  --> src/env.rs:25:5
[INFO] [stdout]   |
[INFO] [stdout] 5 | use fluent_resmgr::ResourceManager;
[INFO] [stdout]   |     ^^^^^^^^^^^^^ use of undeclared crate or module `fluent_resmgr`
[INFO] [stdout] 
[INFO] [stdout] error: aborting due to previous error
[INFO] [stdout] 
[INFO] [stdout] For more information about this error, try `rustc --explain E0432`.
[INFO] [stdout] Couldn't compile the test.
[INFO] [stdout] 
[INFO] [stdout] failures:
[INFO] [stdout]     src/env.rs - env::LocalesProvider (line 23)
[INFO] [stdout]     src/lib.rs - (line 26)
[INFO] [stdout] 
[INFO] [stdout] test result: FAILED. 0 passed; 2 failed; 0 ignored; 0 measured; 0 filtered out; finished in 0.58s
[INFO] [stdout] 
[INFO] [stderr] error: test failed, to rerun pass '--doc'
[INFO] running `Command { std: "docker" "inspect" "657b950779def952b7d541653c769a08cf80ddc4d9d567c2ae18ee692885201f", kill_on_drop: false }`
[INFO] running `Command { std: "docker" "rm" "-f" "657b950779def952b7d541653c769a08cf80ddc4d9d567c2ae18ee692885201f", kill_on_drop: false }`
[INFO] [stdout] 657b950779def952b7d541653c769a08cf80ddc4d9d567c2ae18ee692885201f
