[INFO] fetching crate flp-framework 0.1.0...
[INFO] testing flp-framework-0.1.0 against 1.54.0 for beta-1.55-1
[INFO] extracting crate flp-framework 0.1.0 into /workspace/builds/worker-9/source
[INFO] validating manifest of crates.io crate flp-framework 0.1.0 on toolchain 1.54.0
[INFO] running `Command { std: "/workspace/cargo-home/bin/cargo" "+1.54.0" "metadata" "--manifest-path" "Cargo.toml" "--no-deps", kill_on_drop: false }`
[INFO] started tweaking crates.io crate flp-framework 0.1.0
[INFO] finished tweaking crates.io crate flp-framework 0.1.0
[INFO] tweaked toml for crates.io crate flp-framework 0.1.0 written to /workspace/builds/worker-9/source/Cargo.toml
[INFO] running `Command { std: "/workspace/cargo-home/bin/cargo" "+1.54.0" "generate-lockfile" "--manifest-path" "Cargo.toml" "-Zno-index-update", kill_on_drop: false }`
[INFO] running `Command { std: "/workspace/cargo-home/bin/cargo" "+1.54.0" "fetch" "--manifest-path" "Cargo.toml", kill_on_drop: false }`
[INFO] running `Command { std: "docker" "create" "-v" "/var/lib/crater-agent-workspace/builds/worker-9/target:/opt/rustwide/target:rw,Z" "-v" "/var/lib/crater-agent-workspace/builds/worker-9/source:/opt/rustwide/workdir:ro,Z" "-v" "/var/lib/crater-agent-workspace/cargo-home:/opt/rustwide/cargo-home:ro,Z" "-v" "/var/lib/crater-agent-workspace/rustup-home:/opt/rustwide/rustup-home:ro,Z" "-e" "SOURCE_DIR=/opt/rustwide/workdir" "-e" "CARGO_TARGET_DIR=/opt/rustwide/target" "-e" "CARGO_HOME=/opt/rustwide/cargo-home" "-e" "RUSTUP_HOME=/opt/rustwide/rustup-home" "-w" "/opt/rustwide/workdir" "-m" "1610612736" "--user" "0:0" "--network" "none" "ghcr.io/rust-lang/crates-build-env/linux@sha256:34b6a614d2c27851fe6cbf88fbd1137609cefab8b10d0615aaeb6fd47975d74e" "/opt/rustwide/cargo-home/bin/cargo" "+1.54.0" "metadata" "--no-deps" "--format-version=1", kill_on_drop: false }`
[INFO] [stderr] WARNING: Your kernel does not support swap limit capabilities or the cgroup is not mounted. Memory limited without swap.
[INFO] [stdout] 84bf27cfe655cb430ad337f9629f7786900fd24be37d841b1c2c4980bf3e66a7
[INFO] running `Command { std: "docker" "start" "-a" "84bf27cfe655cb430ad337f9629f7786900fd24be37d841b1c2c4980bf3e66a7", kill_on_drop: false }`
[INFO] running `Command { std: "docker" "inspect" "84bf27cfe655cb430ad337f9629f7786900fd24be37d841b1c2c4980bf3e66a7", kill_on_drop: false }`
[INFO] running `Command { std: "docker" "rm" "-f" "84bf27cfe655cb430ad337f9629f7786900fd24be37d841b1c2c4980bf3e66a7", kill_on_drop: false }`
[INFO] [stdout] 84bf27cfe655cb430ad337f9629f7786900fd24be37d841b1c2c4980bf3e66a7
[INFO] running `Command { std: "docker" "create" "-v" "/var/lib/crater-agent-workspace/builds/worker-9/target:/opt/rustwide/target:rw,Z" "-v" "/var/lib/crater-agent-workspace/builds/worker-9/source:/opt/rustwide/workdir:ro,Z" "-v" "/var/lib/crater-agent-workspace/cargo-home:/opt/rustwide/cargo-home:ro,Z" "-v" "/var/lib/crater-agent-workspace/rustup-home:/opt/rustwide/rustup-home:ro,Z" "-e" "SOURCE_DIR=/opt/rustwide/workdir" "-e" "CARGO_TARGET_DIR=/opt/rustwide/target" "-e" "CARGO_INCREMENTAL=0" "-e" "RUST_BACKTRACE=full" "-e" "RUSTFLAGS=--cap-lints=warn" "-e" "CARGO_HOME=/opt/rustwide/cargo-home" "-e" "RUSTUP_HOME=/opt/rustwide/rustup-home" "-w" "/opt/rustwide/workdir" "-m" "1610612736" "--user" "0:0" "--network" "none" "ghcr.io/rust-lang/crates-build-env/linux@sha256:34b6a614d2c27851fe6cbf88fbd1137609cefab8b10d0615aaeb6fd47975d74e" "/opt/rustwide/cargo-home/bin/cargo" "+1.54.0" "build" "--frozen" "--message-format=json", kill_on_drop: false }`
[INFO] [stdout] d8bde3715bfc41891be90f5ad0cab33e751ee8360b21801ef713548883750f29
[INFO] [stderr] WARNING: Your kernel does not support swap limit capabilities or the cgroup is not mounted. Memory limited without swap.
[INFO] running `Command { std: "docker" "start" "-a" "d8bde3715bfc41891be90f5ad0cab33e751ee8360b21801ef713548883750f29", kill_on_drop: false }`
[INFO] [stderr]    Compiling flp-framework v0.1.0 (/opt/rustwide/workdir)
[INFO] [stdout] warning: anonymous parameters are deprecated and will be removed in the next edition.
[INFO] [stdout]   --> src/lib.rs:33:37
[INFO] [stdout]    |
[INFO] [stdout] 33 |     #[inline(always)] fn from_usize(usize) -> Self;
[INFO] [stdout]    |                                     ^^^^^ help: try naming the parameter or explicitly ignoring it: `_: usize`
[INFO] [stdout]    |
[INFO] [stdout]    = note: `#[warn(anonymous_parameters)]` on by default
[INFO] [stdout]    = warning: this was previously accepted by the compiler but is being phased out; it will become a hard error in the 2018 edition!
[INFO] [stdout]    = note: for more information, see issue #41686 <https://github.com/rust-lang/rust/issues/41686>
[INFO] [stdout] 
[INFO] [stdout] 
[INFO] [stdout] warning: `#[inline]` is ignored on function prototypes
[INFO] [stdout]   --> src/lib.rs:27:5
[INFO] [stdout]    |
[INFO] [stdout] 27 |     #[inline(always)] fn as_usize(&self) -> usize;
[INFO] [stdout]    |     ^^^^^^^^^^^^^^^^^
[INFO] [stdout]    |
[INFO] [stdout]    = note: `#[warn(unused_attributes)]` on by default
[INFO] [stdout] 
[INFO] [stdout] 
[INFO] [stdout] warning: `#[inline]` is ignored on function prototypes
[INFO] [stdout]   --> src/lib.rs:33:5
[INFO] [stdout]    |
[INFO] [stdout] 33 |     #[inline(always)] fn from_usize(usize) -> Self;
[INFO] [stdout]    |     ^^^^^^^^^^^^^^^^^
[INFO] [stdout] 
[INFO] [stdout] 
[INFO] [stdout] warning: 3 warnings emitted
[INFO] [stdout] 
[INFO] [stdout] 
[INFO] [stderr]     Finished dev [unoptimized + debuginfo] target(s) in 0.66s
[INFO] running `Command { std: "docker" "inspect" "d8bde3715bfc41891be90f5ad0cab33e751ee8360b21801ef713548883750f29", kill_on_drop: false }`
[INFO] running `Command { std: "docker" "rm" "-f" "d8bde3715bfc41891be90f5ad0cab33e751ee8360b21801ef713548883750f29", kill_on_drop: false }`
[INFO] [stdout] d8bde3715bfc41891be90f5ad0cab33e751ee8360b21801ef713548883750f29
[INFO] running `Command { std: "docker" "create" "-v" "/var/lib/crater-agent-workspace/builds/worker-9/target:/opt/rustwide/target:rw,Z" "-v" "/var/lib/crater-agent-workspace/builds/worker-9/source:/opt/rustwide/workdir:ro,Z" "-v" "/var/lib/crater-agent-workspace/cargo-home:/opt/rustwide/cargo-home:ro,Z" "-v" "/var/lib/crater-agent-workspace/rustup-home:/opt/rustwide/rustup-home:ro,Z" "-e" "SOURCE_DIR=/opt/rustwide/workdir" "-e" "CARGO_TARGET_DIR=/opt/rustwide/target" "-e" "CARGO_INCREMENTAL=0" "-e" "RUST_BACKTRACE=full" "-e" "RUSTFLAGS=--cap-lints=warn" "-e" "CARGO_HOME=/opt/rustwide/cargo-home" "-e" "RUSTUP_HOME=/opt/rustwide/rustup-home" "-w" "/opt/rustwide/workdir" "-m" "1610612736" "--user" "0:0" "--network" "none" "ghcr.io/rust-lang/crates-build-env/linux@sha256:34b6a614d2c27851fe6cbf88fbd1137609cefab8b10d0615aaeb6fd47975d74e" "/opt/rustwide/cargo-home/bin/cargo" "+1.54.0" "test" "--frozen" "--no-run" "--message-format=json", kill_on_drop: false }`
[INFO] [stdout] 7ba5d404a44e9c3316eb99a1776613461811800c55eedc38cd50578795d0bec3
[INFO] [stderr] WARNING: Your kernel does not support swap limit capabilities or the cgroup is not mounted. Memory limited without swap.
[INFO] running `Command { std: "docker" "start" "-a" "7ba5d404a44e9c3316eb99a1776613461811800c55eedc38cd50578795d0bec3", kill_on_drop: false }`
[INFO] [stdout] warning: anonymous parameters are deprecated and will be removed in the next edition.
[INFO] [stdout]   --> src/lib.rs:33:37
[INFO] [stdout]    |
[INFO] [stdout] 33 |     #[inline(always)] fn from_usize(usize) -> Self;
[INFO] [stdout]    |                                     ^^^^^ help: try naming the parameter or explicitly ignoring it: `_: usize`
[INFO] [stdout]    |
[INFO] [stdout]    = note: `#[warn(anonymous_parameters)]` on by default
[INFO] [stdout]    = warning: this was previously accepted by the compiler but is being phased out; it will become a hard error in the 2018 edition!
[INFO] [stdout]    = note: for more information, see issue #41686 <https://github.com/rust-lang/rust/issues/41686>
[INFO] [stdout] 
[INFO] [stdout] 
[INFO] [stdout] warning: `#[inline]` is ignored on function prototypes
[INFO] [stdout]   --> src/lib.rs:27:5
[INFO] [stdout]    |
[INFO] [stdout] 27 |     #[inline(always)] fn as_usize(&self) -> usize;
[INFO] [stdout]    |     ^^^^^^^^^^^^^^^^^
[INFO] [stdout]    |
[INFO] [stdout]    = note: `#[warn(unused_attributes)]` on by default
[INFO] [stdout] 
[INFO] [stdout] 
[INFO] [stdout] warning: `#[inline]` is ignored on function prototypes
[INFO] [stdout]   --> src/lib.rs:33:5
[INFO] [stdout]    |
[INFO] [stdout] 33 |     #[inline(always)] fn from_usize(usize) -> Self;
[INFO] [stdout]    |     ^^^^^^^^^^^^^^^^^
[INFO] [stdout] 
[INFO] [stdout] 
[INFO] [stdout] warning: 3 warnings emitted
[INFO] [stdout] 
[INFO] [stdout] 
[INFO] [stderr]    Compiling flp-framework v0.1.0 (/opt/rustwide/workdir)
[INFO] [stdout] warning: anonymous parameters are deprecated and will be removed in the next edition.
[INFO] [stdout]   --> src/lib.rs:33:37
[INFO] [stdout]    |
[INFO] [stdout] 33 |     #[inline(always)] fn from_usize(usize) -> Self;
[INFO] [stdout]    |                                     ^^^^^ help: try naming the parameter or explicitly ignoring it: `_: usize`
[INFO] [stdout]    |
[INFO] [stdout]    = note: `#[warn(anonymous_parameters)]` on by default
[INFO] [stdout]    = warning: this was previously accepted by the compiler but is being phased out; it will become a hard error in the 2018 edition!
[INFO] [stdout]    = note: for more information, see issue #41686 <https://github.com/rust-lang/rust/issues/41686>
[INFO] [stdout] 
[INFO] [stdout] 
[INFO] [stdout] warning: `#[inline]` is ignored on function prototypes
[INFO] [stdout]   --> src/lib.rs:27:5
[INFO] [stdout]    |
[INFO] [stdout] 27 |     #[inline(always)] fn as_usize(&self) -> usize;
[INFO] [stdout]    |     ^^^^^^^^^^^^^^^^^
[INFO] [stdout]    |
[INFO] [stdout]    = note: `#[warn(unused_attributes)]` on by default
[INFO] [stdout] 
[INFO] [stdout] 
[INFO] [stdout] warning: `#[inline]` is ignored on function prototypes
[INFO] [stdout]   --> src/lib.rs:33:5
[INFO] [stdout]    |
[INFO] [stdout] 33 |     #[inline(always)] fn from_usize(usize) -> Self;
[INFO] [stdout]    |     ^^^^^^^^^^^^^^^^^
[INFO] [stdout] 
[INFO] [stdout] 
[INFO] [stdout] warning: 3 warnings emitted
[INFO] [stdout] 
[INFO] [stdout] 
[INFO] [stderr]     Finished test [unoptimized + debuginfo] target(s) in 0.97s
[INFO] running `Command { std: "docker" "inspect" "7ba5d404a44e9c3316eb99a1776613461811800c55eedc38cd50578795d0bec3", kill_on_drop: false }`
[INFO] running `Command { std: "docker" "rm" "-f" "7ba5d404a44e9c3316eb99a1776613461811800c55eedc38cd50578795d0bec3", kill_on_drop: false }`
[INFO] [stdout] 7ba5d404a44e9c3316eb99a1776613461811800c55eedc38cd50578795d0bec3
[INFO] running `Command { std: "docker" "create" "-v" "/var/lib/crater-agent-workspace/builds/worker-9/target:/opt/rustwide/target:rw,Z" "-v" "/var/lib/crater-agent-workspace/builds/worker-9/source:/opt/rustwide/workdir:ro,Z" "-v" "/var/lib/crater-agent-workspace/cargo-home:/opt/rustwide/cargo-home:ro,Z" "-v" "/var/lib/crater-agent-workspace/rustup-home:/opt/rustwide/rustup-home:ro,Z" "-e" "SOURCE_DIR=/opt/rustwide/workdir" "-e" "CARGO_TARGET_DIR=/opt/rustwide/target" "-e" "CARGO_INCREMENTAL=0" "-e" "RUST_BACKTRACE=full" "-e" "RUSTFLAGS=--cap-lints=warn" "-e" "CARGO_HOME=/opt/rustwide/cargo-home" "-e" "RUSTUP_HOME=/opt/rustwide/rustup-home" "-w" "/opt/rustwide/workdir" "-m" "1610612736" "--user" "0:0" "--network" "none" "ghcr.io/rust-lang/crates-build-env/linux@sha256:34b6a614d2c27851fe6cbf88fbd1137609cefab8b10d0615aaeb6fd47975d74e" "/opt/rustwide/cargo-home/bin/cargo" "+1.54.0" "test" "--frozen", kill_on_drop: false }`
[INFO] [stderr] WARNING: Your kernel does not support swap limit capabilities or the cgroup is not mounted. Memory limited without swap.
[INFO] [stdout] bac5afc717c0736b9896ef5d348b351ede55f5c6542e0d9b75eba79949572317
[INFO] running `Command { std: "docker" "start" "-a" "bac5afc717c0736b9896ef5d348b351ede55f5c6542e0d9b75eba79949572317", kill_on_drop: false }`
[INFO] [stderr]     Blocking waiting for file lock on package cache
[INFO] [stderr] warning: anonymous parameters are deprecated and will be removed in the next edition.
[INFO] [stderr]   --> src/lib.rs:33:37
[INFO] [stderr]    |
[INFO] [stderr] 33 |     #[inline(always)] fn from_usize(usize) -> Self;
[INFO] [stderr]    |                                     ^^^^^ help: try naming the parameter or explicitly ignoring it: `_: usize`
[INFO] [stderr]    |
[INFO] [stderr]    = note: `#[warn(anonymous_parameters)]` on by default
[INFO] [stderr]    = warning: this was previously accepted by the compiler but is being phased out; it will become a hard error in the 2018 edition!
[INFO] [stderr]    = note: for more information, see issue #41686 <https://github.com/rust-lang/rust/issues/41686>
[INFO] [stderr] 
[INFO] [stderr] warning: `#[inline]` is ignored on function prototypes
[INFO] [stderr]   --> src/lib.rs:27:5
[INFO] [stderr]    |
[INFO] [stderr] 27 |     #[inline(always)] fn as_usize(&self) -> usize;
[INFO] [stderr]    |     ^^^^^^^^^^^^^^^^^
[INFO] [stderr]    |
[INFO] [stderr]    = note: `#[warn(unused_attributes)]` on by default
[INFO] [stderr] 
[INFO] [stderr] warning: `#[inline]` is ignored on function prototypes
[INFO] [stderr]   --> src/lib.rs:33:5
[INFO] [stderr]    |
[INFO] [stderr] 33 |     #[inline(always)] fn from_usize(usize) -> Self;
[INFO] [stderr]    |     ^^^^^^^^^^^^^^^^^
[INFO] [stderr] 
[INFO] [stderr] warning: 3 warnings emitted
[INFO] [stderr] 
[INFO] [stdout] 
[INFO] [stderr] warning: anonymous parameters are deprecated and will be removed in the next edition.
[INFO] [stdout] running 8 tests
[INFO] [stderr]   --> src/lib.rs:33:37
[INFO] [stdout] test address::tests::v2 ... ok
[INFO] [stderr]    |
[INFO] [stdout] test address::tests::v4 ... ok
[INFO] [stderr] 33 |     #[inline(always)] fn from_usize(usize) -> Self;
[INFO] [stdout] test address::tests::v5 ... ok
[INFO] [stderr]    |                                     ^^^^^ help: try naming the parameter or explicitly ignoring it: `_: usize`
[INFO] [stdout] test address::tests::v6 ... ok
[INFO] [stderr]    |
[INFO] [stdout] test address::tests::v7 ... ok
[INFO] [stderr]    = note: `#[warn(anonymous_parameters)]` on by default
[INFO] [stdout] test address::tests::v3 ... ok
[INFO] [stderr]    = warning: this was previously accepted by the compiler but is being phased out; it will become a hard error in the 2018 edition!
[INFO] [stdout] test address::tests::v0 ... ok
[INFO] [stderr]    = note: for more information, see issue #41686 <https://github.com/rust-lang/rust/issues/41686>
[INFO] [stderr] 
[INFO] [stderr] warning: `#[inline]` is ignored on function prototypes
[INFO] [stderr]   --> src/lib.rs:27:5
[INFO] [stderr]    |
[INFO] [stderr] 27 |     #[inline(always)] fn as_usize(&self) -> usize;
[INFO] [stderr]    |     ^^^^^^^^^^^^^^^^^
[INFO] [stderr]    |
[INFO] [stderr]    = note: `#[warn(unused_attributes)]` on by default
[INFO] [stderr] 
[INFO] [stderr] warning: `#[inline]` is ignored on function prototypes
[INFO] [stderr]   --> src/lib.rs:33:5
[INFO] [stderr]    |
[INFO] [stderr] 33 |     #[inline(always)] fn from_usize(usize) -> Self;
[INFO] [stderr]    |     ^^^^^^^^^^^^^^^^^
[INFO] [stderr] 
[INFO] [stderr] warning: 3 warnings emitted
[INFO] [stderr] 
[INFO] [stderr]     Finished test [unoptimized + debuginfo] target(s) in 0.06s
[INFO] [stderr]      Running unittests (/opt/rustwide/target/debug/deps/flp_framework-a8186116627af030)
[INFO] [stdout] test address::tests::v1 ... ok
[INFO] [stderr]    Doc-tests flp-framework
[INFO] [stdout] 
[INFO] [stdout] test result: ok. 8 passed; 0 failed; 0 ignored; 0 measured; 0 filtered out; finished in 0.01s
[INFO] [stdout] 
[INFO] [stdout] 
[INFO] [stdout] running 20 tests
[INFO] [stdout] test src/address.rs - address::Word (line 109) ... FAILED
[INFO] [stdout] test src/address.rs - address::Byte (line 240) ... FAILED
[INFO] [stdout] test src/address.rs - address::Word::verify (line 171) ... ok
[INFO] [stdout] test src/address.rs - address::Word::as_usize (line 162) ... ok
[INFO] [stdout] test src/address.rs - address::WordAddr::as_usize (line 207) ... ok
[INFO] [stdout] test src/address.rs - address::ByteAddr::from_usize (line 313) ... ok
[INFO] [stdout] test src/address.rs - address::ByteAddr::as_usize (line 321) ... ok
[INFO] [stdout] test src/address.rs - address::Byte::from_usize (line 263) ... ok
[INFO] [stdout] test src/address.rs - address::Word::from_usize (line 154) ... ok
[INFO] [stdout] test src/address.rs - address::VoidAddr::as_usize (line 44) ... ok
[INFO] [stdout] test src/lib.rs - Address::align_up (line 84) ... ok
[INFO] [stdout] test src/address.rs - address::Byte::verify (line 280) ... ok
[INFO] [stdout] test src/address.rs - address::Byte::as_usize (line 271) ... ok
[INFO] [stdout] test src/address.rs - address::ByteAddr::verify (line 330) ... ok
[INFO] [stdout] test src/address.rs - address::VoidAddr::from_usize (line 36) ... ok
[INFO] [stdout] test src/address.rs - address::WordAddr::from_usize (line 199) ... ok
[INFO] [stdout] test src/address.rs - address::VoidAddr::verify (line 54) ... ok
[INFO] [stdout] test src/lib.rs - Address::is_aligned_to (line 126) ... ok
[INFO] [stdout] test src/lib.rs - Address::diff (line 163) ... ok
[INFO] [stdout] test src/address.rs - address::WordAddr::verify (line 216) ... ok
[INFO] [stdout] 
[INFO] [stdout] failures:
[INFO] [stdout] 
[INFO] [stdout] ---- src/address.rs - address::Word (line 109) stdout ----
[INFO] [stdout] error[E0554]: `#![feature]` may not be used on the stable release channel
[INFO] [stdout]  --> src/address.rs:108:1
[INFO] [stdout]   |
[INFO] [stdout] 2 | #![feature(rustc_private)]
[INFO] [stdout]   | ^^^^^^^^^^^^^^^^^^^^^^^^^^
[INFO] [stdout] 
[INFO] [stdout] error: aborting due to previous error
[INFO] [stdout] 
[INFO] [stdout] For more information about this error, try `rustc --explain E0554`.
[INFO] [stdout] Couldn't compile the test.
[INFO] [stdout] ---- src/address.rs - address::Byte (line 240) stdout ----
[INFO] [stdout] error[E0554]: `#![feature]` may not be used on the stable release channel
[INFO] [stdout]  --> src/address.rs:239:1
[INFO] [stdout]   |
[INFO] [stdout] 2 | #![feature(rustc_private)]
[INFO] [stdout]   | ^^^^^^^^^^^^^^^^^^^^^^^^^^
[INFO] [stdout] 
[INFO] [stdout] error: aborting due to previous error
[INFO] [stdout] 
[INFO] [stdout] For more information about this error, try `rustc --explain E0554`.
[INFO] [stdout] Couldn't compile the test.
[INFO] [stdout] 
[INFO] [stdout] failures:
[INFO] [stdout]     src/address.rs - address::Byte (line 240)
[INFO] [stdout]     src/address.rs - address::Word (line 109)
[INFO] [stdout] 
[INFO] [stdout] test result: FAILED. 18 passed; 2 failed; 0 ignored; 0 measured; 0 filtered out; finished in 4.54s
[INFO] [stdout] 
[INFO] [stderr] error: test failed, to rerun pass '--doc'
[INFO] running `Command { std: "docker" "inspect" "bac5afc717c0736b9896ef5d348b351ede55f5c6542e0d9b75eba79949572317", kill_on_drop: false }`
[INFO] running `Command { std: "docker" "rm" "-f" "bac5afc717c0736b9896ef5d348b351ede55f5c6542e0d9b75eba79949572317", kill_on_drop: false }`
[INFO] [stdout] bac5afc717c0736b9896ef5d348b351ede55f5c6542e0d9b75eba79949572317
