[INFO] fetching crate flipdot-testing 0.6.0...
[INFO] testing flipdot-testing-0.6.0 against 1.54.0 for beta-1.55-1
[INFO] extracting crate flipdot-testing 0.6.0 into /workspace/builds/worker-44/source
[INFO] validating manifest of crates.io crate flipdot-testing 0.6.0 on toolchain 1.54.0
[INFO] running `Command { std: "/workspace/cargo-home/bin/cargo" "+1.54.0" "metadata" "--manifest-path" "Cargo.toml" "--no-deps", kill_on_drop: false }`
[INFO] started tweaking crates.io crate flipdot-testing 0.6.0
[INFO] finished tweaking crates.io crate flipdot-testing 0.6.0
[INFO] tweaked toml for crates.io crate flipdot-testing 0.6.0 written to /workspace/builds/worker-44/source/Cargo.toml
[INFO] running `Command { std: "/workspace/cargo-home/bin/cargo" "+1.54.0" "generate-lockfile" "--manifest-path" "Cargo.toml" "-Zno-index-update", kill_on_drop: false }`
[INFO] [stderr]     Blocking waiting for file lock on package cache
[INFO] running `Command { std: "/workspace/cargo-home/bin/cargo" "+1.54.0" "fetch" "--manifest-path" "Cargo.toml", kill_on_drop: false }`
[INFO] [stderr]     Blocking waiting for file lock on package cache
[INFO] [stderr]     Blocking waiting for file lock on package cache
[INFO] running `Command { std: "docker" "create" "-v" "/var/lib/crater-agent-workspace/builds/worker-44/target:/opt/rustwide/target:rw,Z" "-v" "/var/lib/crater-agent-workspace/builds/worker-44/source:/opt/rustwide/workdir:ro,Z" "-v" "/var/lib/crater-agent-workspace/cargo-home:/opt/rustwide/cargo-home:ro,Z" "-v" "/var/lib/crater-agent-workspace/rustup-home:/opt/rustwide/rustup-home:ro,Z" "-e" "SOURCE_DIR=/opt/rustwide/workdir" "-e" "CARGO_TARGET_DIR=/opt/rustwide/target" "-e" "CARGO_HOME=/opt/rustwide/cargo-home" "-e" "RUSTUP_HOME=/opt/rustwide/rustup-home" "-w" "/opt/rustwide/workdir" "-m" "1610612736" "--user" "0:0" "--network" "none" "ghcr.io/rust-lang/crates-build-env/linux@sha256:34b6a614d2c27851fe6cbf88fbd1137609cefab8b10d0615aaeb6fd47975d74e" "/opt/rustwide/cargo-home/bin/cargo" "+1.54.0" "metadata" "--no-deps" "--format-version=1", kill_on_drop: false }`
[INFO] [stdout] 3ee5951bf8179d5f0130cc324bffcdd2e6309998fec60fbf394ac08794813ca2
[INFO] running `Command { std: "docker" "start" "-a" "3ee5951bf8179d5f0130cc324bffcdd2e6309998fec60fbf394ac08794813ca2", kill_on_drop: false }`
[INFO] running `Command { std: "docker" "inspect" "3ee5951bf8179d5f0130cc324bffcdd2e6309998fec60fbf394ac08794813ca2", kill_on_drop: false }`
[INFO] running `Command { std: "docker" "rm" "-f" "3ee5951bf8179d5f0130cc324bffcdd2e6309998fec60fbf394ac08794813ca2", kill_on_drop: false }`
[INFO] [stdout] 3ee5951bf8179d5f0130cc324bffcdd2e6309998fec60fbf394ac08794813ca2
[INFO] running `Command { std: "docker" "create" "-v" "/var/lib/crater-agent-workspace/builds/worker-44/target:/opt/rustwide/target:rw,Z" "-v" "/var/lib/crater-agent-workspace/builds/worker-44/source:/opt/rustwide/workdir:ro,Z" "-v" "/var/lib/crater-agent-workspace/cargo-home:/opt/rustwide/cargo-home:ro,Z" "-v" "/var/lib/crater-agent-workspace/rustup-home:/opt/rustwide/rustup-home:ro,Z" "-e" "SOURCE_DIR=/opt/rustwide/workdir" "-e" "CARGO_TARGET_DIR=/opt/rustwide/target" "-e" "CARGO_INCREMENTAL=0" "-e" "RUST_BACKTRACE=full" "-e" "RUSTFLAGS=--cap-lints=warn" "-e" "CARGO_HOME=/opt/rustwide/cargo-home" "-e" "RUSTUP_HOME=/opt/rustwide/rustup-home" "-w" "/opt/rustwide/workdir" "-m" "1610612736" "--user" "0:0" "--network" "none" "ghcr.io/rust-lang/crates-build-env/linux@sha256:34b6a614d2c27851fe6cbf88fbd1137609cefab8b10d0615aaeb6fd47975d74e" "/opt/rustwide/cargo-home/bin/cargo" "+1.54.0" "build" "--frozen" "--message-format=json", kill_on_drop: false }`
[INFO] [stdout] 8c201d33e03d3b036e3ab69ef2b15c2d8ce673eed576b277d67b0145fe17c15b
[INFO] running `Command { std: "docker" "start" "-a" "8c201d33e03d3b036e3ab69ef2b15c2d8ce673eed576b277d67b0145fe17c15b", kill_on_drop: false }`
[INFO] [stderr]     Blocking waiting for file lock on package cache
[INFO] [stderr]    Compiling syn v1.0.74
[INFO] [stderr]    Compiling regex-syntax v0.6.25
[INFO] [stderr]    Compiling memchr v2.4.0
[INFO] [stderr]    Compiling num-traits v0.2.14
[INFO] [stderr]    Compiling log v0.4.14
[INFO] [stderr]    Compiling serial-core v0.4.0
[INFO] [stderr]    Compiling aho-corasick v0.7.18
[INFO] [stderr]    Compiling regex v1.5.4
[INFO] [stderr]    Compiling thiserror-impl v1.0.26
[INFO] [stderr]    Compiling derive_more v0.99.16
[INFO] [stderr]    Compiling thiserror v1.0.26
[INFO] [stderr]    Compiling flipdot-core v0.6.0
[INFO] [stderr]    Compiling flipdot-serial v0.6.0
[INFO] [stderr]    Compiling flipdot-testing v0.6.0 (/opt/rustwide/workdir)
[INFO] [stderr]     Finished dev [unoptimized + debuginfo] target(s) in 25.51s
[INFO] running `Command { std: "docker" "inspect" "8c201d33e03d3b036e3ab69ef2b15c2d8ce673eed576b277d67b0145fe17c15b", kill_on_drop: false }`
[INFO] running `Command { std: "docker" "rm" "-f" "8c201d33e03d3b036e3ab69ef2b15c2d8ce673eed576b277d67b0145fe17c15b", kill_on_drop: false }`
[INFO] [stdout] 8c201d33e03d3b036e3ab69ef2b15c2d8ce673eed576b277d67b0145fe17c15b
[INFO] running `Command { std: "docker" "create" "-v" "/var/lib/crater-agent-workspace/builds/worker-44/target:/opt/rustwide/target:rw,Z" "-v" "/var/lib/crater-agent-workspace/builds/worker-44/source:/opt/rustwide/workdir:ro,Z" "-v" "/var/lib/crater-agent-workspace/cargo-home:/opt/rustwide/cargo-home:ro,Z" "-v" "/var/lib/crater-agent-workspace/rustup-home:/opt/rustwide/rustup-home:ro,Z" "-e" "SOURCE_DIR=/opt/rustwide/workdir" "-e" "CARGO_TARGET_DIR=/opt/rustwide/target" "-e" "CARGO_INCREMENTAL=0" "-e" "RUST_BACKTRACE=full" "-e" "RUSTFLAGS=--cap-lints=warn" "-e" "CARGO_HOME=/opt/rustwide/cargo-home" "-e" "RUSTUP_HOME=/opt/rustwide/rustup-home" "-w" "/opt/rustwide/workdir" "-m" "1610612736" "--user" "0:0" "--network" "none" "ghcr.io/rust-lang/crates-build-env/linux@sha256:34b6a614d2c27851fe6cbf88fbd1137609cefab8b10d0615aaeb6fd47975d74e" "/opt/rustwide/cargo-home/bin/cargo" "+1.54.0" "test" "--frozen" "--no-run" "--message-format=json", kill_on_drop: false }`
[INFO] [stdout] 865503acc94c42acb0b0898cf9dc8d09b1d64b3dc1a00cb08c6b59f73b5f1ab7
[INFO] running `Command { std: "docker" "start" "-a" "865503acc94c42acb0b0898cf9dc8d09b1d64b3dc1a00cb08c6b59f73b5f1ab7", kill_on_drop: false }`
[INFO] [stderr]     Blocking waiting for file lock on package cache
[INFO] [stderr]    Compiling flipdot-testing v0.6.0 (/opt/rustwide/workdir)
[INFO] [stderr]     Finished test [unoptimized + debuginfo] target(s) in 1.68s
[INFO] running `Command { std: "docker" "inspect" "865503acc94c42acb0b0898cf9dc8d09b1d64b3dc1a00cb08c6b59f73b5f1ab7", kill_on_drop: false }`
[INFO] running `Command { std: "docker" "rm" "-f" "865503acc94c42acb0b0898cf9dc8d09b1d64b3dc1a00cb08c6b59f73b5f1ab7", kill_on_drop: false }`
[INFO] [stdout] 865503acc94c42acb0b0898cf9dc8d09b1d64b3dc1a00cb08c6b59f73b5f1ab7
[INFO] running `Command { std: "docker" "create" "-v" "/var/lib/crater-agent-workspace/builds/worker-44/target:/opt/rustwide/target:rw,Z" "-v" "/var/lib/crater-agent-workspace/builds/worker-44/source:/opt/rustwide/workdir:ro,Z" "-v" "/var/lib/crater-agent-workspace/cargo-home:/opt/rustwide/cargo-home:ro,Z" "-v" "/var/lib/crater-agent-workspace/rustup-home:/opt/rustwide/rustup-home:ro,Z" "-e" "SOURCE_DIR=/opt/rustwide/workdir" "-e" "CARGO_TARGET_DIR=/opt/rustwide/target" "-e" "CARGO_INCREMENTAL=0" "-e" "RUST_BACKTRACE=full" "-e" "RUSTFLAGS=--cap-lints=warn" "-e" "CARGO_HOME=/opt/rustwide/cargo-home" "-e" "RUSTUP_HOME=/opt/rustwide/rustup-home" "-w" "/opt/rustwide/workdir" "-m" "1610612736" "--user" "0:0" "--network" "none" "ghcr.io/rust-lang/crates-build-env/linux@sha256:34b6a614d2c27851fe6cbf88fbd1137609cefab8b10d0615aaeb6fd47975d74e" "/opt/rustwide/cargo-home/bin/cargo" "+1.54.0" "test" "--frozen", kill_on_drop: false }`
[INFO] [stdout] 2110d46adb345d29051130ee4e3240e9c5fda50e01e2229a71394cfecb43ae3a
[INFO] running `Command { std: "docker" "start" "-a" "2110d46adb345d29051130ee4e3240e9c5fda50e01e2229a71394cfecb43ae3a", kill_on_drop: false }`
[INFO] [stderr]     Blocking waiting for file lock on package cache
[INFO] [stderr]     Finished test [unoptimized + debuginfo] target(s) in 1.14s
[INFO] [stderr]      Running unittests (/opt/rustwide/target/debug/deps/flipdot_testing-36c03d26d9b61da3)
[INFO] [stdout] 
[INFO] [stdout] running 4 tests
[INFO] [stdout] test virtual_sign_bus::tests::invalid_config ... ok
[INFO] [stdout] test virtual_sign_bus::tests::invalid_operations ... ok
[INFO] [stderr]    Doc-tests flipdot-testing
[INFO] [stdout] test virtual_sign_bus::tests::unknown_config ... ok
[INFO] [stdout] test virtual_sign_bus::tests::normal_behavior ... ok
[INFO] [stdout] 
[INFO] [stdout] test result: ok. 4 passed; 0 failed; 0 ignored; 0 measured; 0 filtered out; finished in 0.00s
[INFO] [stdout] 
[INFO] [stdout] 
[INFO] [stdout] running 13 tests
[INFO] [stdout] test src/lib.rs - (line 14) - compile ... FAILED
[INFO] [stdout] test src/virtual_sign_bus.rs - virtual_sign_bus::VirtualSignBus (line 22) - compile ... FAILED
[INFO] [stdout] test src/odk.rs - odk::Odk<P, B>::try_new (line 72) - compile ... FAILED
[INFO] [stdout] test src/virtual_sign_bus.rs - virtual_sign_bus::VirtualSignBus::new (line 51) - compile ... FAILED
[INFO] [stdout] test src/odk.rs - odk::Odk (line 36) - compile ... FAILED
[INFO] [stdout] test src/odk.rs - odk::Odk<P, B>::process_message (line 103) - compile ... FAILED
[INFO] [stdout] test src/virtual_sign_bus.rs - virtual_sign_bus::VirtualSignBus::sign (line 78) ... ok
[INFO] [stdout] test src/virtual_sign_bus.rs - virtual_sign_bus::VirtualSign::process_message (line 214) ... ok
[INFO] [stdout] test src/virtual_sign_bus.rs - virtual_sign_bus::VirtualSign::new (line 131) ... ok
[INFO] [stdout] test src/virtual_sign_bus.rs - virtual_sign_bus::VirtualSign::address (line 154) ... ok
[INFO] [stdout] test src/virtual_sign_bus.rs - virtual_sign_bus::VirtualSign::sign_type (line 186) ... ok
[INFO] [stdout] test src/virtual_sign_bus.rs - virtual_sign_bus::VirtualSign::pages (line 201) ... ok
[INFO] [stdout] test src/virtual_sign_bus.rs - virtual_sign_bus::VirtualSign::state (line 167) ... ok
[INFO] [stdout] 
[INFO] [stdout] failures:
[INFO] [stdout] 
[INFO] [stdout] ---- src/lib.rs - (line 14) stdout ----
[INFO] [stdout] error[E0433]: failed to resolve: use of undeclared crate or module `serial`
[INFO] [stdout]   --> src/lib.rs:26:12
[INFO] [stdout]    |
[INFO] [stdout] 14 | let port = serial::open("COM3")?;
[INFO] [stdout]    |            ^^^^^^ use of undeclared crate or module `serial`
[INFO] [stdout] 
[INFO] [stdout] error: aborting due to previous error
[INFO] [stdout] 
[INFO] [stdout] For more information about this error, try `rustc --explain E0433`.
[INFO] [stdout] Couldn't compile the test.
[INFO] [stdout] ---- src/virtual_sign_bus.rs - virtual_sign_bus::VirtualSignBus (line 22) stdout ----
[INFO] [stdout] error[E0433]: failed to resolve: use of undeclared crate or module `serial`
[INFO] [stdout]  --> src/virtual_sign_bus.rs:29:12
[INFO] [stdout]   |
[INFO] [stdout] 9 | let port = serial::open("/dev/ttyUSB0")?;
[INFO] [stdout]   |            ^^^^^^ use of undeclared crate or module `serial`
[INFO] [stdout] 
[INFO] [stdout] error: aborting due to previous error
[INFO] [stdout] 
[INFO] [stdout] For more information about this error, try `rustc --explain E0433`.
[INFO] [stdout] Couldn't compile the test.
[INFO] [stdout] ---- src/odk.rs - odk::Odk<P, B>::try_new (line 72) stdout ----
[INFO] [stdout] error[E0433]: failed to resolve: use of undeclared crate or module `serial`
[INFO] [stdout]  --> src/odk.rs:79:12
[INFO] [stdout]   |
[INFO] [stdout] 9 | let port = serial::open("COM3")?;
[INFO] [stdout]   |            ^^^^^^ use of undeclared crate or module `serial`
[INFO] [stdout] 
[INFO] [stdout] error: aborting due to previous error
[INFO] [stdout] 
[INFO] [stdout] For more information about this error, try `rustc --explain E0433`.
[INFO] [stdout] Couldn't compile the test.
[INFO] [stdout] ---- src/virtual_sign_bus.rs - virtual_sign_bus::VirtualSignBus::new (line 51) stdout ----
[INFO] [stdout] error[E0433]: failed to resolve: use of undeclared crate or module `serial`
[INFO] [stdout]  --> src/virtual_sign_bus.rs:58:12
[INFO] [stdout]   |
[INFO] [stdout] 9 | let port = serial::open("COM3")?;
[INFO] [stdout]   |            ^^^^^^ use of undeclared crate or module `serial`
[INFO] [stdout] 
[INFO] [stdout] error: aborting due to previous error
[INFO] [stdout] 
[INFO] [stdout] For more information about this error, try `rustc --explain E0433`.
[INFO] [stdout] Couldn't compile the test.
[INFO] [stdout] ---- src/odk.rs - odk::Odk (line 36) stdout ----
[INFO] [stdout] error[E0433]: failed to resolve: use of undeclared crate or module `serial`
[INFO] [stdout]   --> src/odk.rs:48:12
[INFO] [stdout]    |
[INFO] [stdout] 14 | let port = serial::open("/dev/ttyUSB0")?;
[INFO] [stdout]    |            ^^^^^^ use of undeclared crate or module `serial`
[INFO] [stdout] 
[INFO] [stdout] error: aborting due to previous error
[INFO] [stdout] 
[INFO] [stdout] For more information about this error, try `rustc --explain E0433`.
[INFO] [stdout] Couldn't compile the test.
[INFO] [stdout] ---- src/odk.rs - odk::Odk<P, B>::process_message (line 103) stdout ----
[INFO] [stdout] error[E0433]: failed to resolve: use of undeclared crate or module `serial`
[INFO] [stdout]  --> src/odk.rs:110:12
[INFO] [stdout]   |
[INFO] [stdout] 9 | let port = serial::open("/dev/ttyUSB0")?;
[INFO] [stdout]   |            ^^^^^^ use of undeclared crate or module `serial`
[INFO] [stdout] 
[INFO] [stdout] error: aborting due to previous error
[INFO] [stdout] 
[INFO] [stdout] For more information about this error, try `rustc --explain E0433`.
[INFO] [stdout] Couldn't compile the test.
[INFO] [stdout] 
[INFO] [stdout] failures:
[INFO] [stdout]     src/lib.rs - (line 14)
[INFO] [stdout]     src/odk.rs - odk::Odk (line 36)
[INFO] [stdout]     src/odk.rs - odk::Odk<P, B>::process_message (line 103)
[INFO] [stdout]     src/odk.rs - odk::Odk<P, B>::try_new (line 72)
[INFO] [stdout]     src/virtual_sign_bus.rs - virtual_sign_bus::VirtualSignBus (line 22)
[INFO] [stdout]     src/virtual_sign_bus.rs - virtual_sign_bus::VirtualSignBus::new (line 51)
[INFO] [stdout] 
[INFO] [stdout] test result: FAILED. 7 passed; 6 failed; 0 ignored; 0 measured; 0 filtered out; finished in 0.95s
[INFO] [stdout] 
[INFO] [stderr] error: test failed, to rerun pass '--doc'
[INFO] running `Command { std: "docker" "inspect" "2110d46adb345d29051130ee4e3240e9c5fda50e01e2229a71394cfecb43ae3a", kill_on_drop: false }`
[INFO] running `Command { std: "docker" "rm" "-f" "2110d46adb345d29051130ee4e3240e9c5fda50e01e2229a71394cfecb43ae3a", kill_on_drop: false }`
[INFO] [stdout] 2110d46adb345d29051130ee4e3240e9c5fda50e01e2229a71394cfecb43ae3a
