[INFO] fetching crate flickr 0.1.1...
[INFO] testing flickr-0.1.1 against 1.54.0 for beta-1.55-1
[INFO] extracting crate flickr 0.1.1 into /workspace/builds/worker-59/source
[INFO] validating manifest of crates.io crate flickr 0.1.1 on toolchain 1.54.0
[INFO] running `Command { std: "/workspace/cargo-home/bin/cargo" "+1.54.0" "metadata" "--manifest-path" "Cargo.toml" "--no-deps", kill_on_drop: false }`
[INFO] started tweaking crates.io crate flickr 0.1.1
[INFO] finished tweaking crates.io crate flickr 0.1.1
[INFO] tweaked toml for crates.io crate flickr 0.1.1 written to /workspace/builds/worker-59/source/Cargo.toml
[INFO] running `Command { std: "/workspace/cargo-home/bin/cargo" "+1.54.0" "generate-lockfile" "--manifest-path" "Cargo.toml" "-Zno-index-update", kill_on_drop: false }`
[INFO] [stderr]     Blocking waiting for file lock on package cache
[INFO] running `Command { std: "/workspace/cargo-home/bin/cargo" "+1.54.0" "fetch" "--manifest-path" "Cargo.toml", kill_on_drop: false }`
[INFO] [stderr]     Blocking waiting for file lock on package cache
[INFO] [stderr]     Blocking waiting for file lock on package cache
[INFO] [stderr]  Downloading crates ...
[INFO] [stderr]   Downloaded percent-encoding v1.0.1
[INFO] [stderr]   Downloaded url v1.7.2
[INFO] [stderr]   Downloaded cc v1.0.69
[INFO] [stderr]   Downloaded hostname v0.1.5
[INFO] [stderr]   Downloaded base64 v0.10.1
[INFO] [stderr]   Downloaded webbrowser v0.3.1
[INFO] [stderr]   Downloaded ascii v0.8.7
[INFO] [stderr]   Downloaded gcc v0.3.55
[INFO] [stderr]   Downloaded rustc-serialize v0.3.24
[INFO] [stderr]   Downloaded tinyvec v1.3.1
[INFO] [stderr]   Downloaded chunked_transfer v0.3.1
[INFO] [stderr]   Downloaded env_logger v0.6.2
[INFO] [stderr]   Downloaded socket2 v0.4.1
[INFO] [stderr]   Downloaded openssl-sys v0.9.65
[INFO] [stderr]   Downloaded openssl-probe v0.1.4
[INFO] [stderr]   Downloaded vcpkg v0.2.15
[INFO] [stderr]   Downloaded libz-sys v1.1.3
[INFO] [stderr]   Downloaded tiny_http v0.6.4
[INFO] [stderr]   Downloaded idna v0.1.5
[INFO] [stderr]   Downloaded rust-crypto v0.2.36
[INFO] [stderr]   Downloaded curl-sys v0.4.45+curl-7.78.0
[INFO] [stderr]   Downloaded flickr_derive v0.1.1
[INFO] [stderr]   Downloaded winutil v0.1.1
[INFO] [stderr]   Downloaded schannel v0.1.19
[INFO] [stderr]   Downloaded curl v0.4.38
[INFO] running `Command { std: "docker" "create" "-v" "/var/lib/crater-agent-workspace/builds/worker-59/target:/opt/rustwide/target:rw,Z" "-v" "/var/lib/crater-agent-workspace/builds/worker-59/source:/opt/rustwide/workdir:ro,Z" "-v" "/var/lib/crater-agent-workspace/cargo-home:/opt/rustwide/cargo-home:ro,Z" "-v" "/var/lib/crater-agent-workspace/rustup-home:/opt/rustwide/rustup-home:ro,Z" "-e" "SOURCE_DIR=/opt/rustwide/workdir" "-e" "CARGO_TARGET_DIR=/opt/rustwide/target" "-e" "CARGO_HOME=/opt/rustwide/cargo-home" "-e" "RUSTUP_HOME=/opt/rustwide/rustup-home" "-w" "/opt/rustwide/workdir" "-m" "1610612736" "--user" "0:0" "--network" "none" "ghcr.io/rust-lang/crates-build-env/linux@sha256:34b6a614d2c27851fe6cbf88fbd1137609cefab8b10d0615aaeb6fd47975d74e" "/opt/rustwide/cargo-home/bin/cargo" "+1.54.0" "metadata" "--no-deps" "--format-version=1", kill_on_drop: false }`
[INFO] [stdout] 287364b6483e1184f2e592065107580774dad78874159558225c351f290c3c9c
[INFO] running `Command { std: "docker" "start" "-a" "287364b6483e1184f2e592065107580774dad78874159558225c351f290c3c9c", kill_on_drop: false }`
[INFO] running `Command { std: "docker" "inspect" "287364b6483e1184f2e592065107580774dad78874159558225c351f290c3c9c", kill_on_drop: false }`
[INFO] running `Command { std: "docker" "rm" "-f" "287364b6483e1184f2e592065107580774dad78874159558225c351f290c3c9c", kill_on_drop: false }`
[INFO] [stdout] 287364b6483e1184f2e592065107580774dad78874159558225c351f290c3c9c
[INFO] running `Command { std: "docker" "create" "-v" "/var/lib/crater-agent-workspace/builds/worker-59/target:/opt/rustwide/target:rw,Z" "-v" "/var/lib/crater-agent-workspace/builds/worker-59/source:/opt/rustwide/workdir:ro,Z" "-v" "/var/lib/crater-agent-workspace/cargo-home:/opt/rustwide/cargo-home:ro,Z" "-v" "/var/lib/crater-agent-workspace/rustup-home:/opt/rustwide/rustup-home:ro,Z" "-e" "SOURCE_DIR=/opt/rustwide/workdir" "-e" "CARGO_TARGET_DIR=/opt/rustwide/target" "-e" "CARGO_INCREMENTAL=0" "-e" "RUST_BACKTRACE=full" "-e" "RUSTFLAGS=--cap-lints=warn" "-e" "CARGO_HOME=/opt/rustwide/cargo-home" "-e" "RUSTUP_HOME=/opt/rustwide/rustup-home" "-w" "/opt/rustwide/workdir" "-m" "1610612736" "--user" "0:0" "--network" "none" "ghcr.io/rust-lang/crates-build-env/linux@sha256:34b6a614d2c27851fe6cbf88fbd1137609cefab8b10d0615aaeb6fd47975d74e" "/opt/rustwide/cargo-home/bin/cargo" "+1.54.0" "build" "--frozen" "--message-format=json", kill_on_drop: false }`
[INFO] [stdout] 05327b745486c9015460d18caaf7a07b8ecc71b39997135c93f0e33cd5afe5d0
[INFO] running `Command { std: "docker" "start" "-a" "05327b745486c9015460d18caaf7a07b8ecc71b39997135c93f0e33cd5afe5d0", kill_on_drop: false }`
[INFO] [stderr]     Blocking waiting for file lock on package cache
[INFO] [stderr]    Compiling cc v1.0.69
[INFO] [stderr]    Compiling pkg-config v0.3.19
[INFO] [stderr]    Compiling autocfg v0.1.7
[INFO] [stderr]    Compiling rand_core v0.4.2
[INFO] [stderr]    Compiling serde v1.0.127
[INFO] [stderr]    Compiling log v0.4.14
[INFO] [stderr]    Compiling syn v1.0.74
[INFO] [stderr]    Compiling syn v0.15.44
[INFO] [stderr]    Compiling gcc v0.3.55
[INFO] [stderr]    Compiling percent-encoding v1.0.1
[INFO] [stderr]    Compiling quick-error v1.2.3
[INFO] [stderr]    Compiling curl v0.4.38
[INFO] [stderr]    Compiling termcolor v1.1.2
[INFO] [stderr]    Compiling itoa v0.4.7
[INFO] [stderr]    Compiling ascii v0.8.7
[INFO] [stderr]    Compiling openssl-probe v0.1.4
[INFO] [stderr]    Compiling chunked_transfer v0.3.1
[INFO] [stderr]    Compiling webbrowser v0.3.1
[INFO] [stderr]    Compiling base64 v0.10.1
[INFO] [stderr]    Compiling hostname v0.1.5
[INFO] [stderr]    Compiling idna v0.1.5
[INFO] [stderr]    Compiling humantime v1.3.0
[INFO] [stderr]    Compiling rand_core v0.3.1
[INFO] [stderr]    Compiling rand_os v0.1.3
[INFO] [stderr]    Compiling rand_jitter v0.1.4
[INFO] [stderr]    Compiling rand_chacha v0.1.1
[INFO] [stderr]    Compiling rand_pcg v0.1.2
[INFO] [stderr]    Compiling rand v0.6.5
[INFO] [stderr]    Compiling url v1.7.2
[INFO] [stderr]    Compiling rand_isaac v0.1.1
[INFO] [stderr]    Compiling rand_hc v0.1.0
[INFO] [stderr]    Compiling rand_xorshift v0.1.1
[INFO] [stderr]    Compiling rust-crypto v0.2.36
[INFO] [stderr]    Compiling env_logger v0.6.2
[INFO] [stderr]    Compiling openssl-sys v0.9.65
[INFO] [stderr]    Compiling libz-sys v1.1.3
[INFO] [stderr]    Compiling curl-sys v0.4.45+curl-7.78.0
[INFO] [stderr]    Compiling flickr_derive v0.1.1
[INFO] [stderr]    Compiling chrono v0.4.19
[INFO] [stderr]    Compiling serde_json v1.0.66
[INFO] [stderr]    Compiling serde_derive v1.0.127
[INFO] [stderr]    Compiling tiny_http v0.6.4
[INFO] [stderr]    Compiling flickr v0.1.1 (/opt/rustwide/workdir)
[INFO] [stdout] warning: trait objects without an explicit `dyn` are deprecated
[INFO] [stdout]    --> src/lib.rs:587:32
[INFO] [stdout]     |
[INFO] [stdout] 587 |     fn cause(&self) -> Option<&Error> {
[INFO] [stdout]     |                                ^^^^^ help: use `dyn`: `dyn Error`
[INFO] [stdout]     |
[INFO] [stdout]     = note: `#[warn(bare_trait_objects)]` on by default
[INFO] [stdout]     = warning: this was previously accepted by the compiler but is being phased out; it will become a hard error in the 2021 edition!
[INFO] [stdout]     = note: for more information, see issue #80165 <https://github.com/rust-lang/rust/issues/80165>
[INFO] [stdout] 
[INFO] [stdout] 
[INFO] [stdout] warning: use of deprecated associated function `std::error::Error::description`: use the Display impl or to_string()
[INFO] [stdout]    --> src/lib.rs:581:47
[INFO] [stdout]     |
[INFO] [stdout] 581 |             FlickrError::Io{source} => source.description(),
[INFO] [stdout]     |                                               ^^^^^^^^^^^
[INFO] [stdout]     |
[INFO] [stdout]     = note: `#[warn(deprecated)]` on by default
[INFO] [stdout] 
[INFO] [stdout] 
[INFO] [stdout] warning: use of deprecated associated function `std::error::Error::description`: use the Display impl or to_string()
[INFO] [stdout]    --> src/lib.rs:600:54
[INFO] [stdout]     |
[INFO] [stdout] 600 |                 => write!(f, "I/O Error: {}", source.description()),
[INFO] [stdout]     |                                                      ^^^^^^^^^^^
[INFO] [stdout] 
[INFO] [stdout] 
[INFO] [stdout] warning: variable does not need to be mutable
[INFO] [stdout]    --> src/lib.rs:236:21
[INFO] [stdout]     |
[INFO] [stdout] 236 |                 for mut request in server.incoming_requests() {
[INFO] [stdout]     |                     ----^^^^^^^
[INFO] [stdout]     |                     |
[INFO] [stdout]     |                     help: remove this `mut`
[INFO] [stdout]     |
[INFO] [stdout]     = note: `#[warn(unused_mut)]` on by default
[INFO] [stdout] 
[INFO] [stdout] 
[INFO] [stdout] warning: 4 warnings emitted
[INFO] [stdout] 
[INFO] [stdout] 
[INFO] [stderr]     Finished dev [unoptimized + debuginfo] target(s) in 31.50s
[INFO] running `Command { std: "docker" "inspect" "05327b745486c9015460d18caaf7a07b8ecc71b39997135c93f0e33cd5afe5d0", kill_on_drop: false }`
[INFO] running `Command { std: "docker" "rm" "-f" "05327b745486c9015460d18caaf7a07b8ecc71b39997135c93f0e33cd5afe5d0", kill_on_drop: false }`
[INFO] [stdout] 05327b745486c9015460d18caaf7a07b8ecc71b39997135c93f0e33cd5afe5d0
[INFO] running `Command { std: "docker" "create" "-v" "/var/lib/crater-agent-workspace/builds/worker-59/target:/opt/rustwide/target:rw,Z" "-v" "/var/lib/crater-agent-workspace/builds/worker-59/source:/opt/rustwide/workdir:ro,Z" "-v" "/var/lib/crater-agent-workspace/cargo-home:/opt/rustwide/cargo-home:ro,Z" "-v" "/var/lib/crater-agent-workspace/rustup-home:/opt/rustwide/rustup-home:ro,Z" "-e" "SOURCE_DIR=/opt/rustwide/workdir" "-e" "CARGO_TARGET_DIR=/opt/rustwide/target" "-e" "CARGO_INCREMENTAL=0" "-e" "RUST_BACKTRACE=full" "-e" "RUSTFLAGS=--cap-lints=warn" "-e" "CARGO_HOME=/opt/rustwide/cargo-home" "-e" "RUSTUP_HOME=/opt/rustwide/rustup-home" "-w" "/opt/rustwide/workdir" "-m" "1610612736" "--user" "0:0" "--network" "none" "ghcr.io/rust-lang/crates-build-env/linux@sha256:34b6a614d2c27851fe6cbf88fbd1137609cefab8b10d0615aaeb6fd47975d74e" "/opt/rustwide/cargo-home/bin/cargo" "+1.54.0" "test" "--frozen" "--no-run" "--message-format=json", kill_on_drop: false }`
[INFO] [stdout] deae6568e3a38fad901bef64f4aa8389808a3afb0fd3ee96297b7c2290b4478b
[INFO] running `Command { std: "docker" "start" "-a" "deae6568e3a38fad901bef64f4aa8389808a3afb0fd3ee96297b7c2290b4478b", kill_on_drop: false }`
[INFO] [stdout] warning: trait objects without an explicit `dyn` are deprecated
[INFO] [stdout]    --> src/lib.rs:587:32
[INFO] [stdout]     |
[INFO] [stdout] 587 |     fn cause(&self) -> Option<&Error> {
[INFO] [stdout]     |                                ^^^^^ help: use `dyn`: `dyn Error`
[INFO] [stdout]     |
[INFO] [stdout]     = note: `#[warn(bare_trait_objects)]` on by default
[INFO] [stdout]     = warning: this was previously accepted by the compiler but is being phased out; it will become a hard error in the 2021 edition!
[INFO] [stdout]     = note: for more information, see issue #80165 <https://github.com/rust-lang/rust/issues/80165>
[INFO] [stdout] 
[INFO] [stdout] 
[INFO] [stderr]    Compiling flickr v0.1.1 (/opt/rustwide/workdir)
[INFO] [stdout] warning: use of deprecated associated function `std::error::Error::description`: use the Display impl or to_string()
[INFO] [stdout]    --> src/lib.rs:581:47
[INFO] [stdout]     |
[INFO] [stdout] 581 |             FlickrError::Io{source} => source.description(),
[INFO] [stdout]     |                                               ^^^^^^^^^^^
[INFO] [stdout]     |
[INFO] [stdout]     = note: `#[warn(deprecated)]` on by default
[INFO] [stdout] 
[INFO] [stdout] 
[INFO] [stdout] warning: use of deprecated associated function `std::error::Error::description`: use the Display impl or to_string()
[INFO] [stdout]    --> src/lib.rs:600:54
[INFO] [stdout]     |
[INFO] [stdout] 600 |                 => write!(f, "I/O Error: {}", source.description()),
[INFO] [stdout]     |                                                      ^^^^^^^^^^^
[INFO] [stdout] 
[INFO] [stdout] 
[INFO] [stdout] warning: variable does not need to be mutable
[INFO] [stdout]    --> src/lib.rs:236:21
[INFO] [stdout]     |
[INFO] [stdout] 236 |                 for mut request in server.incoming_requests() {
[INFO] [stdout]     |                     ----^^^^^^^
[INFO] [stdout]     |                     |
[INFO] [stdout]     |                     help: remove this `mut`
[INFO] [stdout]     |
[INFO] [stdout]     = note: `#[warn(unused_mut)]` on by default
[INFO] [stdout] 
[INFO] [stdout] 
[INFO] [stdout] warning: 4 warnings emitted
[INFO] [stdout] 
[INFO] [stdout] 
[INFO] [stdout] warning: unnecessary parentheses around type
[INFO] [stdout]   --> src/methods/proc_tests.rs:35:105
[INFO] [stdout]    |
[INFO] [stdout] 35 |     pub fn call_method(&self, method: &str, params: std::collections::BTreeMap<&str, String>) -> Result<(String), FlickrError> {
[INFO] [stdout]    |                                                                                                         ^^^^^^^^ help: remove these parentheses
[INFO] [stdout]    |
[INFO] [stdout]    = note: `#[warn(unused_parens)]` on by default
[INFO] [stdout] 
[INFO] [stdout] 
[INFO] [stdout] warning: trait objects without an explicit `dyn` are deprecated
[INFO] [stdout]    --> src/lib.rs:587:32
[INFO] [stdout]     |
[INFO] [stdout] 587 |     fn cause(&self) -> Option<&Error> {
[INFO] [stdout]     |                                ^^^^^ help: use `dyn`: `dyn Error`
[INFO] [stdout]     |
[INFO] [stdout]     = note: `#[warn(bare_trait_objects)]` on by default
[INFO] [stdout]     = warning: this was previously accepted by the compiler but is being phased out; it will become a hard error in the 2021 edition!
[INFO] [stdout]     = note: for more information, see issue #80165 <https://github.com/rust-lang/rust/issues/80165>
[INFO] [stdout] 
[INFO] [stdout] 
[INFO] [stdout] warning: use of deprecated associated function `std::error::Error::description`: use the Display impl or to_string()
[INFO] [stdout]    --> src/lib.rs:581:47
[INFO] [stdout]     |
[INFO] [stdout] 581 |             FlickrError::Io{source} => source.description(),
[INFO] [stdout]     |                                               ^^^^^^^^^^^
[INFO] [stdout]     |
[INFO] [stdout]     = note: `#[warn(deprecated)]` on by default
[INFO] [stdout] 
[INFO] [stdout] 
[INFO] [stdout] warning: use of deprecated associated function `std::error::Error::description`: use the Display impl or to_string()
[INFO] [stdout]    --> src/lib.rs:600:54
[INFO] [stdout]     |
[INFO] [stdout] 600 |                 => write!(f, "I/O Error: {}", source.description()),
[INFO] [stdout]     |                                                      ^^^^^^^^^^^
[INFO] [stdout] 
[INFO] [stdout] 
[INFO] [stdout] warning: variable does not need to be mutable
[INFO] [stdout]    --> src/lib.rs:236:21
[INFO] [stdout]     |
[INFO] [stdout] 236 |                 for mut request in server.incoming_requests() {
[INFO] [stdout]     |                     ----^^^^^^^
[INFO] [stdout]     |                     |
[INFO] [stdout]     |                     help: remove this `mut`
[INFO] [stdout]     |
[INFO] [stdout]     = note: `#[warn(unused_mut)]` on by default
[INFO] [stdout] 
[INFO] [stdout] 
[INFO] [stdout] warning: 5 warnings emitted
[INFO] [stdout] 
[INFO] [stdout] 
[INFO] [stderr]     Finished test [unoptimized + debuginfo] target(s) in 11.15s
[INFO] running `Command { std: "docker" "inspect" "deae6568e3a38fad901bef64f4aa8389808a3afb0fd3ee96297b7c2290b4478b", kill_on_drop: false }`
[INFO] running `Command { std: "docker" "rm" "-f" "deae6568e3a38fad901bef64f4aa8389808a3afb0fd3ee96297b7c2290b4478b", kill_on_drop: false }`
[INFO] [stdout] deae6568e3a38fad901bef64f4aa8389808a3afb0fd3ee96297b7c2290b4478b
[INFO] running `Command { std: "docker" "create" "-v" "/var/lib/crater-agent-workspace/builds/worker-59/target:/opt/rustwide/target:rw,Z" "-v" "/var/lib/crater-agent-workspace/builds/worker-59/source:/opt/rustwide/workdir:ro,Z" "-v" "/var/lib/crater-agent-workspace/cargo-home:/opt/rustwide/cargo-home:ro,Z" "-v" "/var/lib/crater-agent-workspace/rustup-home:/opt/rustwide/rustup-home:ro,Z" "-e" "SOURCE_DIR=/opt/rustwide/workdir" "-e" "CARGO_TARGET_DIR=/opt/rustwide/target" "-e" "CARGO_INCREMENTAL=0" "-e" "RUST_BACKTRACE=full" "-e" "RUSTFLAGS=--cap-lints=warn" "-e" "CARGO_HOME=/opt/rustwide/cargo-home" "-e" "RUSTUP_HOME=/opt/rustwide/rustup-home" "-w" "/opt/rustwide/workdir" "-m" "1610612736" "--user" "0:0" "--network" "none" "ghcr.io/rust-lang/crates-build-env/linux@sha256:34b6a614d2c27851fe6cbf88fbd1137609cefab8b10d0615aaeb6fd47975d74e" "/opt/rustwide/cargo-home/bin/cargo" "+1.54.0" "test" "--frozen", kill_on_drop: false }`
[INFO] [stdout] 0117ba41f2c1dc716be3c6afe8a08826087c6119b6b9c93a6b3dec5d9828c214
[INFO] running `Command { std: "docker" "start" "-a" "0117ba41f2c1dc716be3c6afe8a08826087c6119b6b9c93a6b3dec5d9828c214", kill_on_drop: false }`
[INFO] [stderr] warning: trait objects without an explicit `dyn` are deprecated
[INFO] [stderr]    --> src/lib.rs:587:32
[INFO] [stderr]     |
[INFO] [stderr] 587 |     fn cause(&self) -> Option<&Error> {
[INFO] [stderr]     |                                ^^^^^ help: use `dyn`: `dyn Error`
[INFO] [stderr]     |
[INFO] [stderr]     = note: `#[warn(bare_trait_objects)]` on by default
[INFO] [stderr]     = warning: this was previously accepted by the compiler but is being phased out; it will become a hard error in the 2021 edition!
[INFO] [stderr]     = note: for more information, see issue #80165 <https://github.com/rust-lang/rust/issues/80165>
[INFO] [stderr] 
[INFO] [stderr] warning: use of deprecated associated function `std::error::Error::description`: use the Display impl or to_string()
[INFO] [stderr]    --> src/lib.rs:581:47
[INFO] [stderr]     |
[INFO] [stderr] 581 |             FlickrError::Io{source} => source.description(),
[INFO] [stderr]     |                                               ^^^^^^^^^^^
[INFO] [stderr]     |
[INFO] [stderr]     = note: `#[warn(deprecated)]` on by default
[INFO] [stderr] 
[INFO] [stderr] warning: use of deprecated associated function `std::error::Error::description`: use the Display impl or to_string()
[INFO] [stderr]    --> src/lib.rs:600:54
[INFO] [stderr]     |
[INFO] [stderr] 600 |                 => write!(f, "I/O Error: {}", source.description()),
[INFO] [stderr]     |                                                      ^^^^^^^^^^^
[INFO] [stderr] 
[INFO] [stderr] warning: variable does not need to be mutable
[INFO] [stderr]    --> src/lib.rs:236:21
[INFO] [stderr]     |
[INFO] [stderr] 236 |                 for mut request in server.incoming_requests() {
[INFO] [stderr]     |                     ----^^^^^^^
[INFO] [stderr]     |                     |
[INFO] [stderr]     |                     help: remove this `mut`
[INFO] [stderr]     |
[INFO] [stderr]     = note: `#[warn(unused_mut)]` on by default
[INFO] [stderr] 
[INFO] [stderr] warning: 4 warnings emitted
[INFO] [stderr] 
[INFO] [stderr] warning: unnecessary parentheses around type
[INFO] [stderr]   --> src/methods/proc_tests.rs:35:105
[INFO] [stderr]    |
[INFO] [stderr] 35 |     pub fn call_method(&self, method: &str, params: std::collections::BTreeMap<&str, String>) -> Result<(String), FlickrError> {
[INFO] [stderr]    |                                                                                                         ^^^^^^^^ help: remove these parentheses
[INFO] [stderr]    |
[INFO] [stderr]    = note: `#[warn(unused_parens)]` on by default
[INFO] [stderr] 
[INFO] [stderr] warning: trait objects without an explicit `dyn` are deprecated
[INFO] [stderr]    --> src/lib.rs:587:32
[INFO] [stderr]     |
[INFO] [stderr] 587 |     fn cause(&self) -> Option<&Error> {
[INFO] [stderr]     |                                ^^^^^ help: use `dyn`: `dyn Error`
[INFO] [stderr]     |
[INFO] [stderr]     = note: `#[warn(bare_trait_objects)]` on by default
[INFO] [stderr]     = warning: this was previously accepted by the compiler but is being phased out; it will become a hard error in the 2021 edition!
[INFO] [stderr]     = note: for more information, see issue #80165 <https://github.com/rust-lang/rust/issues/80165>
[INFO] [stderr] 
[INFO] [stderr] warning: use of deprecated associated function `std::error::Error::description`: use the Display impl or to_string()
[INFO] [stderr]    --> src/lib.rs:581:47
[INFO] [stderr]     |
[INFO] [stderr] 581 |             FlickrError::Io{source} => source.description(),
[INFO] [stderr]     |                                               ^^^^^^^^^^^
[INFO] [stderr]     |
[INFO] [stderr]     = note: `#[warn(deprecated)]` on by default
[INFO] [stderr] 
[INFO] [stderr] warning: use of deprecated associated function `std::error::Error::description`: use the Display impl or to_string()
[INFO] [stderr]    --> src/lib.rs:600:54
[INFO] [stderr]     |
[INFO] [stderr] 600 |                 => write!(f, "I/O Error: {}", source.description()),
[INFO] [stderr]     |                                                      ^^^^^^^^^^^
[INFO] [stderr] 
[INFO] [stderr] warning: variable does not need to be mutable
[INFO] [stderr]    --> src/lib.rs:236:21
[INFO] [stderr]     |
[INFO] [stderr] 236 |                 for mut request in server.incoming_requests() {
[INFO] [stderr]     |                     ----^^^^^^^
[INFO] [stderr]     |                     |
[INFO] [stderr]     |                     help: remove this `mut`
[INFO] [stderr]     |
[INFO] [stderr]     = note: `#[warn(unused_mut)]` on by default
[INFO] [stderr] 
[INFO] [stderr] warning: 5 warnings emitted
[INFO] [stderr] 
[INFO] [stderr]     Finished test [unoptimized + debuginfo] target(s) in 0.13s
[INFO] [stderr]      Running unittests (/opt/rustwide/target/debug/deps/flickr-1f56b0e3407c3f59)
[INFO] [stdout] 
[INFO] [stdout] running 34 tests
[INFO] [stdout] test methods::favorites::tests::add ... ok
[INFO] [stdout] test methods::activity::tests::user_comments ... ok
[INFO] [stdout] test methods::favorites::tests::get_context ... ok
[INFO] [stdout] test methods::photos::tests::get_contacts_public_photos ... ok
[INFO] [stdout] test methods::photos::tests::get_counts ... ok
[INFO] [stdout] test methods::photos::tests::get_all_contexts ... ok
[INFO] [stdout] test methods::favorites::tests::remove ... ok
[INFO] [stdout] test methods::photos::tests::add_tags ... ok
[INFO] [stdout] test methods::favorites::tests::get_lists ... ok
[INFO] [stdout] test methods::photos::tests::get_contacts_photos ... ok
[INFO] [stdout] test methods::photos::tests::get_favorites ... ok
[INFO] [stdout] test methods::photos::tests::set_content_type ... ok
[INFO] [stdout] test methods::photos::tests::set_meta ... ok
[INFO] [stdout] test methods::photos::tests::get_perms ... ok
[INFO] [stdout] test methods::photos::tests::set_perms ... ok
[INFO] [stdout] test methods::photos::tests::recently_updated_builder ... ok
[INFO] [stdout] test methods::photos::tests::get_without_geo_data_builder ... ok
[INFO] [stdout] test methods::photos::tests::get_exif ... ok
[INFO] [stdout] test methods::photos::tests::set_dates ... ok
[INFO] [stdout] test methods::proc_tests::test_derive_builder ... ok
[INFO] [stdout] test tests::test_flickrapi_serde ... ok
[INFO] [stdout] test tests::test_hma_sha1_digest_generation ... ok
[INFO] [stdout] test methods::photos::tests::set_tags ... ok
[INFO] [stdout] test methods::photos::tests::set_safety_level ... ok
[INFO] [stdout] test methods::photos::tests::delete ... ok
[INFO] [stdout] test methods::photos::tests::get_not_in_set ... ok
[INFO] [stdout] test methods::photos::tests::get_with_geo_data_builder ... ok
[INFO] [stdout] test methods::photos::tests::get_sizes ... ok
[INFO] [stdout] test methods::photos::tests::get_popular ... ok
[INFO] [stdout] test tests::test_parse_key_value ... ok
[INFO] [stdout] test methods::photos::tests::remove_tag ... ok
[INFO] [stdout] test methods::photos::tests::get_untagged ... ok
[INFO] [stdout] test methods::activity::tests::user_photos ... FAILED
[INFO] [stdout] test methods::photos::tests::get_info ... FAILED
[INFO] [stdout] 
[INFO] [stdout] failures:
[INFO] [stdout] 
[INFO] [stdout] ---- methods::activity::tests::user_photos stdout ----
[INFO] [stdout] thread 'methods::activity::tests::user_photos' panicked at 'assertion failed: `(left == right)`
[INFO] [stdout]   left: `2018-12-04T02:36:04+00:00`,
[INFO] [stdout]  right: `2018-12-04T04:36:04+00:00`', src/methods/activity.rs:285:9
[INFO] [stdout] stack backtrace:
[INFO] [stdout]    0:     0x5611695f85d0 - std::backtrace_rs::backtrace::libunwind::trace::h34055254b57d8e79
[INFO] [stdout]                                at /rustc/a178d0322ce20e33eac124758e837cbd80a6f633/library/std/src/../../backtrace/src/backtrace/libunwind.rs:90:5
[INFO] [stdout]    1:     0x5611695f85d0 - std::backtrace_rs::backtrace::trace_unsynchronized::h8f1e3fbd9afff6ec
[INFO] [stdout]                                at /rustc/a178d0322ce20e33eac124758e837cbd80a6f633/library/std/src/../../backtrace/src/backtrace/mod.rs:66:5
[INFO] [stdout]    2:     0x5611695f85d0 - std::sys_common::backtrace::_print_fmt::h3a99a796b770c360
[INFO] [stdout]                                at /rustc/a178d0322ce20e33eac124758e837cbd80a6f633/library/std/src/sys_common/backtrace.rs:67:5
[INFO] [stdout]    3:     0x5611695f85d0 - <std::sys_common::backtrace::_print::DisplayBacktrace as core::fmt::Display>::fmt::h32d1f94a80615d18
[INFO] [stdout]                                at /rustc/a178d0322ce20e33eac124758e837cbd80a6f633/library/std/src/sys_common/backtrace.rs:46:22
[INFO] [stdout]    4:     0x56116961dcac - core::fmt::write::h306731c068f7162c
[INFO] [stdout]                                at /rustc/a178d0322ce20e33eac124758e837cbd80a6f633/library/core/src/fmt/mod.rs:1110:17
[INFO] [stdout]    5:     0x5611695f1c15 - std::io::Write::write_fmt::h87f19b0a2cd190bc
[INFO] [stdout]                                at /rustc/a178d0322ce20e33eac124758e837cbd80a6f633/library/std/src/io/mod.rs:1588:15
[INFO] [stdout]    6:     0x5611695fa78b - std::sys_common::backtrace::_print::h5abaa2601a852287
[INFO] [stdout]                                at /rustc/a178d0322ce20e33eac124758e837cbd80a6f633/library/std/src/sys_common/backtrace.rs:49:5
[INFO] [stdout]    7:     0x5611695fa78b - std::sys_common::backtrace::print::h8d81445442bb638f
[INFO] [stdout]                                at /rustc/a178d0322ce20e33eac124758e837cbd80a6f633/library/std/src/sys_common/backtrace.rs:36:9
[INFO] [stdout]    8:     0x5611695fa78b - std::panicking::default_hook::{{closure}}::hcfe804496a9fa747
[INFO] [stdout]                                at /rustc/a178d0322ce20e33eac124758e837cbd80a6f633/library/std/src/panicking.rs:208:50
[INFO] [stdout]    9:     0x5611695fa29c - std::panicking::default_hook::hbea8e3ccf2ba8901
[INFO] [stdout]                                at /rustc/a178d0322ce20e33eac124758e837cbd80a6f633/library/std/src/panicking.rs:222:9
[INFO] [stdout]   10:     0x5611695fae54 - std::panicking::rust_panic_with_hook::h7ee9e1a2d0f8975a
[INFO] [stdout]                                at /rustc/a178d0322ce20e33eac124758e837cbd80a6f633/library/std/src/panicking.rs:622:17
[INFO] [stdout]   11:     0x5611695fa937 - std::panicking::begin_panic_handler::{{closure}}::h8ab3b4491718b2c7
[INFO] [stdout]                                at /rustc/a178d0322ce20e33eac124758e837cbd80a6f633/library/std/src/panicking.rs:519:13
[INFO] [stdout]   12:     0x5611695f8acc - std::sys_common::backtrace::__rust_end_short_backtrace::hd489062ffa586a9f
[INFO] [stdout]                                at /rustc/a178d0322ce20e33eac124758e837cbd80a6f633/library/std/src/sys_common/backtrace.rs:141:18
[INFO] [stdout]   13:     0x5611695fa899 - rust_begin_unwind
[INFO] [stdout]                                at /rustc/a178d0322ce20e33eac124758e837cbd80a6f633/library/std/src/panicking.rs:515:5
[INFO] [stdout]   14:     0x56116922c7c1 - core::panicking::panic_fmt::hca6330e3e14086b4
[INFO] [stdout]                                at /rustc/a178d0322ce20e33eac124758e837cbd80a6f633/library/core/src/panicking.rs:92:14
[INFO] [stdout]   15:     0x56116961c028 - core::panicking::assert_failed_inner::h33b45280069a80ed
[INFO] [stdout]   16:     0x56116931f2da - core::panicking::assert_failed::he52bc046c64f8f47
[INFO] [stdout]                                at /rustc/a178d0322ce20e33eac124758e837cbd80a6f633/library/core/src/panicking.rs:117:5
[INFO] [stdout]   17:     0x5611693a1d29 - flickr::methods::activity::tests::user_photos::hace33fe17eed0878
[INFO] [stdout]                                at /opt/rustwide/workdir/src/methods/activity.rs:285:9
[INFO] [stdout]   18:     0x56116939fe9a - flickr::methods::activity::tests::user_photos::{{closure}}::h26c2a4c93b178fda
[INFO] [stdout]                                at /opt/rustwide/workdir/src/methods/activity.rs:202:5
[INFO] [stdout]   19:     0x561169346c0e - core::ops::function::FnOnce::call_once::h76e1d2ea51861f7f
[INFO] [stdout]                                at /rustc/a178d0322ce20e33eac124758e837cbd80a6f633/library/core/src/ops/function.rs:227:5
[INFO] [stdout]   20:     0x5611693ea793 - core::ops::function::FnOnce::call_once::h152e7e439ff59e19
[INFO] [stdout]                                at /rustc/a178d0322ce20e33eac124758e837cbd80a6f633/library/core/src/ops/function.rs:227:5
[INFO] [stdout]   21:     0x5611693ea793 - test::__rust_begin_short_backtrace::h0908f3b1fdbb72ab
[INFO] [stdout]                                at /rustc/a178d0322ce20e33eac124758e837cbd80a6f633/library/test/src/lib.rs:577:5
[INFO] [stdout]   22:     0x5611693e9250 - <alloc::boxed::Box<F,A> as core::ops::function::FnOnce<Args>>::call_once::hf6d2a51e5587546c
[INFO] [stdout]                                at /rustc/a178d0322ce20e33eac124758e837cbd80a6f633/library/alloc/src/boxed.rs:1575:9
[INFO] [stdout]   23:     0x5611693e9250 - <std::panic::AssertUnwindSafe<F> as core::ops::function::FnOnce<()>>::call_once::h8af660f3a89ef593
[INFO] [stdout]                                at /rustc/a178d0322ce20e33eac124758e837cbd80a6f633/library/std/src/panic.rs:347:9
[INFO] [stdout]   24:     0x5611693e9250 - std::panicking::try::do_call::hd36aef60f84b6d36
[INFO] [stdout]                                at /rustc/a178d0322ce20e33eac124758e837cbd80a6f633/library/std/src/panicking.rs:401:40
[INFO] [stdout]   25:     0x5611693e9250 - std::panicking::try::h9932b4480e69817c
[INFO] [stdout]                                at /rustc/a178d0322ce20e33eac124758e837cbd80a6f633/library/std/src/panicking.rs:365:19
[INFO] [stdout]   26:     0x5611693e9250 - std::panic::catch_unwind::h6aa177099cfff5f8
[INFO] [stdout]                                at /rustc/a178d0322ce20e33eac124758e837cbd80a6f633/library/std/src/panic.rs:434:14
[INFO] [stdout]   27:     0x5611693e9250 - test::run_test_in_process::h5884d6f2d99e20c3
[INFO] [stdout]                                at /rustc/a178d0322ce20e33eac124758e837cbd80a6f633/library/test/src/lib.rs:600:18
[INFO] [stdout]   28:     0x5611693e9250 - test::run_test::run_test_inner::{{closure}}::h6fdc58c6d5f5b6e3
[INFO] [stdout]                                at /rustc/a178d0322ce20e33eac124758e837cbd80a6f633/library/test/src/lib.rs:492:39
[INFO] [stdout]   29:     0x5611693c2902 - test::run_test::run_test_inner::{{closure}}::h408365d67a78ade8
[INFO] [stdout]                                at /rustc/a178d0322ce20e33eac124758e837cbd80a6f633/library/test/src/lib.rs:519:37
[INFO] [stdout]   30:     0x5611693c2902 - std::sys_common::backtrace::__rust_begin_short_backtrace::hb560b77c4f701523
[INFO] [stdout]                                at /rustc/a178d0322ce20e33eac124758e837cbd80a6f633/library/std/src/sys_common/backtrace.rs:125:18
[INFO] [stdout]   31:     0x5611693c64b8 - std::thread::Builder::spawn_unchecked::{{closure}}::{{closure}}::hf2e7831dad93c597
[INFO] [stdout]                                at /rustc/a178d0322ce20e33eac124758e837cbd80a6f633/library/std/src/thread/mod.rs:481:17
[INFO] [stdout]   32:     0x5611693c64b8 - <std::panic::AssertUnwindSafe<F> as core::ops::function::FnOnce<()>>::call_once::hd2e08783d8be4d02
[INFO] [stdout]                                at /rustc/a178d0322ce20e33eac124758e837cbd80a6f633/library/std/src/panic.rs:347:9
[INFO] [stdout]   33:     0x5611693c64b8 - std::panicking::try::do_call::h062597b7acfd6b82
[INFO] [stdout]                                at /rustc/a178d0322ce20e33eac124758e837cbd80a6f633/library/std/src/panicking.rs:401:40
[INFO] [stdout]   34:     0x5611693c64b8 - std::panicking::try::h0d7b79db04c14552
[INFO] [stdout]                                at /rustc/a178d0322ce20e33eac124758e837cbd80a6f633/library/std/src/panicking.rs:365:19
[INFO] [stdout]   35:     0x5611693c64b8 - std::panic::catch_unwind::hb01a0b5e7c8cd43b
[INFO] [stdout]                                at /rustc/a178d0322ce20e33eac124758e837cbd80a6f633/library/std/src/panic.rs:434:14
[INFO] [stdout]   36:     0x5611693c64b8 - std::thread::Builder::spawn_unchecked::{{closure}}::h5bde48cc887e0d1e
[INFO] [stdout]                                at /rustc/a178d0322ce20e33eac124758e837cbd80a6f633/library/std/src/thread/mod.rs:480:30
[INFO] [stdout]   37:     0x5611693c64b8 - core::ops::function::FnOnce::call_once{{vtable.shim}}::h745ea30807a29e55
[INFO] [stdout]                                at /rustc/a178d0322ce20e33eac124758e837cbd80a6f633/library/core/src/ops/function.rs:227:5
[INFO] [stdout]   38:     0x561169600617 - <alloc::boxed::Box<F,A> as core::ops::function::FnOnce<Args>>::call_once::h7ece6cfefaff1005
[INFO] [stdout]                                at /rustc/a178d0322ce20e33eac124758e837cbd80a6f633/library/alloc/src/boxed.rs:1575:9
[INFO] [stdout]   39:     0x561169600617 - <alloc::boxed::Box<F,A> as core::ops::function::FnOnce<Args>>::call_once::hb8b48e55c21f193e
[INFO] [stdout]                                at /rustc/a178d0322ce20e33eac124758e837cbd80a6f633/library/alloc/src/boxed.rs:1575:9
[INFO] [stdout]   40:     0x561169600617 - std::sys::unix::thread::Thread::new::thread_start::h8c7c4450dba62914
[INFO] [stdout]                                at /rustc/a178d0322ce20e33eac124758e837cbd80a6f633/library/std/src/sys/unix/thread.rs:71:17
[INFO] [stdout]   41:     0x7f706fac8609 - start_thread
[INFO] [stdout]   42:     0x7f706f898293 - clone
[INFO] [stdout]   43:                0x0 - <unknown>
[INFO] [stdout] 
[INFO] [stdout] ---- methods::photos::tests::get_info stdout ----
[INFO] [stdout] thread 'methods::photos::tests::get_info' panicked at 'assertion failed: `(left == right)`
[INFO] [stdout]   left: `2018-11-26T18:31:59+00:00`,
[INFO] [stdout]  right: `2018-11-26T20:31:59+00:00`', src/methods/photos.rs:1745:13
[INFO] [stdout] stack backtrace:
[INFO] [stdout]    0:     0x5611695f85d0 - std::backtrace_rs::backtrace::libunwind::trace::h34055254b57d8e79
[INFO] [stdout]                                at /rustc/a178d0322ce20e33eac124758e837cbd80a6f633/library/std/src/../../backtrace/src/backtrace/libunwind.rs:90:5
[INFO] [stdout]    1:     0x5611695f85d0 - std::backtrace_rs::backtrace::trace_unsynchronized::h8f1e3fbd9afff6ec
[INFO] [stdout]                                at /rustc/a178d0322ce20e33eac124758e837cbd80a6f633/library/std/src/../../backtrace/src/backtrace/mod.rs:66:5
[INFO] [stdout]    2:     0x5611695f85d0 - std::sys_common::backtrace::_print_fmt::h3a99a796b770c360
[INFO] [stdout]                                at /rustc/a178d0322ce20e33eac124758e837cbd80a6f633/library/std/src/sys_common/backtrace.rs:67:5
[INFO] [stdout]    3:     0x5611695f85d0 - <std::sys_common::backtrace::_print::DisplayBacktrace as core::fmt::Display>::fmt::h32d1f94a80615d18
[INFO] [stdout]                                at /rustc/a178d0322ce20e33eac124758e837cbd80a6f633/library/std/src/sys_common/backtrace.rs:46:22
[INFO] [stdout]    4:     0x56116961dcac - core::fmt::write::h306731c068f7162c
[INFO] [stdout]                                at /rustc/a178d0322ce20e33eac124758e837cbd80a6f633/library/core/src/fmt/mod.rs:1110:17
[INFO] [stdout]    5:     0x5611695f1c15 - std::io::Write::write_fmt::h87f19b0a2cd190bc
[INFO] [stdout]                                at /rustc/a178d0322ce20e33eac124758e837cbd80a6f633/library/std/src/io/mod.rs:1588:15
[INFO] [stdout]    6:     0x5611695fa78b - std::sys_common::backtrace::_print::h5abaa2601a852287
[INFO] [stdout]                                at /rustc/a178d0322ce20e33eac124758e837cbd80a6f633/library/std/src/sys_common/backtrace.rs:49:5
[INFO] [stdout]    7:     0x5611695fa78b - std::sys_common::backtrace::print::h8d81445442bb638f
[INFO] [stdout]                                at /rustc/a178d0322ce20e33eac124758e837cbd80a6f633/library/std/src/sys_common/backtrace.rs:36:9
[INFO] [stdout]    8:     0x5611695fa78b - std::panicking::default_hook::{{closure}}::hcfe804496a9fa747
[INFO] [stdout]                                at /rustc/a178d0322ce20e33eac124758e837cbd80a6f633/library/std/src/panicking.rs:208:50
[INFO] [stdout]    9:     0x5611695fa29c - std::panicking::default_hook::hbea8e3ccf2ba8901
[INFO] [stdout]                                at /rustc/a178d0322ce20e33eac124758e837cbd80a6f633/library/std/src/panicking.rs:222:9
[INFO] [stdout]   10:     0x5611695fae54 - std::panicking::rust_panic_with_hook::h7ee9e1a2d0f8975a
[INFO] [stdout]                                at /rustc/a178d0322ce20e33eac124758e837cbd80a6f633/library/std/src/panicking.rs:622:17
[INFO] [stdout]   11:     0x5611695fa937 - std::panicking::begin_panic_handler::{{closure}}::h8ab3b4491718b2c7
[INFO] [stdout]                                at /rustc/a178d0322ce20e33eac124758e837cbd80a6f633/library/std/src/panicking.rs:519:13
[INFO] [stdout]   12:     0x5611695f8acc - std::sys_common::backtrace::__rust_end_short_backtrace::hd489062ffa586a9f
[INFO] [stdout]                                at /rustc/a178d0322ce20e33eac124758e837cbd80a6f633/library/std/src/sys_common/backtrace.rs:141:18
[INFO] [stdout]   13:     0x5611695fa899 - rust_begin_unwind
[INFO] [stdout]                                at /rustc/a178d0322ce20e33eac124758e837cbd80a6f633/library/std/src/panicking.rs:515:5
[INFO] [stdout]   14:     0x56116922c7c1 - core::panicking::panic_fmt::hca6330e3e14086b4
[INFO] [stdout]                                at /rustc/a178d0322ce20e33eac124758e837cbd80a6f633/library/core/src/panicking.rs:92:14
[INFO] [stdout]   15:     0x56116961c028 - core::panicking::assert_failed_inner::h33b45280069a80ed
[INFO] [stdout]   16:     0x56116931f2da - core::panicking::assert_failed::he52bc046c64f8f47
[INFO] [stdout]                                at /rustc/a178d0322ce20e33eac124758e837cbd80a6f633/library/core/src/panicking.rs:117:5
[INFO] [stdout]   17:     0x561169373a95 - flickr::methods::photos::tests::get_info::h7570768fefb7e527
[INFO] [stdout]                                at /opt/rustwide/workdir/src/methods/photos.rs:1745:13
[INFO] [stdout]   18:     0x56116937338a - flickr::methods::photos::tests::get_info::{{closure}}::h16e83b6ec21c074e
[INFO] [stdout]                                at /opt/rustwide/workdir/src/methods/photos.rs:1639:5
[INFO] [stdout]   19:     0x56116934619e - core::ops::function::FnOnce::call_once::h102943d4e18a5b79
[INFO] [stdout]                                at /rustc/a178d0322ce20e33eac124758e837cbd80a6f633/library/core/src/ops/function.rs:227:5
[INFO] [stdout]   20:     0x5611693ea793 - core::ops::function::FnOnce::call_once::h152e7e439ff59e19
[INFO] [stdout]                                at /rustc/a178d0322ce20e33eac124758e837cbd80a6f633/library/core/src/ops/function.rs:227:5
[INFO] [stdout]   21:     0x5611693ea793 - test::__rust_begin_short_backtrace::h0908f3b1fdbb72ab
[INFO] [stdout]                                at /rustc/a178d0322ce20e33eac124758e837cbd80a6f633/library/test/src/lib.rs:577:5
[INFO] [stdout]   22:     0x5611693e9250 - <alloc::boxed::Box<F,A> as core::ops::function::FnOnce<Args>>::call_once::hf6d2a51e5587546c
[INFO] [stdout]                                at /rustc/a178d0322ce20e33eac124758e837cbd80a6f633/library/alloc/src/boxed.rs:1575:9
[INFO] [stdout]   23:     0x5611693e9250 - <std::panic::AssertUnwindSafe<F> as core::ops::function::FnOnce<()>>::call_once::h8af660f3a89ef593
[INFO] [stdout]                                at /rustc/a178d0322ce20e33eac124758e837cbd80a6f633/library/std/src/panic.rs:347:9
[INFO] [stdout]   24:     0x5611693e9250 - std::panicking::try::do_call::hd36aef60f84b6d36
[INFO] [stdout]                                at /rustc/a178d0322ce20e33eac124758e837cbd80a6f633/library/std/src/panicking.rs:401:40
[INFO] [stdout]   25:     0x5611693e9250 - std::panicking::try::h9932b4480e69817c
[INFO] [stdout]                                at /rustc/a178d0322ce20e33eac124758e837cbd80a6f633/library/std/src/panicking.rs:365:19
[INFO] [stdout]   26:     0x5611693e9250 - std::panic::catch_unwind::h6aa177099cfff5f8
[INFO] [stdout]                                at /rustc/a178d0322ce20e33eac124758e837cbd80a6f633/library/std/src/panic.rs:434:14
[INFO] [stdout]   27:     0x5611693e9250 - test::run_test_in_process::h5884d6f2d99e20c3
[INFO] [stdout]                                at /rustc/a178d0322ce20e33eac124758e837cbd80a6f633/library/test/src/lib.rs:600:18
[INFO] [stdout]   28:     0x5611693e9250 - test::run_test::run_test_inner::{{closure}}::h6fdc58c6d5f5b6e3
[INFO] [stdout]                                at /rustc/a178d0322ce20e33eac124758e837cbd80a6f633/library/test/src/lib.rs:492:39
[INFO] [stdout]   29:     0x5611693c2902 - test::run_test::run_test_inner::{{closure}}::h408365d67a78ade8
[INFO] [stdout]                                at /rustc/a178d0322ce20e33eac124758e837cbd80a6f633/library/test/src/lib.rs:519:37
[INFO] [stdout]   30:     0x5611693c2902 - std::sys_common::backtrace::__rust_begin_short_backtrace::hb560b77c4f701523
[INFO] [stdout]                                at /rustc/a178d0322ce20e33eac124758e837cbd80a6f633/library/std/src/sys_common/backtrace.rs:125:18
[INFO] [stdout]   31:     0x5611693c64b8 - std::thread::Builder::spawn_unchecked::{{closure}}::{{closure}}::hf2e7831dad93c597
[INFO] [stdout]                                at /rustc/a178d0322ce20e33eac124758e837cbd80a6f633/library/std/src/thread/mod.rs:481:17
[INFO] [stdout]   32:     0x5611693c64b8 - <std::panic::AssertUnwindSafe<F> as core::ops::function::FnOnce<()>>::call_once::hd2e08783d8be4d02
[INFO] [stdout]                                at /rustc/a178d0322ce20e33eac124758e837cbd80a6f633/library/std/src/panic.rs:347:9
[INFO] [stdout]   33:     0x5611693c64b8 - std::panicking::try::do_call::h062597b7acfd6b82
[INFO] [stdout]                                at /rustc/a178d0322ce20e33eac124758e837cbd80a6f633/library/std/src/panicking.rs:401:40
[INFO] [stdout]   34:     0x5611693c64b8 - std::panicking::try::h0d7b79db04c14552
[INFO] [stdout]                                at /rustc/a178d0322ce20e33eac124758e837cbd80a6f633/library/std/src/panicking.rs:365:19
[INFO] [stdout]   35:     0x5611693c64b8 - std::panic::catch_unwind::hb01a0b5e7c8cd43b
[INFO] [stdout]                                at /rustc/a178d0322ce20e33eac124758e837cbd80a6f633/library/std/src/panic.rs:434:14
[INFO] [stdout]   36:     0x5611693c64b8 - std::thread::Builder::spawn_unchecked::{{closure}}::h5bde48cc887e0d1e
[INFO] [stdout]                                at /rustc/a178d0322ce20e33eac124758e837cbd80a6f633/library/std/src/thread/mod.rs:480:30
[INFO] [stdout]   37:     0x5611693c64b8 - core::ops::function::FnOnce::call_once{{vtable.shim}}::h745ea30807a29e55
[INFO] [stdout]                                at /rustc/a178d0322ce20e33eac124758e837cbd80a6f633/library/core/src/ops/function.rs:227:5
[INFO] [stdout]   38:     0x561169600617 - <alloc::boxed::Box<F,A> as core::ops::function::FnOnce<Args>>::call_once::h7ece6cfefaff1005
[INFO] [stdout]                                at /rustc/a178d0322ce20e33eac124758e837cbd80a6f633/library/alloc/src/boxed.rs:1575:9
[INFO] [stdout]   39:     0x561169600617 - <alloc::boxed::Box<F,A> as core::ops::function::FnOnce<Args>>::call_once::hb8b48e55c21f193e
[INFO] [stdout]                                at /rustc/a178d0322ce20e33eac124758e837cbd80a6f633/library/alloc/src/boxed.rs:1575:9
[INFO] [stdout]   40:     0x561169600617 - std::sys::unix::thread::Thread::new::thread_start::h8c7c4450dba62914
[INFO] [stdout]                                at /rustc/a178d0322ce20e33eac124758e837cbd80a6f633/library/std/src/sys/unix/thread.rs:71:17
[INFO] [stdout]   41:     0x7f706fac8609 - start_thread
[INFO] [stdout]   42:     0x7f706f898293 - clone
[INFO] [stdout]   43:                0x0 - <unknown>
[INFO] [stdout] 
[INFO] [stdout] 
[INFO] [stdout] failures:
[INFO] [stdout]     methods::activity::tests::user_photos
[INFO] [stdout]     methods::photos::tests::get_info
[INFO] [stdout] 
[INFO] [stdout] test result: FAILED. 32 passed; 2 failed; 0 ignored; 0 measured; 0 filtered out; finished in 0.12s
[INFO] [stdout] 
[INFO] [stderr] error: test failed, to rerun pass '--lib'
[INFO] running `Command { std: "docker" "inspect" "0117ba41f2c1dc716be3c6afe8a08826087c6119b6b9c93a6b3dec5d9828c214", kill_on_drop: false }`
[INFO] running `Command { std: "docker" "rm" "-f" "0117ba41f2c1dc716be3c6afe8a08826087c6119b6b9c93a6b3dec5d9828c214", kill_on_drop: false }`
[INFO] [stdout] 0117ba41f2c1dc716be3c6afe8a08826087c6119b6b9c93a6b3dec5d9828c214
