[INFO] fetching crate flex-error 0.4.1...
[INFO] testing flex-error-0.4.1 against beta-2021-08-01 for beta-1.55-1
[INFO] extracting crate flex-error 0.4.1 into /workspace/builds/worker-9/source
[INFO] validating manifest of crates.io crate flex-error 0.4.1 on toolchain beta-2021-08-01
[INFO] running `Command { std: "/workspace/cargo-home/bin/cargo" "+beta-2021-08-01" "metadata" "--manifest-path" "Cargo.toml" "--no-deps", kill_on_drop: false }`
[INFO] started tweaking crates.io crate flex-error 0.4.1
[INFO] finished tweaking crates.io crate flex-error 0.4.1
[INFO] tweaked toml for crates.io crate flex-error 0.4.1 written to /workspace/builds/worker-9/source/Cargo.toml
[INFO] running `Command { std: "/workspace/cargo-home/bin/cargo" "+beta-2021-08-01" "generate-lockfile" "--manifest-path" "Cargo.toml" "-Zno-index-update", kill_on_drop: false }`
[INFO] [stderr]     Blocking waiting for file lock on package cache
[INFO] running `Command { std: "/workspace/cargo-home/bin/cargo" "+beta-2021-08-01" "fetch" "--manifest-path" "Cargo.toml", kill_on_drop: false }`
[INFO] [stderr]     Blocking waiting for file lock on package cache
[INFO] [stderr]     Blocking waiting for file lock on package cache
[INFO] [stderr]  Downloading crates ...
[INFO] [stderr]   Downloaded indenter v0.3.3
[INFO] [stderr]   Downloaded anyhow v1.0.42
[INFO] [stderr]   Downloaded paste v1.0.5
[INFO] [stderr]   Downloaded eyre v0.6.5
[INFO] running `Command { std: "docker" "create" "-v" "/var/lib/crater-agent-workspace/builds/worker-9/target:/opt/rustwide/target:rw,Z" "-v" "/var/lib/crater-agent-workspace/builds/worker-9/source:/opt/rustwide/workdir:ro,Z" "-v" "/var/lib/crater-agent-workspace/cargo-home:/opt/rustwide/cargo-home:ro,Z" "-v" "/var/lib/crater-agent-workspace/rustup-home:/opt/rustwide/rustup-home:ro,Z" "-e" "SOURCE_DIR=/opt/rustwide/workdir" "-e" "CARGO_TARGET_DIR=/opt/rustwide/target" "-e" "CARGO_HOME=/opt/rustwide/cargo-home" "-e" "RUSTUP_HOME=/opt/rustwide/rustup-home" "-w" "/opt/rustwide/workdir" "-m" "1610612736" "--user" "0:0" "--network" "none" "ghcr.io/rust-lang/crates-build-env/linux@sha256:34b6a614d2c27851fe6cbf88fbd1137609cefab8b10d0615aaeb6fd47975d74e" "/opt/rustwide/cargo-home/bin/cargo" "+beta-2021-08-01" "metadata" "--no-deps" "--format-version=1", kill_on_drop: false }`
[INFO] [stdout] 571774d8eb652629ddb6ec75111d2512e2dfdc04d84c22f551ed767b95832834
[INFO] running `Command { std: "docker" "start" "-a" "571774d8eb652629ddb6ec75111d2512e2dfdc04d84c22f551ed767b95832834", kill_on_drop: false }`
[INFO] running `Command { std: "docker" "inspect" "571774d8eb652629ddb6ec75111d2512e2dfdc04d84c22f551ed767b95832834", kill_on_drop: false }`
[INFO] running `Command { std: "docker" "rm" "-f" "571774d8eb652629ddb6ec75111d2512e2dfdc04d84c22f551ed767b95832834", kill_on_drop: false }`
[INFO] [stdout] 571774d8eb652629ddb6ec75111d2512e2dfdc04d84c22f551ed767b95832834
[INFO] running `Command { std: "docker" "create" "-v" "/var/lib/crater-agent-workspace/builds/worker-9/target:/opt/rustwide/target:rw,Z" "-v" "/var/lib/crater-agent-workspace/builds/worker-9/source:/opt/rustwide/workdir:ro,Z" "-v" "/var/lib/crater-agent-workspace/cargo-home:/opt/rustwide/cargo-home:ro,Z" "-v" "/var/lib/crater-agent-workspace/rustup-home:/opt/rustwide/rustup-home:ro,Z" "-e" "SOURCE_DIR=/opt/rustwide/workdir" "-e" "CARGO_TARGET_DIR=/opt/rustwide/target" "-e" "CARGO_INCREMENTAL=0" "-e" "RUST_BACKTRACE=full" "-e" "RUSTFLAGS=--cap-lints=warn" "-e" "CARGO_HOME=/opt/rustwide/cargo-home" "-e" "RUSTUP_HOME=/opt/rustwide/rustup-home" "-w" "/opt/rustwide/workdir" "-m" "1610612736" "--user" "0:0" "--network" "none" "ghcr.io/rust-lang/crates-build-env/linux@sha256:34b6a614d2c27851fe6cbf88fbd1137609cefab8b10d0615aaeb6fd47975d74e" "/opt/rustwide/cargo-home/bin/cargo" "+beta-2021-08-01" "build" "--frozen" "--message-format=json", kill_on_drop: false }`
[INFO] [stdout] 07703599f47161669efd9acb91f4325cb951b4e7897a8bd70fd4d90aa6103ad5
[INFO] running `Command { std: "docker" "start" "-a" "07703599f47161669efd9acb91f4325cb951b4e7897a8bd70fd4d90aa6103ad5", kill_on_drop: false }`
[INFO] [stderr]    Compiling eyre v0.6.5
[INFO] [stderr]    Compiling anyhow v1.0.42
[INFO] [stderr]    Compiling indenter v0.3.3
[INFO] [stderr]    Compiling paste v1.0.5
[INFO] [stderr]    Compiling flex-error v0.4.1 (/opt/rustwide/workdir)
[INFO] [stderr]     Finished dev [unoptimized + debuginfo] target(s) in 8.53s
[INFO] running `Command { std: "docker" "inspect" "07703599f47161669efd9acb91f4325cb951b4e7897a8bd70fd4d90aa6103ad5", kill_on_drop: false }`
[INFO] running `Command { std: "docker" "rm" "-f" "07703599f47161669efd9acb91f4325cb951b4e7897a8bd70fd4d90aa6103ad5", kill_on_drop: false }`
[INFO] [stdout] 07703599f47161669efd9acb91f4325cb951b4e7897a8bd70fd4d90aa6103ad5
[INFO] running `Command { std: "docker" "create" "-v" "/var/lib/crater-agent-workspace/builds/worker-9/target:/opt/rustwide/target:rw,Z" "-v" "/var/lib/crater-agent-workspace/builds/worker-9/source:/opt/rustwide/workdir:ro,Z" "-v" "/var/lib/crater-agent-workspace/cargo-home:/opt/rustwide/cargo-home:ro,Z" "-v" "/var/lib/crater-agent-workspace/rustup-home:/opt/rustwide/rustup-home:ro,Z" "-e" "SOURCE_DIR=/opt/rustwide/workdir" "-e" "CARGO_TARGET_DIR=/opt/rustwide/target" "-e" "CARGO_INCREMENTAL=0" "-e" "RUST_BACKTRACE=full" "-e" "RUSTFLAGS=--cap-lints=warn" "-e" "CARGO_HOME=/opt/rustwide/cargo-home" "-e" "RUSTUP_HOME=/opt/rustwide/rustup-home" "-w" "/opt/rustwide/workdir" "-m" "1610612736" "--user" "0:0" "--network" "none" "ghcr.io/rust-lang/crates-build-env/linux@sha256:34b6a614d2c27851fe6cbf88fbd1137609cefab8b10d0615aaeb6fd47975d74e" "/opt/rustwide/cargo-home/bin/cargo" "+beta-2021-08-01" "test" "--frozen" "--no-run" "--message-format=json", kill_on_drop: false }`
[INFO] [stdout] 683675529ad9d1f9f29c7aa723e03e5af6514abfea173dd2275558611c7b7c58
[INFO] running `Command { std: "docker" "start" "-a" "683675529ad9d1f9f29c7aa723e03e5af6514abfea173dd2275558611c7b7c58", kill_on_drop: false }`
[INFO] [stderr]    Compiling flex-error v0.4.1 (/opt/rustwide/workdir)
[INFO] [stderr]     Finished test [unoptimized + debuginfo] target(s) in 0.52s
[INFO] running `Command { std: "docker" "inspect" "683675529ad9d1f9f29c7aa723e03e5af6514abfea173dd2275558611c7b7c58", kill_on_drop: false }`
[INFO] running `Command { std: "docker" "rm" "-f" "683675529ad9d1f9f29c7aa723e03e5af6514abfea173dd2275558611c7b7c58", kill_on_drop: false }`
[INFO] [stdout] 683675529ad9d1f9f29c7aa723e03e5af6514abfea173dd2275558611c7b7c58
[INFO] running `Command { std: "docker" "create" "-v" "/var/lib/crater-agent-workspace/builds/worker-9/target:/opt/rustwide/target:rw,Z" "-v" "/var/lib/crater-agent-workspace/builds/worker-9/source:/opt/rustwide/workdir:ro,Z" "-v" "/var/lib/crater-agent-workspace/cargo-home:/opt/rustwide/cargo-home:ro,Z" "-v" "/var/lib/crater-agent-workspace/rustup-home:/opt/rustwide/rustup-home:ro,Z" "-e" "SOURCE_DIR=/opt/rustwide/workdir" "-e" "CARGO_TARGET_DIR=/opt/rustwide/target" "-e" "CARGO_INCREMENTAL=0" "-e" "RUST_BACKTRACE=full" "-e" "RUSTFLAGS=--cap-lints=warn" "-e" "CARGO_HOME=/opt/rustwide/cargo-home" "-e" "RUSTUP_HOME=/opt/rustwide/rustup-home" "-w" "/opt/rustwide/workdir" "-m" "1610612736" "--user" "0:0" "--network" "none" "ghcr.io/rust-lang/crates-build-env/linux@sha256:34b6a614d2c27851fe6cbf88fbd1137609cefab8b10d0615aaeb6fd47975d74e" "/opt/rustwide/cargo-home/bin/cargo" "+beta-2021-08-01" "test" "--frozen", kill_on_drop: false }`
[INFO] [stdout] 9c02e8feefe1060df29f70a4553b5b7e06f947bd899114e8004d5f2d02cf66f3
[INFO] running `Command { std: "docker" "start" "-a" "9c02e8feefe1060df29f70a4553b5b7e06f947bd899114e8004d5f2d02cf66f3", kill_on_drop: false }`
[INFO] [stderr]     Finished test [unoptimized + debuginfo] target(s) in 0.02s
[INFO] [stderr]      Running unittests (/opt/rustwide/target/debug/deps/flex_error-4d836abc6c562493)
[INFO] [stdout] 
[INFO] [stderr]    Doc-tests flex-error
[INFO] [stdout] running 0 tests
[INFO] [stdout] 
[INFO] [stdout] test result: ok. 0 passed; 0 failed; 0 ignored; 0 measured; 0 filtered out; finished in 0.00s
[INFO] [stdout] 
[INFO] [stdout] 
[INFO] [stdout] running 24 tests
[INFO] [stdout] test src/macros.rs - define_error (line 103) ... ignored
[INFO] [stdout] test src/macros.rs - define_error (line 110) ... ignored
[INFO] [stdout] test src/macros.rs - define_error (line 117) ... ignored
[INFO] [stdout] test src/macros.rs - define_error (line 125) ... ignored
[INFO] [stdout] test src/macros.rs - define_error (line 133) ... ignored
[INFO] [stdout] test src/macros.rs - define_error (line 143) ... ignored
[INFO] [stdout] test src/macros.rs - define_error (line 170) ... ignored
[INFO] [stdout] test src/macros.rs - define_error (line 182) ... ignored
[INFO] [stdout] test src/macros.rs - define_error (line 201) ... ignored
[INFO] [stdout] test src/macros.rs - define_error (line 248) ... ignored
[INFO] [stdout] test src/macros.rs - define_error (line 262) ... ignored
[INFO] [stdout] test src/macros.rs - define_error (line 286) ... ignored
[INFO] [stdout] test src/macros.rs - define_error (line 295) ... ignored
[INFO] [stdout] test src/macros.rs - define_error (line 306) ... ignored
[INFO] [stdout] test src/macros.rs - define_error (line 323) ... ignored
[INFO] [stdout] test src/macros.rs - define_error (line 350) ... ignored
[INFO] [stdout] test src/macros.rs - define_error (line 366) ... ignored
[INFO] [stdout] test src/macros.rs - define_error (line 45) ... ignored
[INFO] [stdout] test src/macros.rs - define_error (line 52) ... ignored
[INFO] [stdout] test src/macros.rs - define_error (line 60) ... ignored
[INFO] [stdout] test src/macros.rs - define_error (line 7) ... ignored
[INFO] [stdout] test src/macros.rs - define_error (line 86) ... ignored
[INFO] [stdout] test src/macros.rs - define_error (line 94) ... ignored
[INFO] [stdout] test src/macros.rs - define_error (line 155) ... FAILED
[INFO] [stdout] 
[INFO] [stdout] failures:
[INFO] [stdout] 
[INFO] [stdout] ---- src/macros.rs - define_error (line 155) stdout ----
[INFO] [stdout] error[E0412]: cannot find type `MySubErrorSubdetail` in this scope
[INFO] [stdout]  --> src/macros.rs:156:31
[INFO] [stdout]   |
[INFO] [stdout] 3 | impl ::core::fmt::Display for MySubErrorSubdetail {
[INFO] [stdout]   |                               ^^^^^^^^^^^^^^^^^^^ not found in this scope
[INFO] [stdout] 
[INFO] [stdout] error: aborting due to previous error
[INFO] [stdout] 
[INFO] [stdout] For more information about this error, try `rustc --explain E0412`.
[INFO] [stdout] Couldn't compile the test.
[INFO] [stdout] 
[INFO] [stdout] failures:
[INFO] [stdout]     src/macros.rs - define_error (line 155)
[INFO] [stdout] 
[INFO] [stdout] test result: FAILED. 0 passed; 1 failed; 23 ignored; 0 measured; 0 filtered out; finished in 0.15s
[INFO] [stdout] 
[INFO] [stderr] error: test failed, to rerun pass '--doc'
[INFO] running `Command { std: "docker" "inspect" "9c02e8feefe1060df29f70a4553b5b7e06f947bd899114e8004d5f2d02cf66f3", kill_on_drop: false }`
[INFO] running `Command { std: "docker" "rm" "-f" "9c02e8feefe1060df29f70a4553b5b7e06f947bd899114e8004d5f2d02cf66f3", kill_on_drop: false }`
[INFO] [stdout] 9c02e8feefe1060df29f70a4553b5b7e06f947bd899114e8004d5f2d02cf66f3
