[INFO] fetching crate fitsdk 0.1.0...
[INFO] testing fitsdk-0.1.0 against beta-2021-08-01 for beta-1.55-1
[INFO] extracting crate fitsdk 0.1.0 into /workspace/builds/worker-41/source
[INFO] validating manifest of crates.io crate fitsdk 0.1.0 on toolchain beta-2021-08-01
[INFO] running `Command { std: "/workspace/cargo-home/bin/cargo" "+beta-2021-08-01" "metadata" "--manifest-path" "Cargo.toml" "--no-deps", kill_on_drop: false }`
[INFO] started tweaking crates.io crate fitsdk 0.1.0
[INFO] finished tweaking crates.io crate fitsdk 0.1.0
[INFO] tweaked toml for crates.io crate fitsdk 0.1.0 written to /workspace/builds/worker-41/source/Cargo.toml
[INFO] running `Command { std: "/workspace/cargo-home/bin/cargo" "+beta-2021-08-01" "generate-lockfile" "--manifest-path" "Cargo.toml" "-Zno-index-update", kill_on_drop: false }`
[INFO] [stderr]     Blocking waiting for file lock on package cache
[INFO] running `Command { std: "/workspace/cargo-home/bin/cargo" "+beta-2021-08-01" "fetch" "--manifest-path" "Cargo.toml", kill_on_drop: false }`
[INFO] [stderr]     Blocking waiting for file lock on package cache
[INFO] running `Command { std: "docker" "create" "-v" "/var/lib/crater-agent-workspace/builds/worker-41/target:/opt/rustwide/target:rw,Z" "-v" "/var/lib/crater-agent-workspace/builds/worker-41/source:/opt/rustwide/workdir:ro,Z" "-v" "/var/lib/crater-agent-workspace/cargo-home:/opt/rustwide/cargo-home:ro,Z" "-v" "/var/lib/crater-agent-workspace/rustup-home:/opt/rustwide/rustup-home:ro,Z" "-e" "SOURCE_DIR=/opt/rustwide/workdir" "-e" "CARGO_TARGET_DIR=/opt/rustwide/target" "-e" "CARGO_HOME=/opt/rustwide/cargo-home" "-e" "RUSTUP_HOME=/opt/rustwide/rustup-home" "-w" "/opt/rustwide/workdir" "-m" "1610612736" "--user" "0:0" "--network" "none" "ghcr.io/rust-lang/crates-build-env/linux@sha256:34b6a614d2c27851fe6cbf88fbd1137609cefab8b10d0615aaeb6fd47975d74e" "/opt/rustwide/cargo-home/bin/cargo" "+beta-2021-08-01" "metadata" "--no-deps" "--format-version=1", kill_on_drop: false }`
[INFO] [stdout] d15124c090257660ed8c4a1d13a6b2dd922b0e3c6a734f39a15ce64e0afe0328
[INFO] running `Command { std: "docker" "start" "-a" "d15124c090257660ed8c4a1d13a6b2dd922b0e3c6a734f39a15ce64e0afe0328", kill_on_drop: false }`
[INFO] running `Command { std: "docker" "inspect" "d15124c090257660ed8c4a1d13a6b2dd922b0e3c6a734f39a15ce64e0afe0328", kill_on_drop: false }`
[INFO] running `Command { std: "docker" "rm" "-f" "d15124c090257660ed8c4a1d13a6b2dd922b0e3c6a734f39a15ce64e0afe0328", kill_on_drop: false }`
[INFO] [stdout] d15124c090257660ed8c4a1d13a6b2dd922b0e3c6a734f39a15ce64e0afe0328
[INFO] running `Command { std: "docker" "create" "-v" "/var/lib/crater-agent-workspace/builds/worker-41/target:/opt/rustwide/target:rw,Z" "-v" "/var/lib/crater-agent-workspace/builds/worker-41/source:/opt/rustwide/workdir:ro,Z" "-v" "/var/lib/crater-agent-workspace/cargo-home:/opt/rustwide/cargo-home:ro,Z" "-v" "/var/lib/crater-agent-workspace/rustup-home:/opt/rustwide/rustup-home:ro,Z" "-e" "SOURCE_DIR=/opt/rustwide/workdir" "-e" "CARGO_TARGET_DIR=/opt/rustwide/target" "-e" "CARGO_INCREMENTAL=0" "-e" "RUST_BACKTRACE=full" "-e" "RUSTFLAGS=--cap-lints=warn" "-e" "CARGO_HOME=/opt/rustwide/cargo-home" "-e" "RUSTUP_HOME=/opt/rustwide/rustup-home" "-w" "/opt/rustwide/workdir" "-m" "1610612736" "--user" "0:0" "--network" "none" "ghcr.io/rust-lang/crates-build-env/linux@sha256:34b6a614d2c27851fe6cbf88fbd1137609cefab8b10d0615aaeb6fd47975d74e" "/opt/rustwide/cargo-home/bin/cargo" "+beta-2021-08-01" "build" "--frozen" "--message-format=json", kill_on_drop: false }`
[INFO] [stdout] 8f8b0dccb2fde5d237901965e0b963936702f1dce7ac5656584ccf1c4bb11faa
[INFO] running `Command { std: "docker" "start" "-a" "8f8b0dccb2fde5d237901965e0b963936702f1dce7ac5656584ccf1c4bb11faa", kill_on_drop: false }`
[INFO] [stderr]     Blocking waiting for file lock on package cache
[INFO] [stderr]    Compiling fitsdk v0.1.0 (/opt/rustwide/workdir)
[INFO] [stderr]     Finished dev [unoptimized + debuginfo] target(s) in 1.76s
[INFO] running `Command { std: "docker" "inspect" "8f8b0dccb2fde5d237901965e0b963936702f1dce7ac5656584ccf1c4bb11faa", kill_on_drop: false }`
[INFO] running `Command { std: "docker" "rm" "-f" "8f8b0dccb2fde5d237901965e0b963936702f1dce7ac5656584ccf1c4bb11faa", kill_on_drop: false }`
[INFO] [stdout] 8f8b0dccb2fde5d237901965e0b963936702f1dce7ac5656584ccf1c4bb11faa
[INFO] running `Command { std: "docker" "create" "-v" "/var/lib/crater-agent-workspace/builds/worker-41/target:/opt/rustwide/target:rw,Z" "-v" "/var/lib/crater-agent-workspace/builds/worker-41/source:/opt/rustwide/workdir:ro,Z" "-v" "/var/lib/crater-agent-workspace/cargo-home:/opt/rustwide/cargo-home:ro,Z" "-v" "/var/lib/crater-agent-workspace/rustup-home:/opt/rustwide/rustup-home:ro,Z" "-e" "SOURCE_DIR=/opt/rustwide/workdir" "-e" "CARGO_TARGET_DIR=/opt/rustwide/target" "-e" "CARGO_INCREMENTAL=0" "-e" "RUST_BACKTRACE=full" "-e" "RUSTFLAGS=--cap-lints=warn" "-e" "CARGO_HOME=/opt/rustwide/cargo-home" "-e" "RUSTUP_HOME=/opt/rustwide/rustup-home" "-w" "/opt/rustwide/workdir" "-m" "1610612736" "--user" "0:0" "--network" "none" "ghcr.io/rust-lang/crates-build-env/linux@sha256:34b6a614d2c27851fe6cbf88fbd1137609cefab8b10d0615aaeb6fd47975d74e" "/opt/rustwide/cargo-home/bin/cargo" "+beta-2021-08-01" "test" "--frozen" "--no-run" "--message-format=json", kill_on_drop: false }`
[INFO] [stdout] 8d78485ac08d2b9f35578a45e80a3eeedd4bc152c2eca012931278fa219ccd43
[INFO] running `Command { std: "docker" "start" "-a" "8d78485ac08d2b9f35578a45e80a3eeedd4bc152c2eca012931278fa219ccd43", kill_on_drop: false }`
[INFO] [stderr]     Blocking waiting for file lock on package cache
[INFO] [stderr]    Compiling fitsdk v0.1.0 (/opt/rustwide/workdir)
[INFO] [stderr]     Finished test [unoptimized + debuginfo] target(s) in 2.02s
[INFO] running `Command { std: "docker" "inspect" "8d78485ac08d2b9f35578a45e80a3eeedd4bc152c2eca012931278fa219ccd43", kill_on_drop: false }`
[INFO] running `Command { std: "docker" "rm" "-f" "8d78485ac08d2b9f35578a45e80a3eeedd4bc152c2eca012931278fa219ccd43", kill_on_drop: false }`
[INFO] [stdout] 8d78485ac08d2b9f35578a45e80a3eeedd4bc152c2eca012931278fa219ccd43
[INFO] running `Command { std: "docker" "create" "-v" "/var/lib/crater-agent-workspace/builds/worker-41/target:/opt/rustwide/target:rw,Z" "-v" "/var/lib/crater-agent-workspace/builds/worker-41/source:/opt/rustwide/workdir:ro,Z" "-v" "/var/lib/crater-agent-workspace/cargo-home:/opt/rustwide/cargo-home:ro,Z" "-v" "/var/lib/crater-agent-workspace/rustup-home:/opt/rustwide/rustup-home:ro,Z" "-e" "SOURCE_DIR=/opt/rustwide/workdir" "-e" "CARGO_TARGET_DIR=/opt/rustwide/target" "-e" "CARGO_INCREMENTAL=0" "-e" "RUST_BACKTRACE=full" "-e" "RUSTFLAGS=--cap-lints=warn" "-e" "CARGO_HOME=/opt/rustwide/cargo-home" "-e" "RUSTUP_HOME=/opt/rustwide/rustup-home" "-w" "/opt/rustwide/workdir" "-m" "1610612736" "--user" "0:0" "--network" "none" "ghcr.io/rust-lang/crates-build-env/linux@sha256:34b6a614d2c27851fe6cbf88fbd1137609cefab8b10d0615aaeb6fd47975d74e" "/opt/rustwide/cargo-home/bin/cargo" "+beta-2021-08-01" "test" "--frozen", kill_on_drop: false }`
[INFO] [stdout] e623850f354e81fe96856e1e1474e7064cb07d1e047b67a07a76bc203ee356a9
[INFO] running `Command { std: "docker" "start" "-a" "e623850f354e81fe96856e1e1474e7064cb07d1e047b67a07a76bc203ee356a9", kill_on_drop: false }`
[INFO] [stderr]     Blocking waiting for file lock on package cache
[INFO] [stderr]     Finished test [unoptimized + debuginfo] target(s) in 0.08s
[INFO] [stderr]      Running unittests (/opt/rustwide/target/debug/deps/fitsdk-3e1e1e7ccd522392)
[INFO] [stdout] 
[INFO] [stderr]    Doc-tests fitsdk
[INFO] [stdout] running 0 tests
[INFO] [stdout] 
[INFO] [stdout] test result: ok. 0 passed; 0 failed; 0 ignored; 0 measured; 0 filtered out; finished in 0.00s
[INFO] [stdout] 
[INFO] [stdout] 
[INFO] [stdout] running 4 tests
[INFO] [stdout] test src/match_predefined_field_value.rs - match_predefined_field_value::match_predefined_field_value (line 8) ... FAILED
[INFO] [stdout] test src/match_messagetype_field.rs - match_messagetype_field::match_message_field (line 1510) ... FAILED
[INFO] [stdout] test src/match_messagetype_offset.rs - match_messagetype_offset::match_message_offset (line 464) ... FAILED
[INFO] [stdout] test src/match_messagetype_scale.rs - match_messagetype_scale::match_message_scale (line 732) ... FAILED
[INFO] [stdout] 
[INFO] [stdout] failures:
[INFO] [stdout] 
[INFO] [stdout] ---- src/match_predefined_field_value.rs - match_predefined_field_value::match_predefined_field_value (line 8) stdout ----
[INFO] [stdout] error[E0433]: failed to resolve: use of undeclared type `FieldType`
[INFO] [stdout]  --> src/match_predefined_field_value.rs:9:18
[INFO] [stdout]   |
[INFO] [stdout] 3 | let field_type = FieldType::BodyLocation;
[INFO] [stdout]   |                  ^^^^^^^^^ use of undeclared type `FieldType`
[INFO] [stdout] 
[INFO] [stdout] error[E0425]: cannot find function `match_predefined_field_value` in this scope
[INFO] [stdout]  --> src/match_predefined_field_value.rs:11:23
[INFO] [stdout]   |
[INFO] [stdout] 5 | let predefined_text = match_predefined_field_value(field_type, parsed_value);
[INFO] [stdout]   |                       ^^^^^^^^^^^^^^^^^^^^^^^^^^^^ not found in this scope
[INFO] [stdout]   |
[INFO] [stdout] help: consider importing this function
[INFO] [stdout]   |
[INFO] [stdout] 2 | use fitsdk::match_predefined_field_value;
[INFO] [stdout]   |
[INFO] [stdout] 
[INFO] [stdout] error: aborting due to 2 previous errors
[INFO] [stdout] 
[INFO] [stdout] Some errors have detailed explanations: E0425, E0433.
[INFO] [stdout] For more information about an error, try `rustc --explain E0425`.
[INFO] [stdout] Couldn't compile the test.
[INFO] [stdout] ---- src/match_messagetype_field.rs - match_messagetype_field::match_message_field (line 1510) stdout ----
[INFO] [stdout] error: expected identifier, found keyword `type`
[INFO] [stdout]  --> src/match_messagetype_field.rs:1515:25
[INFO] [stdout]   |
[INFO] [stdout] 7 | assert_eq!(field, Field:type::Uint16);
[INFO] [stdout]   |                         ^^^^ expected identifier, found keyword
[INFO] [stdout]   |
[INFO] [stdout] help: you can escape reserved keywords to use them as identifiers
[INFO] [stdout]   |
[INFO] [stdout] 7 | assert_eq!(field, Field:r#type::Uint16);
[INFO] [stdout]   |                         ^^^^^^
[INFO] [stdout] 
[INFO] [stdout] error: expected type, found keyword `type`
[INFO] [stdout]   --> src/match_messagetype_field.rs:1515:25
[INFO] [stdout]    |
[INFO] [stdout] 7  | assert_eq!(field, Field:type::Uint16);
[INFO] [stdout]    |                        -^^^^ expected type
[INFO] [stdout]    |                        |
[INFO] [stdout]    |                        help: maybe write a path separator here: `::`
[INFO] [stdout] 
[INFO] [stdout] error[E0433]: failed to resolve: use of undeclared type `MessageType`
[INFO] [stdout]  --> src/match_messagetype_field.rs:1511:20
[INFO] [stdout]   |
[INFO] [stdout] 3 | let message_type = MessageType::WorkoutSession;
[INFO] [stdout]   |                    ^^^^^^^^^^^ use of undeclared type `MessageType`
[INFO] [stdout] 
[INFO] [stdout] error[E0425]: cannot find function `match_message_field` in this scope
[INFO] [stdout]  --> src/match_messagetype_field.rs:1513:16
[INFO] [stdout]   |
[INFO] [stdout] 5 | let field_fn = match_message_field(message_type);
[INFO] [stdout]   |                ^^^^^^^^^^^^^^^^^^^ not found in this scope
[INFO] [stdout]   |
[INFO] [stdout] help: consider importing this function
[INFO] [stdout]   |
[INFO] [stdout] 2 | use fitsdk::match_message_field;
[INFO] [stdout]   |
[INFO] [stdout] 
[INFO] [stdout] error: aborting due to 4 previous errors
[INFO] [stdout] 
[INFO] [stdout] Some errors have detailed explanations: E0425, E0433.
[INFO] [stdout] For more information about an error, try `rustc --explain E0425`.
[INFO] [stdout] Couldn't compile the test.
[INFO] [stdout] ---- src/match_messagetype_offset.rs - match_messagetype_offset::match_message_offset (line 464) stdout ----
[INFO] [stdout] error[E0433]: failed to resolve: use of undeclared type `MessageType`
[INFO] [stdout]  --> src/match_messagetype_offset.rs:465:20
[INFO] [stdout]   |
[INFO] [stdout] 3 | let message_type = MessageType::Session;
[INFO] [stdout]   |                    ^^^^^^^^^^^ use of undeclared type `MessageType`
[INFO] [stdout] 
[INFO] [stdout] error[E0425]: cannot find function `match_message_offset` in this scope
[INFO] [stdout]  --> src/match_messagetype_offset.rs:467:17
[INFO] [stdout]   |
[INFO] [stdout] 5 | let offset_fn = match_message_offset(message_type);
[INFO] [stdout]   |                 ^^^^^^^^^^^^^^^^^^^^ not found in this scope
[INFO] [stdout]   |
[INFO] [stdout] help: consider importing this function
[INFO] [stdout]   |
[INFO] [stdout] 2 | use fitsdk::match_message_offset;
[INFO] [stdout]   |
[INFO] [stdout] 
[INFO] [stdout] error: aborting due to 2 previous errors
[INFO] [stdout] 
[INFO] [stdout] Some errors have detailed explanations: E0425, E0433.
[INFO] [stdout] For more information about an error, try `rustc --explain E0425`.
[INFO] [stdout] Couldn't compile the test.
[INFO] [stdout] ---- src/match_messagetype_scale.rs - match_messagetype_scale::match_message_scale (line 732) stdout ----
[INFO] [stdout] error[E0433]: failed to resolve: use of undeclared type `MessageType`
[INFO] [stdout]  --> src/match_messagetype_scale.rs:733:20
[INFO] [stdout]   |
[INFO] [stdout] 3 | let message_type = MessageType::Workout;
[INFO] [stdout]   |                    ^^^^^^^^^^^ use of undeclared type `MessageType`
[INFO] [stdout] 
[INFO] [stdout] error[E0425]: cannot find function `match_message_scale` in this scope
[INFO] [stdout]  --> src/match_messagetype_scale.rs:735:16
[INFO] [stdout]   |
[INFO] [stdout] 5 | let scale_fn = match_message_scale(message_type);
[INFO] [stdout]   |                ^^^^^^^^^^^^^^^^^^^ not found in this scope
[INFO] [stdout]   |
[INFO] [stdout] help: consider importing this function
[INFO] [stdout]   |
[INFO] [stdout] 2 | use fitsdk::match_message_scale;
[INFO] [stdout]   |
[INFO] [stdout] 
[INFO] [stdout] error: aborting due to 2 previous errors
[INFO] [stdout] 
[INFO] [stdout] Some errors have detailed explanations: E0425, E0433.
[INFO] [stdout] For more information about an error, try `rustc --explain E0425`.
[INFO] [stdout] Couldn't compile the test.
[INFO] [stdout] 
[INFO] [stdout] failures:
[INFO] [stdout]     src/match_messagetype_field.rs - match_messagetype_field::match_message_field (line 1510)
[INFO] [stdout]     src/match_messagetype_offset.rs - match_messagetype_offset::match_message_offset (line 464)
[INFO] [stdout]     src/match_messagetype_scale.rs - match_messagetype_scale::match_message_scale (line 732)
[INFO] [stdout]     src/match_predefined_field_value.rs - match_predefined_field_value::match_predefined_field_value (line 8)
[INFO] [stdout] 
[INFO] [stdout] test result: FAILED. 0 passed; 4 failed; 0 ignored; 0 measured; 0 filtered out; finished in 0.15s
[INFO] [stdout] 
[INFO] [stderr] error: test failed, to rerun pass '--doc'
[INFO] running `Command { std: "docker" "inspect" "e623850f354e81fe96856e1e1474e7064cb07d1e047b67a07a76bc203ee356a9", kill_on_drop: false }`
[INFO] running `Command { std: "docker" "rm" "-f" "e623850f354e81fe96856e1e1474e7064cb07d1e047b67a07a76bc203ee356a9", kill_on_drop: false }`
[INFO] [stdout] e623850f354e81fe96856e1e1474e7064cb07d1e047b67a07a76bc203ee356a9
