[INFO] fetching crate fitnesstrax-lib 0.1.0...
[INFO] testing fitnesstrax-lib-0.1.0 against 1.54.0 for beta-1.55-1
[INFO] extracting crate fitnesstrax-lib 0.1.0 into /workspace/builds/worker-21/source
[INFO] validating manifest of crates.io crate fitnesstrax-lib 0.1.0 on toolchain 1.54.0
[INFO] running `Command { std: "/workspace/cargo-home/bin/cargo" "+1.54.0" "metadata" "--manifest-path" "Cargo.toml" "--no-deps", kill_on_drop: false }`
[INFO] started tweaking crates.io crate fitnesstrax-lib 0.1.0
[INFO] finished tweaking crates.io crate fitnesstrax-lib 0.1.0
[INFO] tweaked toml for crates.io crate fitnesstrax-lib 0.1.0 written to /workspace/builds/worker-21/source/Cargo.toml
[INFO] running `Command { std: "/workspace/cargo-home/bin/cargo" "+1.54.0" "generate-lockfile" "--manifest-path" "Cargo.toml" "-Zno-index-update", kill_on_drop: false }`
[INFO] [stderr]     Blocking waiting for file lock on package cache
[INFO] running `Command { std: "/workspace/cargo-home/bin/cargo" "+1.54.0" "fetch" "--manifest-path" "Cargo.toml", kill_on_drop: false }`
[INFO] [stderr]     Blocking waiting for file lock on package cache
[INFO] [stderr]     Blocking waiting for file lock on package cache
[INFO] [stderr]  Downloading crates ...
[INFO] [stderr]   Downloaded generic-array v0.11.2
[INFO] [stderr]   Downloaded emseries v0.5.1
[INFO] running `Command { std: "docker" "create" "-v" "/var/lib/crater-agent-workspace/builds/worker-21/target:/opt/rustwide/target:rw,Z" "-v" "/var/lib/crater-agent-workspace/builds/worker-21/source:/opt/rustwide/workdir:ro,Z" "-v" "/var/lib/crater-agent-workspace/cargo-home:/opt/rustwide/cargo-home:ro,Z" "-v" "/var/lib/crater-agent-workspace/rustup-home:/opt/rustwide/rustup-home:ro,Z" "-e" "SOURCE_DIR=/opt/rustwide/workdir" "-e" "CARGO_TARGET_DIR=/opt/rustwide/target" "-e" "CARGO_HOME=/opt/rustwide/cargo-home" "-e" "RUSTUP_HOME=/opt/rustwide/rustup-home" "-w" "/opt/rustwide/workdir" "-m" "1610612736" "--user" "0:0" "--network" "none" "ghcr.io/rust-lang/crates-build-env/linux@sha256:34b6a614d2c27851fe6cbf88fbd1137609cefab8b10d0615aaeb6fd47975d74e" "/opt/rustwide/cargo-home/bin/cargo" "+1.54.0" "metadata" "--no-deps" "--format-version=1", kill_on_drop: false }`
[INFO] [stdout] d8b968ee10e1c5584859679e14efb2d0c4f4783f7822c589c2ffab926ffb0603
[INFO] running `Command { std: "docker" "start" "-a" "d8b968ee10e1c5584859679e14efb2d0c4f4783f7822c589c2ffab926ffb0603", kill_on_drop: false }`
[INFO] running `Command { std: "docker" "inspect" "d8b968ee10e1c5584859679e14efb2d0c4f4783f7822c589c2ffab926ffb0603", kill_on_drop: false }`
[INFO] running `Command { std: "docker" "rm" "-f" "d8b968ee10e1c5584859679e14efb2d0c4f4783f7822c589c2ffab926ffb0603", kill_on_drop: false }`
[INFO] [stdout] d8b968ee10e1c5584859679e14efb2d0c4f4783f7822c589c2ffab926ffb0603
[INFO] running `Command { std: "docker" "create" "-v" "/var/lib/crater-agent-workspace/builds/worker-21/target:/opt/rustwide/target:rw,Z" "-v" "/var/lib/crater-agent-workspace/builds/worker-21/source:/opt/rustwide/workdir:ro,Z" "-v" "/var/lib/crater-agent-workspace/cargo-home:/opt/rustwide/cargo-home:ro,Z" "-v" "/var/lib/crater-agent-workspace/rustup-home:/opt/rustwide/rustup-home:ro,Z" "-e" "SOURCE_DIR=/opt/rustwide/workdir" "-e" "CARGO_TARGET_DIR=/opt/rustwide/target" "-e" "CARGO_INCREMENTAL=0" "-e" "RUST_BACKTRACE=full" "-e" "RUSTFLAGS=--cap-lints=warn" "-e" "CARGO_HOME=/opt/rustwide/cargo-home" "-e" "RUSTUP_HOME=/opt/rustwide/rustup-home" "-w" "/opt/rustwide/workdir" "-m" "1610612736" "--user" "0:0" "--network" "none" "ghcr.io/rust-lang/crates-build-env/linux@sha256:34b6a614d2c27851fe6cbf88fbd1137609cefab8b10d0615aaeb6fd47975d74e" "/opt/rustwide/cargo-home/bin/cargo" "+1.54.0" "build" "--frozen" "--message-format=json", kill_on_drop: false }`
[INFO] [stdout] c615da1ae5b33f009fa559a8cfe9c7ce643c02c174cfde717d63bd8765674800
[INFO] running `Command { std: "docker" "start" "-a" "c615da1ae5b33f009fa559a8cfe9c7ce643c02c174cfde717d63bd8765674800", kill_on_drop: false }`
[INFO] [stderr]     Blocking waiting for file lock on package cache
[INFO] [stderr]    Compiling regex v0.2.11
[INFO] [stderr]    Compiling ucd-util v0.1.8
[INFO] [stderr]    Compiling utf8-ranges v1.0.4
[INFO] [stderr]    Compiling dimensioned v0.7.0
[INFO] [stderr]    Compiling linked-hash-map v0.5.4
[INFO] [stderr]    Compiling remove_dir_all v0.5.3
[INFO] [stderr]    Compiling num-traits v0.2.14
[INFO] [stderr]    Compiling num-integer v0.1.44
[INFO] [stderr]    Compiling thread_local v0.3.6
[INFO] [stderr]    Compiling aho-corasick v0.6.10
[INFO] [stderr]    Compiling time v0.1.43
[INFO] [stderr]    Compiling generic-array v0.11.2
[INFO] [stderr]    Compiling serde_json v1.0.66
[INFO] [stderr]    Compiling uuid v0.8.2
[INFO] [stderr]    Compiling rand v0.8.4
[INFO] [stderr]    Compiling yaml-rust v0.4.5
[INFO] [stderr]    Compiling regex-syntax v0.5.6
[INFO] [stderr]    Compiling tempfile v3.2.0
[INFO] [stderr]    Compiling chrono v0.4.19
[INFO] [stderr]    Compiling parse-zoneinfo v0.1.1
[INFO] [stderr]    Compiling chrono-tz v0.4.1
[INFO] [stderr]    Compiling emseries v0.5.1
[INFO] [stderr]    Compiling fitnesstrax-lib v0.1.0 (/opt/rustwide/workdir)
[INFO] [stdout] warning: use of deprecated associated function `std::error::Error::description`: use the Display impl or to_string()
[INFO] [stdout]   --> src/error.rs:33:44
[INFO] [stdout]    |
[INFO] [stdout] 33 |             Error::SeriesError(err) => err.description(),
[INFO] [stdout]    |                                            ^^^^^^^^^^^
[INFO] [stdout]    |
[INFO] [stdout]    = note: `#[warn(deprecated)]` on by default
[INFO] [stdout] 
[INFO] [stdout] 
[INFO] [stdout] warning: 1 warning emitted
[INFO] [stdout] 
[INFO] [stdout] 
[INFO] [stderr]     Finished dev [unoptimized + debuginfo] target(s) in 22.32s
[INFO] running `Command { std: "docker" "inspect" "c615da1ae5b33f009fa559a8cfe9c7ce643c02c174cfde717d63bd8765674800", kill_on_drop: false }`
[INFO] running `Command { std: "docker" "rm" "-f" "c615da1ae5b33f009fa559a8cfe9c7ce643c02c174cfde717d63bd8765674800", kill_on_drop: false }`
[INFO] [stdout] c615da1ae5b33f009fa559a8cfe9c7ce643c02c174cfde717d63bd8765674800
[INFO] running `Command { std: "docker" "create" "-v" "/var/lib/crater-agent-workspace/builds/worker-21/target:/opt/rustwide/target:rw,Z" "-v" "/var/lib/crater-agent-workspace/builds/worker-21/source:/opt/rustwide/workdir:ro,Z" "-v" "/var/lib/crater-agent-workspace/cargo-home:/opt/rustwide/cargo-home:ro,Z" "-v" "/var/lib/crater-agent-workspace/rustup-home:/opt/rustwide/rustup-home:ro,Z" "-e" "SOURCE_DIR=/opt/rustwide/workdir" "-e" "CARGO_TARGET_DIR=/opt/rustwide/target" "-e" "CARGO_INCREMENTAL=0" "-e" "RUST_BACKTRACE=full" "-e" "RUSTFLAGS=--cap-lints=warn" "-e" "CARGO_HOME=/opt/rustwide/cargo-home" "-e" "RUSTUP_HOME=/opt/rustwide/rustup-home" "-w" "/opt/rustwide/workdir" "-m" "1610612736" "--user" "0:0" "--network" "none" "ghcr.io/rust-lang/crates-build-env/linux@sha256:34b6a614d2c27851fe6cbf88fbd1137609cefab8b10d0615aaeb6fd47975d74e" "/opt/rustwide/cargo-home/bin/cargo" "+1.54.0" "test" "--frozen" "--no-run" "--message-format=json", kill_on_drop: false }`
[INFO] [stdout] 270899a794f58fe450063263ba72f1e42bea9437da94b89be13119cf8f63b54e
[INFO] running `Command { std: "docker" "start" "-a" "270899a794f58fe450063263ba72f1e42bea9437da94b89be13119cf8f63b54e", kill_on_drop: false }`
[INFO] [stderr]     Blocking waiting for file lock on package cache
[INFO] [stderr]     Blocking waiting for file lock on package cache
[INFO] [stderr]    Compiling fitnesstrax-lib v0.1.0 (/opt/rustwide/workdir)
[INFO] [stdout] warning: use of deprecated associated function `std::error::Error::description`: use the Display impl or to_string()
[INFO] [stdout]   --> src/error.rs:33:44
[INFO] [stdout]    |
[INFO] [stdout] 33 |             Error::SeriesError(err) => err.description(),
[INFO] [stdout]    |                                            ^^^^^^^^^^^
[INFO] [stdout]    |
[INFO] [stdout]    = note: `#[warn(deprecated)]` on by default
[INFO] [stdout] 
[INFO] [stdout] 
[INFO] [stdout] warning: 1 warning emitted
[INFO] [stdout] 
[INFO] [stdout] 
[INFO] [stdout] warning: use of deprecated associated function `std::error::Error::description`: use the Display impl or to_string()
[INFO] [stdout]   --> src/error.rs:33:44
[INFO] [stdout]    |
[INFO] [stdout] 33 |             Error::SeriesError(err) => err.description(),
[INFO] [stdout]    |                                            ^^^^^^^^^^^
[INFO] [stdout]    |
[INFO] [stdout]    = note: `#[warn(deprecated)]` on by default
[INFO] [stdout] 
[INFO] [stdout] 
[INFO] [stdout] warning: panic message is not a string literal
[INFO] [stdout]    --> src/types/timedistance.rs:105:32
[INFO] [stdout]     |
[INFO] [stdout] 105 |             Err(err) => panic!(err),
[INFO] [stdout]     |                                ^^^
[INFO] [stdout]     |
[INFO] [stdout]     = note: `#[warn(non_fmt_panic)]` on by default
[INFO] [stdout]     = note: this is no longer accepted in Rust 2021
[INFO] [stdout] help: add a "{}" format string to Display the message
[INFO] [stdout]     |
[INFO] [stdout] 105 |             Err(err) => panic!("{}", err),
[INFO] [stdout]     |                                ^^^^^
[INFO] [stdout] help: or use std::panic::panic_any instead
[INFO] [stdout]     |
[INFO] [stdout] 105 |             Err(err) => std::panic::panic_any(err),
[INFO] [stdout]     |                         ^^^^^^^^^^^^^^^^^^^^^
[INFO] [stdout] 
[INFO] [stdout] 
[INFO] [stdout] warning: 2 warnings emitted
[INFO] [stdout] 
[INFO] [stdout] 
[INFO] [stderr]     Finished test [unoptimized + debuginfo] target(s) in 5.54s
[INFO] running `Command { std: "docker" "inspect" "270899a794f58fe450063263ba72f1e42bea9437da94b89be13119cf8f63b54e", kill_on_drop: false }`
[INFO] running `Command { std: "docker" "rm" "-f" "270899a794f58fe450063263ba72f1e42bea9437da94b89be13119cf8f63b54e", kill_on_drop: false }`
[INFO] [stdout] 270899a794f58fe450063263ba72f1e42bea9437da94b89be13119cf8f63b54e
[INFO] running `Command { std: "docker" "create" "-v" "/var/lib/crater-agent-workspace/builds/worker-21/target:/opt/rustwide/target:rw,Z" "-v" "/var/lib/crater-agent-workspace/builds/worker-21/source:/opt/rustwide/workdir:ro,Z" "-v" "/var/lib/crater-agent-workspace/cargo-home:/opt/rustwide/cargo-home:ro,Z" "-v" "/var/lib/crater-agent-workspace/rustup-home:/opt/rustwide/rustup-home:ro,Z" "-e" "SOURCE_DIR=/opt/rustwide/workdir" "-e" "CARGO_TARGET_DIR=/opt/rustwide/target" "-e" "CARGO_INCREMENTAL=0" "-e" "RUST_BACKTRACE=full" "-e" "RUSTFLAGS=--cap-lints=warn" "-e" "CARGO_HOME=/opt/rustwide/cargo-home" "-e" "RUSTUP_HOME=/opt/rustwide/rustup-home" "-w" "/opt/rustwide/workdir" "-m" "1610612736" "--user" "0:0" "--network" "none" "ghcr.io/rust-lang/crates-build-env/linux@sha256:34b6a614d2c27851fe6cbf88fbd1137609cefab8b10d0615aaeb6fd47975d74e" "/opt/rustwide/cargo-home/bin/cargo" "+1.54.0" "test" "--frozen", kill_on_drop: false }`
[INFO] [stdout] c6c508335e6b244d56b9a6651f20cfbb50b8f93c3a354c3705aacfea6bc891d1
[INFO] running `Command { std: "docker" "start" "-a" "c6c508335e6b244d56b9a6651f20cfbb50b8f93c3a354c3705aacfea6bc891d1", kill_on_drop: false }`
[INFO] [stderr] warning: use of deprecated associated function `std::error::Error::description`: use the Display impl or to_string()
[INFO] [stderr]   --> src/error.rs:33:44
[INFO] [stderr]    |
[INFO] [stderr] 33 |             Error::SeriesError(err) => err.description(),
[INFO] [stderr]    |                                            ^^^^^^^^^^^
[INFO] [stderr]    |
[INFO] [stderr]    = note: `#[warn(deprecated)]` on by default
[INFO] [stderr] 
[INFO] [stderr] warning: 1 warning emitted
[INFO] [stderr] 
[INFO] [stderr] warning: use of deprecated associated function `std::error::Error::description`: use the Display impl or to_string()
[INFO] [stderr]   --> src/error.rs:33:44
[INFO] [stderr]    |
[INFO] [stderr] 33 |             Error::SeriesError(err) => err.description(),
[INFO] [stderr]    |                                            ^^^^^^^^^^^
[INFO] [stderr]    |
[INFO] [stderr]    = note: `#[warn(deprecated)]` on by default
[INFO] [stderr] 
[INFO] [stderr] warning: panic message is not a string literal
[INFO] [stderr]    --> src/types/timedistance.rs:105:32
[INFO] [stderr]     |
[INFO] [stderr] 105 |             Err(err) => panic!(err),
[INFO] [stderr]     |                                ^^^
[INFO] [stderr]     |
[INFO] [stderr]     = note: `#[warn(non_fmt_panic)]` on by default
[INFO] [stderr]     = note: this is no longer accepted in Rust 2021
[INFO] [stderr] help: add a "{}" format string to Display the message
[INFO] [stderr]     |
[INFO] [stderr] 105 |             Err(err) => panic!("{}", err),
[INFO] [stderr]     |                                ^^^^^
[INFO] [stderr] help: or use std::panic::panic_any instead
[INFO] [stderr]     |
[INFO] [stderr] 105 |             Err(err) => std::panic::panic_any(err),
[INFO] [stderr]     |                         ^^^^^^^^^^^^^^^^^^^^^
[INFO] [stderr] 
[INFO] [stderr] warning: 2 warnings emitted
[INFO] [stderr] 
[INFO] [stderr]     Finished test [unoptimized + debuginfo] target(s) in 0.28s
[INFO] [stderr]      Running unittests (/opt/rustwide/target/debug/deps/fitnesstrax_lib-0fb3a994188ec66f)
[INFO] [stdout] 
[INFO] [stdout] running 7 tests
[INFO] [stdout] test types::timedistance::test::deserialize_time_distance ... ok
[INFO] [stdout] test tests::it_handles_both_record_types ... FAILED
[INFO] [stdout] test tests::it_records_and_retrieves_new_time_distance ... FAILED
[INFO] [stderr] thread panicked while panicking. aborting.
[INFO] [stdout] test tests::it_records_and_retrieves_a_new_weight ... FAILED
[INFO] [stderr] error: test failed, to rerun pass '--lib'
[INFO] [stderr] 
[INFO] [stderr] Caused by:
[INFO] [stderr]   process didn't exit successfully: `/opt/rustwide/target/debug/deps/fitnesstrax_lib-0fb3a994188ec66f` (signal: 4, SIGILL: illegal instruction)
[INFO] running `Command { std: "docker" "inspect" "c6c508335e6b244d56b9a6651f20cfbb50b8f93c3a354c3705aacfea6bc891d1", kill_on_drop: false }`
[INFO] running `Command { std: "docker" "rm" "-f" "c6c508335e6b244d56b9a6651f20cfbb50b8f93c3a354c3705aacfea6bc891d1", kill_on_drop: false }`
[INFO] [stdout] c6c508335e6b244d56b9a6651f20cfbb50b8f93c3a354c3705aacfea6bc891d1
