[INFO] fetching crate fishrock_lambda_http 0.3.0-patched.1...
[INFO] testing fishrock_lambda_http-0.3.0-patched.1 against beta-2021-08-01 for beta-1.55-1
[INFO] extracting crate fishrock_lambda_http 0.3.0-patched.1 into /workspace/builds/worker-51/source
[INFO] validating manifest of crates.io crate fishrock_lambda_http 0.3.0-patched.1 on toolchain beta-2021-08-01
[INFO] running `Command { std: "/workspace/cargo-home/bin/cargo" "+beta-2021-08-01" "metadata" "--manifest-path" "Cargo.toml" "--no-deps", kill_on_drop: false }`
[INFO] started tweaking crates.io crate fishrock_lambda_http 0.3.0-patched.1
[INFO] finished tweaking crates.io crate fishrock_lambda_http 0.3.0-patched.1
[INFO] tweaked toml for crates.io crate fishrock_lambda_http 0.3.0-patched.1 written to /workspace/builds/worker-51/source/Cargo.toml
[INFO] crate crates.io crate fishrock_lambda_http 0.3.0-patched.1 already has a lockfile, it will not be regenerated
[INFO] running `Command { std: "/workspace/cargo-home/bin/cargo" "+beta-2021-08-01" "fetch" "--manifest-path" "Cargo.toml", kill_on_drop: false }`
[INFO] [stderr]     Blocking waiting for file lock on package cache
[INFO] [stderr]     Blocking waiting for file lock on package cache
[INFO] [stderr]  Downloading crates ...
[INFO] [stderr]   Downloaded fishrock_lambda_runtime v0.3.0-patched.1
[INFO] running `Command { std: "docker" "create" "-v" "/var/lib/crater-agent-workspace/builds/worker-51/target:/opt/rustwide/target:rw,Z" "-v" "/var/lib/crater-agent-workspace/builds/worker-51/source:/opt/rustwide/workdir:ro,Z" "-v" "/var/lib/crater-agent-workspace/cargo-home:/opt/rustwide/cargo-home:ro,Z" "-v" "/var/lib/crater-agent-workspace/rustup-home:/opt/rustwide/rustup-home:ro,Z" "-e" "SOURCE_DIR=/opt/rustwide/workdir" "-e" "CARGO_TARGET_DIR=/opt/rustwide/target" "-e" "CARGO_HOME=/opt/rustwide/cargo-home" "-e" "RUSTUP_HOME=/opt/rustwide/rustup-home" "-w" "/opt/rustwide/workdir" "-m" "1610612736" "--user" "0:0" "--network" "none" "ghcr.io/rust-lang/crates-build-env/linux@sha256:34b6a614d2c27851fe6cbf88fbd1137609cefab8b10d0615aaeb6fd47975d74e" "/opt/rustwide/cargo-home/bin/cargo" "+beta-2021-08-01" "metadata" "--no-deps" "--format-version=1", kill_on_drop: false }`
[INFO] [stdout] 158a26586f26dda4e07efbb0e69b56914f8e11155b44319709e7585658feec1d
[INFO] running `Command { std: "docker" "start" "-a" "158a26586f26dda4e07efbb0e69b56914f8e11155b44319709e7585658feec1d", kill_on_drop: false }`
[INFO] running `Command { std: "docker" "inspect" "158a26586f26dda4e07efbb0e69b56914f8e11155b44319709e7585658feec1d", kill_on_drop: false }`
[INFO] running `Command { std: "docker" "rm" "-f" "158a26586f26dda4e07efbb0e69b56914f8e11155b44319709e7585658feec1d", kill_on_drop: false }`
[INFO] [stdout] 158a26586f26dda4e07efbb0e69b56914f8e11155b44319709e7585658feec1d
[INFO] running `Command { std: "docker" "create" "-v" "/var/lib/crater-agent-workspace/builds/worker-51/target:/opt/rustwide/target:rw,Z" "-v" "/var/lib/crater-agent-workspace/builds/worker-51/source:/opt/rustwide/workdir:ro,Z" "-v" "/var/lib/crater-agent-workspace/cargo-home:/opt/rustwide/cargo-home:ro,Z" "-v" "/var/lib/crater-agent-workspace/rustup-home:/opt/rustwide/rustup-home:ro,Z" "-e" "SOURCE_DIR=/opt/rustwide/workdir" "-e" "CARGO_TARGET_DIR=/opt/rustwide/target" "-e" "CARGO_INCREMENTAL=0" "-e" "RUST_BACKTRACE=full" "-e" "RUSTFLAGS=--cap-lints=warn" "-e" "CARGO_HOME=/opt/rustwide/cargo-home" "-e" "RUSTUP_HOME=/opt/rustwide/rustup-home" "-w" "/opt/rustwide/workdir" "-m" "1610612736" "--user" "0:0" "--network" "none" "ghcr.io/rust-lang/crates-build-env/linux@sha256:34b6a614d2c27851fe6cbf88fbd1137609cefab8b10d0615aaeb6fd47975d74e" "/opt/rustwide/cargo-home/bin/cargo" "+beta-2021-08-01" "build" "--frozen" "--message-format=json", kill_on_drop: false }`
[INFO] [stdout] e5b6054787e8c1b4772eab476ccfbebf6c5ac01ecdc2fbaa37c7b9512b123828
[INFO] running `Command { std: "docker" "start" "-a" "e5b6054787e8c1b4772eab476ccfbebf6c5ac01ecdc2fbaa37c7b9512b123828", kill_on_drop: false }`
[INFO] [stderr]     Blocking waiting for file lock on package cache
[INFO] [stderr]    Compiling proc-macro2 v1.0.27
[INFO] [stderr]    Compiling syn v1.0.72
[INFO] [stderr]    Compiling futures-core v0.3.15
[INFO] [stderr]    Compiling pin-project-lite v0.2.6
[INFO] [stderr]    Compiling libc v0.2.94
[INFO] [stderr]    Compiling memchr v2.4.0
[INFO] [stderr]    Compiling proc-macro-hack v0.5.19
[INFO] [stderr]    Compiling futures-channel v0.3.15
[INFO] [stderr]    Compiling futures-task v0.3.15
[INFO] [stderr]    Compiling proc-macro-nested v0.1.7
[INFO] [stderr]    Compiling itoa v0.4.7
[INFO] [stderr]    Compiling serde_derive v1.0.126
[INFO] [stderr]    Compiling bytes v1.0.1
[INFO] [stderr]    Compiling futures-sink v0.3.15
[INFO] [stderr]    Compiling serde v1.0.126
[INFO] [stderr]    Compiling pin-utils v0.1.0
[INFO] [stderr]    Compiling slab v0.4.3
[INFO] [stderr]    Compiling futures-io v0.3.15
[INFO] [stderr]    Compiling ryu v1.0.5
[INFO] [stderr]    Compiling once_cell v1.7.2
[INFO] [stderr]    Compiling fnv v1.0.7
[INFO] [stderr]    Compiling httparse v1.4.1
[INFO] [stderr]    Compiling serde_json v1.0.64
[INFO] [stderr]    Compiling try-lock v0.2.3
[INFO] [stderr]    Compiling percent-encoding v2.1.0
[INFO] [stderr]    Compiling httpdate v1.0.0
[INFO] [stderr]    Compiling matches v0.1.8
[INFO] [stderr]    Compiling tower-service v0.3.1
[INFO] [stderr]    Compiling base64 v0.13.0
[INFO] [stderr]    Compiling futures-macro v0.3.15
[INFO] [stderr]    Compiling futures-util v0.3.15
[INFO] [stderr]    Compiling tracing-core v0.1.18
[INFO] [stderr]    Compiling tokio v1.6.0
[INFO] [stderr]    Compiling sharded-slab v0.1.1
[INFO] [stderr]    Compiling want v0.3.0
[INFO] [stderr]    Compiling thread_local v1.1.3
[INFO] [stderr]    Compiling form_urlencoded v1.0.1
[INFO] [stderr]    Compiling http v0.2.4
[INFO] [stderr]    Compiling tracing-subscriber v0.2.18
[INFO] [stderr]    Compiling num_cpus v1.13.0
[INFO] [stderr]    Compiling mio v0.7.11
[INFO] [stderr]    Compiling socket2 v0.4.0
[INFO] [stderr]    Compiling quote v1.0.9
[INFO] [stderr]    Compiling http-body v0.4.2
[INFO] [stderr]    Compiling tracing-attributes v0.1.15
[INFO] [stderr]    Compiling tokio-macros v1.2.0
[INFO] [stderr]    Compiling pin-project-internal v1.0.7
[INFO] [stderr]    Compiling async-stream-impl v0.3.1
[INFO] [stderr]    Compiling async-stream v0.3.1
[INFO] [stderr]    Compiling pin-project v1.0.7
[INFO] [stderr]    Compiling tracing v0.1.26
[INFO] [stderr]    Compiling tracing-error v0.1.2
[INFO] [stderr]    Compiling futures-executor v0.3.15
[INFO] [stderr]    Compiling futures v0.3.15
[INFO] [stderr]    Compiling tokio-stream v0.1.6
[INFO] [stderr]    Compiling hyper v0.14.7
[INFO] [stderr]    Compiling serde_urlencoded v0.7.0
[INFO] [stderr]    Compiling fishrock_lambda_runtime v0.3.0-patched.1
[INFO] [stderr]    Compiling fishrock_lambda_http v0.3.0-patched.1 (/opt/rustwide/workdir)
[INFO] [stderr]     Finished dev [unoptimized + debuginfo] target(s) in 33.59s
[INFO] running `Command { std: "docker" "inspect" "e5b6054787e8c1b4772eab476ccfbebf6c5ac01ecdc2fbaa37c7b9512b123828", kill_on_drop: false }`
[INFO] running `Command { std: "docker" "rm" "-f" "e5b6054787e8c1b4772eab476ccfbebf6c5ac01ecdc2fbaa37c7b9512b123828", kill_on_drop: false }`
[INFO] [stdout] e5b6054787e8c1b4772eab476ccfbebf6c5ac01ecdc2fbaa37c7b9512b123828
[INFO] running `Command { std: "docker" "create" "-v" "/var/lib/crater-agent-workspace/builds/worker-51/target:/opt/rustwide/target:rw,Z" "-v" "/var/lib/crater-agent-workspace/builds/worker-51/source:/opt/rustwide/workdir:ro,Z" "-v" "/var/lib/crater-agent-workspace/cargo-home:/opt/rustwide/cargo-home:ro,Z" "-v" "/var/lib/crater-agent-workspace/rustup-home:/opt/rustwide/rustup-home:ro,Z" "-e" "SOURCE_DIR=/opt/rustwide/workdir" "-e" "CARGO_TARGET_DIR=/opt/rustwide/target" "-e" "CARGO_INCREMENTAL=0" "-e" "RUST_BACKTRACE=full" "-e" "RUSTFLAGS=--cap-lints=warn" "-e" "CARGO_HOME=/opt/rustwide/cargo-home" "-e" "RUSTUP_HOME=/opt/rustwide/rustup-home" "-w" "/opt/rustwide/workdir" "-m" "1610612736" "--user" "0:0" "--network" "none" "ghcr.io/rust-lang/crates-build-env/linux@sha256:34b6a614d2c27851fe6cbf88fbd1137609cefab8b10d0615aaeb6fd47975d74e" "/opt/rustwide/cargo-home/bin/cargo" "+beta-2021-08-01" "test" "--frozen" "--no-run" "--message-format=json", kill_on_drop: false }`
[INFO] [stdout] f399f82f036d7bd4348a657e6215d5146b48d64f98d328c261450e3223d32064
[INFO] running `Command { std: "docker" "start" "-a" "f399f82f036d7bd4348a657e6215d5146b48d64f98d328c261450e3223d32064", kill_on_drop: false }`
[INFO] [stderr]     Blocking waiting for file lock on package cache
[INFO] [stderr]    Compiling maplit v1.0.2
[INFO] [stderr]    Compiling fishrock_lambda_http v0.3.0-patched.1 (/opt/rustwide/workdir)
[INFO] [stdout] warning: panic message is not a string literal
[INFO] [stdout]    --> src/request.rs:612:33
[INFO] [stdout]     |
[INFO] [stdout] 612 |         assert!(result.is_ok(), format!("event was not parsed as expected {:?}", result));
[INFO] [stdout]     |                                 ^^^^^^^^^^^^^^^^^^^^^^^^^^^^^^^^^^^^^^^^^^^^^^^^^^^^^^^^
[INFO] [stdout]     |
[INFO] [stdout]     = note: `#[warn(non_fmt_panics)]` on by default
[INFO] [stdout]     = note: this usage of panic!() is deprecated; it will be a hard error in Rust 2021
[INFO] [stdout]     = note: for more information, see <https://doc.rust-lang.org/nightly/edition-guide/rust-2021/panic-macro-consistency.html>
[INFO] [stdout]     = note: the assert!() macro supports formatting, so there's no need for the format!() macro here
[INFO] [stdout] help: remove the `format!(..)` macro call
[INFO] [stdout]     |
[INFO] [stdout] 612 |         assert!(result.is_ok(), "event was not parsed as expected {:?}", result);
[INFO] [stdout]     |                                --                                             --
[INFO] [stdout] 
[INFO] [stdout] 
[INFO] [stdout] warning: panic message is not a string literal
[INFO] [stdout]    --> src/request.rs:623:13
[INFO] [stdout]     |
[INFO] [stdout] 623 |             format!("event was not parsed as expected {:?} given {}", result, input)
[INFO] [stdout]     |             ^^^^^^^^^^^^^^^^^^^^^^^^^^^^^^^^^^^^^^^^^^^^^^^^^^^^^^^^^^^^^^^^^^^^^^^^
[INFO] [stdout]     |
[INFO] [stdout]     = note: this usage of panic!() is deprecated; it will be a hard error in Rust 2021
[INFO] [stdout]     = note: for more information, see <https://doc.rust-lang.org/nightly/edition-guide/rust-2021/panic-macro-consistency.html>
[INFO] [stdout]     = note: the assert!() macro supports formatting, so there's no need for the format!() macro here
[INFO] [stdout] help: remove the `format!(..)` macro call
[INFO] [stdout]     |
[INFO] [stdout] 623 |             "event was not parsed as expected {:?} given {}", result, input
[INFO] [stdout]     |            --                                                             --
[INFO] [stdout] 
[INFO] [stdout] 
[INFO] [stdout] warning: panic message is not a string literal
[INFO] [stdout]    --> src/request.rs:638:13
[INFO] [stdout]     |
[INFO] [stdout] 638 |             format!("event was not parsed as expected {:?} given {}", result, input)
[INFO] [stdout]     |             ^^^^^^^^^^^^^^^^^^^^^^^^^^^^^^^^^^^^^^^^^^^^^^^^^^^^^^^^^^^^^^^^^^^^^^^^
[INFO] [stdout]     |
[INFO] [stdout]     = note: this usage of panic!() is deprecated; it will be a hard error in Rust 2021
[INFO] [stdout]     = note: for more information, see <https://doc.rust-lang.org/nightly/edition-guide/rust-2021/panic-macro-consistency.html>
[INFO] [stdout]     = note: the assert!() macro supports formatting, so there's no need for the format!() macro here
[INFO] [stdout] help: remove the `format!(..)` macro call
[INFO] [stdout]     |
[INFO] [stdout] 638 |             "event was not parsed as expected {:?} given {}", result, input
[INFO] [stdout]     |            --                                                             --
[INFO] [stdout] 
[INFO] [stdout] 
[INFO] [stdout] warning: panic message is not a string literal
[INFO] [stdout]    --> src/request.rs:661:13
[INFO] [stdout]     |
[INFO] [stdout] 661 |             format!("event was not parsed as expected {:?} given {}", result, input)
[INFO] [stdout]     |             ^^^^^^^^^^^^^^^^^^^^^^^^^^^^^^^^^^^^^^^^^^^^^^^^^^^^^^^^^^^^^^^^^^^^^^^^
[INFO] [stdout]     |
[INFO] [stdout]     = note: this usage of panic!() is deprecated; it will be a hard error in Rust 2021
[INFO] [stdout]     = note: for more information, see <https://doc.rust-lang.org/nightly/edition-guide/rust-2021/panic-macro-consistency.html>
[INFO] [stdout]     = note: the assert!() macro supports formatting, so there's no need for the format!() macro here
[INFO] [stdout] help: remove the `format!(..)` macro call
[INFO] [stdout]     |
[INFO] [stdout] 661 |             "event was not parsed as expected {:?} given {}", result, input
[INFO] [stdout]     |            --                                                             --
[INFO] [stdout] 
[INFO] [stdout] 
[INFO] [stdout] warning: panic message is not a string literal
[INFO] [stdout]    --> src/request.rs:679:13
[INFO] [stdout]     |
[INFO] [stdout] 679 |             format!("event was not parsed as expected {:?} given {}", result, input)
[INFO] [stdout]     |             ^^^^^^^^^^^^^^^^^^^^^^^^^^^^^^^^^^^^^^^^^^^^^^^^^^^^^^^^^^^^^^^^^^^^^^^^
[INFO] [stdout]     |
[INFO] [stdout]     = note: this usage of panic!() is deprecated; it will be a hard error in Rust 2021
[INFO] [stdout]     = note: for more information, see <https://doc.rust-lang.org/nightly/edition-guide/rust-2021/panic-macro-consistency.html>
[INFO] [stdout]     = note: the assert!() macro supports formatting, so there's no need for the format!() macro here
[INFO] [stdout] help: remove the `format!(..)` macro call
[INFO] [stdout]     |
[INFO] [stdout] 679 |             "event was not parsed as expected {:?} given {}", result, input
[INFO] [stdout]     |            --                                                             --
[INFO] [stdout] 
[INFO] [stdout] 
[INFO] [stdout] warning: panic message is not a string literal
[INFO] [stdout]    --> src/request.rs:694:13
[INFO] [stdout]     |
[INFO] [stdout] 694 |             format!("event is was not parsed as expected {:?} given {}", result, input)
[INFO] [stdout]     |             ^^^^^^^^^^^^^^^^^^^^^^^^^^^^^^^^^^^^^^^^^^^^^^^^^^^^^^^^^^^^^^^^^^^^^^^^^^^
[INFO] [stdout]     |
[INFO] [stdout]     = note: this usage of panic!() is deprecated; it will be a hard error in Rust 2021
[INFO] [stdout]     = note: for more information, see <https://doc.rust-lang.org/nightly/edition-guide/rust-2021/panic-macro-consistency.html>
[INFO] [stdout]     = note: the assert!() macro supports formatting, so there's no need for the format!() macro here
[INFO] [stdout] help: remove the `format!(..)` macro call
[INFO] [stdout]     |
[INFO] [stdout] 694 |             "event is was not parsed as expected {:?} given {}", result, input
[INFO] [stdout]     |            --                                                                --
[INFO] [stdout] 
[INFO] [stdout] 
[INFO] [stdout] warning: panic message is not a string literal
[INFO] [stdout]    --> src/request.rs:715:13
[INFO] [stdout]     |
[INFO] [stdout] 715 |             format!("event is was not parsed as expected {:?} given {}", result, input)
[INFO] [stdout]     |             ^^^^^^^^^^^^^^^^^^^^^^^^^^^^^^^^^^^^^^^^^^^^^^^^^^^^^^^^^^^^^^^^^^^^^^^^^^^
[INFO] [stdout]     |
[INFO] [stdout]     = note: this usage of panic!() is deprecated; it will be a hard error in Rust 2021
[INFO] [stdout]     = note: for more information, see <https://doc.rust-lang.org/nightly/edition-guide/rust-2021/panic-macro-consistency.html>
[INFO] [stdout]     = note: the assert!() macro supports formatting, so there's no need for the format!() macro here
[INFO] [stdout] help: remove the `format!(..)` macro call
[INFO] [stdout]     |
[INFO] [stdout] 715 |             "event is was not parsed as expected {:?} given {}", result, input
[INFO] [stdout]     |            --                                                                --
[INFO] [stdout] 
[INFO] [stdout] 
[INFO] [stdout] warning: 7 warnings emitted
[INFO] [stdout] 
[INFO] [stdout] 
[INFO] [stderr]     Finished test [unoptimized + debuginfo] target(s) in 6.04s
[INFO] running `Command { std: "docker" "inspect" "f399f82f036d7bd4348a657e6215d5146b48d64f98d328c261450e3223d32064", kill_on_drop: false }`
[INFO] running `Command { std: "docker" "rm" "-f" "f399f82f036d7bd4348a657e6215d5146b48d64f98d328c261450e3223d32064", kill_on_drop: false }`
[INFO] [stdout] f399f82f036d7bd4348a657e6215d5146b48d64f98d328c261450e3223d32064
[INFO] running `Command { std: "docker" "create" "-v" "/var/lib/crater-agent-workspace/builds/worker-51/target:/opt/rustwide/target:rw,Z" "-v" "/var/lib/crater-agent-workspace/builds/worker-51/source:/opt/rustwide/workdir:ro,Z" "-v" "/var/lib/crater-agent-workspace/cargo-home:/opt/rustwide/cargo-home:ro,Z" "-v" "/var/lib/crater-agent-workspace/rustup-home:/opt/rustwide/rustup-home:ro,Z" "-e" "SOURCE_DIR=/opt/rustwide/workdir" "-e" "CARGO_TARGET_DIR=/opt/rustwide/target" "-e" "CARGO_INCREMENTAL=0" "-e" "RUST_BACKTRACE=full" "-e" "RUSTFLAGS=--cap-lints=warn" "-e" "CARGO_HOME=/opt/rustwide/cargo-home" "-e" "RUSTUP_HOME=/opt/rustwide/rustup-home" "-w" "/opt/rustwide/workdir" "-m" "1610612736" "--user" "0:0" "--network" "none" "ghcr.io/rust-lang/crates-build-env/linux@sha256:34b6a614d2c27851fe6cbf88fbd1137609cefab8b10d0615aaeb6fd47975d74e" "/opt/rustwide/cargo-home/bin/cargo" "+beta-2021-08-01" "test" "--frozen", kill_on_drop: false }`
[INFO] [stdout] fc4568f09161ab56e9a1604a5efd9ed3f245738bee8e810eac8eb4c1673be765
[INFO] running `Command { std: "docker" "start" "-a" "fc4568f09161ab56e9a1604a5efd9ed3f245738bee8e810eac8eb4c1673be765", kill_on_drop: false }`
[INFO] [stderr]     Blocking waiting for file lock on package cache
[INFO] [stderr] warning: panic message is not a string literal
[INFO] [stderr]    --> src/request.rs:612:33
[INFO] [stderr]     |
[INFO] [stderr] 612 |         assert!(result.is_ok(), format!("event was not parsed as expected {:?}", result));
[INFO] [stderr]     |                                 ^^^^^^^^^^^^^^^^^^^^^^^^^^^^^^^^^^^^^^^^^^^^^^^^^^^^^^^^
[INFO] [stderr]     |
[INFO] [stderr]     = note: `#[warn(non_fmt_panics)]` on by default
[INFO] [stderr]     = note: this usage of panic!() is deprecated; it will be a hard error in Rust 2021
[INFO] [stderr]     = note: for more information, see <https://doc.rust-lang.org/nightly/edition-guide/rust-2021/panic-macro-consistency.html>
[INFO] [stderr]     = note: the assert!() macro supports formatting, so there's no need for the format!() macro here
[INFO] [stderr] help: remove the `format!(..)` macro call
[INFO] [stderr]     |
[INFO] [stderr] 612 |         assert!(result.is_ok(), "event was not parsed as expected {:?}", result);
[INFO] [stderr]     |                                --                                             --
[INFO] [stderr] 
[INFO] [stderr] warning: panic message is not a string literal
[INFO] [stderr]    --> src/request.rs:623:13
[INFO] [stderr]     |
[INFO] [stderr] 623 |             format!("event was not parsed as expected {:?} given {}", result, input)
[INFO] [stderr]     |             ^^^^^^^^^^^^^^^^^^^^^^^^^^^^^^^^^^^^^^^^^^^^^^^^^^^^^^^^^^^^^^^^^^^^^^^^
[INFO] [stderr]     |
[INFO] [stderr]     = note: this usage of panic!() is deprecated; it will be a hard error in Rust 2021
[INFO] [stderr]     = note: for more information, see <https://doc.rust-lang.org/nightly/edition-guide/rust-2021/panic-macro-consistency.html>
[INFO] [stderr]     = note: the assert!() macro supports formatting, so there's no need for the format!() macro here
[INFO] [stderr] help: remove the `format!(..)` macro call
[INFO] [stderr]     |
[INFO] [stderr] 623 |             "event was not parsed as expected {:?} given {}", result, input
[INFO] [stderr]     |            --                                                             --
[INFO] [stderr] 
[INFO] [stderr] warning: panic message is not a string literal
[INFO] [stderr]    --> src/request.rs:638:13
[INFO] [stderr]     |
[INFO] [stderr] 638 |             format!("event was not parsed as expected {:?} given {}", result, input)
[INFO] [stderr]     |             ^^^^^^^^^^^^^^^^^^^^^^^^^^^^^^^^^^^^^^^^^^^^^^^^^^^^^^^^^^^^^^^^^^^^^^^^
[INFO] [stderr]     |
[INFO] [stderr]     = note: this usage of panic!() is deprecated; it will be a hard error in Rust 2021
[INFO] [stderr]     = note: for more information, see <https://doc.rust-lang.org/nightly/edition-guide/rust-2021/panic-macro-consistency.html>
[INFO] [stderr]     = note: the assert!() macro supports formatting, so there's no need for the format!() macro here
[INFO] [stderr] help: remove the `format!(..)` macro call
[INFO] [stderr]     |
[INFO] [stderr] 638 |             "event was not parsed as expected {:?} given {}", result, input
[INFO] [stderr]     |            --                                                             --
[INFO] [stderr] 
[INFO] [stderr] warning: panic message is not a string literal
[INFO] [stderr]    --> src/request.rs:661:13
[INFO] [stderr]     |
[INFO] [stderr] 661 |             format!("event was not parsed as expected {:?} given {}", result, input)
[INFO] [stderr]     |             ^^^^^^^^^^^^^^^^^^^^^^^^^^^^^^^^^^^^^^^^^^^^^^^^^^^^^^^^^^^^^^^^^^^^^^^^
[INFO] [stderr]     |
[INFO] [stderr]     = note: this usage of panic!() is deprecated; it will be a hard error in Rust 2021
[INFO] [stderr]     = note: for more information, see <https://doc.rust-lang.org/nightly/edition-guide/rust-2021/panic-macro-consistency.html>
[INFO] [stderr]     = note: the assert!() macro supports formatting, so there's no need for the format!() macro here
[INFO] [stderr] help: remove the `format!(..)` macro call
[INFO] [stderr]     |
[INFO] [stderr] 661 |             "event was not parsed as expected {:?} given {}", result, input
[INFO] [stderr]     |            --                                                             --
[INFO] [stderr] 
[INFO] [stderr] warning: panic message is not a string literal
[INFO] [stderr]    --> src/request.rs:679:13
[INFO] [stderr]     |
[INFO] [stderr] 679 |             format!("event was not parsed as expected {:?} given {}", result, input)
[INFO] [stderr]     |             ^^^^^^^^^^^^^^^^^^^^^^^^^^^^^^^^^^^^^^^^^^^^^^^^^^^^^^^^^^^^^^^^^^^^^^^^
[INFO] [stderr]     |
[INFO] [stderr]     = note: this usage of panic!() is deprecated; it will be a hard error in Rust 2021
[INFO] [stderr]     = note: for more information, see <https://doc.rust-lang.org/nightly/edition-guide/rust-2021/panic-macro-consistency.html>
[INFO] [stderr]     = note: the assert!() macro supports formatting, so there's no need for the format!() macro here
[INFO] [stderr] help: remove the `format!(..)` macro call
[INFO] [stderr]     |
[INFO] [stderr] 679 |             "event was not parsed as expected {:?} given {}", result, input
[INFO] [stderr]     |            --                                                             --
[INFO] [stderr] 
[INFO] [stderr] warning: panic message is not a string literal
[INFO] [stderr]    --> src/request.rs:694:13
[INFO] [stderr]     |
[INFO] [stderr] 694 |             format!("event is was not parsed as expected {:?} given {}", result, input)
[INFO] [stderr]     |             ^^^^^^^^^^^^^^^^^^^^^^^^^^^^^^^^^^^^^^^^^^^^^^^^^^^^^^^^^^^^^^^^^^^^^^^^^^^
[INFO] [stderr]     |
[INFO] [stderr]     = note: this usage of panic!() is deprecated; it will be a hard error in Rust 2021
[INFO] [stderr]     = note: for more information, see <https://doc.rust-lang.org/nightly/edition-guide/rust-2021/panic-macro-consistency.html>
[INFO] [stderr]     = note: the assert!() macro supports formatting, so there's no need for the format!() macro here
[INFO] [stderr] help: remove the `format!(..)` macro call
[INFO] [stderr]     |
[INFO] [stderr] 694 |             "event is was not parsed as expected {:?} given {}", result, input
[INFO] [stderr]     |            --                                                                --
[INFO] [stderr] 
[INFO] [stderr] warning: panic message is not a string literal
[INFO] [stderr]    --> src/request.rs:715:13
[INFO] [stderr]     |
[INFO] [stderr] 715 |             format!("event is was not parsed as expected {:?} given {}", result, input)
[INFO] [stderr]     |             ^^^^^^^^^^^^^^^^^^^^^^^^^^^^^^^^^^^^^^^^^^^^^^^^^^^^^^^^^^^^^^^^^^^^^^^^^^^
[INFO] [stderr]     |
[INFO] [stderr]     = note: this usage of panic!() is deprecated; it will be a hard error in Rust 2021
[INFO] [stderr]     = note: for more information, see <https://doc.rust-lang.org/nightly/edition-guide/rust-2021/panic-macro-consistency.html>
[INFO] [stderr]     = note: the assert!() macro supports formatting, so there's no need for the format!() macro here
[INFO] [stderr] help: remove the `format!(..)` macro call
[INFO] [stderr]     |
[INFO] [stderr] 715 |             "event is was not parsed as expected {:?} given {}", result, input
[INFO] [stderr]     |            --                                                                --
[INFO] [stderr] 
[INFO] [stderr] warning: `fishrock_lambda_http` (lib test) generated 7 warnings
[INFO] [stderr]     Finished test [unoptimized + debuginfo] target(s) in 0.34s
[INFO] [stdout] 
[INFO] [stderr]      Running unittests (/opt/rustwide/target/debug/deps/fishrock_lambda_http-8928704263233f5f)
[INFO] [stdout] running 37 tests
[INFO] [stdout] test body::tests::from_unit ... ok
[INFO] [stdout] test body::tests::serialize_empty ... ok
[INFO] [stdout] test body::tests::from_bytes ... ok
[INFO] [stdout] test body::tests::serialize_binary ... ok
[INFO] [stdout] test body::tests::from_cow_bytes ... ok
[INFO] [stdout] test body::tests::from_cow_str ... ok
[INFO] [stdout] test body::tests::body_has_default ... ok
[INFO] [stdout] test body::tests::from_str ... ok
[INFO] [stdout] test body::tests::from_string ... ok
[INFO] [stdout] test ext::tests::requests_can_mock_query_string_parameters_ext ... ok
[INFO] [stdout] test ext::tests::requests_have_form_post_parsable_payloads ... ok
[INFO] [stdout] test ext::tests::requests_can_mock_stage_variables_ext ... ok
[INFO] [stdout] test ext::tests::requests_match_json_content_type_with_charset ... ok
[INFO] [stdout] test request::tests::deserializes_alb_request_events ... ok
[INFO] [stdout] test ext::tests::requests_can_mock_path_parameters_ext ... ok
[INFO] [stdout] test ext::tests::requests_have_json_parseable_payloads ... ok
[INFO] [stdout] test ext::tests::requests_match_form_post_content_type_with_charset ... ok
[INFO] [stdout] test response::tests::serialize_body_for_api_gateway_v2 ... ok
[INFO] [stdout] test response::tests::json_into_response ... ok
[INFO] [stdout] test response::tests::serialize_body_for_api_gateway ... ok
[INFO] [stdout] test response::tests::serialize_body_for_alb ... ok
[INFO] [stdout] test request::tests::deserializes_apigw_request_events_from_readables ... ok
[INFO] [stdout] test request::tests::deserialize_with_null ... ok
[INFO] [stdout] test request::tests::deserializes_alb_multi_value_request_events ... ok
[INFO] [stdout] test body::tests::serialize_text ... ok
[INFO] [stdout] test ext::tests::requests_omiting_content_types_do_not_support_parseable_payloads ... ok
[INFO] [stdout] test response::tests::serialize_cookies ... ok
[INFO] [stdout] test request::tests::deserializes_apigw_v2_request_events ... ok
[INFO] [stdout] test response::tests::serialize_multi_value_headers ... ok
[INFO] [stdout] test strmap::tests::str_map_default_is_empty ... ok
[INFO] [stdout] test strmap::tests::str_map_get_all ... ok
[INFO] [stdout] test strmap::tests::str_map_iter ... ok
[INFO] [stdout] test response::tests::text_into_response ... ok
[INFO] [stdout] test request::tests::deserializes_minimal_apigw_v2_request_events ... ok
[INFO] [stdout] test strmap::tests::str_map_get ... ok
[INFO] [stdout] test request::tests::deserializes_apigw_request_events ... ok
[INFO] [stdout] test request::tests::deserializes_apigw_multi_value_request_events ... ok
[INFO] [stdout] 
[INFO] [stdout] test result: ok. 37 passed; 0 failed; 0 ignored; 0 measured; 0 filtered out; finished in 0.06s
[INFO] [stdout] 
[INFO] [stderr]    Doc-tests fishrock_lambda_http
[INFO] [stdout] 
[INFO] [stdout] running 9 tests
[INFO] [stdout] test src/body.rs - body::Body (line 27) ... FAILED
[INFO] [stdout] test src/lib.rs - (line 36) - compile ... FAILED
[INFO] [stdout] test src/body.rs - body::Body (line 38) ... FAILED
[INFO] [stdout] test src/request.rs - request::from_reader (line 560) - compile ... FAILED
[INFO] [stdout] test src/lib.rs - (line 19) - compile ... FAILED
[INFO] [stdout] test src/request.rs - request::from_str (line 583) - compile ... FAILED
[INFO] [stdout] test src/body.rs - body::Body (line 51) ... FAILED
[INFO] [stdout] test src/ext.rs - ext::RequestExt (line 68) - compile ... FAILED
[INFO] [stdout] test src/response.rs - response::IntoResponse (line 169) ... FAILED
[INFO] [stdout] 
[INFO] [stdout] failures:
[INFO] [stdout] 
[INFO] [stdout] ---- src/body.rs - body::Body (line 27) stdout ----
[INFO] [stdout] error[E0433]: failed to resolve: use of undeclared crate or module `lambda_http`
[INFO] [stdout]  --> src/body.rs:29:3
[INFO] [stdout]   |
[INFO] [stdout] 4 |   lambda_http::Body::Text(_) => true,
[INFO] [stdout]   |   ^^^^^^^^^^^ use of undeclared crate or module `lambda_http`
[INFO] [stdout] 
[INFO] [stdout] error[E0433]: failed to resolve: use of undeclared crate or module `lambda_http`
[INFO] [stdout]  --> src/body.rs:28:28
[INFO] [stdout]   |
[INFO] [stdout] 3 | assert!(match lambda_http::Body::from("text") {
[INFO] [stdout]   |                            ^^^^ not found in `lambda_http`
[INFO] [stdout]   |
[INFO] [stdout] help: consider importing this enum
[INFO] [stdout]   |
[INFO] [stdout] 2 | use fishrock_lambda_http::Body;
[INFO] [stdout]   |
[INFO] [stdout] 
[INFO] [stdout] error: aborting due to 2 previous errors
[INFO] [stdout] 
[INFO] [stdout] For more information about this error, try `rustc --explain E0433`.
[INFO] [stdout] Couldn't compile the test.
[INFO] [stdout] ---- src/lib.rs - (line 36) stdout ----
[INFO] [stdout] error[E0433]: failed to resolve: use of undeclared crate or module `lambda_http`
[INFO] [stdout]  --> src/lib.rs:37:5
[INFO] [stdout]   |
[INFO] [stdout] 2 | use lambda_http::{handler, lambda_runtime::{self, Context, Error}, IntoResponse, Request, RequestExt};
[INFO] [stdout]   |     ^^^^^^^^^^^ use of undeclared crate or module `lambda_http`
[INFO] [stdout] 
[INFO] [stdout] error[E0432]: unresolved import `lambda_http`
[INFO] [stdout]  --> src/lib.rs:37:5
[INFO] [stdout]   |
[INFO] [stdout] 2 | use lambda_http::{handler, lambda_runtime::{self, Context, Error}, IntoResponse, Request, RequestExt};
[INFO] [stdout]   |     ^^^^^^^^^^^ use of undeclared crate or module `lambda_http`
[INFO] [stdout] 
[INFO] [stdout] error[E0412]: cannot find type `Error` in this scope
[INFO] [stdout]  --> src/lib.rs:40:31
[INFO] [stdout]   |
[INFO] [stdout] 5 | async fn main() -> Result<(), Error> {
[INFO] [stdout]   |                               ^^^^^ not found in this scope
[INFO] [stdout]   |
[INFO] [stdout] help: consider importing one of these items
[INFO] [stdout]   |
[INFO] [stdout] 2 | use core::fmt::Error;
[INFO] [stdout]   |
[INFO] [stdout] 2 | use http::Error;
[INFO] [stdout]   |
[INFO] [stdout] 2 | use lambda_runtime::Error;
[INFO] [stdout]   |
[INFO] [stdout] 2 | use serde::__private::doc::Error;
[INFO] [stdout]   |
[INFO] [stdout]     and 12 other candidates
[INFO] [stdout] 
[INFO] [stdout] error[E0412]: cannot find type `Context` in this scope
[INFO] [stdout]   --> src/lib.rs:47:8
[INFO] [stdout]    |
[INFO] [stdout] 12 |     _: Context
[INFO] [stdout]    |        ^^^^^^^ not found in this scope
[INFO] [stdout]    |
[INFO] [stdout] help: consider importing one of these items
[INFO] [stdout]    |
[INFO] [stdout] 2  | use core::task::Context;
[INFO] [stdout]    |
[INFO] [stdout] 2  | use fishrock_lambda_http::Context;
[INFO] [stdout]    |
[INFO] [stdout] 2  | use lambda_runtime::Context;
[INFO] [stdout]    |
[INFO] [stdout] 2  | use std::task::Context;
[INFO] [stdout]    |
[INFO] [stdout] 
[INFO] [stdout] error[E0412]: cannot find type `Error` in this scope
[INFO] [stdout]   --> src/lib.rs:48:32
[INFO] [stdout]    |
[INFO] [stdout] 13 | ) -> Result<impl IntoResponse, Error> {
[INFO] [stdout]    |                                ^^^^^ not found in this scope
[INFO] [stdout]    |
[INFO] [stdout] help: consider importing one of these items
[INFO] [stdout]    |
[INFO] [stdout] 2  | use core::fmt::Error;
[INFO] [stdout]    |
[INFO] [stdout] 2  | use http::Error;
[INFO] [stdout]    |
[INFO] [stdout] 2  | use lambda_runtime::Error;
[INFO] [stdout]    |
[INFO] [stdout] 2  | use serde::__private::doc::Error;
[INFO] [stdout]    |
[INFO] [stdout]      and 12 other candidates
[INFO] [stdout] 
[INFO] [stdout] error: aborting due to 5 previous errors
[INFO] [stdout] 
[INFO] [stdout] Some errors have detailed explanations: E0412, E0432, E0433.
[INFO] [stdout] For more information about an error, try `rustc --explain E0412`.
[INFO] [stdout] Couldn't compile the test.
[INFO] [stdout] ---- src/body.rs - body::Body (line 38) stdout ----
[INFO] [stdout] error[E0433]: failed to resolve: use of undeclared crate or module `lambda_http`
[INFO] [stdout]  --> src/body.rs:40:3
[INFO] [stdout]   |
[INFO] [stdout] 4 |   lambda_http::Body::Binary(_) => true,
[INFO] [stdout]   |   ^^^^^^^^^^^ use of undeclared crate or module `lambda_http`
[INFO] [stdout] 
[INFO] [stdout] error[E0433]: failed to resolve: use of undeclared crate or module `lambda_http`
[INFO] [stdout]  --> src/body.rs:39:28
[INFO] [stdout]   |
[INFO] [stdout] 3 | assert!(match lambda_http::Body::from("text".as_bytes()) {
[INFO] [stdout]   |                            ^^^^ not found in `lambda_http`
[INFO] [stdout]   |
[INFO] [stdout] help: consider importing this enum
[INFO] [stdout]   |
[INFO] [stdout] 2 | use fishrock_lambda_http::Body;
[INFO] [stdout]   |
[INFO] [stdout] 
[INFO] [stdout] error: aborting due to 2 previous errors
[INFO] [stdout] 
[INFO] [stdout] For more information about this error, try `rustc --explain E0433`.
[INFO] [stdout] Couldn't compile the test.
[INFO] [stdout] ---- src/request.rs - request::from_reader (line 560) stdout ----
[INFO] [stdout] error[E0433]: failed to resolve: use of undeclared crate or module `lambda_http`
[INFO] [stdout]  --> src/request.rs:561:5
[INFO] [stdout]   |
[INFO] [stdout] 2 | use lambda_http::request::from_reader;
[INFO] [stdout]   |     ^^^^^^^^^^^ use of undeclared crate or module `lambda_http`
[INFO] [stdout] 
[INFO] [stdout] error[E0425]: cannot find function `from_reader` in this scope
[INFO] [stdout]  --> src/request.rs:566:19
[INFO] [stdout]   |
[INFO] [stdout] 7 |     let request = from_reader(
[INFO] [stdout]   |                   ^^^^^^^^^^^ not found in this scope
[INFO] [stdout]   |
[INFO] [stdout] help: consider importing one of these items
[INFO] [stdout]   |
[INFO] [stdout] 2 | use fishrock_lambda_http::request::from_reader;
[INFO] [stdout]   |
[INFO] [stdout] 2 | use serde_json::from_reader;
[INFO] [stdout]   |
[INFO] [stdout] 2 | use serde_urlencoded::from_reader;
[INFO] [stdout]   |
[INFO] [stdout] 
[INFO] [stdout] error: aborting due to 2 previous errors
[INFO] [stdout] 
[INFO] [stdout] Some errors have detailed explanations: E0425, E0433.
[INFO] [stdout] For more information about an error, try `rustc --explain E0425`.
[INFO] [stdout] Couldn't compile the test.
[INFO] [stdout] ---- src/lib.rs - (line 19) stdout ----
[INFO] [stdout] error[E0433]: failed to resolve: use of undeclared crate or module `lambda_http`
[INFO] [stdout]  --> src/lib.rs:20:5
[INFO] [stdout]   |
[INFO] [stdout] 2 | use lambda_http::{handler, lambda_runtime::{self, Error}};
[INFO] [stdout]   |     ^^^^^^^^^^^ use of undeclared crate or module `lambda_http`
[INFO] [stdout] 
[INFO] [stdout] error[E0432]: unresolved import `lambda_http`
[INFO] [stdout]  --> src/lib.rs:20:5
[INFO] [stdout]   |
[INFO] [stdout] 2 | use lambda_http::{handler, lambda_runtime::{self, Error}};
[INFO] [stdout]   |     ^^^^^^^^^^^ use of undeclared crate or module `lambda_http`
[INFO] [stdout] 
[INFO] [stdout] error[E0412]: cannot find type `Error` in this scope
[INFO] [stdout]  --> src/lib.rs:23:31
[INFO] [stdout]   |
[INFO] [stdout] 5 | async fn main() -> Result<(), Error> {
[INFO] [stdout]   |                               ^^^^^ not found in this scope
[INFO] [stdout]   |
[INFO] [stdout] help: consider importing one of these items
[INFO] [stdout]   |
[INFO] [stdout] 2 | use core::fmt::Error;
[INFO] [stdout]   |
[INFO] [stdout] 2 | use http::Error;
[INFO] [stdout]   |
[INFO] [stdout] 2 | use lambda_runtime::Error;
[INFO] [stdout]   |
[INFO] [stdout] 2 | use serde::__private::doc::Error;
[INFO] [stdout]   |
[INFO] [stdout]     and 12 other candidates
[INFO] [stdout] 
[INFO] [stdout] error: aborting due to 3 previous errors
[INFO] [stdout] 
[INFO] [stdout] Some errors have detailed explanations: E0412, E0432, E0433.
[INFO] [stdout] For more information about an error, try `rustc --explain E0412`.
[INFO] [stdout] Couldn't compile the test.
[INFO] [stdout] ---- src/request.rs - request::from_str (line 583) stdout ----
[INFO] [stdout] error[E0433]: failed to resolve: use of undeclared crate or module `lambda_http`
[INFO] [stdout]  --> src/request.rs:584:5
[INFO] [stdout]   |
[INFO] [stdout] 2 | use lambda_http::request::from_str;
[INFO] [stdout]   |     ^^^^^^^^^^^ use of undeclared crate or module `lambda_http`
[INFO] [stdout] 
[INFO] [stdout] error[E0425]: cannot find function `from_str` in this scope
[INFO] [stdout]  --> src/request.rs:589:19
[INFO] [stdout]   |
[INFO] [stdout] 7 |     let request = from_str(
[INFO] [stdout]   |                   ^^^^^^^^ not found in this scope
[INFO] [stdout]   |
[INFO] [stdout] help: consider importing one of these items
[INFO] [stdout]   |
[INFO] [stdout] 2 | use fishrock_lambda_http::request::from_str;
[INFO] [stdout]   |
[INFO] [stdout] 2 | use serde_json::from_str;
[INFO] [stdout]   |
[INFO] [stdout] 2 | use serde_urlencoded::from_str;
[INFO] [stdout]   |
[INFO] [stdout] 
[INFO] [stdout] error: aborting due to 2 previous errors
[INFO] [stdout] 
[INFO] [stdout] Some errors have detailed explanations: E0425, E0433.
[INFO] [stdout] For more information about an error, try `rustc --explain E0425`.
[INFO] [stdout] Couldn't compile the test.
[INFO] [stdout] ---- src/body.rs - body::Body (line 51) stdout ----
[INFO] [stdout] error[E0433]: failed to resolve: use of undeclared crate or module `lambda_http`
[INFO] [stdout]  --> src/body.rs:53:3
[INFO] [stdout]   |
[INFO] [stdout] 4 |   lambda_http::Body::Empty => true,
[INFO] [stdout]   |   ^^^^^^^^^^^ use of undeclared crate or module `lambda_http`
[INFO] [stdout] 
[INFO] [stdout] error[E0433]: failed to resolve: use of undeclared crate or module `lambda_http`
[INFO] [stdout]  --> src/body.rs:52:28
[INFO] [stdout]   |
[INFO] [stdout] 3 | assert!(match lambda_http::Body::from(()) {
[INFO] [stdout]   |                            ^^^^ not found in `lambda_http`
[INFO] [stdout]   |
[INFO] [stdout] help: consider importing this enum
[INFO] [stdout]   |
[INFO] [stdout] 2 | use fishrock_lambda_http::Body;
[INFO] [stdout]   |
[INFO] [stdout] 
[INFO] [stdout] error: aborting due to 2 previous errors
[INFO] [stdout] 
[INFO] [stdout] For more information about this error, try `rustc --explain E0433`.
[INFO] [stdout] Couldn't compile the test.
[INFO] [stdout] ---- src/ext.rs - ext::RequestExt (line 68) stdout ----
[INFO] [stdout] error[E0433]: failed to resolve: use of undeclared crate or module `lambda_http`
[INFO] [stdout]  --> src/ext.rs:69:5
[INFO] [stdout]   |
[INFO] [stdout] 2 | use lambda_http::{handler, lambda_runtime::{self, Context}, Body, IntoResponse, Request, Response, RequestExt};
[INFO] [stdout]   |     ^^^^^^^^^^^ use of undeclared crate or module `lambda_http`
[INFO] [stdout] 
[INFO] [stdout] error[E0432]: unresolved import `lambda_http`
[INFO] [stdout]  --> src/ext.rs:69:5
[INFO] [stdout]   |
[INFO] [stdout] 2 | use lambda_http::{handler, lambda_runtime::{self, Context}, Body, IntoResponse, Request, Response, RequestExt};
[INFO] [stdout]   |     ^^^^^^^^^^^ use of undeclared crate or module `lambda_http`
[INFO] [stdout] 
[INFO] [stdout] error[E0412]: cannot find type `Context` in this scope
[INFO] [stdout]   --> src/ext.rs:90:6
[INFO] [stdout]    |
[INFO] [stdout] 23 |   _: Context
[INFO] [stdout]    |      ^^^^^^^ not found in this scope
[INFO] [stdout]    |
[INFO] [stdout] help: consider importing one of these items
[INFO] [stdout]    |
[INFO] [stdout] 2  | use core::task::Context;
[INFO] [stdout]    |
[INFO] [stdout] 2  | use fishrock_lambda_http::Context;
[INFO] [stdout]    |
[INFO] [stdout] 2  | use lambda_runtime::Context;
[INFO] [stdout]    |
[INFO] [stdout] 2  | use std::task::Context;
[INFO] [stdout]    |
[INFO] [stdout] 
[INFO] [stdout] error: aborting due to 3 previous errors
[INFO] [stdout] 
[INFO] [stdout] Some errors have detailed explanations: E0412, E0432, E0433.
[INFO] [stdout] For more information about an error, try `rustc --explain E0412`.
[INFO] [stdout] Couldn't compile the test.
[INFO] [stdout] ---- src/response.rs - response::IntoResponse (line 169) stdout ----
[INFO] [stdout] error[E0432]: unresolved import `lambda_http`
[INFO] [stdout]  --> src/response.rs:170:5
[INFO] [stdout]   |
[INFO] [stdout] 3 | use lambda_http::{Body, IntoResponse, Response};
[INFO] [stdout]   |     ^^^^^^^^^^^ use of undeclared crate or module `lambda_http`
[INFO] [stdout] 
[INFO] [stdout] error[E0599]: no method named `into_response` found for reference `&'static str` in the current scope
[INFO] [stdout]  --> src/response.rs:173:11
[INFO] [stdout]   |
[INFO] [stdout] 6 |   "hello".into_response().body(),
[INFO] [stdout]   |           ^^^^^^^^^^^^^ method not found in `&'static str`
[INFO] [stdout]   |
[INFO] [stdout]   = help: items from traits can only be used if the trait is in scope
[INFO] [stdout] help: the following trait is implemented but not in scope; perhaps add a `use` for it:
[INFO] [stdout]   |
[INFO] [stdout] 2 | use fishrock_lambda_http::IntoResponse;
[INFO] [stdout]   |
[INFO] [stdout] 
[INFO] [stdout] error: aborting due to 2 previous errors
[INFO] [stdout] 
[INFO] [stdout] Some errors have detailed explanations: E0432, E0599.
[INFO] [stdout] For more information about an error, try `rustc --explain E0432`.
[INFO] [stdout] Couldn't compile the test.
[INFO] [stdout] 
[INFO] [stdout] failures:
[INFO] [stdout]     src/body.rs - body::Body (line 27)
[INFO] [stdout]     src/body.rs - body::Body (line 38)
[INFO] [stdout]     src/body.rs - body::Body (line 51)
[INFO] [stdout]     src/ext.rs - ext::RequestExt (line 68)
[INFO] [stdout]     src/lib.rs - (line 19)
[INFO] [stdout]     src/lib.rs - (line 36)
[INFO] [stdout]     src/request.rs - request::from_reader (line 560)
[INFO] [stdout]     src/request.rs - request::from_str (line 583)
[INFO] [stdout]     src/response.rs - response::IntoResponse (line 169)
[INFO] [stdout] 
[INFO] [stdout] test result: FAILED. 0 passed; 9 failed; 0 ignored; 0 measured; 0 filtered out; finished in 0.47s
[INFO] [stdout] 
[INFO] [stderr] error: test failed, to rerun pass '--doc'
[INFO] running `Command { std: "docker" "inspect" "fc4568f09161ab56e9a1604a5efd9ed3f245738bee8e810eac8eb4c1673be765", kill_on_drop: false }`
[INFO] running `Command { std: "docker" "rm" "-f" "fc4568f09161ab56e9a1604a5efd9ed3f245738bee8e810eac8eb4c1673be765", kill_on_drop: false }`
[INFO] [stdout] fc4568f09161ab56e9a1604a5efd9ed3f245738bee8e810eac8eb4c1673be765
