[INFO] fetching crate fiscalidade 0.4.2...
[INFO] testing fiscalidade-0.4.2 against beta-2021-08-01 for beta-1.55-1
[INFO] extracting crate fiscalidade 0.4.2 into /workspace/builds/worker-3/source
[INFO] validating manifest of crates.io crate fiscalidade 0.4.2 on toolchain beta-2021-08-01
[INFO] running `Command { std: "/workspace/cargo-home/bin/cargo" "+beta-2021-08-01" "metadata" "--manifest-path" "Cargo.toml" "--no-deps", kill_on_drop: false }`
[INFO] started tweaking crates.io crate fiscalidade 0.4.2
[INFO] finished tweaking crates.io crate fiscalidade 0.4.2
[INFO] tweaked toml for crates.io crate fiscalidade 0.4.2 written to /workspace/builds/worker-3/source/Cargo.toml
[INFO] crate crates.io crate fiscalidade 0.4.2 already has a lockfile, it will not be regenerated
[INFO] running `Command { std: "/workspace/cargo-home/bin/cargo" "+beta-2021-08-01" "fetch" "--manifest-path" "Cargo.toml", kill_on_drop: false }`
[INFO] [stderr]     Blocking waiting for file lock on package cache
[INFO] [stderr]  Downloading crates ...
[INFO] [stderr]   Downloaded const-random v0.1.8
[INFO] [stderr]   Downloaded wasm-bindgen-webidl v0.2.58
[INFO] [stderr]   Downloaded wasm-bindgen-shared v0.2.58
[INFO] [stderr]   Downloaded const-random-macro v0.1.8
[INFO] [stderr]   Downloaded bumpalo v3.2.0
[INFO] [stderr]   Downloaded hyper v0.13.2
[INFO] [stderr]   Downloaded wasm-bindgen-futures v0.4.8
[INFO] [stderr]   Downloaded wasm-bindgen-macro-support v0.2.58
[INFO] [stderr]   Downloaded regex-syntax v0.6.14
[INFO] [stderr]   Downloaded ordered-multimap v0.2.4
[INFO] [stderr]   Downloaded dlv-list v0.2.2
[INFO] [stderr]   Downloaded wasm-bindgen-backend v0.2.58
[INFO] [stderr]   Downloaded flate2 v1.0.13
[INFO] [stderr]   Downloaded security-framework v0.3.4
[INFO] [stderr]   Downloaded miniz_oxide v0.3.6
[INFO] [stderr]   Downloaded tokio-util v0.2.0
[INFO] [stderr]   Downloaded openssl v0.10.28
[INFO] [stderr]   Downloaded openssl-sys v0.9.54
[INFO] [stderr]   Downloaded security-framework-sys v0.3.3
[INFO] [stderr]   Downloaded aho-corasick v0.7.8
[INFO] [stderr]   Downloaded tokio v0.2.11
[INFO] [stderr]   Downloaded http v0.2.0
[INFO] [stderr]   Downloaded sourcefile v0.1.4
[INFO] [stderr]   Downloaded anyhow v1.0.26
[INFO] [stderr]   Downloaded regex v1.3.4
[INFO] [stderr]   Downloaded schannel v0.1.17
[INFO] [stderr]   Downloaded libc v0.2.67
[INFO] [stderr]   Downloaded hermit-abi v0.1.7
[INFO] [stderr]   Downloaded weedle v0.10.0
[INFO] [stderr]   Downloaded js-sys v0.3.35
[INFO] [stderr]   Downloaded serde_json v1.0.48
[INFO] [stderr]   Downloaded wasm-bindgen v0.2.58
[INFO] [stderr]   Downloaded ahash v0.3.2
[INFO] [stderr]   Downloaded proc-macro2 v1.0.8
[INFO] [stderr]   Downloaded hashbrown v0.7.0
[INFO] [stderr]   Downloaded async-compression v0.3.0
[INFO] [stderr]   Downloaded rust-ini v0.15.2
[INFO] [stderr]   Downloaded h2 v0.2.1
[INFO] [stderr]   Downloaded thiserror-impl v1.0.11
[INFO] [stderr]   Downloaded thiserror v1.0.11
[INFO] [stderr]   Downloaded wasm-bindgen-macro v0.2.58
[INFO] [stderr]   Downloaded web-sys v0.3.35
[INFO] [stderr]   Downloaded reqwest v0.10.2
[INFO] [stderr]   Downloaded syn v1.0.15
[INFO] running `Command { std: "docker" "create" "-v" "/var/lib/crater-agent-workspace/builds/worker-3/target:/opt/rustwide/target:rw,Z" "-v" "/var/lib/crater-agent-workspace/builds/worker-3/source:/opt/rustwide/workdir:ro,Z" "-v" "/var/lib/crater-agent-workspace/cargo-home:/opt/rustwide/cargo-home:ro,Z" "-v" "/var/lib/crater-agent-workspace/rustup-home:/opt/rustwide/rustup-home:ro,Z" "-e" "SOURCE_DIR=/opt/rustwide/workdir" "-e" "CARGO_TARGET_DIR=/opt/rustwide/target" "-e" "CARGO_HOME=/opt/rustwide/cargo-home" "-e" "RUSTUP_HOME=/opt/rustwide/rustup-home" "-w" "/opt/rustwide/workdir" "-m" "1610612736" "--user" "0:0" "--network" "none" "ghcr.io/rust-lang/crates-build-env/linux@sha256:34b6a614d2c27851fe6cbf88fbd1137609cefab8b10d0615aaeb6fd47975d74e" "/opt/rustwide/cargo-home/bin/cargo" "+beta-2021-08-01" "metadata" "--no-deps" "--format-version=1", kill_on_drop: false }`
[INFO] [stdout] 718ca61ac611510030c21c4a10fdef377d4fbf621fc8a0a701d6964b9a1e11b8
[INFO] running `Command { std: "docker" "start" "-a" "718ca61ac611510030c21c4a10fdef377d4fbf621fc8a0a701d6964b9a1e11b8", kill_on_drop: false }`
[INFO] running `Command { std: "docker" "inspect" "718ca61ac611510030c21c4a10fdef377d4fbf621fc8a0a701d6964b9a1e11b8", kill_on_drop: false }`
[INFO] running `Command { std: "docker" "rm" "-f" "718ca61ac611510030c21c4a10fdef377d4fbf621fc8a0a701d6964b9a1e11b8", kill_on_drop: false }`
[INFO] [stdout] 718ca61ac611510030c21c4a10fdef377d4fbf621fc8a0a701d6964b9a1e11b8
[INFO] running `Command { std: "docker" "create" "-v" "/var/lib/crater-agent-workspace/builds/worker-3/target:/opt/rustwide/target:rw,Z" "-v" "/var/lib/crater-agent-workspace/builds/worker-3/source:/opt/rustwide/workdir:ro,Z" "-v" "/var/lib/crater-agent-workspace/cargo-home:/opt/rustwide/cargo-home:ro,Z" "-v" "/var/lib/crater-agent-workspace/rustup-home:/opt/rustwide/rustup-home:ro,Z" "-e" "SOURCE_DIR=/opt/rustwide/workdir" "-e" "CARGO_TARGET_DIR=/opt/rustwide/target" "-e" "CARGO_INCREMENTAL=0" "-e" "RUST_BACKTRACE=full" "-e" "RUSTFLAGS=--cap-lints=warn" "-e" "CARGO_HOME=/opt/rustwide/cargo-home" "-e" "RUSTUP_HOME=/opt/rustwide/rustup-home" "-w" "/opt/rustwide/workdir" "-m" "1610612736" "--user" "0:0" "--network" "none" "ghcr.io/rust-lang/crates-build-env/linux@sha256:34b6a614d2c27851fe6cbf88fbd1137609cefab8b10d0615aaeb6fd47975d74e" "/opt/rustwide/cargo-home/bin/cargo" "+beta-2021-08-01" "build" "--frozen" "--message-format=json", kill_on_drop: false }`
[INFO] [stdout] 3d8e5aab0ea422e5839cc059ef802e147c6044a33371531ef33c544617289df7
[INFO] running `Command { std: "docker" "start" "-a" "3d8e5aab0ea422e5839cc059ef802e147c6044a33371531ef33c544617289df7", kill_on_drop: false }`
[INFO] [stderr]     Blocking waiting for file lock on package cache
[INFO] [stderr]     Blocking waiting for file lock on package cache
[INFO] [stderr]     Blocking waiting for file lock on package cache
[INFO] [stderr]     Blocking waiting for file lock on package cache
[INFO] [stderr]    Compiling libc v0.2.67
[INFO] [stderr]    Compiling proc-macro2 v1.0.8
[INFO] [stderr]    Compiling syn v1.0.15
[INFO] [stderr]    Compiling log v0.4.8
[INFO] [stderr]    Compiling pkg-config v0.3.17
[INFO] [stderr]    Compiling cc v1.0.50
[INFO] [stderr]    Compiling bytes v0.5.4
[INFO] [stderr]    Compiling fnv v1.0.6
[INFO] [stderr]    Compiling futures-core v0.3.4
[INFO] [stderr]    Compiling version_check v0.9.1
[INFO] [stderr]    Compiling pin-project-lite v0.1.4
[INFO] [stderr]    Compiling itoa v0.4.5
[INFO] [stderr]    Compiling openssl v0.10.28
[INFO] [stderr]    Compiling foreign-types-shared v0.1.1
[INFO] [stderr]    Compiling httparse v1.3.4
[INFO] [stderr]    Compiling futures-task v0.3.4
[INFO] [stderr]    Compiling smallvec v1.2.0
[INFO] [stderr]    Compiling crc32fast v1.2.0
[INFO] [stderr]    Compiling futures-sink v0.3.4
[INFO] [stderr]    Compiling futures-io v0.3.4
[INFO] [stderr]    Compiling native-tls v0.2.3
[INFO] [stderr]    Compiling pin-utils v0.1.0-alpha.4
[INFO] [stderr]    Compiling serde v1.0.104
[INFO] [stderr]    Compiling try-lock v0.2.2
[INFO] [stderr]    Compiling openssl-probe v0.1.2
[INFO] [stderr]    Compiling adler32 v1.0.4
[INFO] [stderr]    Compiling encoding_rs v0.8.22
[INFO] [stderr]    Compiling tower-service v0.3.0
[INFO] [stderr]    Compiling dtoa v0.4.5
[INFO] [stderr]    Compiling base64 v0.11.0
[INFO] [stderr]    Compiling regex-syntax v0.6.14
[INFO] [stderr]    Compiling indexmap v1.3.2
[INFO] [stderr]    Compiling c2-chacha v0.2.3
[INFO] [stderr]    Compiling unicode-bidi v0.3.4
[INFO] [stderr]    Compiling hashbrown v0.7.0
[INFO] [stderr]    Compiling aho-corasick v0.7.8
[INFO] [stderr]    Compiling foreign-types v0.3.2
[INFO] [stderr]    Compiling futures-channel v0.3.4
[INFO] [stderr]    Compiling futures-util v0.3.4
[INFO] [stderr]    Compiling miniz_oxide v0.3.6
[INFO] [stderr]    Compiling unicode-normalization v0.1.12
[INFO] [stderr]    Compiling unicase v2.6.0
[INFO] [stderr]    Compiling http v0.2.0
[INFO] [stderr]    Compiling want v0.3.0
[INFO] [stderr]    Compiling openssl-sys v0.9.54
[INFO] [stderr]    Compiling getrandom v0.1.14
[INFO] [stderr]    Compiling net2 v0.2.33
[INFO] [stderr]    Compiling iovec v0.1.4
[INFO] [stderr]    Compiling num_cpus v1.12.0
[INFO] [stderr]    Compiling time v0.1.42
[INFO] [stderr]    Compiling flate2 v1.0.13
[INFO] [stderr]    Compiling idna v0.2.0
[INFO] [stderr]    Compiling quote v1.0.2
[INFO] [stderr]    Compiling rand_core v0.5.1
[INFO] [stderr]    Compiling mio v0.6.21
[INFO] [stderr]    Compiling mime_guess v2.0.1
[INFO] [stderr]    Compiling rand_chacha v0.2.1
[INFO] [stderr]    Compiling async-compression v0.3.0
[INFO] [stderr]    Compiling rand v0.7.3
[INFO] [stderr]    Compiling url v2.1.1
[INFO] [stderr]    Compiling tokio v0.2.11
[INFO] [stderr]    Compiling regex v1.3.4
[INFO] [stderr]    Compiling dlv-list v0.2.2
[INFO] [stderr]    Compiling http-body v0.3.1
[INFO] [stderr]    Compiling serde_urlencoded v0.6.1
[INFO] [stderr]    Compiling tokio-util v0.2.0
[INFO] [stderr]    Compiling tokio-tls v0.3.0
[INFO] [stderr]    Compiling h2 v0.2.1
[INFO] [stderr]    Compiling proc-macro-hack v0.5.11
[INFO] [stderr]    Compiling pin-project-internal v0.4.8
[INFO] [stderr]    Compiling thiserror-impl v1.0.11
[INFO] [stderr]    Compiling const-random-macro v0.1.8
[INFO] [stderr]    Compiling thiserror v1.0.11
[INFO] [stderr]    Compiling const-random v0.1.8
[INFO] [stderr]    Compiling ahash v0.3.2
[INFO] [stderr]    Compiling pin-project v0.4.8
[INFO] [stderr]    Compiling hyper v0.13.2
[INFO] [stderr]    Compiling ordered-multimap v0.2.4
[INFO] [stderr]    Compiling rust-ini v0.15.2
[INFO] [stderr]    Compiling hyper-tls v0.4.1
[INFO] [stderr]    Compiling reqwest v0.10.2
[INFO] [stderr]    Compiling fiscalidade v0.4.2 (/opt/rustwide/workdir)
[INFO] [stderr]     Finished dev [unoptimized + debuginfo] target(s) in 26.62s
[INFO] running `Command { std: "docker" "inspect" "3d8e5aab0ea422e5839cc059ef802e147c6044a33371531ef33c544617289df7", kill_on_drop: false }`
[INFO] running `Command { std: "docker" "rm" "-f" "3d8e5aab0ea422e5839cc059ef802e147c6044a33371531ef33c544617289df7", kill_on_drop: false }`
[INFO] [stdout] 3d8e5aab0ea422e5839cc059ef802e147c6044a33371531ef33c544617289df7
[INFO] running `Command { std: "docker" "create" "-v" "/var/lib/crater-agent-workspace/builds/worker-3/target:/opt/rustwide/target:rw,Z" "-v" "/var/lib/crater-agent-workspace/builds/worker-3/source:/opt/rustwide/workdir:ro,Z" "-v" "/var/lib/crater-agent-workspace/cargo-home:/opt/rustwide/cargo-home:ro,Z" "-v" "/var/lib/crater-agent-workspace/rustup-home:/opt/rustwide/rustup-home:ro,Z" "-e" "SOURCE_DIR=/opt/rustwide/workdir" "-e" "CARGO_TARGET_DIR=/opt/rustwide/target" "-e" "CARGO_INCREMENTAL=0" "-e" "RUST_BACKTRACE=full" "-e" "RUSTFLAGS=--cap-lints=warn" "-e" "CARGO_HOME=/opt/rustwide/cargo-home" "-e" "RUSTUP_HOME=/opt/rustwide/rustup-home" "-w" "/opt/rustwide/workdir" "-m" "1610612736" "--user" "0:0" "--network" "none" "ghcr.io/rust-lang/crates-build-env/linux@sha256:34b6a614d2c27851fe6cbf88fbd1137609cefab8b10d0615aaeb6fd47975d74e" "/opt/rustwide/cargo-home/bin/cargo" "+beta-2021-08-01" "test" "--frozen" "--no-run" "--message-format=json", kill_on_drop: false }`
[INFO] [stdout] cdb8048c2d889356bf80560c9e4ccb127fc74de9af98e50d55297ca0e740b02a
[INFO] running `Command { std: "docker" "start" "-a" "cdb8048c2d889356bf80560c9e4ccb127fc74de9af98e50d55297ca0e740b02a", kill_on_drop: false }`
[INFO] [stderr]     Blocking waiting for file lock on package cache
[INFO] [stderr]     Blocking waiting for file lock on package cache
[INFO] [stderr]    Compiling anyhow v1.0.26
[INFO] [stderr]    Compiling fiscalidade v0.4.2 (/opt/rustwide/workdir)
[INFO] [stderr]     Finished test [unoptimized + debuginfo] target(s) in 9.37s
[INFO] running `Command { std: "docker" "inspect" "cdb8048c2d889356bf80560c9e4ccb127fc74de9af98e50d55297ca0e740b02a", kill_on_drop: false }`
[INFO] running `Command { std: "docker" "rm" "-f" "cdb8048c2d889356bf80560c9e4ccb127fc74de9af98e50d55297ca0e740b02a", kill_on_drop: false }`
[INFO] [stdout] cdb8048c2d889356bf80560c9e4ccb127fc74de9af98e50d55297ca0e740b02a
[INFO] running `Command { std: "docker" "create" "-v" "/var/lib/crater-agent-workspace/builds/worker-3/target:/opt/rustwide/target:rw,Z" "-v" "/var/lib/crater-agent-workspace/builds/worker-3/source:/opt/rustwide/workdir:ro,Z" "-v" "/var/lib/crater-agent-workspace/cargo-home:/opt/rustwide/cargo-home:ro,Z" "-v" "/var/lib/crater-agent-workspace/rustup-home:/opt/rustwide/rustup-home:ro,Z" "-e" "SOURCE_DIR=/opt/rustwide/workdir" "-e" "CARGO_TARGET_DIR=/opt/rustwide/target" "-e" "CARGO_INCREMENTAL=0" "-e" "RUST_BACKTRACE=full" "-e" "RUSTFLAGS=--cap-lints=warn" "-e" "CARGO_HOME=/opt/rustwide/cargo-home" "-e" "RUSTUP_HOME=/opt/rustwide/rustup-home" "-w" "/opt/rustwide/workdir" "-m" "1610612736" "--user" "0:0" "--network" "none" "ghcr.io/rust-lang/crates-build-env/linux@sha256:34b6a614d2c27851fe6cbf88fbd1137609cefab8b10d0615aaeb6fd47975d74e" "/opt/rustwide/cargo-home/bin/cargo" "+beta-2021-08-01" "test" "--frozen", kill_on_drop: false }`
[INFO] [stdout] 38eeb49bf5bdd9debc093d45b98777bb4135a5d53e7c4bcf5d41988d263e5698
[INFO] running `Command { std: "docker" "start" "-a" "38eeb49bf5bdd9debc093d45b98777bb4135a5d53e7c4bcf5d41988d263e5698", kill_on_drop: false }`
[INFO] [stderr]     Finished test [unoptimized + debuginfo] target(s) in 0.17s
[INFO] [stderr]      Running unittests (/opt/rustwide/target/debug/deps/fiscalidade-f659ced893b4d217)
[INFO] [stdout] 
[INFO] [stdout] running 0 tests
[INFO] [stdout] 
[INFO] [stdout] test result: ok. 0 passed; 0 failed; 0 ignored; 0 measured; 0 filtered out; finished in 0.00s
[INFO] [stdout] 
[INFO] [stderr]    Doc-tests fiscalidade
[INFO] [stdout] 
[INFO] [stdout] running 1 test
[INFO] [stdout] test src/lib.rs - (line 7) ... FAILED
[INFO] [stdout] 
[INFO] [stdout] failures:
[INFO] [stdout] 
[INFO] [stdout] ---- src/lib.rs - (line 7) stdout ----
[INFO] [stdout] error[E0308]: mismatched types
[INFO] [stdout]   --> src/lib.rs:20:59
[INFO] [stdout]    |
[INFO] [stdout] 14 |     println!("XML retornado: {}", String::from_utf8_lossy(&xml));
[INFO] [stdout]    |                                                           ^^^^ expected slice `[u8]`, found struct `Xml`
[INFO] [stdout]    |
[INFO] [stdout]    = note: expected reference `&[u8]`
[INFO] [stdout]               found reference `&Xml`
[INFO] [stdout] 
[INFO] [stdout] error: aborting due to previous error
[INFO] [stdout] 
[INFO] [stdout] For more information about this error, try `rustc --explain E0308`.
[INFO] [stdout] Couldn't compile the test.
[INFO] [stdout] 
[INFO] [stdout] failures:
[INFO] [stdout]     src/lib.rs - (line 7)
[INFO] [stdout] 
[INFO] [stdout] test result: FAILED. 0 passed; 1 failed; 0 ignored; 0 measured; 0 filtered out; finished in 0.46s
[INFO] [stdout] 
[INFO] [stderr] error: test failed, to rerun pass '--doc'
[INFO] running `Command { std: "docker" "inspect" "38eeb49bf5bdd9debc093d45b98777bb4135a5d53e7c4bcf5d41988d263e5698", kill_on_drop: false }`
[INFO] running `Command { std: "docker" "rm" "-f" "38eeb49bf5bdd9debc093d45b98777bb4135a5d53e7c4bcf5d41988d263e5698", kill_on_drop: false }`
[INFO] [stdout] 38eeb49bf5bdd9debc093d45b98777bb4135a5d53e7c4bcf5d41988d263e5698
