[INFO] fetching crate finitediff 0.1.4...
[INFO] testing finitediff-0.1.4 against 1.54.0 for beta-1.55-1
[INFO] extracting crate finitediff 0.1.4 into /workspace/builds/worker-8/source
[INFO] validating manifest of crates.io crate finitediff 0.1.4 on toolchain 1.54.0
[INFO] running `Command { std: "/workspace/cargo-home/bin/cargo" "+1.54.0" "metadata" "--manifest-path" "Cargo.toml" "--no-deps", kill_on_drop: false }`
[INFO] started tweaking crates.io crate finitediff 0.1.4
[INFO] finished tweaking crates.io crate finitediff 0.1.4
[INFO] tweaked toml for crates.io crate finitediff 0.1.4 written to /workspace/builds/worker-8/source/Cargo.toml
[INFO] running `Command { std: "/workspace/cargo-home/bin/cargo" "+1.54.0" "generate-lockfile" "--manifest-path" "Cargo.toml" "-Zno-index-update", kill_on_drop: false }`
[INFO] [stderr]     Blocking waiting for file lock on package cache
[INFO] running `Command { std: "/workspace/cargo-home/bin/cargo" "+1.54.0" "fetch" "--manifest-path" "Cargo.toml", kill_on_drop: false }`
[INFO] [stderr]     Blocking waiting for file lock on package cache
[INFO] [stderr]     Blocking waiting for file lock on package cache
[INFO] running `Command { std: "docker" "create" "-v" "/var/lib/crater-agent-workspace/builds/worker-8/target:/opt/rustwide/target:rw,Z" "-v" "/var/lib/crater-agent-workspace/builds/worker-8/source:/opt/rustwide/workdir:ro,Z" "-v" "/var/lib/crater-agent-workspace/cargo-home:/opt/rustwide/cargo-home:ro,Z" "-v" "/var/lib/crater-agent-workspace/rustup-home:/opt/rustwide/rustup-home:ro,Z" "-e" "SOURCE_DIR=/opt/rustwide/workdir" "-e" "CARGO_TARGET_DIR=/opt/rustwide/target" "-e" "CARGO_HOME=/opt/rustwide/cargo-home" "-e" "RUSTUP_HOME=/opt/rustwide/rustup-home" "-w" "/opt/rustwide/workdir" "-m" "1610612736" "--user" "0:0" "--network" "none" "ghcr.io/rust-lang/crates-build-env/linux@sha256:34b6a614d2c27851fe6cbf88fbd1137609cefab8b10d0615aaeb6fd47975d74e" "/opt/rustwide/cargo-home/bin/cargo" "+1.54.0" "metadata" "--no-deps" "--format-version=1", kill_on_drop: false }`
[INFO] [stdout] b7943f2566628beb82d557cef9c84c8a7a55fe14b18b3403cbd7d7e76bc16c57
[INFO] running `Command { std: "docker" "start" "-a" "b7943f2566628beb82d557cef9c84c8a7a55fe14b18b3403cbd7d7e76bc16c57", kill_on_drop: false }`
[INFO] running `Command { std: "docker" "inspect" "b7943f2566628beb82d557cef9c84c8a7a55fe14b18b3403cbd7d7e76bc16c57", kill_on_drop: false }`
[INFO] running `Command { std: "docker" "rm" "-f" "b7943f2566628beb82d557cef9c84c8a7a55fe14b18b3403cbd7d7e76bc16c57", kill_on_drop: false }`
[INFO] [stdout] b7943f2566628beb82d557cef9c84c8a7a55fe14b18b3403cbd7d7e76bc16c57
[INFO] running `Command { std: "docker" "create" "-v" "/var/lib/crater-agent-workspace/builds/worker-8/target:/opt/rustwide/target:rw,Z" "-v" "/var/lib/crater-agent-workspace/builds/worker-8/source:/opt/rustwide/workdir:ro,Z" "-v" "/var/lib/crater-agent-workspace/cargo-home:/opt/rustwide/cargo-home:ro,Z" "-v" "/var/lib/crater-agent-workspace/rustup-home:/opt/rustwide/rustup-home:ro,Z" "-e" "SOURCE_DIR=/opt/rustwide/workdir" "-e" "CARGO_TARGET_DIR=/opt/rustwide/target" "-e" "CARGO_INCREMENTAL=0" "-e" "RUST_BACKTRACE=full" "-e" "RUSTFLAGS=--cap-lints=warn" "-e" "CARGO_HOME=/opt/rustwide/cargo-home" "-e" "RUSTUP_HOME=/opt/rustwide/rustup-home" "-w" "/opt/rustwide/workdir" "-m" "1610612736" "--user" "0:0" "--network" "none" "ghcr.io/rust-lang/crates-build-env/linux@sha256:34b6a614d2c27851fe6cbf88fbd1137609cefab8b10d0615aaeb6fd47975d74e" "/opt/rustwide/cargo-home/bin/cargo" "+1.54.0" "build" "--frozen" "--message-format=json", kill_on_drop: false }`
[INFO] [stdout] a6a6be1f1a1c6138ccaf258d1e8f99e23278e62696cb54fc6e3bba8c25ae5c51
[INFO] running `Command { std: "docker" "start" "-a" "a6a6be1f1a1c6138ccaf258d1e8f99e23278e62696cb54fc6e3bba8c25ae5c51", kill_on_drop: false }`
[INFO] [stderr]    Compiling finitediff v0.1.4 (/opt/rustwide/workdir)
[INFO] [stderr]     Finished dev [unoptimized + debuginfo] target(s) in 2.84s
[INFO] running `Command { std: "docker" "inspect" "a6a6be1f1a1c6138ccaf258d1e8f99e23278e62696cb54fc6e3bba8c25ae5c51", kill_on_drop: false }`
[INFO] running `Command { std: "docker" "rm" "-f" "a6a6be1f1a1c6138ccaf258d1e8f99e23278e62696cb54fc6e3bba8c25ae5c51", kill_on_drop: false }`
[INFO] [stdout] a6a6be1f1a1c6138ccaf258d1e8f99e23278e62696cb54fc6e3bba8c25ae5c51
[INFO] running `Command { std: "docker" "create" "-v" "/var/lib/crater-agent-workspace/builds/worker-8/target:/opt/rustwide/target:rw,Z" "-v" "/var/lib/crater-agent-workspace/builds/worker-8/source:/opt/rustwide/workdir:ro,Z" "-v" "/var/lib/crater-agent-workspace/cargo-home:/opt/rustwide/cargo-home:ro,Z" "-v" "/var/lib/crater-agent-workspace/rustup-home:/opt/rustwide/rustup-home:ro,Z" "-e" "SOURCE_DIR=/opt/rustwide/workdir" "-e" "CARGO_TARGET_DIR=/opt/rustwide/target" "-e" "CARGO_INCREMENTAL=0" "-e" "RUST_BACKTRACE=full" "-e" "RUSTFLAGS=--cap-lints=warn" "-e" "CARGO_HOME=/opt/rustwide/cargo-home" "-e" "RUSTUP_HOME=/opt/rustwide/rustup-home" "-w" "/opt/rustwide/workdir" "-m" "1610612736" "--user" "0:0" "--network" "none" "ghcr.io/rust-lang/crates-build-env/linux@sha256:34b6a614d2c27851fe6cbf88fbd1137609cefab8b10d0615aaeb6fd47975d74e" "/opt/rustwide/cargo-home/bin/cargo" "+1.54.0" "test" "--frozen" "--no-run" "--message-format=json", kill_on_drop: false }`
[INFO] [stdout] 48720c65585c81d4b3f0f6ff0143f7834a240cdfab8b507b301321dd22a62ff0
[INFO] running `Command { std: "docker" "start" "-a" "48720c65585c81d4b3f0f6ff0143f7834a240cdfab8b507b301321dd22a62ff0", kill_on_drop: false }`
[INFO] [stderr]     Blocking waiting for file lock on package cache
[INFO] [stderr]    Compiling finitediff v0.1.4 (/opt/rustwide/workdir)
[INFO] [stderr]     Finished test [unoptimized + debuginfo] target(s) in 1.45s
[INFO] running `Command { std: "docker" "inspect" "48720c65585c81d4b3f0f6ff0143f7834a240cdfab8b507b301321dd22a62ff0", kill_on_drop: false }`
[INFO] running `Command { std: "docker" "rm" "-f" "48720c65585c81d4b3f0f6ff0143f7834a240cdfab8b507b301321dd22a62ff0", kill_on_drop: false }`
[INFO] [stdout] 48720c65585c81d4b3f0f6ff0143f7834a240cdfab8b507b301321dd22a62ff0
[INFO] running `Command { std: "docker" "create" "-v" "/var/lib/crater-agent-workspace/builds/worker-8/target:/opt/rustwide/target:rw,Z" "-v" "/var/lib/crater-agent-workspace/builds/worker-8/source:/opt/rustwide/workdir:ro,Z" "-v" "/var/lib/crater-agent-workspace/cargo-home:/opt/rustwide/cargo-home:ro,Z" "-v" "/var/lib/crater-agent-workspace/rustup-home:/opt/rustwide/rustup-home:ro,Z" "-e" "SOURCE_DIR=/opt/rustwide/workdir" "-e" "CARGO_TARGET_DIR=/opt/rustwide/target" "-e" "CARGO_INCREMENTAL=0" "-e" "RUST_BACKTRACE=full" "-e" "RUSTFLAGS=--cap-lints=warn" "-e" "CARGO_HOME=/opt/rustwide/cargo-home" "-e" "RUSTUP_HOME=/opt/rustwide/rustup-home" "-w" "/opt/rustwide/workdir" "-m" "1610612736" "--user" "0:0" "--network" "none" "ghcr.io/rust-lang/crates-build-env/linux@sha256:34b6a614d2c27851fe6cbf88fbd1137609cefab8b10d0615aaeb6fd47975d74e" "/opt/rustwide/cargo-home/bin/cargo" "+1.54.0" "test" "--frozen", kill_on_drop: false }`
[INFO] [stdout] ca5265b63ce0e7506769619fc009689f036350d3b2bbef04d3020113eb2a1af8
[INFO] running `Command { std: "docker" "start" "-a" "ca5265b63ce0e7506769619fc009689f036350d3b2bbef04d3020113eb2a1af8", kill_on_drop: false }`
[INFO] [stderr]     Blocking waiting for file lock on package cache
[INFO] [stderr]     Finished test [unoptimized + debuginfo] target(s) in 0.14s
[INFO] [stderr]      Running unittests (/opt/rustwide/target/debug/deps/finitediff-9fcbd7a2bf6a7ebb)
[INFO] [stdout] 
[INFO] [stdout] running 28 tests
[INFO] [stdout] test diff::tests::test_central_diff_vec_f64 ... ok
[INFO] [stdout] test diff::tests::test_forward_diff_vec_f64 ... ok
[INFO] [stdout] test hessian::tests::test_central_hessian_vec_f64 ... ok
[INFO] [stdout] test hessian::tests::test_central_hessian_vec_prod_vec_f64 ... ok
[INFO] [stdout] test hessian::tests::test_forward_hessian_nograd_sparse_vec_f64 ... ok
[INFO] [stdout] test hessian::tests::test_forward_hessian_nograd_vec_f64 ... ok
[INFO] [stdout] test hessian::tests::test_forward_hessian_vec_f64 ... ok
[INFO] [stdout] test hessian::tests::test_forward_hessian_vec_prod_vec_f64 ... ok
[INFO] [stdout] test jacobian::tests::test_central_jacobian_pert_vec_f64 ... ok
[INFO] [stdout] test jacobian::tests::test_central_jacobian_vec_prod_vec_f64 ... ok
[INFO] [stdout] test jacobian::tests::test_central_jacobian_vec_f64 ... ok
[INFO] [stdout] test jacobian::tests::test_forward_jacobian_pert_vec_f64 ... ok
[INFO] [stdout] test jacobian::tests::test_forward_jacobian_vec_prod_vec_f64 ... ok
[INFO] [stdout] test jacobian::tests::test_forward_jacobian_vec_f64 ... ok
[INFO] [stdout] test tests_vec::test_central_diff_vec_f64_trait ... ok
[INFO] [stdout] test tests_vec::test_central_hessian_vec_f64_trait ... ok
[INFO] [stdout] test tests_vec::test_central_hessian_vec_prod_vec_f64_trait ... ok
[INFO] [stdout] test tests_vec::test_central_jacobian_vec_f64_trait ... ok
[INFO] [stdout] test tests_vec::test_central_jacobian_vec_prod_vec_f64_trait ... ok
[INFO] [stdout] test tests_vec::test_forward_diff_vec_f64_trait ... ok
[INFO] [stdout] test tests_vec::test_central_jacobian_pert_vec_f64_trait ... ok
[INFO] [stdout] test tests_vec::test_forward_hessian_nograd_sparse_vec_f64_trait ... ok
[INFO] [stdout] test tests_vec::test_forward_hessian_nograd_vec_f64_trait ... ok
[INFO] [stdout] test tests_vec::test_forward_hessian_vec_f64_trait ... ok
[INFO] [stdout] test tests_vec::test_forward_hessian_vec_prod_vec_f64_trait ... ok
[INFO] [stdout] test tests_vec::test_forward_jacobian_pert_vec_f64_trait ... ok
[INFO] [stdout] test tests_vec::test_forward_jacobian_vec_f64_trait ... ok
[INFO] [stdout] test tests_vec::test_forward_jacobian_vec_prod_vec_f64_trait ... ok
[INFO] [stdout] 
[INFO] [stdout] test result: ok. 28 passed; 0 failed; 0 ignored; 0 measured; 0 filtered out; finished in 0.00s
[INFO] [stdout] 
[INFO] [stderr]    Doc-tests finitediff
[INFO] [stdout] 
[INFO] [stdout] running 9 tests
[INFO] [stdout] test src/lib.rs - (line 91) ... FAILED
[INFO] [stdout] test src/lib.rs - (line 272) ... ok
[INFO] [stdout] test src/lib.rs - (line 306) ... ok
[INFO] [stdout] test src/lib.rs - (line 362) ... ok
[INFO] [stdout] test src/lib.rs - (line 175) ... ok
[INFO] [stdout] test src/lib.rs - (line 213) ... ok
[INFO] [stdout] test src/lib.rs - (line 128) ... ok
[INFO] [stdout] test src/lib.rs - (line 61) ... ok
[INFO] [stdout] test src/lib.rs - (line 333) ... ok
[INFO] [stdout] 
[INFO] [stdout] failures:
[INFO] [stdout] 
[INFO] [stdout] ---- src/lib.rs - (line 91) stdout ----
[INFO] [stdout] error[E0432]: unresolved import `ndarray`
[INFO] [stdout]  --> src/lib.rs:92:5
[INFO] [stdout]   |
[INFO] [stdout] 4 | use ndarray::{array, Array1};
[INFO] [stdout]   |     ^^^^^^^ use of undeclared crate or module `ndarray`
[INFO] [stdout] 
[INFO] [stdout] error: cannot determine resolution for the macro `array`
[INFO] [stdout]   --> src/lib.rs:102:9
[INFO] [stdout]    |
[INFO] [stdout] 14 | let x = array![1.0f64, 1.0];
[INFO] [stdout]    |         ^^^^^
[INFO] [stdout]    |
[INFO] [stdout]    = note: import resolution is stuck, try simplifying macro imports
[INFO] [stdout] 
[INFO] [stdout] error: aborting due to 2 previous errors
[INFO] [stdout] 
[INFO] [stdout] For more information about this error, try `rustc --explain E0432`.
[INFO] [stdout] Couldn't compile the test.
[INFO] [stdout] 
[INFO] [stdout] failures:
[INFO] [stdout]     src/lib.rs - (line 91)
[INFO] [stdout] 
[INFO] [stdout] test result: FAILED. 8 passed; 1 failed; 0 ignored; 0 measured; 0 filtered out; finished in 0.37s
[INFO] [stdout] 
[INFO] [stderr] error: test failed, to rerun pass '--doc'
[INFO] running `Command { std: "docker" "inspect" "ca5265b63ce0e7506769619fc009689f036350d3b2bbef04d3020113eb2a1af8", kill_on_drop: false }`
[INFO] running `Command { std: "docker" "rm" "-f" "ca5265b63ce0e7506769619fc009689f036350d3b2bbef04d3020113eb2a1af8", kill_on_drop: false }`
[INFO] [stdout] ca5265b63ce0e7506769619fc009689f036350d3b2bbef04d3020113eb2a1af8
