[INFO] fetching crate findutils 0.1.0...
[INFO] testing findutils-0.1.0 against 1.54.0 for beta-1.55-1
[INFO] extracting crate findutils 0.1.0 into /workspace/builds/worker-12/source
[INFO] validating manifest of crates.io crate findutils 0.1.0 on toolchain 1.54.0
[INFO] running `Command { std: "/workspace/cargo-home/bin/cargo" "+1.54.0" "metadata" "--manifest-path" "Cargo.toml" "--no-deps", kill_on_drop: false }`
[INFO] started tweaking crates.io crate findutils 0.1.0
[INFO] finished tweaking crates.io crate findutils 0.1.0
[INFO] tweaked toml for crates.io crate findutils 0.1.0 written to /workspace/builds/worker-12/source/Cargo.toml
[INFO] crate crates.io crate findutils 0.1.0 already has a lockfile, it will not be regenerated
[INFO] running `Command { std: "/workspace/cargo-home/bin/cargo" "+1.54.0" "fetch" "--manifest-path" "Cargo.toml", kill_on_drop: false }`
[INFO] [stderr]     Blocking waiting for file lock on package cache
[INFO] running `Command { std: "docker" "create" "-v" "/var/lib/crater-agent-workspace/builds/worker-12/target:/opt/rustwide/target:rw,Z" "-v" "/var/lib/crater-agent-workspace/builds/worker-12/source:/opt/rustwide/workdir:ro,Z" "-v" "/var/lib/crater-agent-workspace/cargo-home:/opt/rustwide/cargo-home:ro,Z" "-v" "/var/lib/crater-agent-workspace/rustup-home:/opt/rustwide/rustup-home:ro,Z" "-e" "SOURCE_DIR=/opt/rustwide/workdir" "-e" "CARGO_TARGET_DIR=/opt/rustwide/target" "-e" "CARGO_HOME=/opt/rustwide/cargo-home" "-e" "RUSTUP_HOME=/opt/rustwide/rustup-home" "-w" "/opt/rustwide/workdir" "-m" "1610612736" "--user" "0:0" "--network" "none" "ghcr.io/rust-lang/crates-build-env/linux@sha256:34b6a614d2c27851fe6cbf88fbd1137609cefab8b10d0615aaeb6fd47975d74e" "/opt/rustwide/cargo-home/bin/cargo" "+1.54.0" "metadata" "--no-deps" "--format-version=1", kill_on_drop: false }`
[INFO] [stdout] fb5c284491e90401ac7b27a4a0b250a866bc9802a6be2c2c2b80db32637bb505
[INFO] running `Command { std: "docker" "start" "-a" "fb5c284491e90401ac7b27a4a0b250a866bc9802a6be2c2c2b80db32637bb505", kill_on_drop: false }`
[INFO] running `Command { std: "docker" "inspect" "fb5c284491e90401ac7b27a4a0b250a866bc9802a6be2c2c2b80db32637bb505", kill_on_drop: false }`
[INFO] running `Command { std: "docker" "rm" "-f" "fb5c284491e90401ac7b27a4a0b250a866bc9802a6be2c2c2b80db32637bb505", kill_on_drop: false }`
[INFO] [stdout] fb5c284491e90401ac7b27a4a0b250a866bc9802a6be2c2c2b80db32637bb505
[INFO] running `Command { std: "docker" "create" "-v" "/var/lib/crater-agent-workspace/builds/worker-12/target:/opt/rustwide/target:rw,Z" "-v" "/var/lib/crater-agent-workspace/builds/worker-12/source:/opt/rustwide/workdir:ro,Z" "-v" "/var/lib/crater-agent-workspace/cargo-home:/opt/rustwide/cargo-home:ro,Z" "-v" "/var/lib/crater-agent-workspace/rustup-home:/opt/rustwide/rustup-home:ro,Z" "-e" "SOURCE_DIR=/opt/rustwide/workdir" "-e" "CARGO_TARGET_DIR=/opt/rustwide/target" "-e" "CARGO_INCREMENTAL=0" "-e" "RUST_BACKTRACE=full" "-e" "RUSTFLAGS=--cap-lints=warn" "-e" "CARGO_HOME=/opt/rustwide/cargo-home" "-e" "RUSTUP_HOME=/opt/rustwide/rustup-home" "-w" "/opt/rustwide/workdir" "-m" "1610612736" "--user" "0:0" "--network" "none" "ghcr.io/rust-lang/crates-build-env/linux@sha256:34b6a614d2c27851fe6cbf88fbd1137609cefab8b10d0615aaeb6fd47975d74e" "/opt/rustwide/cargo-home/bin/cargo" "+1.54.0" "build" "--frozen" "--message-format=json", kill_on_drop: false }`
[INFO] [stdout] 0c2bfa80bc4a8c77af4cad171a919b8440b8c0791095bc4d3312f1e2ff548a62
[INFO] running `Command { std: "docker" "start" "-a" "0c2bfa80bc4a8c77af4cad171a919b8440b8c0791095bc4d3312f1e2ff548a62", kill_on_drop: false }`
[INFO] [stderr]    Compiling libc v0.2.81
[INFO] [stderr]    Compiling memchr v2.2.1
[INFO] [stderr]    Compiling same-file v1.0.4
[INFO] [stderr]    Compiling regex-syntax v0.6.22
[INFO] [stderr]    Compiling remove_dir_all v0.5.1
[INFO] [stderr]    Compiling walkdir v2.3.1
[INFO] [stderr]    Compiling aho-corasick v0.7.6
[INFO] [stderr]    Compiling rand v0.4.2
[INFO] [stderr]    Compiling tempdir v0.3.7
[INFO] [stderr]    Compiling regex v1.4.5
[INFO] [stderr]    Compiling findutils v0.1.0 (/opt/rustwide/workdir)
[INFO] [stderr]     Finished dev [unoptimized + debuginfo] target(s) in 7.10s
[INFO] running `Command { std: "docker" "inspect" "0c2bfa80bc4a8c77af4cad171a919b8440b8c0791095bc4d3312f1e2ff548a62", kill_on_drop: false }`
[INFO] running `Command { std: "docker" "rm" "-f" "0c2bfa80bc4a8c77af4cad171a919b8440b8c0791095bc4d3312f1e2ff548a62", kill_on_drop: false }`
[INFO] [stdout] 0c2bfa80bc4a8c77af4cad171a919b8440b8c0791095bc4d3312f1e2ff548a62
[INFO] running `Command { std: "docker" "create" "-v" "/var/lib/crater-agent-workspace/builds/worker-12/target:/opt/rustwide/target:rw,Z" "-v" "/var/lib/crater-agent-workspace/builds/worker-12/source:/opt/rustwide/workdir:ro,Z" "-v" "/var/lib/crater-agent-workspace/cargo-home:/opt/rustwide/cargo-home:ro,Z" "-v" "/var/lib/crater-agent-workspace/rustup-home:/opt/rustwide/rustup-home:ro,Z" "-e" "SOURCE_DIR=/opt/rustwide/workdir" "-e" "CARGO_TARGET_DIR=/opt/rustwide/target" "-e" "CARGO_INCREMENTAL=0" "-e" "RUST_BACKTRACE=full" "-e" "RUSTFLAGS=--cap-lints=warn" "-e" "CARGO_HOME=/opt/rustwide/cargo-home" "-e" "RUSTUP_HOME=/opt/rustwide/rustup-home" "-w" "/opt/rustwide/workdir" "-m" "1610612736" "--user" "0:0" "--network" "none" "ghcr.io/rust-lang/crates-build-env/linux@sha256:34b6a614d2c27851fe6cbf88fbd1137609cefab8b10d0615aaeb6fd47975d74e" "/opt/rustwide/cargo-home/bin/cargo" "+1.54.0" "test" "--frozen" "--no-run" "--message-format=json", kill_on_drop: false }`
[INFO] [stdout] b3fb2b06e349aab3c2eccc3140510011f0342fb03dc3f4cd9ff519e00cb1e29f
[INFO] running `Command { std: "docker" "start" "-a" "b3fb2b06e349aab3c2eccc3140510011f0342fb03dc3f4cd9ff519e00cb1e29f", kill_on_drop: false }`
[INFO] [stderr]     Blocking waiting for file lock on package cache
[INFO] [stderr]    Compiling proc-macro2 v1.0.24
[INFO] [stderr]    Compiling syn v1.0.56
[INFO] [stderr]    Compiling byteorder v1.4.2
[INFO] [stderr]    Compiling smallvec v1.6.0
[INFO] [stderr]    Compiling predicates-core v1.0.1
[INFO] [stderr]    Compiling scopeguard v1.1.0
[INFO] [stderr]    Compiling doc-comment v0.3.3
[INFO] [stderr]    Compiling difference v2.0.0
[INFO] [stderr]    Compiling treeline v0.1.0
[INFO] [stderr]    Compiling normalize-line-endings v0.3.0
[INFO] [stderr]    Compiling num-traits v0.2.14
[INFO] [stderr]    Compiling instant v0.1.9
[INFO] [stderr]    Compiling wait-timeout v0.2.0
[INFO] [stderr]    Compiling regex-automata v0.1.9
[INFO] [stderr]    Compiling lock_api v0.4.2
[INFO] [stderr]    Compiling predicates-tree v1.0.1
[INFO] [stderr]    Compiling parking_lot_core v0.8.2
[INFO] [stderr]    Compiling bstr v0.2.14
[INFO] [stderr]    Compiling parking_lot v0.11.1
[INFO] [stderr]    Compiling quote v1.0.8
[INFO] [stderr]    Compiling float-cmp v0.8.0
[INFO] [stderr]    Compiling predicates v1.0.7
[INFO] [stderr]    Compiling assert_cmd v1.0.3
[INFO] [stderr]    Compiling serial_test_derive v0.5.1
[INFO] [stderr]    Compiling serial_test v0.5.1
[INFO] [stderr]    Compiling findutils v0.1.0 (/opt/rustwide/workdir)
[INFO] [stderr]     Finished test [unoptimized + debuginfo] target(s) in 17.66s
[INFO] running `Command { std: "docker" "inspect" "b3fb2b06e349aab3c2eccc3140510011f0342fb03dc3f4cd9ff519e00cb1e29f", kill_on_drop: false }`
[INFO] running `Command { std: "docker" "rm" "-f" "b3fb2b06e349aab3c2eccc3140510011f0342fb03dc3f4cd9ff519e00cb1e29f", kill_on_drop: false }`
[INFO] [stdout] b3fb2b06e349aab3c2eccc3140510011f0342fb03dc3f4cd9ff519e00cb1e29f
[INFO] running `Command { std: "docker" "create" "-v" "/var/lib/crater-agent-workspace/builds/worker-12/target:/opt/rustwide/target:rw,Z" "-v" "/var/lib/crater-agent-workspace/builds/worker-12/source:/opt/rustwide/workdir:ro,Z" "-v" "/var/lib/crater-agent-workspace/cargo-home:/opt/rustwide/cargo-home:ro,Z" "-v" "/var/lib/crater-agent-workspace/rustup-home:/opt/rustwide/rustup-home:ro,Z" "-e" "SOURCE_DIR=/opt/rustwide/workdir" "-e" "CARGO_TARGET_DIR=/opt/rustwide/target" "-e" "CARGO_INCREMENTAL=0" "-e" "RUST_BACKTRACE=full" "-e" "RUSTFLAGS=--cap-lints=warn" "-e" "CARGO_HOME=/opt/rustwide/cargo-home" "-e" "RUSTUP_HOME=/opt/rustwide/rustup-home" "-w" "/opt/rustwide/workdir" "-m" "1610612736" "--user" "0:0" "--network" "none" "ghcr.io/rust-lang/crates-build-env/linux@sha256:34b6a614d2c27851fe6cbf88fbd1137609cefab8b10d0615aaeb6fd47975d74e" "/opt/rustwide/cargo-home/bin/cargo" "+1.54.0" "test" "--frozen", kill_on_drop: false }`
[INFO] [stdout] 1d2553b014eb33e0e9b994c2b6d1f427d98c7a57b65c85d5cb189b0941bdfec2
[INFO] running `Command { std: "docker" "start" "-a" "1d2553b014eb33e0e9b994c2b6d1f427d98c7a57b65c85d5cb189b0941bdfec2", kill_on_drop: false }`
[INFO] [stderr]     Finished test [unoptimized + debuginfo] target(s) in 0.07s
[INFO] [stderr]      Running unittests (/opt/rustwide/target/debug/deps/findutils-9480f791aa366a7e)
[INFO] [stdout] 
[INFO] [stdout] running 89 tests
[INFO] [stdout] test find::matchers::logical_matchers::tests::false_has_side_effects_works ... ok
[INFO] [stdout] test find::matchers::logical_matchers::tests::and_matches_works ... ok
[INFO] [stdout] test find::matchers::logical_matchers::tests::list_has_side_effects_works ... ok
[INFO] [stdout] test find::matchers::logical_matchers::tests::false_matches_works ... ok
[INFO] [stdout] test find::matchers::logical_matchers::tests::not_has_side_effects_works ... ok
[INFO] [stdout] test find::matchers::logical_matchers::tests::and_has_side_effects_works ... ok
[INFO] [stdout] test find::matchers::logical_matchers::tests::list_matches_works ... ok
[INFO] [stdout] test find::matchers::logical_matchers::tests::or_has_side_effects_works ... ok
[INFO] [stdout] test find::matchers::logical_matchers::tests::true_has_side_effects_works ... ok
[INFO] [stdout] test find::matchers::logical_matchers::tests::or_matches_works ... ok
[INFO] [stdout] test find::matchers::logical_matchers::tests::true_matches_works ... ok
[INFO] [stdout] test find::matchers::name::tests::caseless_cant_create_with_invalid_pattern ... ok
[INFO] [stdout] test find::matchers::name::tests::caseless_matching_with_right_case_returns_true ... ok
[INFO] [stdout] test find::matchers::name::tests::caseless_matching_with_wrong_case_returns_true ... ok
[INFO] [stdout] test find::matchers::name::tests::caseless_not_matching_returns_false ... ok
[INFO] [stdout] test find::matchers::name::tests::matching_with_right_case_returns_true ... ok
[INFO] [stdout] test find::matchers::name::tests::matching_with_wrong_case_returns_false ... ok
[INFO] [stdout] test find::matchers::perm::tests::comparison_type_matching ... ok
[INFO] [stdout] test find::matchers::logical_matchers::tests::not_matches_works ... ok
[INFO] [stdout] test find::matchers::name::tests::not_matching_returns_false ... ok
[INFO] [stdout] test find::matchers::name::tests::cant_create_with_invalid_pattern ... ok
[INFO] [stdout] test find::matchers::perm::tests::perm_matches ... ok
[INFO] [stdout] test find::matchers::perm::tests::parsing_human_readable_sticky_bit ... ok
[INFO] [stdout] test find::matchers::perm::tests::parsing_octal ... ok
[INFO] [stdout] test find::matchers::size::tests::size_matcher_bad_unit ... ok
[INFO] [stdout] test find::matchers::size::tests::test_byte_size_to_unit_size ... ok
[INFO] [stdout] test find::matchers::size::tests::unit_from_string ... ok
[INFO] [stdout] test find::matchers::tests::build_top_level_exec_should_eat_args ... ok
[INFO] [stdout] test find::matchers::tests::build_top_level_matcher_and_without_expr1 ... ok
[INFO] [stdout] test find::matchers::tests::build_top_level_matcher_and_without_expr2 ... ok
[INFO] [stdout] test find::matchers::perm::tests::parsing_prefix ... ok
[INFO] [stdout] test find::matchers::size::tests::size_matcher ... ok
[INFO] [stdout] test find::matchers::prune::tests::file_type_matcher ... ok
[INFO] [stdout] test find::matchers::printer::tests::prints ... ok
[INFO] [stdout] test find::matchers::tests::build_top_level_exec_not_enough_args ... ok
[INFO] [stdout] test find::matchers::perm::tests::parsing_human_readable_multiple_categories ... ok
[INFO] [stdout] test find::matchers::perm::tests::parsing_human_readable_multiple_bits ... ok
[INFO] [stdout] test find::matchers::tests::build_top_level_matcher_and_works ... ok
[INFO] [stdout] test find::matchers::perm::tests::parsing_human_readable_set_id_bits ... ok
[INFO] [stdout] test find::matchers::tests::build_top_level_matcher_brackets_work ... ok
[INFO] [stdout] test find::matchers::tests::build_top_level_matcher_can_use_bracket_as_arg ... ok
[INFO] [stdout] test find::matchers::tests::build_top_level_matcher_dash_a_works ... ok
[INFO] [stdout] test find::matchers::tests::build_top_level_matcher_iname ... ok
[INFO] [stdout] test find::matchers::tests::build_top_level_matcher_list_works ... ok
[INFO] [stdout] test find::matchers::tests::build_top_level_matcher_missing_args ... ok
[INFO] [stdout] test find::matchers::tests::build_top_level_matcher_name ... ok
[INFO] [stdout] test find::matchers::perm::tests::parsing_fails ... ok
[INFO] [stdout] test find::matchers::tests::build_top_level_matcher_list_without_expr1 ... ok
[INFO] [stdout] test find::matchers::perm::tests::parsing_human_readable_individual_bits ... ok
[INFO] [stdout] test find::matchers::tests::build_top_level_matcher_list_without_expr2 ... ok
[INFO] [stdout] test find::matchers::tests::build_top_level_matcher_not ... ok
[INFO] [stdout] test find::matchers::tests::build_top_level_matcher_not_and_brackets_work ... ok
[INFO] [stdout] test find::matchers::tests::build_top_level_matcher_bad_ctime_value ... ok
[INFO] [stdout] test find::matchers::tests::build_top_level_matcher_not_needs_expression ... ok
[INFO] [stdout] test find::matchers::tests::build_top_level_matcher_not_enough_brackets ... ok
[INFO] [stdout] test find::matchers::tests::build_top_level_matcher_not_double_negation ... ok
[INFO] [stdout] test find::matchers::delete::tests::delete_matcher ... FAILED
[INFO] [stdout] test find::matchers::tests::build_top_level_matcher_or_without_expr1 ... ok
[INFO] [stdout] test find::matchers::tests::build_top_level_matcher_or_works ... ok
[INFO] [stdout] test find::matchers::tests::build_top_level_matcher_or_without_expr2 ... ok
[INFO] [stdout] test find::matchers::tests::comparable_value_matches ... ok
[INFO] [stdout] test find::matchers::time::tests::file_time_matcher ... ok
[INFO] [stdout] test find::matchers::type_matcher::tests::file_type_matcher ... ok
[INFO] [stdout] test find::matchers::type_matcher::tests::unix_extra_type_matcher ... ok
[INFO] [stdout] test find::matchers::type_matcher::tests::link_type_matcher ... FAILED
[INFO] [stdout] test find::matchers::tests::build_top_level_matcher_too_many_brackets ... ok
[INFO] [stdout] test find::matchers::type_matcher::tests::dir_type_matcher ... ok
[INFO] [stdout] test find::matchers::tests::comparable_value_imatches ... ok
[INFO] [stdout] test find::matchers::type_matcher::tests::cant_create_with_invalid_pattern ... ok
[INFO] [stdout] test find::tests::find_main_not_depth_first ... ok
[INFO] [stdout] test find::tests::find_main_depth_first ... ok
[INFO] [stdout] test find::tests::find_maxdepth ... ok
[INFO] [stdout] test find::tests::find_mindepth_depth_first ... ok
[INFO] [stdout] test find::tests::find_mindepth ... ok
[INFO] [stdout] test find::tests::find_maxdepth_depth_first ... ok
[INFO] [stdout] test find::matchers::tests::build_top_level_matcher_perm ... ok
[INFO] [stdout] test find::tests::find_prune ... ok
[INFO] [stdout] test find::matchers::tests::build_top_level_matcher_perm_bad ... ok
[INFO] [stdout] test find::tests::find_zero_maxdepth ... ok
[INFO] [stdout] test find::tests::parse_args_bad_flag ... ok
[INFO] [stdout] test find::tests::find_zero_maxdepth_depth_first ... ok
[INFO] [stdout] test find::tests::find_atime ... ok
[INFO] [stdout] test find::tests::parse_args_handles_single_dash ... ok
[INFO] [stdout] test find::tests::find_mtime ... ok
[INFO] [stdout] test find::tests::find_size ... ok
[INFO] [stdout] test find::tests::find_ctime ... ok
[INFO] [stdout] test find::matchers::time::tests::newer_matcher ... ok
[INFO] [stdout] test find::tests::find_newer ... ok
[INFO] [stderr] error: test failed, to rerun pass '--lib'
[INFO] [stdout] test find::matchers::time::tests::file_time_matcher_modified_created_accessed ... ok
[INFO] [stdout] 
[INFO] [stdout] failures:
[INFO] [stdout] 
[INFO] [stdout] ---- find::matchers::delete::tests::delete_matcher stdout ----
[INFO] [stdout] thread 'find::matchers::delete::tests::delete_matcher' panicked at 'made temp dir: Os { code: 30, kind: Other, message: "Read-only file system" }', src/find/matchers/delete.rs:78:71
[INFO] [stdout] stack backtrace:
[INFO] [stdout]    0:     0x55d0e9cd1fe0 - std::backtrace_rs::backtrace::libunwind::trace::h34055254b57d8e79
[INFO] [stdout]                                at /rustc/a178d0322ce20e33eac124758e837cbd80a6f633/library/std/src/../../backtrace/src/backtrace/libunwind.rs:90:5
[INFO] [stdout]    1:     0x55d0e9cd1fe0 - std::backtrace_rs::backtrace::trace_unsynchronized::h8f1e3fbd9afff6ec
[INFO] [stdout]                                at /rustc/a178d0322ce20e33eac124758e837cbd80a6f633/library/std/src/../../backtrace/src/backtrace/mod.rs:66:5
[INFO] [stdout]    2:     0x55d0e9cd1fe0 - std::sys_common::backtrace::_print_fmt::h3a99a796b770c360
[INFO] [stdout]                                at /rustc/a178d0322ce20e33eac124758e837cbd80a6f633/library/std/src/sys_common/backtrace.rs:67:5
[INFO] [stdout]    3:     0x55d0e9cd1fe0 - <std::sys_common::backtrace::_print::DisplayBacktrace as core::fmt::Display>::fmt::h32d1f94a80615d18
[INFO] [stdout]                                at /rustc/a178d0322ce20e33eac124758e837cbd80a6f633/library/std/src/sys_common/backtrace.rs:46:22
[INFO] [stdout]    4:     0x55d0e9cf63cc - core::fmt::write::h306731c068f7162c
[INFO] [stdout]                                at /rustc/a178d0322ce20e33eac124758e837cbd80a6f633/library/core/src/fmt/mod.rs:1110:17
[INFO] [stdout]    5:     0x55d0e9cce785 - std::io::Write::write_fmt::h87f19b0a2cd190bc
[INFO] [stdout]                                at /rustc/a178d0322ce20e33eac124758e837cbd80a6f633/library/std/src/io/mod.rs:1588:15
[INFO] [stdout]    6:     0x55d0e9cd458b - std::sys_common::backtrace::_print::h5abaa2601a852287
[INFO] [stdout]                                at /rustc/a178d0322ce20e33eac124758e837cbd80a6f633/library/std/src/sys_common/backtrace.rs:49:5
[INFO] [stdout]    7:     0x55d0e9cd458b - std::sys_common::backtrace::print::h8d81445442bb638f
[INFO] [stdout]                                at /rustc/a178d0322ce20e33eac124758e837cbd80a6f633/library/std/src/sys_common/backtrace.rs:36:9
[INFO] [stdout]    8:     0x55d0e9cd458b - std::panicking::default_hook::{{closure}}::hcfe804496a9fa747
[INFO] [stdout]                                at /rustc/a178d0322ce20e33eac124758e837cbd80a6f633/library/std/src/panicking.rs:208:50
[INFO] [stdout]    9:     0x55d0e9cd409c - std::panicking::default_hook::hbea8e3ccf2ba8901
[INFO] [stdout]                                at /rustc/a178d0322ce20e33eac124758e837cbd80a6f633/library/std/src/panicking.rs:222:9
[INFO] [stdout]   10:     0x55d0e9cd4c54 - std::panicking::rust_panic_with_hook::h7ee9e1a2d0f8975a
[INFO] [stdout]                                at /rustc/a178d0322ce20e33eac124758e837cbd80a6f633/library/std/src/panicking.rs:622:17
[INFO] [stdout]   11:     0x55d0e9cd4737 - std::panicking::begin_panic_handler::{{closure}}::h8ab3b4491718b2c7
[INFO] [stdout]                                at /rustc/a178d0322ce20e33eac124758e837cbd80a6f633/library/std/src/panicking.rs:519:13
[INFO] [stdout]   12:     0x55d0e9cd24dc - std::sys_common::backtrace::__rust_end_short_backtrace::hd489062ffa586a9f
[INFO] [stdout]                                at /rustc/a178d0322ce20e33eac124758e837cbd80a6f633/library/std/src/sys_common/backtrace.rs:141:18
[INFO] [stdout]   13:     0x55d0e9cd4699 - rust_begin_unwind
[INFO] [stdout]                                at /rustc/a178d0322ce20e33eac124758e837cbd80a6f633/library/std/src/panicking.rs:515:5
[INFO] [stdout]   14:     0x55d0e9a55b41 - core::panicking::panic_fmt::hca6330e3e14086b4
[INFO] [stdout]                                at /rustc/a178d0322ce20e33eac124758e837cbd80a6f633/library/core/src/panicking.rs:92:14
[INFO] [stdout]   15:     0x55d0e9a55c33 - core::result::unwrap_failed::h6160d2b4bfbb0e87
[INFO] [stdout]                                at /rustc/a178d0322ce20e33eac124758e837cbd80a6f633/library/core/src/result.rs:1355:5
[INFO] [stdout]   16:     0x55d0e9a8f646 - core::result::Result<T,E>::expect::hccc892b1a07aa135
[INFO] [stdout]                                at /rustc/a178d0322ce20e33eac124758e837cbd80a6f633/library/core/src/result.rs:997:23
[INFO] [stdout]   17:     0x55d0e9a5d279 - findutils::find::matchers::delete::tests::delete_matcher::h9264ecaa8f97c9d1
[INFO] [stdout]                                at /opt/rustwide/workdir/src/find/matchers/delete.rs:78:24
[INFO] [stdout]   18:     0x55d0e9a5d1fa - findutils::find::matchers::delete::tests::delete_matcher::{{closure}}::h7da89917f74332e4
[INFO] [stdout]                                at /opt/rustwide/workdir/src/find/matchers/delete.rs:74:5
[INFO] [stdout]   19:     0x55d0e9a6114e - core::ops::function::FnOnce::call_once::h7e31663ddb9e35d0
[INFO] [stdout]                                at /rustc/a178d0322ce20e33eac124758e837cbd80a6f633/library/core/src/ops/function.rs:227:5
[INFO] [stdout]   20:     0x55d0e9abb503 - core::ops::function::FnOnce::call_once::h152e7e439ff59e19
[INFO] [stdout]                                at /rustc/a178d0322ce20e33eac124758e837cbd80a6f633/library/core/src/ops/function.rs:227:5
[INFO] [stdout]   21:     0x55d0e9abb503 - test::__rust_begin_short_backtrace::h0908f3b1fdbb72ab
[INFO] [stdout]                                at /rustc/a178d0322ce20e33eac124758e837cbd80a6f633/library/test/src/lib.rs:577:5
[INFO] [stdout]   22:     0x55d0e9ab9fc0 - <alloc::boxed::Box<F,A> as core::ops::function::FnOnce<Args>>::call_once::hf6d2a51e5587546c
[INFO] [stdout]                                at /rustc/a178d0322ce20e33eac124758e837cbd80a6f633/library/alloc/src/boxed.rs:1575:9
[INFO] [stdout]   23:     0x55d0e9ab9fc0 - <std::panic::AssertUnwindSafe<F> as core::ops::function::FnOnce<()>>::call_once::h8af660f3a89ef593
[INFO] [stdout]                                at /rustc/a178d0322ce20e33eac124758e837cbd80a6f633/library/std/src/panic.rs:347:9
[INFO] [stdout]   24:     0x55d0e9ab9fc0 - std::panicking::try::do_call::hd36aef60f84b6d36
[INFO] [stdout]                                at /rustc/a178d0322ce20e33eac124758e837cbd80a6f633/library/std/src/panicking.rs:401:40
[INFO] [stdout]   25:     0x55d0e9ab9fc0 - std::panicking::try::h9932b4480e69817c
[INFO] [stdout]                                at /rustc/a178d0322ce20e33eac124758e837cbd80a6f633/library/std/src/panicking.rs:365:19
[INFO] [stdout]   26:     0x55d0e9ab9fc0 - std::panic::catch_unwind::h6aa177099cfff5f8
[INFO] [stdout]                                at /rustc/a178d0322ce20e33eac124758e837cbd80a6f633/library/std/src/panic.rs:434:14
[INFO] [stdout]   27:     0x55d0e9ab9fc0 - test::run_test_in_process::h5884d6f2d99e20c3
[INFO] [stdout]                                at /rustc/a178d0322ce20e33eac124758e837cbd80a6f633/library/test/src/lib.rs:600:18
[INFO] [stdout]   28:     0x55d0e9ab9fc0 - test::run_test::run_test_inner::{{closure}}::h6fdc58c6d5f5b6e3
[INFO] [stdout]                                at /rustc/a178d0322ce20e33eac124758e837cbd80a6f633/library/test/src/lib.rs:492:39
[INFO] [stdout]   29:     0x55d0e9a93672 - test::run_test::run_test_inner::{{closure}}::h408365d67a78ade8
[INFO] [stdout]                                at /rustc/a178d0322ce20e33eac124758e837cbd80a6f633/library/test/src/lib.rs:519:37
[INFO] [stdout]   30:     0x55d0e9a93672 - std::sys_common::backtrace::__rust_begin_short_backtrace::hb560b77c4f701523
[INFO] [stdout]                                at /rustc/a178d0322ce20e33eac124758e837cbd80a6f633/library/std/src/sys_common/backtrace.rs:125:18
[INFO] [stdout]   31:     0x55d0e9a97228 - std::thread::Builder::spawn_unchecked::{{closure}}::{{closure}}::hf2e7831dad93c597
[INFO] [stdout]                                at /rustc/a178d0322ce20e33eac124758e837cbd80a6f633/library/std/src/thread/mod.rs:481:17
[INFO] [stdout]   32:     0x55d0e9a97228 - <std::panic::AssertUnwindSafe<F> as core::ops::function::FnOnce<()>>::call_once::hd2e08783d8be4d02
[INFO] [stdout]                                at /rustc/a178d0322ce20e33eac124758e837cbd80a6f633/library/std/src/panic.rs:347:9
[INFO] [stdout]   33:     0x55d0e9a97228 - std::panicking::try::do_call::h062597b7acfd6b82
[INFO] [stdout]                                at /rustc/a178d0322ce20e33eac124758e837cbd80a6f633/library/std/src/panicking.rs:401:40
[INFO] [stdout]   34:     0x55d0e9a97228 - std::panicking::try::h0d7b79db04c14552
[INFO] [stdout]                                at /rustc/a178d0322ce20e33eac124758e837cbd80a6f633/library/std/src/panicking.rs:365:19
[INFO] [stdout]   35:     0x55d0e9a97228 - std::panic::catch_unwind::hb01a0b5e7c8cd43b
[INFO] [stdout]                                at /rustc/a178d0322ce20e33eac124758e837cbd80a6f633/library/std/src/panic.rs:434:14
[INFO] [stdout]   36:     0x55d0e9a97228 - std::thread::Builder::spawn_unchecked::{{closure}}::h5bde48cc887e0d1e
[INFO] [stdout]                                at /rustc/a178d0322ce20e33eac124758e837cbd80a6f633/library/std/src/thread/mod.rs:480:30
[INFO] [stdout]   37:     0x55d0e9a97228 - core::ops::function::FnOnce::call_once{{vtable.shim}}::h745ea30807a29e55
[INFO] [stdout]                                at /rustc/a178d0322ce20e33eac124758e837cbd80a6f633/library/core/src/ops/function.rs:227:5
[INFO] [stdout]   38:     0x55d0e9cda767 - <alloc::boxed::Box<F,A> as core::ops::function::FnOnce<Args>>::call_once::h7ece6cfefaff1005
[INFO] [stdout]                                at /rustc/a178d0322ce20e33eac124758e837cbd80a6f633/library/alloc/src/boxed.rs:1575:9
[INFO] [stdout]   39:     0x55d0e9cda767 - <alloc::boxed::Box<F,A> as core::ops::function::FnOnce<Args>>::call_once::hb8b48e55c21f193e
[INFO] [stdout]                                at /rustc/a178d0322ce20e33eac124758e837cbd80a6f633/library/alloc/src/boxed.rs:1575:9
[INFO] [stdout]   40:     0x55d0e9cda767 - std::sys::unix::thread::Thread::new::thread_start::h8c7c4450dba62914
[INFO] [stdout]                                at /rustc/a178d0322ce20e33eac124758e837cbd80a6f633/library/std/src/sys/unix/thread.rs:71:17
[INFO] [stdout]   41:     0x7ff6c0e08609 - start_thread
[INFO] [stdout]   42:     0x7ff6c0bda293 - clone
[INFO] [stdout]   43:                0x0 - <unknown>
[INFO] [stdout] 
[INFO] [stdout] ---- find::matchers::type_matcher::tests::link_type_matcher stdout ----
[INFO] [stdout] thread 'find::matchers::type_matcher::tests::link_type_matcher' panicked at 'Failed to create sym link: Os { code: 30, kind: Other, message: "Read-only file system" }', src/find/matchers/type_matcher.rs:118:21
[INFO] [stdout] stack backtrace:
[INFO] [stdout]    0:     0x55d0e9cd1fe0 - std::backtrace_rs::backtrace::libunwind::trace::h34055254b57d8e79
[INFO] [stdout]                                at /rustc/a178d0322ce20e33eac124758e837cbd80a6f633/library/std/src/../../backtrace/src/backtrace/libunwind.rs:90:5
[INFO] [stdout]    1:     0x55d0e9cd1fe0 - std::backtrace_rs::backtrace::trace_unsynchronized::h8f1e3fbd9afff6ec
[INFO] [stdout]                                at /rustc/a178d0322ce20e33eac124758e837cbd80a6f633/library/std/src/../../backtrace/src/backtrace/mod.rs:66:5
[INFO] [stdout]    2:     0x55d0e9cd1fe0 - std::sys_common::backtrace::_print_fmt::h3a99a796b770c360
[INFO] [stdout]                                at /rustc/a178d0322ce20e33eac124758e837cbd80a6f633/library/std/src/sys_common/backtrace.rs:67:5
[INFO] [stdout]    3:     0x55d0e9cd1fe0 - <std::sys_common::backtrace::_print::DisplayBacktrace as core::fmt::Display>::fmt::h32d1f94a80615d18
[INFO] [stdout]                                at /rustc/a178d0322ce20e33eac124758e837cbd80a6f633/library/std/src/sys_common/backtrace.rs:46:22
[INFO] [stdout]    4:     0x55d0e9cf63cc - core::fmt::write::h306731c068f7162c
[INFO] [stdout]                                at /rustc/a178d0322ce20e33eac124758e837cbd80a6f633/library/core/src/fmt/mod.rs:1110:17
[INFO] [stdout]    5:     0x55d0e9cce785 - std::io::Write::write_fmt::h87f19b0a2cd190bc
[INFO] [stdout]                                at /rustc/a178d0322ce20e33eac124758e837cbd80a6f633/library/std/src/io/mod.rs:1588:15
[INFO] [stdout]    6:     0x55d0e9cd458b - std::sys_common::backtrace::_print::h5abaa2601a852287
[INFO] [stdout]                                at /rustc/a178d0322ce20e33eac124758e837cbd80a6f633/library/std/src/sys_common/backtrace.rs:49:5
[INFO] [stdout]    7:     0x55d0e9cd458b - std::sys_common::backtrace::print::h8d81445442bb638f
[INFO] [stdout]                                at /rustc/a178d0322ce20e33eac124758e837cbd80a6f633/library/std/src/sys_common/backtrace.rs:36:9
[INFO] [stdout]    8:     0x55d0e9cd458b - std::panicking::default_hook::{{closure}}::hcfe804496a9fa747
[INFO] [stdout]                                at /rustc/a178d0322ce20e33eac124758e837cbd80a6f633/library/std/src/panicking.rs:208:50
[INFO] [stdout]    9:     0x55d0e9cd409c - std::panicking::default_hook::hbea8e3ccf2ba8901
[INFO] [stdout]                                at /rustc/a178d0322ce20e33eac124758e837cbd80a6f633/library/std/src/panicking.rs:222:9
[INFO] [stdout]   10:     0x55d0e9cd4c54 - std::panicking::rust_panic_with_hook::h7ee9e1a2d0f8975a
[INFO] [stdout]                                at /rustc/a178d0322ce20e33eac124758e837cbd80a6f633/library/std/src/panicking.rs:622:17
[INFO] [stdout]   11:     0x55d0e9cd4737 - std::panicking::begin_panic_handler::{{closure}}::h8ab3b4491718b2c7
[INFO] [stdout]                                at /rustc/a178d0322ce20e33eac124758e837cbd80a6f633/library/std/src/panicking.rs:519:13
[INFO] [stdout]   12:     0x55d0e9cd24dc - std::sys_common::backtrace::__rust_end_short_backtrace::hd489062ffa586a9f
[INFO] [stdout]                                at /rustc/a178d0322ce20e33eac124758e837cbd80a6f633/library/std/src/sys_common/backtrace.rs:141:18
[INFO] [stdout]   13:     0x55d0e9cd4699 - rust_begin_unwind
[INFO] [stdout]                                at /rustc/a178d0322ce20e33eac124758e837cbd80a6f633/library/std/src/panicking.rs:515:5
[INFO] [stdout]   14:     0x55d0e9a54f3b - std::panicking::begin_panic_fmt::h5479575e112541f8
[INFO] [stdout]                                at /rustc/a178d0322ce20e33eac124758e837cbd80a6f633/library/std/src/panicking.rs:457:5
[INFO] [stdout]   15:     0x55d0e9a7968e - findutils::find::matchers::type_matcher::tests::link_type_matcher::h7c3aa403f2bbdc1c
[INFO] [stdout]                                at /opt/rustwide/workdir/src/find/matchers/type_matcher.rs:118:21
[INFO] [stdout]   16:     0x55d0e9a794ba - findutils::find::matchers::type_matcher::tests::link_type_matcher::{{closure}}::hef9134e712229ff0
[INFO] [stdout]                                at /opt/rustwide/workdir/src/find/matchers/type_matcher.rs:113:5
[INFO] [stdout]   17:     0x55d0e9a607ce - core::ops::function::FnOnce::call_once::h0a1ae847d6506e78
[INFO] [stdout]                                at /rustc/a178d0322ce20e33eac124758e837cbd80a6f633/library/core/src/ops/function.rs:227:5
[INFO] [stdout]   18:     0x55d0e9abb503 - core::ops::function::FnOnce::call_once::h152e7e439ff59e19
[INFO] [stdout]                                at /rustc/a178d0322ce20e33eac124758e837cbd80a6f633/library/core/src/ops/function.rs:227:5
[INFO] [stdout]   19:     0x55d0e9abb503 - test::__rust_begin_short_backtrace::h0908f3b1fdbb72ab
[INFO] [stdout]                                at /rustc/a178d0322ce20e33eac124758e837cbd80a6f633/library/test/src/lib.rs:577:5
[INFO] [stdout]   20:     0x55d0e9ab9fc0 - <alloc::boxed::Box<F,A> as core::ops::function::FnOnce<Args>>::call_once::hf6d2a51e5587546c
[INFO] [stdout]                                at /rustc/a178d0322ce20e33eac124758e837cbd80a6f633/library/alloc/src/boxed.rs:1575:9
[INFO] [stdout]   21:     0x55d0e9ab9fc0 - <std::panic::AssertUnwindSafe<F> as core::ops::function::FnOnce<()>>::call_once::h8af660f3a89ef593
[INFO] [stdout]                                at /rustc/a178d0322ce20e33eac124758e837cbd80a6f633/library/std/src/panic.rs:347:9
[INFO] [stdout]   22:     0x55d0e9ab9fc0 - std::panicking::try::do_call::hd36aef60f84b6d36
[INFO] [stdout]                                at /rustc/a178d0322ce20e33eac124758e837cbd80a6f633/library/std/src/panicking.rs:401:40
[INFO] [stdout]   23:     0x55d0e9ab9fc0 - std::panicking::try::h9932b4480e69817c
[INFO] [stdout]                                at /rustc/a178d0322ce20e33eac124758e837cbd80a6f633/library/std/src/panicking.rs:365:19
[INFO] [stdout]   24:     0x55d0e9ab9fc0 - std::panic::catch_unwind::h6aa177099cfff5f8
[INFO] [stdout]                                at /rustc/a178d0322ce20e33eac124758e837cbd80a6f633/library/std/src/panic.rs:434:14
[INFO] [stdout]   25:     0x55d0e9ab9fc0 - test::run_test_in_process::h5884d6f2d99e20c3
[INFO] [stdout]                                at /rustc/a178d0322ce20e33eac124758e837cbd80a6f633/library/test/src/lib.rs:600:18
[INFO] [stdout]   26:     0x55d0e9ab9fc0 - test::run_test::run_test_inner::{{closure}}::h6fdc58c6d5f5b6e3
[INFO] [stdout]                                at /rustc/a178d0322ce20e33eac124758e837cbd80a6f633/library/test/src/lib.rs:492:39
[INFO] [stdout]   27:     0x55d0e9a93672 - test::run_test::run_test_inner::{{closure}}::h408365d67a78ade8
[INFO] [stdout]                                at /rustc/a178d0322ce20e33eac124758e837cbd80a6f633/library/test/src/lib.rs:519:37
[INFO] [stdout]   28:     0x55d0e9a93672 - std::sys_common::backtrace::__rust_begin_short_backtrace::hb560b77c4f701523
[INFO] [stdout]                                at /rustc/a178d0322ce20e33eac124758e837cbd80a6f633/library/std/src/sys_common/backtrace.rs:125:18
[INFO] [stdout]   29:     0x55d0e9a97228 - std::thread::Builder::spawn_unchecked::{{closure}}::{{closure}}::hf2e7831dad93c597
[INFO] [stdout]                                at /rustc/a178d0322ce20e33eac124758e837cbd80a6f633/library/std/src/thread/mod.rs:481:17
[INFO] [stdout]   30:     0x55d0e9a97228 - <std::panic::AssertUnwindSafe<F> as core::ops::function::FnOnce<()>>::call_once::hd2e08783d8be4d02
[INFO] [stdout]                                at /rustc/a178d0322ce20e33eac124758e837cbd80a6f633/library/std/src/panic.rs:347:9
[INFO] [stdout]   31:     0x55d0e9a97228 - std::panicking::try::do_call::h062597b7acfd6b82
[INFO] [stdout]                                at /rustc/a178d0322ce20e33eac124758e837cbd80a6f633/library/std/src/panicking.rs:401:40
[INFO] [stdout]   32:     0x55d0e9a97228 - std::panicking::try::h0d7b79db04c14552
[INFO] [stdout]                                at /rustc/a178d0322ce20e33eac124758e837cbd80a6f633/library/std/src/panicking.rs:365:19
[INFO] [stdout]   33:     0x55d0e9a97228 - std::panic::catch_unwind::hb01a0b5e7c8cd43b
[INFO] [stdout]                                at /rustc/a178d0322ce20e33eac124758e837cbd80a6f633/library/std/src/panic.rs:434:14
[INFO] [stdout]   34:     0x55d0e9a97228 - std::thread::Builder::spawn_unchecked::{{closure}}::h5bde48cc887e0d1e
[INFO] [stdout]                                at /rustc/a178d0322ce20e33eac124758e837cbd80a6f633/library/std/src/thread/mod.rs:480:30
[INFO] [stdout]   35:     0x55d0e9a97228 - core::ops::function::FnOnce::call_once{{vtable.shim}}::h745ea30807a29e55
[INFO] [stdout]                                at /rustc/a178d0322ce20e33eac124758e837cbd80a6f633/library/core/src/ops/function.rs:227:5
[INFO] [stdout]   36:     0x55d0e9cda767 - <alloc::boxed::Box<F,A> as core::ops::function::FnOnce<Args>>::call_once::h7ece6cfefaff1005
[INFO] [stdout]                                at /rustc/a178d0322ce20e33eac124758e837cbd80a6f633/library/alloc/src/boxed.rs:1575:9
[INFO] [stdout]   37:     0x55d0e9cda767 - <alloc::boxed::Box<F,A> as core::ops::function::FnOnce<Args>>::call_once::hb8b48e55c21f193e
[INFO] [stdout]                                at /rustc/a178d0322ce20e33eac124758e837cbd80a6f633/library/alloc/src/boxed.rs:1575:9
[INFO] [stdout]   38:     0x55d0e9cda767 - std::sys::unix::thread::Thread::new::thread_start::h8c7c4450dba62914
[INFO] [stdout]                                at /rustc/a178d0322ce20e33eac124758e837cbd80a6f633/library/std/src/sys/unix/thread.rs:71:17
[INFO] [stdout]   39:     0x7ff6c0e08609 - start_thread
[INFO] [stdout]   40:     0x7ff6c0bda293 - clone
[INFO] [stdout]   41:                0x0 - <unknown>
[INFO] [stdout] 
[INFO] [stdout] 
[INFO] [stdout] failures:
[INFO] [stdout]     find::matchers::delete::tests::delete_matcher
[INFO] [stdout]     find::matchers::type_matcher::tests::link_type_matcher
[INFO] [stdout] 
[INFO] [stdout] test result: FAILED. 87 passed; 2 failed; 0 ignored; 0 measured; 0 filtered out; finished in 6.17s
[INFO] [stdout] 
[INFO] running `Command { std: "docker" "inspect" "1d2553b014eb33e0e9b994c2b6d1f427d98c7a57b65c85d5cb189b0941bdfec2", kill_on_drop: false }`
[INFO] running `Command { std: "docker" "rm" "-f" "1d2553b014eb33e0e9b994c2b6d1f427d98c7a57b65c85d5cb189b0941bdfec2", kill_on_drop: false }`
[INFO] [stdout] 1d2553b014eb33e0e9b994c2b6d1f427d98c7a57b65c85d5cb189b0941bdfec2
