[INFO] fetching crate find-file 2.0.0...
[INFO] testing find-file-2.0.0 against beta-2021-08-01 for beta-1.55-1
[INFO] extracting crate find-file 2.0.0 into /workspace/builds/worker-65/source
[INFO] validating manifest of crates.io crate find-file 2.0.0 on toolchain beta-2021-08-01
[INFO] running `Command { std: "/workspace/cargo-home/bin/cargo" "+beta-2021-08-01" "metadata" "--manifest-path" "Cargo.toml" "--no-deps", kill_on_drop: false }`
[INFO] started tweaking crates.io crate find-file 2.0.0
[INFO] finished tweaking crates.io crate find-file 2.0.0
[INFO] tweaked toml for crates.io crate find-file 2.0.0 written to /workspace/builds/worker-65/source/Cargo.toml
[INFO] running `Command { std: "/workspace/cargo-home/bin/cargo" "+beta-2021-08-01" "generate-lockfile" "--manifest-path" "Cargo.toml" "-Zno-index-update", kill_on_drop: false }`
[INFO] [stderr]     Blocking waiting for file lock on package cache
[INFO] running `Command { std: "/workspace/cargo-home/bin/cargo" "+beta-2021-08-01" "fetch" "--manifest-path" "Cargo.toml", kill_on_drop: false }`
[INFO] [stderr]     Blocking waiting for file lock on package cache
[INFO] [stderr]     Blocking waiting for file lock on package cache
[INFO] running `Command { std: "docker" "create" "-v" "/var/lib/crater-agent-workspace/builds/worker-65/target:/opt/rustwide/target:rw,Z" "-v" "/var/lib/crater-agent-workspace/builds/worker-65/source:/opt/rustwide/workdir:ro,Z" "-v" "/var/lib/crater-agent-workspace/cargo-home:/opt/rustwide/cargo-home:ro,Z" "-v" "/var/lib/crater-agent-workspace/rustup-home:/opt/rustwide/rustup-home:ro,Z" "-e" "SOURCE_DIR=/opt/rustwide/workdir" "-e" "CARGO_TARGET_DIR=/opt/rustwide/target" "-e" "CARGO_HOME=/opt/rustwide/cargo-home" "-e" "RUSTUP_HOME=/opt/rustwide/rustup-home" "-w" "/opt/rustwide/workdir" "-m" "1610612736" "--user" "0:0" "--network" "none" "ghcr.io/rust-lang/crates-build-env/linux@sha256:34b6a614d2c27851fe6cbf88fbd1137609cefab8b10d0615aaeb6fd47975d74e" "/opt/rustwide/cargo-home/bin/cargo" "+beta-2021-08-01" "metadata" "--no-deps" "--format-version=1", kill_on_drop: false }`
[INFO] [stdout] bbca175a7435ad85d1e2fb77b220c05951f4abe0ff72df1478f99b2a742d110f
[INFO] running `Command { std: "docker" "start" "-a" "bbca175a7435ad85d1e2fb77b220c05951f4abe0ff72df1478f99b2a742d110f", kill_on_drop: false }`
[INFO] running `Command { std: "docker" "inspect" "bbca175a7435ad85d1e2fb77b220c05951f4abe0ff72df1478f99b2a742d110f", kill_on_drop: false }`
[INFO] running `Command { std: "docker" "rm" "-f" "bbca175a7435ad85d1e2fb77b220c05951f4abe0ff72df1478f99b2a742d110f", kill_on_drop: false }`
[INFO] [stdout] bbca175a7435ad85d1e2fb77b220c05951f4abe0ff72df1478f99b2a742d110f
[INFO] running `Command { std: "docker" "create" "-v" "/var/lib/crater-agent-workspace/builds/worker-65/target:/opt/rustwide/target:rw,Z" "-v" "/var/lib/crater-agent-workspace/builds/worker-65/source:/opt/rustwide/workdir:ro,Z" "-v" "/var/lib/crater-agent-workspace/cargo-home:/opt/rustwide/cargo-home:ro,Z" "-v" "/var/lib/crater-agent-workspace/rustup-home:/opt/rustwide/rustup-home:ro,Z" "-e" "SOURCE_DIR=/opt/rustwide/workdir" "-e" "CARGO_TARGET_DIR=/opt/rustwide/target" "-e" "CARGO_INCREMENTAL=0" "-e" "RUST_BACKTRACE=full" "-e" "RUSTFLAGS=--cap-lints=warn" "-e" "CARGO_HOME=/opt/rustwide/cargo-home" "-e" "RUSTUP_HOME=/opt/rustwide/rustup-home" "-w" "/opt/rustwide/workdir" "-m" "1610612736" "--user" "0:0" "--network" "none" "ghcr.io/rust-lang/crates-build-env/linux@sha256:34b6a614d2c27851fe6cbf88fbd1137609cefab8b10d0615aaeb6fd47975d74e" "/opt/rustwide/cargo-home/bin/cargo" "+beta-2021-08-01" "build" "--frozen" "--message-format=json", kill_on_drop: false }`
[INFO] [stdout] 29668043cb89d4276d51a68d1eaf6c24b5d4b79d037b9414f8f63d71db10f394
[INFO] running `Command { std: "docker" "start" "-a" "29668043cb89d4276d51a68d1eaf6c24b5d4b79d037b9414f8f63d71db10f394", kill_on_drop: false }`
[INFO] [stderr]     Blocking waiting for file lock on package cache
[INFO] [stderr]    Compiling libc v0.2.98
[INFO] [stderr]    Compiling atty v0.2.14
[INFO] [stderr]    Compiling clap v2.33.3
[INFO] [stderr]    Compiling find-file v2.0.0 (/opt/rustwide/workdir)
[INFO] [stderr]     Finished dev [unoptimized + debuginfo] target(s) in 13.29s
[INFO] running `Command { std: "docker" "inspect" "29668043cb89d4276d51a68d1eaf6c24b5d4b79d037b9414f8f63d71db10f394", kill_on_drop: false }`
[INFO] running `Command { std: "docker" "rm" "-f" "29668043cb89d4276d51a68d1eaf6c24b5d4b79d037b9414f8f63d71db10f394", kill_on_drop: false }`
[INFO] [stdout] 29668043cb89d4276d51a68d1eaf6c24b5d4b79d037b9414f8f63d71db10f394
[INFO] running `Command { std: "docker" "create" "-v" "/var/lib/crater-agent-workspace/builds/worker-65/target:/opt/rustwide/target:rw,Z" "-v" "/var/lib/crater-agent-workspace/builds/worker-65/source:/opt/rustwide/workdir:ro,Z" "-v" "/var/lib/crater-agent-workspace/cargo-home:/opt/rustwide/cargo-home:ro,Z" "-v" "/var/lib/crater-agent-workspace/rustup-home:/opt/rustwide/rustup-home:ro,Z" "-e" "SOURCE_DIR=/opt/rustwide/workdir" "-e" "CARGO_TARGET_DIR=/opt/rustwide/target" "-e" "CARGO_INCREMENTAL=0" "-e" "RUST_BACKTRACE=full" "-e" "RUSTFLAGS=--cap-lints=warn" "-e" "CARGO_HOME=/opt/rustwide/cargo-home" "-e" "RUSTUP_HOME=/opt/rustwide/rustup-home" "-w" "/opt/rustwide/workdir" "-m" "1610612736" "--user" "0:0" "--network" "none" "ghcr.io/rust-lang/crates-build-env/linux@sha256:34b6a614d2c27851fe6cbf88fbd1137609cefab8b10d0615aaeb6fd47975d74e" "/opt/rustwide/cargo-home/bin/cargo" "+beta-2021-08-01" "test" "--frozen" "--no-run" "--message-format=json", kill_on_drop: false }`
[INFO] [stdout] 4c4f38b7aad19fbd9fe8761970aeed7758189b4699fd1d26d5c3a8519e4deec1
[INFO] running `Command { std: "docker" "start" "-a" "4c4f38b7aad19fbd9fe8761970aeed7758189b4699fd1d26d5c3a8519e4deec1", kill_on_drop: false }`
[INFO] [stderr]    Compiling find-file v2.0.0 (/opt/rustwide/workdir)
[INFO] [stdout] warning: this method call resolves to `<&[T; N] as IntoIterator>::into_iter` (due to backwards compatibility), but will resolve to <[T; N] as IntoIterator>::into_iter in Rust 2021.
[INFO] [stdout]    --> src/bin/find_file.rs:103:58
[INFO] [stdout]     |
[INFO] [stdout] 103 |         for dirname in [".", "upper", "middle", "lower"].into_iter() {
[INFO] [stdout]     |                                                          ^^^^^^^^^
[INFO] [stdout]     |
[INFO] [stdout]     = note: `#[warn(array_into_iter)]` on by default
[INFO] [stdout]     = warning: this changes meaning in Rust 2021
[INFO] [stdout]     = note: for more information, see issue #66145 <https://github.com/rust-lang/rust/issues/66145>
[INFO] [stdout] help: use `.iter()` instead of `.into_iter()` to avoid ambiguity
[INFO] [stdout]     |
[INFO] [stdout] 103 |         for dirname in [".", "upper", "middle", "lower"].iter() {
[INFO] [stdout]     |                                                          ^^^^
[INFO] [stdout] help: or remove `.into_iter()` to iterate by value
[INFO] [stdout]     |
[INFO] [stdout] 103 |         for dirname in [".", "upper", "middle", "lower"] {
[INFO] [stdout]     |                                                        --
[INFO] [stdout] 
[INFO] [stdout] 
[INFO] [stdout] warning: panic message is not a string literal
[INFO] [stdout]    --> src/bin/select_file.rs:138:30
[INFO] [stdout]     |
[INFO] [stdout] 138 |             Err(e) => panic!(format!("Error! {}", e)),
[INFO] [stdout]     |                              ^^^^^^^^^^^^^^^^^^^^^^^
[INFO] [stdout]     |
[INFO] [stdout]     = note: `#[warn(non_fmt_panics)]` on by default
[INFO] [stdout]     = note: this usage of panic!() is deprecated; it will be a hard error in Rust 2021
[INFO] [stdout]     = note: for more information, see <https://doc.rust-lang.org/nightly/edition-guide/rust-2021/panic-macro-consistency.html>
[INFO] [stdout]     = note: the panic!() macro supports formatting, so there's no need for the format!() macro here
[INFO] [stdout] help: remove the `format!(..)` macro call
[INFO] [stdout]     |
[INFO] [stdout] 138 |             Err(e) => panic!("Error! {}", e),
[INFO] [stdout]     |                             --            --
[INFO] [stdout] 
[INFO] [stdout] 
[INFO] [stdout] warning: 1 warning emitted
[INFO] [stdout] 
[INFO] [stdout] 
[INFO] [stdout] warning: 1 warning emitted
[INFO] [stdout] 
[INFO] [stdout] 
[INFO] [stderr]     Finished test [unoptimized + debuginfo] target(s) in 1.28s
[INFO] running `Command { std: "docker" "inspect" "4c4f38b7aad19fbd9fe8761970aeed7758189b4699fd1d26d5c3a8519e4deec1", kill_on_drop: false }`
[INFO] running `Command { std: "docker" "rm" "-f" "4c4f38b7aad19fbd9fe8761970aeed7758189b4699fd1d26d5c3a8519e4deec1", kill_on_drop: false }`
[INFO] [stdout] 4c4f38b7aad19fbd9fe8761970aeed7758189b4699fd1d26d5c3a8519e4deec1
[INFO] running `Command { std: "docker" "create" "-v" "/var/lib/crater-agent-workspace/builds/worker-65/target:/opt/rustwide/target:rw,Z" "-v" "/var/lib/crater-agent-workspace/builds/worker-65/source:/opt/rustwide/workdir:ro,Z" "-v" "/var/lib/crater-agent-workspace/cargo-home:/opt/rustwide/cargo-home:ro,Z" "-v" "/var/lib/crater-agent-workspace/rustup-home:/opt/rustwide/rustup-home:ro,Z" "-e" "SOURCE_DIR=/opt/rustwide/workdir" "-e" "CARGO_TARGET_DIR=/opt/rustwide/target" "-e" "CARGO_INCREMENTAL=0" "-e" "RUST_BACKTRACE=full" "-e" "RUSTFLAGS=--cap-lints=warn" "-e" "CARGO_HOME=/opt/rustwide/cargo-home" "-e" "RUSTUP_HOME=/opt/rustwide/rustup-home" "-w" "/opt/rustwide/workdir" "-m" "1610612736" "--user" "0:0" "--network" "none" "ghcr.io/rust-lang/crates-build-env/linux@sha256:34b6a614d2c27851fe6cbf88fbd1137609cefab8b10d0615aaeb6fd47975d74e" "/opt/rustwide/cargo-home/bin/cargo" "+beta-2021-08-01" "test" "--frozen", kill_on_drop: false }`
[INFO] [stdout] 79e688308bd8876c11ba8cf09bf73d1cdf2f45756b76681448b78e76e40cfcb8
[INFO] running `Command { std: "docker" "start" "-a" "79e688308bd8876c11ba8cf09bf73d1cdf2f45756b76681448b78e76e40cfcb8", kill_on_drop: false }`
[INFO] [stderr]     Blocking waiting for file lock on package cache
[INFO] [stderr] warning: panic message is not a string literal
[INFO] [stderr]    --> src/bin/select_file.rs:138:30
[INFO] [stderr]     |
[INFO] [stderr] 138 |             Err(e) => panic!(format!("Error! {}", e)),
[INFO] [stderr]     |                              ^^^^^^^^^^^^^^^^^^^^^^^
[INFO] [stderr]     |
[INFO] [stderr]     = note: `#[warn(non_fmt_panics)]` on by default
[INFO] [stderr]     = note: this usage of panic!() is deprecated; it will be a hard error in Rust 2021
[INFO] [stderr]     = note: for more information, see <https://doc.rust-lang.org/nightly/edition-guide/rust-2021/panic-macro-consistency.html>
[INFO] [stderr]     = note: the panic!() macro supports formatting, so there's no need for the format!() macro here
[INFO] [stderr] help: remove the `format!(..)` macro call
[INFO] [stderr]     |
[INFO] [stderr] 138 |             Err(e) => panic!("Error! {}", e),
[INFO] [stderr]     |                             --            --
[INFO] [stderr] 
[INFO] [stderr] warning: this method call resolves to `<&[T; N] as IntoIterator>::into_iter` (due to backwards compatibility), but will resolve to <[T; N] as IntoIterator>::into_iter in Rust 2021.
[INFO] [stderr]    --> src/bin/find_file.rs:103:58
[INFO] [stderr]     |
[INFO] [stderr] 103 |         for dirname in [".", "upper", "middle", "lower"].into_iter() {
[INFO] [stderr]     |                                                          ^^^^^^^^^
[INFO] [stderr]     |
[INFO] [stderr]     = note: `#[warn(array_into_iter)]` on by default
[INFO] [stderr]     = warning: this changes meaning in Rust 2021
[INFO] [stderr]     = note: for more information, see issue #66145 <https://github.com/rust-lang/rust/issues/66145>
[INFO] [stderr] help: use `.iter()` instead of `.into_iter()` to avoid ambiguity
[INFO] [stderr]     |
[INFO] [stderr] 103 |         for dirname in [".", "upper", "middle", "lower"].iter() {
[INFO] [stderr]     |                                                          ^^^^
[INFO] [stderr] help: or remove `.into_iter()` to iterate by value
[INFO] [stderr]     |
[INFO] [stderr] 103 |         for dirname in [".", "upper", "middle", "lower"] {
[INFO] [stderr]     |                                                        --
[INFO] [stderr] 
[INFO] [stderr] warning: `find-file` (bin "select_file" test) generated 1 warning
[INFO] [stderr] warning: `find-file` (bin "find_file" test) generated 1 warning
[INFO] [stderr]     Finished test [unoptimized + debuginfo] target(s) in 1.49s
[INFO] [stderr]      Running unittests (/opt/rustwide/target/debug/deps/find_file-96c79c793075e317)
[INFO] [stdout] 
[INFO] [stdout] running 1 test
[INFO] [stdout] test tests::finds_entries ... FAILED
[INFO] [stdout] 
[INFO] [stdout] failures:
[INFO] [stdout] 
[INFO] [stdout] ---- tests::finds_entries stdout ----
[INFO] [stdout] Creating find_file_find_entries_test_environment
[INFO] [stdout] thread 'tests::finds_entries' panicked at 'Error! Read-only file system (os error 30)', src/bin/find_file.rs:72:27
[INFO] [stdout] stack backtrace:
[INFO] [stdout]    0:     0x5652a7ea1bd0 - std::backtrace_rs::backtrace::libunwind::trace::hff4d1766e93f64f1
[INFO] [stdout]                                at /rustc/53fd98ca776cb875bc9e5514f56b52eb74f9e7a9/library/std/src/../../backtrace/src/backtrace/libunwind.rs:90:5
[INFO] [stdout]    1:     0x5652a7ea1bd0 - std::backtrace_rs::backtrace::trace_unsynchronized::h56bbc8eb78770bcb
[INFO] [stdout]                                at /rustc/53fd98ca776cb875bc9e5514f56b52eb74f9e7a9/library/std/src/../../backtrace/src/backtrace/mod.rs:66:5
[INFO] [stdout]    2:     0x5652a7ea1bd0 - std::sys_common::backtrace::_print_fmt::h5c8e75464faca780
[INFO] [stdout]                                at /rustc/53fd98ca776cb875bc9e5514f56b52eb74f9e7a9/library/std/src/sys_common/backtrace.rs:67:5
[INFO] [stdout]    3:     0x5652a7ea1bd0 - <std::sys_common::backtrace::_print::DisplayBacktrace as core::fmt::Display>::fmt::h48b88277def8b362
[INFO] [stdout]                                at /rustc/53fd98ca776cb875bc9e5514f56b52eb74f9e7a9/library/std/src/sys_common/backtrace.rs:46:22
[INFO] [stdout]    4:     0x5652a7ec554c - core::fmt::write::h3381b3176fe2b3d3
[INFO] [stdout]                                at /rustc/53fd98ca776cb875bc9e5514f56b52eb74f9e7a9/library/core/src/fmt/mod.rs:1115:17
[INFO] [stdout]    5:     0x5652a7e9e755 - std::io::Write::write_fmt::h5f34a676f60246b5
[INFO] [stdout]                                at /rustc/53fd98ca776cb875bc9e5514f56b52eb74f9e7a9/library/std/src/io/mod.rs:1665:15
[INFO] [stdout]    6:     0x5652a7ea417b - std::sys_common::backtrace::_print::ha537687d6c17dd0d
[INFO] [stdout]                                at /rustc/53fd98ca776cb875bc9e5514f56b52eb74f9e7a9/library/std/src/sys_common/backtrace.rs:49:5
[INFO] [stdout]    7:     0x5652a7ea417b - std::sys_common::backtrace::print::h61376ae57d131d72
[INFO] [stdout]                                at /rustc/53fd98ca776cb875bc9e5514f56b52eb74f9e7a9/library/std/src/sys_common/backtrace.rs:36:9
[INFO] [stdout]    8:     0x5652a7ea417b - std::panicking::default_hook::{{closure}}::h0f7208c0b9644a54
[INFO] [stdout]                                at /rustc/53fd98ca776cb875bc9e5514f56b52eb74f9e7a9/library/std/src/panicking.rs:208:50
[INFO] [stdout]    9:     0x5652a7ea3c8c - std::panicking::default_hook::hdac7fc06578c14ce
[INFO] [stdout]                                at /rustc/53fd98ca776cb875bc9e5514f56b52eb74f9e7a9/library/std/src/panicking.rs:222:9
[INFO] [stdout]   10:     0x5652a7ea4844 - std::panicking::rust_panic_with_hook::h72b21c283da3d1ef
[INFO] [stdout]                                at /rustc/53fd98ca776cb875bc9e5514f56b52eb74f9e7a9/library/std/src/panicking.rs:622:17
[INFO] [stdout]   11:     0x5652a7ea4327 - std::panicking::begin_panic_handler::{{closure}}::he5778f1729cff84a
[INFO] [stdout]                                at /rustc/53fd98ca776cb875bc9e5514f56b52eb74f9e7a9/library/std/src/panicking.rs:519:13
[INFO] [stdout]   12:     0x5652a7ea20ac - std::sys_common::backtrace::__rust_end_short_backtrace::h2d11ca8b453b4b1d
[INFO] [stdout]                                at /rustc/53fd98ca776cb875bc9e5514f56b52eb74f9e7a9/library/std/src/sys_common/backtrace.rs:141:18
[INFO] [stdout]   13:     0x5652a7ea4289 - rust_begin_unwind
[INFO] [stdout]                                at /rustc/53fd98ca776cb875bc9e5514f56b52eb74f9e7a9/library/std/src/panicking.rs:515:5
[INFO] [stdout]   14:     0x5652a7e39c9b - std::panicking::begin_panic_fmt::h746518bde832d259
[INFO] [stdout]                                at /rustc/53fd98ca776cb875bc9e5514f56b52eb74f9e7a9/library/std/src/panicking.rs:457:5
[INFO] [stdout]   15:     0x5652a7e46ef6 - find_file::tests::finds_entries::check_result::ha1818bc1f1eb6398
[INFO] [stdout]                                at /opt/rustwide/workdir/src/bin/find_file.rs:72:27
[INFO] [stdout]   16:     0x5652a7e46536 - find_file::tests::finds_entries::hf2bb907b5948e751
[INFO] [stdout]                                at /opt/rustwide/workdir/src/bin/find_file.rs:98:9
[INFO] [stdout]   17:     0x5652a7e461ea - find_file::tests::finds_entries::{{closure}}::haaf9cde7a569c4e0
[INFO] [stdout]                                at /opt/rustwide/workdir/src/bin/find_file.rs:61:5
[INFO] [stdout]   18:     0x5652a7e42a2e - core::ops::function::FnOnce::call_once::h962e34412d0b4540
[INFO] [stdout]                                at /rustc/53fd98ca776cb875bc9e5514f56b52eb74f9e7a9/library/core/src/ops/function.rs:227:5
[INFO] [stdout]   19:     0x5652a7e7a4b3 - core::ops::function::FnOnce::call_once::hbb52c4519d3137b0
[INFO] [stdout]                                at /rustc/53fd98ca776cb875bc9e5514f56b52eb74f9e7a9/library/core/src/ops/function.rs:227:5
[INFO] [stdout]   20:     0x5652a7e7a4b3 - test::__rust_begin_short_backtrace::h86fe3a2a5a5121af
[INFO] [stdout]                                at /rustc/53fd98ca776cb875bc9e5514f56b52eb74f9e7a9/library/test/src/lib.rs:578:5
[INFO] [stdout]   21:     0x5652a7e78f68 - <alloc::boxed::Box<F,A> as core::ops::function::FnOnce<Args>>::call_once::hfd956bc3d57399be
[INFO] [stdout]                                at /rustc/53fd98ca776cb875bc9e5514f56b52eb74f9e7a9/library/alloc/src/boxed.rs:1572:9
[INFO] [stdout]   22:     0x5652a7e78f68 - <std::panic::AssertUnwindSafe<F> as core::ops::function::FnOnce<()>>::call_once::h40dc93e0ddb5938a
[INFO] [stdout]                                at /rustc/53fd98ca776cb875bc9e5514f56b52eb74f9e7a9/library/std/src/panic.rs:347:9
[INFO] [stdout]   23:     0x5652a7e78f68 - std::panicking::try::do_call::h90d07750cb47c562
[INFO] [stdout]                                at /rustc/53fd98ca776cb875bc9e5514f56b52eb74f9e7a9/library/std/src/panicking.rs:401:40
[INFO] [stdout]   24:     0x5652a7e78f68 - std::panicking::try::h063c84733ad2a629
[INFO] [stdout]                                at /rustc/53fd98ca776cb875bc9e5514f56b52eb74f9e7a9/library/std/src/panicking.rs:365:19
[INFO] [stdout]   25:     0x5652a7e78f68 - std::panic::catch_unwind::h0c464836a84e7c08
[INFO] [stdout]                                at /rustc/53fd98ca776cb875bc9e5514f56b52eb74f9e7a9/library/std/src/panic.rs:434:14
[INFO] [stdout]   26:     0x5652a7e78f68 - test::run_test_in_process::h5cb06ef620b157fc
[INFO] [stdout]                                at /rustc/53fd98ca776cb875bc9e5514f56b52eb74f9e7a9/library/test/src/lib.rs:601:18
[INFO] [stdout]   27:     0x5652a7e78f68 - test::run_test::run_test_inner::{{closure}}::h76f677f4b93f9828
[INFO] [stdout]                                at /rustc/53fd98ca776cb875bc9e5514f56b52eb74f9e7a9/library/test/src/lib.rs:493:39
[INFO] [stdout]   28:     0x5652a7e476fd - test::run_test::run_test_inner::{{closure}}::h366d01fe04f4d67a
[INFO] [stdout]                                at /rustc/53fd98ca776cb875bc9e5514f56b52eb74f9e7a9/library/test/src/lib.rs:520:37
[INFO] [stdout]   29:     0x5652a7e476fd - std::sys_common::backtrace::__rust_begin_short_backtrace::h7dfa0de4eb395af2
[INFO] [stdout]                                at /rustc/53fd98ca776cb875bc9e5514f56b52eb74f9e7a9/library/std/src/sys_common/backtrace.rs:125:18
[INFO] [stdout]   30:     0x5652a7e4bec8 - std::thread::Builder::spawn_unchecked::{{closure}}::{{closure}}::hf0a74bb58798037f
[INFO] [stdout]                                at /rustc/53fd98ca776cb875bc9e5514f56b52eb74f9e7a9/library/std/src/thread/mod.rs:476:17
[INFO] [stdout]   31:     0x5652a7e4bec8 - <std::panic::AssertUnwindSafe<F> as core::ops::function::FnOnce<()>>::call_once::hb024e854818586ac
[INFO] [stdout]                                at /rustc/53fd98ca776cb875bc9e5514f56b52eb74f9e7a9/library/std/src/panic.rs:347:9
[INFO] [stdout]   32:     0x5652a7e4bec8 - std::panicking::try::do_call::hb2dd9f1d0d48e41d
[INFO] [stdout]                                at /rustc/53fd98ca776cb875bc9e5514f56b52eb74f9e7a9/library/std/src/panicking.rs:401:40
[INFO] [stdout]   33:     0x5652a7e4bec8 - std::panicking::try::h4717ae7bac8b2bf3
[INFO] [stdout]                                at /rustc/53fd98ca776cb875bc9e5514f56b52eb74f9e7a9/library/std/src/panicking.rs:365:19
[INFO] [stdout]   34:     0x5652a7e4bec8 - std::panic::catch_unwind::h0dc8a061326ce8d8
[INFO] [stdout]                                at /rustc/53fd98ca776cb875bc9e5514f56b52eb74f9e7a9/library/std/src/panic.rs:434:14
[INFO] [stdout]   35:     0x5652a7e4bec8 - std::thread::Builder::spawn_unchecked::{{closure}}::haa369e2d6fd00aa1
[INFO] [stdout]                                at /rustc/53fd98ca776cb875bc9e5514f56b52eb74f9e7a9/library/std/src/thread/mod.rs:475:30
[INFO] [stdout]   36:     0x5652a7e4bec8 - core::ops::function::FnOnce::call_once{{vtable.shim}}::h36dcf3de8b056f17
[INFO] [stdout]                                at /rustc/53fd98ca776cb875bc9e5514f56b52eb74f9e7a9/library/core/src/ops/function.rs:227:5
[INFO] [stdout]   37:     0x5652a7eaa107 - <alloc::boxed::Box<F,A> as core::ops::function::FnOnce<Args>>::call_once::h65c29e4642be2358
[INFO] [stdout]                                at /rustc/53fd98ca776cb875bc9e5514f56b52eb74f9e7a9/library/alloc/src/boxed.rs:1572:9
[INFO] [stdout]   38:     0x5652a7eaa107 - <alloc::boxed::Box<F,A> as core::ops::function::FnOnce<Args>>::call_once::hd0f8f7fbbd9fffbf
[INFO] [stdout]                                at /rustc/53fd98ca776cb875bc9e5514f56b52eb74f9e7a9/library/alloc/src/boxed.rs:1572:9
[INFO] [stdout]   39:     0x5652a7eaa107 - std::sys::unix::thread::Thread::new::thread_start::h2fd22fee3ca77b65
[INFO] [stdout]                                at /rustc/53fd98ca776cb875bc9e5514f56b52eb74f9e7a9/library/std/src/sys/unix/thread.rs:74:17
[INFO] [stdout]   40:     0x7f2d2c037609 - start_thread
[INFO] [stdout]   41:     0x7f2d2c2c2293 - clone
[INFO] [stdout]   42:                0x0 - <unknown>
[INFO] [stdout] 
[INFO] [stdout] 
[INFO] [stdout] failures:
[INFO] [stdout]     tests::finds_entries
[INFO] [stdout] 
[INFO] [stdout] test result: FAILED. 0 passed; 1 failed; 0 ignored; 0 measured; 0 filtered out; finished in 0.07s
[INFO] [stdout] 
[INFO] [stderr] error: test failed, to rerun pass '--bin find_file'
[INFO] running `Command { std: "docker" "inspect" "79e688308bd8876c11ba8cf09bf73d1cdf2f45756b76681448b78e76e40cfcb8", kill_on_drop: false }`
[INFO] running `Command { std: "docker" "rm" "-f" "79e688308bd8876c11ba8cf09bf73d1cdf2f45756b76681448b78e76e40cfcb8", kill_on_drop: false }`
[INFO] [stdout] 79e688308bd8876c11ba8cf09bf73d1cdf2f45756b76681448b78e76e40cfcb8
