[INFO] fetching crate fibonnaci-stream 0.1.0...
[INFO] testing fibonnaci-stream-0.1.0 against beta-2021-08-01 for beta-1.55-1
[INFO] extracting crate fibonnaci-stream 0.1.0 into /workspace/builds/worker-96/source
[INFO] validating manifest of crates.io crate fibonnaci-stream 0.1.0 on toolchain beta-2021-08-01
[INFO] running `Command { std: "/workspace/cargo-home/bin/cargo" "+beta-2021-08-01" "metadata" "--manifest-path" "Cargo.toml" "--no-deps", kill_on_drop: false }`
[INFO] started tweaking crates.io crate fibonnaci-stream 0.1.0
[INFO] finished tweaking crates.io crate fibonnaci-stream 0.1.0
[INFO] tweaked toml for crates.io crate fibonnaci-stream 0.1.0 written to /workspace/builds/worker-96/source/Cargo.toml
[INFO] running `Command { std: "/workspace/cargo-home/bin/cargo" "+beta-2021-08-01" "generate-lockfile" "--manifest-path" "Cargo.toml" "-Zno-index-update", kill_on_drop: false }`
[INFO] [stderr]     Blocking waiting for file lock on package cache
[INFO] running `Command { std: "/workspace/cargo-home/bin/cargo" "+beta-2021-08-01" "fetch" "--manifest-path" "Cargo.toml", kill_on_drop: false }`
[INFO] [stderr]     Blocking waiting for file lock on package cache
[INFO] [stderr]     Blocking waiting for file lock on package cache
[INFO] running `Command { std: "docker" "create" "-v" "/var/lib/crater-agent-workspace/builds/worker-96/target:/opt/rustwide/target:rw,Z" "-v" "/var/lib/crater-agent-workspace/builds/worker-96/source:/opt/rustwide/workdir:ro,Z" "-v" "/var/lib/crater-agent-workspace/cargo-home:/opt/rustwide/cargo-home:ro,Z" "-v" "/var/lib/crater-agent-workspace/rustup-home:/opt/rustwide/rustup-home:ro,Z" "-e" "SOURCE_DIR=/opt/rustwide/workdir" "-e" "CARGO_TARGET_DIR=/opt/rustwide/target" "-e" "CARGO_HOME=/opt/rustwide/cargo-home" "-e" "RUSTUP_HOME=/opt/rustwide/rustup-home" "-w" "/opt/rustwide/workdir" "-m" "1610612736" "--user" "0:0" "--network" "none" "ghcr.io/rust-lang/crates-build-env/linux@sha256:34b6a614d2c27851fe6cbf88fbd1137609cefab8b10d0615aaeb6fd47975d74e" "/opt/rustwide/cargo-home/bin/cargo" "+beta-2021-08-01" "metadata" "--no-deps" "--format-version=1", kill_on_drop: false }`
[INFO] [stdout] 1301c12d220b6dfdc1a704f5aed23b9d725db6316d558051f2a8fc2856c72180
[INFO] running `Command { std: "docker" "start" "-a" "1301c12d220b6dfdc1a704f5aed23b9d725db6316d558051f2a8fc2856c72180", kill_on_drop: false }`
[INFO] running `Command { std: "docker" "inspect" "1301c12d220b6dfdc1a704f5aed23b9d725db6316d558051f2a8fc2856c72180", kill_on_drop: false }`
[INFO] running `Command { std: "docker" "rm" "-f" "1301c12d220b6dfdc1a704f5aed23b9d725db6316d558051f2a8fc2856c72180", kill_on_drop: false }`
[INFO] [stdout] 1301c12d220b6dfdc1a704f5aed23b9d725db6316d558051f2a8fc2856c72180
[INFO] running `Command { std: "docker" "create" "-v" "/var/lib/crater-agent-workspace/builds/worker-96/target:/opt/rustwide/target:rw,Z" "-v" "/var/lib/crater-agent-workspace/builds/worker-96/source:/opt/rustwide/workdir:ro,Z" "-v" "/var/lib/crater-agent-workspace/cargo-home:/opt/rustwide/cargo-home:ro,Z" "-v" "/var/lib/crater-agent-workspace/rustup-home:/opt/rustwide/rustup-home:ro,Z" "-e" "SOURCE_DIR=/opt/rustwide/workdir" "-e" "CARGO_TARGET_DIR=/opt/rustwide/target" "-e" "CARGO_INCREMENTAL=0" "-e" "RUST_BACKTRACE=full" "-e" "RUSTFLAGS=--cap-lints=warn" "-e" "CARGO_HOME=/opt/rustwide/cargo-home" "-e" "RUSTUP_HOME=/opt/rustwide/rustup-home" "-w" "/opt/rustwide/workdir" "-m" "1610612736" "--user" "0:0" "--network" "none" "ghcr.io/rust-lang/crates-build-env/linux@sha256:34b6a614d2c27851fe6cbf88fbd1137609cefab8b10d0615aaeb6fd47975d74e" "/opt/rustwide/cargo-home/bin/cargo" "+beta-2021-08-01" "build" "--frozen" "--message-format=json", kill_on_drop: false }`
[INFO] [stdout] f708d07e325a4cd4005194ab38a7d5800fc8d69a724b774aea1abdd9552dadd4
[INFO] running `Command { std: "docker" "start" "-a" "f708d07e325a4cd4005194ab38a7d5800fc8d69a724b774aea1abdd9552dadd4", kill_on_drop: false }`
[INFO] [stderr]     Blocking waiting for file lock on package cache
[INFO] [stderr]    Compiling backtrace v0.3.61
[INFO] [stderr]    Compiling failure v0.1.8
[INFO] [stderr]    Compiling fibonnaci-stream v0.1.0 (/opt/rustwide/workdir)
[INFO] [stdout] warning: trait objects without an explicit `dyn` are deprecated
[INFO] [stdout]   --> src/lib.rs:73:20
[INFO] [stdout]    |
[INFO] [stdout] 73 |   type Error = Box<Error>;
[INFO] [stdout]    |                    ^^^^^ help: use `dyn`: `dyn Error`
[INFO] [stdout]    |
[INFO] [stdout]    = note: `#[warn(bare_trait_objects)]` on by default
[INFO] [stdout]    = warning: this is accepted in the current edition (Rust 2015) but is a hard error in Rust 2021!
[INFO] [stdout]    = note: for more information, see issue #80165 <https://github.com/rust-lang/rust/issues/80165>
[INFO] [stdout] 
[INFO] [stdout] 
[INFO] [stdout] warning: trait objects without an explicit `dyn` are deprecated
[INFO] [stdout]   --> src/lib.rs:85:20
[INFO] [stdout]    |
[INFO] [stdout] 85 |   type Error = Box<Error>;
[INFO] [stdout]    |                    ^^^^^ help: use `dyn`: `dyn Error`
[INFO] [stdout]    |
[INFO] [stdout]    = warning: this is accepted in the current edition (Rust 2015) but is a hard error in Rust 2021!
[INFO] [stdout]    = note: for more information, see issue #80165 <https://github.com/rust-lang/rust/issues/80165>
[INFO] [stdout] 
[INFO] [stdout] 
[INFO] [stdout] warning: trait objects without an explicit `dyn` are deprecated
[INFO] [stdout]   --> src/lib.rs:87:48
[INFO] [stdout]    |
[INFO] [stdout] 87 |   fn poll(&mut self) -> Result<Async<u64>, Box<Error>> {
[INFO] [stdout]    |                                                ^^^^^ help: use `dyn`: `dyn Error`
[INFO] [stdout]    |
[INFO] [stdout]    = warning: this is accepted in the current edition (Rust 2015) but is a hard error in Rust 2021!
[INFO] [stdout]    = note: for more information, see issue #80165 <https://github.com/rust-lang/rust/issues/80165>
[INFO] [stdout] 
[INFO] [stdout] 
[INFO] [stdout] warning: 3 warnings emitted
[INFO] [stdout] 
[INFO] [stdout] 
[INFO] [stderr]     Finished dev [unoptimized + debuginfo] target(s) in 3.14s
[INFO] running `Command { std: "docker" "inspect" "f708d07e325a4cd4005194ab38a7d5800fc8d69a724b774aea1abdd9552dadd4", kill_on_drop: false }`
[INFO] running `Command { std: "docker" "rm" "-f" "f708d07e325a4cd4005194ab38a7d5800fc8d69a724b774aea1abdd9552dadd4", kill_on_drop: false }`
[INFO] [stdout] f708d07e325a4cd4005194ab38a7d5800fc8d69a724b774aea1abdd9552dadd4
[INFO] running `Command { std: "docker" "create" "-v" "/var/lib/crater-agent-workspace/builds/worker-96/target:/opt/rustwide/target:rw,Z" "-v" "/var/lib/crater-agent-workspace/builds/worker-96/source:/opt/rustwide/workdir:ro,Z" "-v" "/var/lib/crater-agent-workspace/cargo-home:/opt/rustwide/cargo-home:ro,Z" "-v" "/var/lib/crater-agent-workspace/rustup-home:/opt/rustwide/rustup-home:ro,Z" "-e" "SOURCE_DIR=/opt/rustwide/workdir" "-e" "CARGO_TARGET_DIR=/opt/rustwide/target" "-e" "CARGO_INCREMENTAL=0" "-e" "RUST_BACKTRACE=full" "-e" "RUSTFLAGS=--cap-lints=warn" "-e" "CARGO_HOME=/opt/rustwide/cargo-home" "-e" "RUSTUP_HOME=/opt/rustwide/rustup-home" "-w" "/opt/rustwide/workdir" "-m" "1610612736" "--user" "0:0" "--network" "none" "ghcr.io/rust-lang/crates-build-env/linux@sha256:34b6a614d2c27851fe6cbf88fbd1137609cefab8b10d0615aaeb6fd47975d74e" "/opt/rustwide/cargo-home/bin/cargo" "+beta-2021-08-01" "test" "--frozen" "--no-run" "--message-format=json", kill_on_drop: false }`
[INFO] [stdout] e978aa438518db82a52dba76e7169795d709f99ee7d99a6b639aa80ea7ce092d
[INFO] running `Command { std: "docker" "start" "-a" "e978aa438518db82a52dba76e7169795d709f99ee7d99a6b639aa80ea7ce092d", kill_on_drop: false }`
[INFO] [stderr]    Compiling fibonnaci-stream v0.1.0 (/opt/rustwide/workdir)
[INFO] [stdout] warning: trait objects without an explicit `dyn` are deprecated
[INFO] [stdout]   --> src/lib.rs:73:20
[INFO] [stdout]    |
[INFO] [stdout] 73 |   type Error = Box<Error>;
[INFO] [stdout]    |                    ^^^^^ help: use `dyn`: `dyn Error`
[INFO] [stdout]    |
[INFO] [stdout]    = note: `#[warn(bare_trait_objects)]` on by default
[INFO] [stdout]    = warning: this is accepted in the current edition (Rust 2015) but is a hard error in Rust 2021!
[INFO] [stdout]    = note: for more information, see issue #80165 <https://github.com/rust-lang/rust/issues/80165>
[INFO] [stdout] 
[INFO] [stdout] 
[INFO] [stdout] warning: trait objects without an explicit `dyn` are deprecated
[INFO] [stdout]   --> src/lib.rs:85:20
[INFO] [stdout]    |
[INFO] [stdout] 85 |   type Error = Box<Error>;
[INFO] [stdout]    |                    ^^^^^ help: use `dyn`: `dyn Error`
[INFO] [stdout]    |
[INFO] [stdout]    = warning: this is accepted in the current edition (Rust 2015) but is a hard error in Rust 2021!
[INFO] [stdout]    = note: for more information, see issue #80165 <https://github.com/rust-lang/rust/issues/80165>
[INFO] [stdout] 
[INFO] [stdout] 
[INFO] [stdout] warning: trait objects without an explicit `dyn` are deprecated
[INFO] [stdout]   --> src/lib.rs:87:48
[INFO] [stdout]    |
[INFO] [stdout] 87 |   fn poll(&mut self) -> Result<Async<u64>, Box<Error>> {
[INFO] [stdout]    |                                                ^^^^^ help: use `dyn`: `dyn Error`
[INFO] [stdout]    |
[INFO] [stdout]    = warning: this is accepted in the current edition (Rust 2015) but is a hard error in Rust 2021!
[INFO] [stdout]    = note: for more information, see issue #80165 <https://github.com/rust-lang/rust/issues/80165>
[INFO] [stdout] 
[INFO] [stdout] 
[INFO] [stdout] warning: 3 warnings emitted
[INFO] [stdout] 
[INFO] [stdout] 
[INFO] [stdout] warning: trait objects without an explicit `dyn` are deprecated
[INFO] [stdout]   --> src/lib.rs:73:20
[INFO] [stdout]    |
[INFO] [stdout] 73 |   type Error = Box<Error>;
[INFO] [stdout]    |                    ^^^^^ help: use `dyn`: `dyn Error`
[INFO] [stdout]    |
[INFO] [stdout]    = note: `#[warn(bare_trait_objects)]` on by default
[INFO] [stdout]    = warning: this is accepted in the current edition (Rust 2015) but is a hard error in Rust 2021!
[INFO] [stdout]    = note: for more information, see issue #80165 <https://github.com/rust-lang/rust/issues/80165>
[INFO] [stdout] 
[INFO] [stdout] 
[INFO] [stdout] warning: trait objects without an explicit `dyn` are deprecated
[INFO] [stdout]   --> src/lib.rs:85:20
[INFO] [stdout]    |
[INFO] [stdout] 85 |   type Error = Box<Error>;
[INFO] [stdout]    |                    ^^^^^ help: use `dyn`: `dyn Error`
[INFO] [stdout]    |
[INFO] [stdout]    = warning: this is accepted in the current edition (Rust 2015) but is a hard error in Rust 2021!
[INFO] [stdout]    = note: for more information, see issue #80165 <https://github.com/rust-lang/rust/issues/80165>
[INFO] [stdout] 
[INFO] [stdout] 
[INFO] [stdout] warning: trait objects without an explicit `dyn` are deprecated
[INFO] [stdout]   --> src/lib.rs:87:48
[INFO] [stdout]    |
[INFO] [stdout] 87 |   fn poll(&mut self) -> Result<Async<u64>, Box<Error>> {
[INFO] [stdout]    |                                                ^^^^^ help: use `dyn`: `dyn Error`
[INFO] [stdout]    |
[INFO] [stdout]    = warning: this is accepted in the current edition (Rust 2015) but is a hard error in Rust 2021!
[INFO] [stdout]    = note: for more information, see issue #80165 <https://github.com/rust-lang/rust/issues/80165>
[INFO] [stdout] 
[INFO] [stdout] 
[INFO] [stdout] warning: 3 warnings emitted
[INFO] [stdout] 
[INFO] [stdout] 
[INFO] [stderr]     Finished test [unoptimized + debuginfo] target(s) in 0.62s
[INFO] running `Command { std: "docker" "inspect" "e978aa438518db82a52dba76e7169795d709f99ee7d99a6b639aa80ea7ce092d", kill_on_drop: false }`
[INFO] running `Command { std: "docker" "rm" "-f" "e978aa438518db82a52dba76e7169795d709f99ee7d99a6b639aa80ea7ce092d", kill_on_drop: false }`
[INFO] [stdout] e978aa438518db82a52dba76e7169795d709f99ee7d99a6b639aa80ea7ce092d
[INFO] running `Command { std: "docker" "create" "-v" "/var/lib/crater-agent-workspace/builds/worker-96/target:/opt/rustwide/target:rw,Z" "-v" "/var/lib/crater-agent-workspace/builds/worker-96/source:/opt/rustwide/workdir:ro,Z" "-v" "/var/lib/crater-agent-workspace/cargo-home:/opt/rustwide/cargo-home:ro,Z" "-v" "/var/lib/crater-agent-workspace/rustup-home:/opt/rustwide/rustup-home:ro,Z" "-e" "SOURCE_DIR=/opt/rustwide/workdir" "-e" "CARGO_TARGET_DIR=/opt/rustwide/target" "-e" "CARGO_INCREMENTAL=0" "-e" "RUST_BACKTRACE=full" "-e" "RUSTFLAGS=--cap-lints=warn" "-e" "CARGO_HOME=/opt/rustwide/cargo-home" "-e" "RUSTUP_HOME=/opt/rustwide/rustup-home" "-w" "/opt/rustwide/workdir" "-m" "1610612736" "--user" "0:0" "--network" "none" "ghcr.io/rust-lang/crates-build-env/linux@sha256:34b6a614d2c27851fe6cbf88fbd1137609cefab8b10d0615aaeb6fd47975d74e" "/opt/rustwide/cargo-home/bin/cargo" "+beta-2021-08-01" "test" "--frozen", kill_on_drop: false }`
[INFO] [stdout] 7b1f395db7e7f13a441aba4061009062792a24a5b9f7e8e898c298fd070bbc63
[INFO] running `Command { std: "docker" "start" "-a" "7b1f395db7e7f13a441aba4061009062792a24a5b9f7e8e898c298fd070bbc63", kill_on_drop: false }`
[INFO] [stderr] warning: trait objects without an explicit `dyn` are deprecated
[INFO] [stderr]   --> src/lib.rs:73:20
[INFO] [stderr]    |
[INFO] [stderr] 73 |   type Error = Box<Error>;
[INFO] [stderr]    |                    ^^^^^ help: use `dyn`: `dyn Error`
[INFO] [stderr]    |
[INFO] [stderr]    = note: `#[warn(bare_trait_objects)]` on by default
[INFO] [stderr]    = warning: this is accepted in the current edition (Rust 2015) but is a hard error in Rust 2021!
[INFO] [stderr]    = note: for more information, see issue #80165 <https://github.com/rust-lang/rust/issues/80165>
[INFO] [stderr] 
[INFO] [stderr] warning: trait objects without an explicit `dyn` are deprecated
[INFO] [stderr]   --> src/lib.rs:85:20
[INFO] [stderr]    |
[INFO] [stderr] 85 |   type Error = Box<Error>;
[INFO] [stderr]    |                    ^^^^^ help: use `dyn`: `dyn Error`
[INFO] [stderr]    |
[INFO] [stderr]    = warning: this is accepted in the current edition (Rust 2015) but is a hard error in Rust 2021!
[INFO] [stderr]    = note: for more information, see issue #80165 <https://github.com/rust-lang/rust/issues/80165>
[INFO] [stderr] 
[INFO] [stderr] warning: trait objects without an explicit `dyn` are deprecated
[INFO] [stderr]   --> src/lib.rs:87:48
[INFO] [stderr]    |
[INFO] [stderr] 87 |   fn poll(&mut self) -> Result<Async<u64>, Box<Error>> {
[INFO] [stderr]    |                                                ^^^^^ help: use `dyn`: `dyn Error`
[INFO] [stderr]    |
[INFO] [stderr]    = warning: this is accepted in the current edition (Rust 2015) but is a hard error in Rust 2021!
[INFO] [stderr]    = note: for more information, see issue #80165 <https://github.com/rust-lang/rust/issues/80165>
[INFO] [stderr] 
[INFO] [stderr] warning: `fibonnaci-stream` (lib) generated 3 warnings
[INFO] [stderr] warning: `fibonnaci-stream` (lib test) generated 3 warnings (3 duplicates)
[INFO] [stderr]     Finished test [unoptimized + debuginfo] target(s) in 0.18s
[INFO] [stderr]      Running unittests (/opt/rustwide/target/debug/deps/fibonnaci_stream-4dbc72ae17a1586c)
[INFO] [stdout] 
[INFO] [stdout] running 0 tests
[INFO] [stdout] 
[INFO] [stdout] test result: ok. 0 passed; 0 failed; 0 ignored; 0 measured; 0 filtered out; finished in 0.00s
[INFO] [stdout] 
[INFO] [stderr]    Doc-tests fibonnaci-stream
[INFO] [stdout] 
[INFO] [stdout] running 2 tests
[INFO] [stdout] test src/lib.rs - (line 6) ... ignored
[INFO] [stdout] test src/lib.rs - FibStream (line 35) ... FAILED
[INFO] [stdout] 
[INFO] [stdout] failures:
[INFO] [stdout] 
[INFO] [stdout] ---- src/lib.rs - FibStream (line 35) stdout ----
[INFO] [stdout] error[E0191]: the value of the associated types `Error` (from trait `fibonnaci_stream::Stream`), `Item` (from trait `fibonnaci_stream::Stream`) must be specified
[INFO] [stdout]  --> src/lib.rs:43:20
[INFO] [stdout]   |
[INFO] [stdout] 9 |   let mut stream = FibStream::new();
[INFO] [stdout]   |                    ^^^^^^^^^ help: specify the associated types: `FibStream<Item = Type, Error = Type>`
[INFO] [stdout] 
[INFO] [stdout] error[E0599]: no function or associated item named `new` found for trait object `dyn fibonnaci_stream::Stream` in the current scope
[INFO] [stdout]  --> src/lib.rs:43:31
[INFO] [stdout]   |
[INFO] [stdout] 9 |   let mut stream = FibStream::new();
[INFO] [stdout]   |                               ^^^ function or associated item not found in `dyn fibonnaci_stream::Stream`
[INFO] [stdout] 
[INFO] [stdout] error: aborting due to 2 previous errors
[INFO] [stdout] 
[INFO] [stdout] Some errors have detailed explanations: E0191, E0599.
[INFO] [stdout] For more information about an error, try `rustc --explain E0191`.
[INFO] [stdout] Couldn't compile the test.
[INFO] [stdout] 
[INFO] [stdout] failures:
[INFO] [stdout]     src/lib.rs - FibStream (line 35)
[INFO] [stdout] 
[INFO] [stdout] test result: FAILED. 0 passed; 1 failed; 1 ignored; 0 measured; 0 filtered out; finished in 0.22s
[INFO] [stdout] 
[INFO] [stderr] error: test failed, to rerun pass '--doc'
[INFO] running `Command { std: "docker" "inspect" "7b1f395db7e7f13a441aba4061009062792a24a5b9f7e8e898c298fd070bbc63", kill_on_drop: false }`
[INFO] running `Command { std: "docker" "rm" "-f" "7b1f395db7e7f13a441aba4061009062792a24a5b9f7e8e898c298fd070bbc63", kill_on_drop: false }`
[INFO] [stdout] 7b1f395db7e7f13a441aba4061009062792a24a5b9f7e8e898c298fd070bbc63
