[INFO] fetching crate fastnbt 1.1.0...
[INFO] testing fastnbt-1.1.0 against 1.54.0 for beta-1.55-1
[INFO] extracting crate fastnbt 1.1.0 into /workspace/builds/worker-86/source
[INFO] validating manifest of crates.io crate fastnbt 1.1.0 on toolchain 1.54.0
[INFO] running `Command { std: "/workspace/cargo-home/bin/cargo" "+1.54.0" "metadata" "--manifest-path" "Cargo.toml" "--no-deps", kill_on_drop: false }`
[INFO] started tweaking crates.io crate fastnbt 1.1.0
[INFO] finished tweaking crates.io crate fastnbt 1.1.0
[INFO] tweaked toml for crates.io crate fastnbt 1.1.0 written to /workspace/builds/worker-86/source/Cargo.toml
[INFO] crate crates.io crate fastnbt 1.1.0 already has a lockfile, it will not be regenerated
[INFO] running `Command { std: "/workspace/cargo-home/bin/cargo" "+1.54.0" "fetch" "--manifest-path" "Cargo.toml", kill_on_drop: false }`
[INFO] [stderr]     Blocking waiting for file lock on package cache
[INFO] [stderr]     Blocking waiting for file lock on package cache
[INFO] running `Command { std: "docker" "create" "-v" "/var/lib/crater-agent-workspace/builds/worker-86/target:/opt/rustwide/target:rw,Z" "-v" "/var/lib/crater-agent-workspace/builds/worker-86/source:/opt/rustwide/workdir:ro,Z" "-v" "/var/lib/crater-agent-workspace/cargo-home:/opt/rustwide/cargo-home:ro,Z" "-v" "/var/lib/crater-agent-workspace/rustup-home:/opt/rustwide/rustup-home:ro,Z" "-e" "SOURCE_DIR=/opt/rustwide/workdir" "-e" "CARGO_TARGET_DIR=/opt/rustwide/target" "-e" "CARGO_HOME=/opt/rustwide/cargo-home" "-e" "RUSTUP_HOME=/opt/rustwide/rustup-home" "-w" "/opt/rustwide/workdir" "-m" "1610612736" "--user" "0:0" "--network" "none" "ghcr.io/rust-lang/crates-build-env/linux@sha256:34b6a614d2c27851fe6cbf88fbd1137609cefab8b10d0615aaeb6fd47975d74e" "/opt/rustwide/cargo-home/bin/cargo" "+1.54.0" "metadata" "--no-deps" "--format-version=1", kill_on_drop: false }`
[INFO] [stdout] fe1db0a6899464b67581dcd0125c3b7a0c9761ff2f14527456f599ee98c047de
[INFO] running `Command { std: "docker" "start" "-a" "fe1db0a6899464b67581dcd0125c3b7a0c9761ff2f14527456f599ee98c047de", kill_on_drop: false }`
[INFO] running `Command { std: "docker" "inspect" "fe1db0a6899464b67581dcd0125c3b7a0c9761ff2f14527456f599ee98c047de", kill_on_drop: false }`
[INFO] running `Command { std: "docker" "rm" "-f" "fe1db0a6899464b67581dcd0125c3b7a0c9761ff2f14527456f599ee98c047de", kill_on_drop: false }`
[INFO] [stdout] fe1db0a6899464b67581dcd0125c3b7a0c9761ff2f14527456f599ee98c047de
[INFO] running `Command { std: "docker" "create" "-v" "/var/lib/crater-agent-workspace/builds/worker-86/target:/opt/rustwide/target:rw,Z" "-v" "/var/lib/crater-agent-workspace/builds/worker-86/source:/opt/rustwide/workdir:ro,Z" "-v" "/var/lib/crater-agent-workspace/cargo-home:/opt/rustwide/cargo-home:ro,Z" "-v" "/var/lib/crater-agent-workspace/rustup-home:/opt/rustwide/rustup-home:ro,Z" "-e" "SOURCE_DIR=/opt/rustwide/workdir" "-e" "CARGO_TARGET_DIR=/opt/rustwide/target" "-e" "CARGO_INCREMENTAL=0" "-e" "RUST_BACKTRACE=full" "-e" "RUSTFLAGS=--cap-lints=warn" "-e" "CARGO_HOME=/opt/rustwide/cargo-home" "-e" "RUSTUP_HOME=/opt/rustwide/rustup-home" "-w" "/opt/rustwide/workdir" "-m" "1610612736" "--user" "0:0" "--network" "none" "ghcr.io/rust-lang/crates-build-env/linux@sha256:34b6a614d2c27851fe6cbf88fbd1137609cefab8b10d0615aaeb6fd47975d74e" "/opt/rustwide/cargo-home/bin/cargo" "+1.54.0" "build" "--frozen" "--message-format=json", kill_on_drop: false }`
[INFO] [stdout] 4eb59318ce3fd75df03bf721a415549e971a1a4a2cd9dfda038148d95ad67ba6
[INFO] running `Command { std: "docker" "start" "-a" "4eb59318ce3fd75df03bf721a415549e971a1a4a2cd9dfda038148d95ad67ba6", kill_on_drop: false }`
[INFO] [stderr]    Compiling proc-macro2 v1.0.27
[INFO] [stderr]    Compiling syn v1.0.73
[INFO] [stderr]    Compiling serde_derive v1.0.126
[INFO] [stderr]    Compiling serde v1.0.126
[INFO] [stderr]    Compiling cesu8 v1.1.0
[INFO] [stderr]    Compiling byteorder v1.4.3
[INFO] [stderr]    Compiling quote v1.0.9
[INFO] [stderr]    Compiling fastnbt v1.1.0 (/opt/rustwide/workdir)
[INFO] [stderr]     Finished dev [unoptimized + debuginfo] target(s) in 23.73s
[INFO] running `Command { std: "docker" "inspect" "4eb59318ce3fd75df03bf721a415549e971a1a4a2cd9dfda038148d95ad67ba6", kill_on_drop: false }`
[INFO] running `Command { std: "docker" "rm" "-f" "4eb59318ce3fd75df03bf721a415549e971a1a4a2cd9dfda038148d95ad67ba6", kill_on_drop: false }`
[INFO] [stdout] 4eb59318ce3fd75df03bf721a415549e971a1a4a2cd9dfda038148d95ad67ba6
[INFO] running `Command { std: "docker" "create" "-v" "/var/lib/crater-agent-workspace/builds/worker-86/target:/opt/rustwide/target:rw,Z" "-v" "/var/lib/crater-agent-workspace/builds/worker-86/source:/opt/rustwide/workdir:ro,Z" "-v" "/var/lib/crater-agent-workspace/cargo-home:/opt/rustwide/cargo-home:ro,Z" "-v" "/var/lib/crater-agent-workspace/rustup-home:/opt/rustwide/rustup-home:ro,Z" "-e" "SOURCE_DIR=/opt/rustwide/workdir" "-e" "CARGO_TARGET_DIR=/opt/rustwide/target" "-e" "CARGO_INCREMENTAL=0" "-e" "RUST_BACKTRACE=full" "-e" "RUSTFLAGS=--cap-lints=warn" "-e" "CARGO_HOME=/opt/rustwide/cargo-home" "-e" "RUSTUP_HOME=/opt/rustwide/rustup-home" "-w" "/opt/rustwide/workdir" "-m" "1610612736" "--user" "0:0" "--network" "none" "ghcr.io/rust-lang/crates-build-env/linux@sha256:34b6a614d2c27851fe6cbf88fbd1137609cefab8b10d0615aaeb6fd47975d74e" "/opt/rustwide/cargo-home/bin/cargo" "+1.54.0" "test" "--frozen" "--no-run" "--message-format=json", kill_on_drop: false }`
[INFO] [stdout] 31b3e4cc27915c2b84a6ee11e0774f4f39806b65d048892a1857d46736629a41
[INFO] running `Command { std: "docker" "start" "-a" "31b3e4cc27915c2b84a6ee11e0774f4f39806b65d048892a1857d46736629a41", kill_on_drop: false }`
[INFO] [stderr]    Compiling libc v0.2.98
[INFO] [stderr]    Compiling crc32fast v1.2.1
[INFO] [stderr]    Compiling adler v1.0.2
[INFO] [stderr]    Compiling cfg-if v1.0.0
[INFO] [stderr]    Compiling miniz_oxide v0.4.4
[INFO] [stderr]    Compiling flate2 v1.0.20
[INFO] [stderr]    Compiling fastnbt v1.1.0 (/opt/rustwide/workdir)
[INFO] [stdout] warning: unused import: `Error`
[INFO] [stdout]  --> src/test/stream.rs:2:21
[INFO] [stdout]   |
[INFO] [stdout] 2 | use crate::stream::{Error, Name, Parser, Result, Value};
[INFO] [stdout]   |                     ^^^^^
[INFO] [stdout]   |
[INFO] [stdout]   = note: `#[warn(unused_imports)]` on by default
[INFO] [stdout] 
[INFO] [stdout] 
[INFO] [stdout] warning: 1 warning emitted
[INFO] [stdout] 
[INFO] [stdout] 
[INFO] [stderr]     Finished test [unoptimized + debuginfo] target(s) in 15.10s
[INFO] running `Command { std: "docker" "inspect" "31b3e4cc27915c2b84a6ee11e0774f4f39806b65d048892a1857d46736629a41", kill_on_drop: false }`
[INFO] running `Command { std: "docker" "rm" "-f" "31b3e4cc27915c2b84a6ee11e0774f4f39806b65d048892a1857d46736629a41", kill_on_drop: false }`
[INFO] [stdout] 31b3e4cc27915c2b84a6ee11e0774f4f39806b65d048892a1857d46736629a41
[INFO] running `Command { std: "docker" "create" "-v" "/var/lib/crater-agent-workspace/builds/worker-86/target:/opt/rustwide/target:rw,Z" "-v" "/var/lib/crater-agent-workspace/builds/worker-86/source:/opt/rustwide/workdir:ro,Z" "-v" "/var/lib/crater-agent-workspace/cargo-home:/opt/rustwide/cargo-home:ro,Z" "-v" "/var/lib/crater-agent-workspace/rustup-home:/opt/rustwide/rustup-home:ro,Z" "-e" "SOURCE_DIR=/opt/rustwide/workdir" "-e" "CARGO_TARGET_DIR=/opt/rustwide/target" "-e" "CARGO_INCREMENTAL=0" "-e" "RUST_BACKTRACE=full" "-e" "RUSTFLAGS=--cap-lints=warn" "-e" "CARGO_HOME=/opt/rustwide/cargo-home" "-e" "RUSTUP_HOME=/opt/rustwide/rustup-home" "-w" "/opt/rustwide/workdir" "-m" "1610612736" "--user" "0:0" "--network" "none" "ghcr.io/rust-lang/crates-build-env/linux@sha256:34b6a614d2c27851fe6cbf88fbd1137609cefab8b10d0615aaeb6fd47975d74e" "/opt/rustwide/cargo-home/bin/cargo" "+1.54.0" "test" "--frozen", kill_on_drop: false }`
[INFO] [stdout] 16cbd88ba7b8bf042da2fac1dc8990a9273dc2e34fbed559fe0567d962e49159
[INFO] running `Command { std: "docker" "start" "-a" "16cbd88ba7b8bf042da2fac1dc8990a9273dc2e34fbed559fe0567d962e49159", kill_on_drop: false }`
[INFO] [stderr] warning: unused import: `Error`
[INFO] [stderr]  --> src/test/stream.rs:2:21
[INFO] [stderr]   |
[INFO] [stderr] 2 | use crate::stream::{Error, Name, Parser, Result, Value};
[INFO] [stderr]   |                     ^^^^^
[INFO] [stderr]   |
[INFO] [stderr]   = note: `#[warn(unused_imports)]` on by default
[INFO] [stderr] 
[INFO] [stderr] warning: 1 warning emitted
[INFO] [stderr] 
[INFO] [stderr]     Finished test [unoptimized + debuginfo] target(s) in 0.13s
[INFO] [stderr]      Running unittests (/opt/rustwide/target/debug/deps/fastnbt-00d08cbad9aad30d)
[INFO] [stdout] 
[INFO] [stdout] running 98 tests
[INFO] [stdout] test test::de::basic_newtype_variant_enum ... ok
[INFO] [stdout] test test::de::blockstates ... ok
[INFO] [stdout] test test::de::basic_unit_variant_enum ... ok
[INFO] [stdout] test test::de::bool_from_integral ... ok
[INFO] [stdout] test test::de::bool_from_none_integral ... ok
[INFO] [stdout] test test::de::basic_palette_item ... ok
[INFO] [stdout] test test::de::cannot_borrow_cesu8_if_diff_repr ... ok
[INFO] [stdout] test test::de::complex_nesting ... ok
[INFO] [stdout] test test::de::can_cow_cesu8 ... ok
[INFO] [stdout] test test::de::byte_array_from_list_bytes ... ok
[INFO] [stdout] test test::de::byte_array_from_nbt_long_list ... ok
[INFO] [stdout] test test::de::byte_array_from_nbt_short_list ... ok
[INFO] [stdout] test test::de::can_borrow_cesu8_if_same_repr ... ok
[INFO] [stdout] test test::de::fixed_array ... ok
[INFO] [stdout] test test::de::cesu8_string_in_nbt ... ok
[INFO] [stdout] test test::de::error_impls_sync_send ... ok
[INFO] [stdout] test test::de::byte_array_from_nbt_int_list ... ok
[INFO] [stdout] test test::de::byte_array_in_fullvalue ... ok
[INFO] [stdout] test test::de::short_to_u16_out_of_range_errors ... ok
[INFO] [stdout] test test::de::simple_floats ... ok
[INFO] [stdout] test test::de::simple_byte ... ok
[INFO] [stdout] test test::de::ignore_list_of_compound ... ok
[INFO] [stdout] test test::de::ignore_list ... ok
[INFO] [stdout] test test::de::int_array_in_fullvalue ... ok
[INFO] [stdout] test test::de::simple_hashmap_with_enum ... ok
[INFO] [stdout] test test::de::nested_compound ... ok
[INFO] [stdout] test test::de::simple_list ... ok
[INFO] [stdout] test test::de::ignore_integral_arrays ... ok
[INFO] [stdout] test test::de::simple_short_to_i16 ... ok
[INFO] [stdout] test test::de::simple_hashmap ... ok
[INFO] [stdout] test test::de::simple_short_to_u16 ... ok
[INFO] [stdout] test test::de::string_into_ref_str ... ok
[INFO] [stdout] test test::de::string_into_string ... ok
[INFO] [stdout] test test::de::trailing_bytes ... ok
[INFO] [stdout] test test::de::type_mismatch_string ... ok
[INFO] [stdout] test test::de::unit_not_present_errors ... ok
[INFO] [stdout] test test::de::unwanted_primative_payloads ... ok
[INFO] [stdout] test test::de_arrays::byte_array_zero_copy ... ok
[INFO] [stdout] test test::de::unit_variant_enum ... ok
[INFO] [stdout] test test::de_arrays::array_subslice_doesnt_panic ... ok
[INFO] [stdout] test test::de_arrays::int_array_cannot_be_deserialized_to_byte_array ... ok
[INFO] [stdout] test test::de_arrays::int_array_zero_copy ... ok
[INFO] [stdout] test test::de_arrays::long_array ... ok
[INFO] [stdout] test test::de_arrays::long_array_cannot_be_deserialized_to_byte_array ... ok
[INFO] [stdout] test test::de_arrays::long_array_cannot_be_deserialized_to_int_array ... ok
[INFO] [stdout] test test::de_arrays::long_array_zero_copy ... ok
[INFO] [stdout] test test::de_arrays::nice_error_if_deserialize_array_to_seq ... ok
[INFO] [stdout] test test::exhaustive_tag_check ... ok
[INFO] [stdout] test test::fuzz::list_of_end ... ok
[INFO] [stdout] test test::fuzz::partial_input_causes_panic_if_in_string ... ok
[INFO] [stdout] test test::de::numbers_into_u32 ... ok
[INFO] [stdout] test test::de::newtype_struct ... ok
[INFO] [stdout] test test::de::optional ... ok
[INFO] [stdout] test test::de::ignore_primitives_in_ignored_compound ... ok
[INFO] [stdout] test test::de_arrays::int_array ... ok
[INFO] [stdout] test test::de::ignore_compound ... ok
[INFO] [stdout] test test::de::list_of_compounds ... ok
[INFO] [stdout] test test::de::nested_hashmaps_with_enums ... ok
[INFO] [stdout] test test::de::integrals_in_fullvalue ... ok
[INFO] [stdout] test test::de::multiple_fields ... ok
[INFO] [stdout] test test::de::unit_just_requires_presense ... ok
[INFO] [stdout] test test::de::unwanted_byte ... ok
[INFO] [stdout] test test::de::vec_from_nbt_byte_array ... ok
[INFO] [stdout] test test::minecraft_chunk::avoiding_alloc_with_chunk ... ok
[INFO] [stdout] test test::de_arrays::byte_array ... ok
[INFO] [stdout] test test::minecraft_chunk::unit_variant_enum_for_chunk_status ... ok
[INFO] [stdout] test test::stream::simple_double ... ok
[INFO] [stdout] test test::stream::empty_payload ... ok
[INFO] [stdout] test test::stream::end_of_reader_is_signalled ... ok
[INFO] [stdout] test test::stream::list_of_compounds ... ok
[INFO] [stdout] test test::stream::simple_byte ... ok
[INFO] [stdout] test test::stream::simple_byte_array ... ok
[INFO] [stdout] test test::stream::nested_compound ... ok
[INFO] [stdout] test test::stream::simple_compound ... ok
[INFO] [stdout] test test::stream::compound_with_list_inside ... ok
[INFO] [stdout] test test::stream::simple_float ... ok
[INFO] [stdout] test test::stream::multiple_primatives ... ok
[INFO] [stdout] test test::stream::simple_int ... ok
[INFO] [stdout] test test::minecraft_chunk::tile_entities ... ok
[INFO] [stdout] test test::stream::simple_int_array ... ok
[INFO] [stdout] test test::stream::simple_list ... ok
[INFO] [stdout] test test::stream::simple_list_of_int ... ok
[INFO] [stdout] test test::stream::simple_long ... ok
[INFO] [stdout] test test::stream::two_lists_one_after_another ... ok
[INFO] [stdout] test test::stream::simple_string ... ok
[INFO] [stdout] test test::stream::simple_long_array ... ok
[INFO] [stdout] test test::stream::simple_short ... ok
[INFO] [stdout] test test::value::distinguish_arrays ... ok
[INFO] [stdout] test test::value::distinguish_byte ... ok
[INFO] [stdout] test test::value::distinguish_compound ... ok
[INFO] [stdout] test test::de::floating_in_fullvalue ... FAILED
[INFO] [stdout] test test::value::distinguish_int ... ok
[INFO] [stdout] test test::value::distinguish_floats ... FAILED
[INFO] [stdout] test test::value::distinguish_lists ... ok
[INFO] [stdout] test test::value::distinguish_short ... ok
[INFO] [stdout] test test::value::distinguish_string ... ok
[INFO] [stdout] test test::value::distinguish_long ... ok
[INFO] [stdout] test test::minecraft_chunk::chunk_to_value ... ok
[INFO] [stdout] 
[INFO] [stdout] failures:
[INFO] [stdout] 
[INFO] [stdout] ---- test::de::floating_in_fullvalue stdout ----
[INFO] [stdout] thread 'test::de::floating_in_fullvalue' panicked at 'Double(1.0)', src/test/de.rs:1081:22
[INFO] [stdout] stack backtrace:
[INFO] [stdout]    0:     0x55f7e10a8dd0 - std::backtrace_rs::backtrace::libunwind::trace::h34055254b57d8e79
[INFO] [stdout]                                at /rustc/a178d0322ce20e33eac124758e837cbd80a6f633/library/std/src/../../backtrace/src/backtrace/libunwind.rs:90:5
[INFO] [stdout]    1:     0x55f7e10a8dd0 - std::backtrace_rs::backtrace::trace_unsynchronized::h8f1e3fbd9afff6ec
[INFO] [stdout]                                at /rustc/a178d0322ce20e33eac124758e837cbd80a6f633/library/std/src/../../backtrace/src/backtrace/mod.rs:66:5
[INFO] [stdout]    2:     0x55f7e10a8dd0 - std::sys_common::backtrace::_print_fmt::h3a99a796b770c360
[INFO] [stdout]                                at /rustc/a178d0322ce20e33eac124758e837cbd80a6f633/library/std/src/sys_common/backtrace.rs:67:5
[INFO] [stdout]    3:     0x55f7e10a8dd0 - <std::sys_common::backtrace::_print::DisplayBacktrace as core::fmt::Display>::fmt::h32d1f94a80615d18
[INFO] [stdout]                                at /rustc/a178d0322ce20e33eac124758e837cbd80a6f633/library/std/src/sys_common/backtrace.rs:46:22
[INFO] [stdout]    4:     0x55f7e10cc10c - core::fmt::write::h306731c068f7162c
[INFO] [stdout]                                at /rustc/a178d0322ce20e33eac124758e837cbd80a6f633/library/core/src/fmt/mod.rs:1110:17
[INFO] [stdout]    5:     0x55f7e10a5cf5 - std::io::Write::write_fmt::h87f19b0a2cd190bc
[INFO] [stdout]                                at /rustc/a178d0322ce20e33eac124758e837cbd80a6f633/library/std/src/io/mod.rs:1588:15
[INFO] [stdout]    6:     0x55f7e10aaf3b - std::sys_common::backtrace::_print::h5abaa2601a852287
[INFO] [stdout]                                at /rustc/a178d0322ce20e33eac124758e837cbd80a6f633/library/std/src/sys_common/backtrace.rs:49:5
[INFO] [stdout]    7:     0x55f7e10aaf3b - std::sys_common::backtrace::print::h8d81445442bb638f
[INFO] [stdout]                                at /rustc/a178d0322ce20e33eac124758e837cbd80a6f633/library/std/src/sys_common/backtrace.rs:36:9
[INFO] [stdout]    8:     0x55f7e10aaf3b - std::panicking::default_hook::{{closure}}::hcfe804496a9fa747
[INFO] [stdout]                                at /rustc/a178d0322ce20e33eac124758e837cbd80a6f633/library/std/src/panicking.rs:208:50
[INFO] [stdout]    9:     0x55f7e10aaa4c - std::panicking::default_hook::hbea8e3ccf2ba8901
[INFO] [stdout]                                at /rustc/a178d0322ce20e33eac124758e837cbd80a6f633/library/std/src/panicking.rs:222:9
[INFO] [stdout]   10:     0x55f7e10ab604 - std::panicking::rust_panic_with_hook::h7ee9e1a2d0f8975a
[INFO] [stdout]                                at /rustc/a178d0322ce20e33eac124758e837cbd80a6f633/library/std/src/panicking.rs:622:17
[INFO] [stdout]   11:     0x55f7e10ab0e7 - std::panicking::begin_panic_handler::{{closure}}::h8ab3b4491718b2c7
[INFO] [stdout]                                at /rustc/a178d0322ce20e33eac124758e837cbd80a6f633/library/std/src/panicking.rs:519:13
[INFO] [stdout]   12:     0x55f7e10a92cc - std::sys_common::backtrace::__rust_end_short_backtrace::hd489062ffa586a9f
[INFO] [stdout]                                at /rustc/a178d0322ce20e33eac124758e837cbd80a6f633/library/std/src/sys_common/backtrace.rs:141:18
[INFO] [stdout]   13:     0x55f7e10ab049 - rust_begin_unwind
[INFO] [stdout]                                at /rustc/a178d0322ce20e33eac124758e837cbd80a6f633/library/std/src/panicking.rs:515:5
[INFO] [stdout]   14:     0x55f7e0db8f2b - std::panicking::begin_panic_fmt::h5479575e112541f8
[INFO] [stdout]                                at /rustc/a178d0322ce20e33eac124758e837cbd80a6f633/library/std/src/panicking.rs:457:5
[INFO] [stdout]   15:     0x55f7e0f3d1a8 - fastnbt::test::de::floating_in_fullvalue::hf2a5ee88e703b30e
[INFO] [stdout]                                at /opt/rustwide/workdir/src/test/de.rs:1081:22
[INFO] [stdout]   16:     0x55f7e0f3ce6a - fastnbt::test::de::floating_in_fullvalue::{{closure}}::h8a6cb6df30c12266
[INFO] [stdout]                                at /opt/rustwide/workdir/src/test/de.rs:1066:1
[INFO] [stdout]   17:     0x55f7e0f89d4e - core::ops::function::FnOnce::call_once::h49902fe3b0425f56
[INFO] [stdout]                                at /rustc/a178d0322ce20e33eac124758e837cbd80a6f633/library/core/src/ops/function.rs:227:5
[INFO] [stdout]   18:     0x55f7e1079c53 - core::ops::function::FnOnce::call_once::h152e7e439ff59e19
[INFO] [stdout]                                at /rustc/a178d0322ce20e33eac124758e837cbd80a6f633/library/core/src/ops/function.rs:227:5
[INFO] [stdout]   19:     0x55f7e1079c53 - test::__rust_begin_short_backtrace::h0908f3b1fdbb72ab
[INFO] [stdout]                                at /rustc/a178d0322ce20e33eac124758e837cbd80a6f633/library/test/src/lib.rs:577:5
[INFO] [stdout]   20:     0x55f7e1078710 - <alloc::boxed::Box<F,A> as core::ops::function::FnOnce<Args>>::call_once::hf6d2a51e5587546c
[INFO] [stdout]                                at /rustc/a178d0322ce20e33eac124758e837cbd80a6f633/library/alloc/src/boxed.rs:1575:9
[INFO] [stdout]   21:     0x55f7e1078710 - <std::panic::AssertUnwindSafe<F> as core::ops::function::FnOnce<()>>::call_once::h8af660f3a89ef593
[INFO] [stdout]                                at /rustc/a178d0322ce20e33eac124758e837cbd80a6f633/library/std/src/panic.rs:347:9
[INFO] [stdout]   22:     0x55f7e1078710 - std::panicking::try::do_call::hd36aef60f84b6d36
[INFO] [stdout]                                at /rustc/a178d0322ce20e33eac124758e837cbd80a6f633/library/std/src/panicking.rs:401:40
[INFO] [stdout]   23:     0x55f7e1078710 - std::panicking::try::h9932b4480e69817c
[INFO] [stdout]                                at /rustc/a178d0322ce20e33eac124758e837cbd80a6f633/library/std/src/panicking.rs:365:19
[INFO] [stdout]   24:     0x55f7e1078710 - std::panic::catch_unwind::h6aa177099cfff5f8
[INFO] [stdout]                                at /rustc/a178d0322ce20e33eac124758e837cbd80a6f633/library/std/src/panic.rs:434:14
[INFO] [stdout]   25:     0x55f7e1078710 - test::run_test_in_process::h5884d6f2d99e20c3
[INFO] [stdout]                                at /rustc/a178d0322ce20e33eac124758e837cbd80a6f633/library/test/src/lib.rs:600:18
[INFO] [stdout]   26:     0x55f7e1078710 - test::run_test::run_test_inner::{{closure}}::h6fdc58c6d5f5b6e3
[INFO] [stdout]                                at /rustc/a178d0322ce20e33eac124758e837cbd80a6f633/library/test/src/lib.rs:492:39
[INFO] [stdout]   27:     0x55f7e1051dc2 - test::run_test::run_test_inner::{{closure}}::h408365d67a78ade8
[INFO] [stdout]                                at /rustc/a178d0322ce20e33eac124758e837cbd80a6f633/library/test/src/lib.rs:519:37
[INFO] [stdout]   28:     0x55f7e1051dc2 - std::sys_common::backtrace::__rust_begin_short_backtrace::hb560b77c4f701523
[INFO] [stdout]                                at /rustc/a178d0322ce20e33eac124758e837cbd80a6f633/library/std/src/sys_common/backtrace.rs:125:18
[INFO] [stdout]   29:     0x55f7e1055978 - std::thread::Builder::spawn_unchecked::{{closure}}::{{closure}}::hf2e7831dad93c597
[INFO] [stdout]                                at /rustc/a178d0322ce20e33eac124758e837cbd80a6f633/library/std/src/thread/mod.rs:481:17
[INFO] [stdout]   30:     0x55f7e1055978 - <std::panic::AssertUnwindSafe<F> as core::ops::function::FnOnce<()>>::call_once::hd2e08783d8be4d02
[INFO] [stdout]                                at /rustc/a178d0322ce20e33eac124758e837cbd80a6f633/library/std/src/panic.rs:347:9
[INFO] [stdout]   31:     0x55f7e1055978 - std::panicking::try::do_call::h062597b7acfd6b82
[INFO] [stdout]                                at /rustc/a178d0322ce20e33eac124758e837cbd80a6f633/library/std/src/panicking.rs:401:40
[INFO] [stdout]   32:     0x55f7e1055978 - std::panicking::try::h0d7b79db04c14552
[INFO] [stdout]                                at /rustc/a178d0322ce20e33eac124758e837cbd80a6f633/library/std/src/panicking.rs:365:19
[INFO] [stdout]   33:     0x55f7e1055978 - std::panic::catch_unwind::hb01a0b5e7c8cd43b
[INFO] [stdout]                                at /rustc/a178d0322ce20e33eac124758e837cbd80a6f633/library/std/src/panic.rs:434:14
[INFO] [stdout]   34:     0x55f7e1055978 - std::thread::Builder::spawn_unchecked::{{closure}}::h5bde48cc887e0d1e
[INFO] [stdout]                                at /rustc/a178d0322ce20e33eac124758e837cbd80a6f633/library/std/src/thread/mod.rs:480:30
[INFO] [stdout]   35:     0x55f7e1055978 - core::ops::function::FnOnce::call_once{{vtable.shim}}::h745ea30807a29e55
[INFO] [stdout]                                at /rustc/a178d0322ce20e33eac124758e837cbd80a6f633/library/core/src/ops/function.rs:227:5
[INFO] [stdout]   36:     0x55f7e10b00c7 - <alloc::boxed::Box<F,A> as core::ops::function::FnOnce<Args>>::call_once::h7ece6cfefaff1005
[INFO] [stdout]                                at /rustc/a178d0322ce20e33eac124758e837cbd80a6f633/library/alloc/src/boxed.rs:1575:9
[INFO] [stdout]   37:     0x55f7e10b00c7 - <alloc::boxed::Box<F,A> as core::ops::function::FnOnce<Args>>::call_once::hb8b48e55c21f193e
[INFO] [stdout]                                at /rustc/a178d0322ce20e33eac124758e837cbd80a6f633/library/alloc/src/boxed.rs:1575:9
[INFO] [stdout]   38:     0x55f7e10b00c7 - std::sys::unix::thread::Thread::new::thread_start::h8c7c4450dba62914
[INFO] [stdout]                                at /rustc/a178d0322ce20e33eac124758e837cbd80a6f633/library/std/src/sys/unix/thread.rs:71:17
[INFO] [stdout]   39:     0x7f56dd952609 - start_thread
[INFO] [stdout]   40:     0x7f56dd724293 - clone
[INFO] [stdout]   41:                0x0 - <unknown>
[INFO] [stdout] 
[INFO] [stdout] ---- test::value::distinguish_floats stdout ----
[INFO] [stdout] thread 'test::value::distinguish_floats' panicked at 'expected Some(Value::Float(f)), got Some(Double(1.2300000190734863))', src/test/value.rs:103:5
[INFO] [stdout] stack backtrace:
[INFO] [stdout]    0:     0x55f7e10a8dd0 - std::backtrace_rs::backtrace::libunwind::trace::h34055254b57d8e79
[INFO] [stdout]                                at /rustc/a178d0322ce20e33eac124758e837cbd80a6f633/library/std/src/../../backtrace/src/backtrace/libunwind.rs:90:5
[INFO] [stdout]    1:     0x55f7e10a8dd0 - std::backtrace_rs::backtrace::trace_unsynchronized::h8f1e3fbd9afff6ec
[INFO] [stdout]                                at /rustc/a178d0322ce20e33eac124758e837cbd80a6f633/library/std/src/../../backtrace/src/backtrace/mod.rs:66:5
[INFO] [stdout]    2:     0x55f7e10a8dd0 - std::sys_common::backtrace::_print_fmt::h3a99a796b770c360
[INFO] [stdout]                                at /rustc/a178d0322ce20e33eac124758e837cbd80a6f633/library/std/src/sys_common/backtrace.rs:67:5
[INFO] [stdout]    3:     0x55f7e10a8dd0 - <std::sys_common::backtrace::_print::DisplayBacktrace as core::fmt::Display>::fmt::h32d1f94a80615d18
[INFO] [stdout]                                at /rustc/a178d0322ce20e33eac124758e837cbd80a6f633/library/std/src/sys_common/backtrace.rs:46:22
[INFO] [stdout]    4:     0x55f7e10cc10c - core::fmt::write::h306731c068f7162c
[INFO] [stdout]                                at /rustc/a178d0322ce20e33eac124758e837cbd80a6f633/library/core/src/fmt/mod.rs:1110:17
[INFO] [stdout]    5:     0x55f7e10a5cf5 - std::io::Write::write_fmt::h87f19b0a2cd190bc
[INFO] [stdout]                                at /rustc/a178d0322ce20e33eac124758e837cbd80a6f633/library/std/src/io/mod.rs:1588:15
[INFO] [stdout]    6:     0x55f7e10aaf3b - std::sys_common::backtrace::_print::h5abaa2601a852287
[INFO] [stdout]                                at /rustc/a178d0322ce20e33eac124758e837cbd80a6f633/library/std/src/sys_common/backtrace.rs:49:5
[INFO] [stdout]    7:     0x55f7e10aaf3b - std::sys_common::backtrace::print::h8d81445442bb638f
[INFO] [stdout]                                at /rustc/a178d0322ce20e33eac124758e837cbd80a6f633/library/std/src/sys_common/backtrace.rs:36:9
[INFO] [stdout]    8:     0x55f7e10aaf3b - std::panicking::default_hook::{{closure}}::hcfe804496a9fa747
[INFO] [stdout]                                at /rustc/a178d0322ce20e33eac124758e837cbd80a6f633/library/std/src/panicking.rs:208:50
[INFO] [stdout]    9:     0x55f7e10aaa4c - std::panicking::default_hook::hbea8e3ccf2ba8901
[INFO] [stdout]                                at /rustc/a178d0322ce20e33eac124758e837cbd80a6f633/library/std/src/panicking.rs:222:9
[INFO] [stdout]   10:     0x55f7e10ab604 - std::panicking::rust_panic_with_hook::h7ee9e1a2d0f8975a
[INFO] [stdout]                                at /rustc/a178d0322ce20e33eac124758e837cbd80a6f633/library/std/src/panicking.rs:622:17
[INFO] [stdout]   11:     0x55f7e10ab0e7 - std::panicking::begin_panic_handler::{{closure}}::h8ab3b4491718b2c7
[INFO] [stdout]                                at /rustc/a178d0322ce20e33eac124758e837cbd80a6f633/library/std/src/panicking.rs:519:13
[INFO] [stdout]   12:     0x55f7e10a92cc - std::sys_common::backtrace::__rust_end_short_backtrace::hd489062ffa586a9f
[INFO] [stdout]                                at /rustc/a178d0322ce20e33eac124758e837cbd80a6f633/library/std/src/sys_common/backtrace.rs:141:18
[INFO] [stdout]   13:     0x55f7e10ab049 - rust_begin_unwind
[INFO] [stdout]                                at /rustc/a178d0322ce20e33eac124758e837cbd80a6f633/library/std/src/panicking.rs:515:5
[INFO] [stdout]   14:     0x55f7e0db8f2b - std::panicking::begin_panic_fmt::h5479575e112541f8
[INFO] [stdout]                                at /rustc/a178d0322ce20e33eac124758e837cbd80a6f633/library/std/src/panicking.rs:457:5
[INFO] [stdout]   15:     0x55f7e0fea0a7 - fastnbt::test::value::distinguish_floats::hcc311873b5fa6d67
[INFO] [stdout]                                at /opt/rustwide/workdir/src/test/value.rs:103:5
[INFO] [stdout]   16:     0x55f7e0fe9d2a - fastnbt::test::value::distinguish_floats::{{closure}}::h0081663926d7ef5f
[INFO] [stdout]                                at /opt/rustwide/workdir/src/test/value.rs:94:1
[INFO] [stdout]   17:     0x55f7e0f8b79e - core::ops::function::FnOnce::call_once::hd5ba53de3cd347b4
[INFO] [stdout]                                at /rustc/a178d0322ce20e33eac124758e837cbd80a6f633/library/core/src/ops/function.rs:227:5
[INFO] [stdout]   18:     0x55f7e1079c53 - core::ops::function::FnOnce::call_once::h152e7e439ff59e19
[INFO] [stdout]                                at /rustc/a178d0322ce20e33eac124758e837cbd80a6f633/library/core/src/ops/function.rs:227:5
[INFO] [stdout]   19:     0x55f7e1079c53 - test::__rust_begin_short_backtrace::h0908f3b1fdbb72ab
[INFO] [stdout]                                at /rustc/a178d0322ce20e33eac124758e837cbd80a6f633/library/test/src/lib.rs:577:5
[INFO] [stdout]   20:     0x55f7e1078710 - <alloc::boxed::Box<F,A> as core::ops::function::FnOnce<Args>>::call_once::hf6d2a51e5587546c
[INFO] [stdout]                                at /rustc/a178d0322ce20e33eac124758e837cbd80a6f633/library/alloc/src/boxed.rs:1575:9
[INFO] [stdout]   21:     0x55f7e1078710 - <std::panic::AssertUnwindSafe<F> as core::ops::function::FnOnce<()>>::call_once::h8af660f3a89ef593
[INFO] [stdout]                                at /rustc/a178d0322ce20e33eac124758e837cbd80a6f633/library/std/src/panic.rs:347:9
[INFO] [stdout]   22:     0x55f7e1078710 - std::panicking::try::do_call::hd36aef60f84b6d36
[INFO] [stdout]                                at /rustc/a178d0322ce20e33eac124758e837cbd80a6f633/library/std/src/panicking.rs:401:40
[INFO] [stdout]   23:     0x55f7e1078710 - std::panicking::try::h9932b4480e69817c
[INFO] [stdout]                                at /rustc/a178d0322ce20e33eac124758e837cbd80a6f633/library/std/src/panicking.rs:365:19
[INFO] [stdout]   24:     0x55f7e1078710 - std::panic::catch_unwind::h6aa177099cfff5f8
[INFO] [stdout]                                at /rustc/a178d0322ce20e33eac124758e837cbd80a6f633/library/std/src/panic.rs:434:14
[INFO] [stdout]   25:     0x55f7e1078710 - test::run_test_in_process::h5884d6f2d99e20c3
[INFO] [stdout]                                at /rustc/a178d0322ce20e33eac124758e837cbd80a6f633/library/test/src/lib.rs:600:18
[INFO] [stdout]   26:     0x55f7e1078710 - test::run_test::run_test_inner::{{closure}}::h6fdc58c6d5f5b6e3
[INFO] [stdout]                                at /rustc/a178d0322ce20e33eac124758e837cbd80a6f633/library/test/src/lib.rs:492:39
[INFO] [stdout]   27:     0x55f7e1051dc2 - test::run_test::run_test_inner::{{closure}}::h408365d67a78ade8
[INFO] [stdout]                                at /rustc/a178d0322ce20e33eac124758e837cbd80a6f633/library/test/src/lib.rs:519:37
[INFO] [stdout]   28:     0x55f7e1051dc2 - std::sys_common::backtrace::__rust_begin_short_backtrace::hb560b77c4f701523
[INFO] [stdout]                                at /rustc/a178d0322ce20e33eac124758e837cbd80a6f633/library/std/src/sys_common/backtrace.rs:125:18
[INFO] [stdout]   29:     0x55f7e1055978 - std::thread::Builder::spawn_unchecked::{{closure}}::{{closure}}::hf2e7831dad93c597
[INFO] [stdout]                                at /rustc/a178d0322ce20e33eac124758e837cbd80a6f633/library/std/src/thread/mod.rs:481:17
[INFO] [stdout]   30:     0x55f7e1055978 - <std::panic::AssertUnwindSafe<F> as core::ops::function::FnOnce<()>>::call_once::hd2e08783d8be4d02
[INFO] [stdout]                                at /rustc/a178d0322ce20e33eac124758e837cbd80a6f633/library/std/src/panic.rs:347:9
[INFO] [stdout]   31:     0x55f7e1055978 - std::panicking::try::do_call::h062597b7acfd6b82
[INFO] [stdout]                                at /rustc/a178d0322ce20e33eac124758e837cbd80a6f633/library/std/src/panicking.rs:401:40
[INFO] [stdout]   32:     0x55f7e1055978 - std::panicking::try::h0d7b79db04c14552
[INFO] [stdout]                                at /rustc/a178d0322ce20e33eac124758e837cbd80a6f633/library/std/src/panicking.rs:365:19
[INFO] [stdout]   33:     0x55f7e1055978 - std::panic::catch_unwind::hb01a0b5e7c8cd43b
[INFO] [stdout]                                at /rustc/a178d0322ce20e33eac124758e837cbd80a6f633/library/std/src/panic.rs:434:14
[INFO] [stdout]   34:     0x55f7e1055978 - std::thread::Builder::spawn_unchecked::{{closure}}::h5bde48cc887e0d1e
[INFO] [stdout]                                at /rustc/a178d0322ce20e33eac124758e837cbd80a6f633/library/std/src/thread/mod.rs:480:30
[INFO] [stdout]   35:     0x55f7e1055978 - core::ops::function::FnOnce::call_once{{vtable.shim}}::h745ea30807a29e55
[INFO] [stdout]                                at /rustc/a178d0322ce20e33eac124758e837cbd80a6f633/library/core/src/ops/function.rs:227:5
[INFO] [stdout]   36:     0x55f7e10b00c7 - <alloc::boxed::Box<F,A> as core::ops::function::FnOnce<Args>>::call_once::h7ece6cfefaff1005
[INFO] [stdout]                                at /rustc/a178d0322ce20e33eac124758e837cbd80a6f633/library/alloc/src/boxed.rs:1575:9
[INFO] [stdout]   37:     0x55f7e10b00c7 - <alloc::boxed::Box<F,A> as core::ops::function::FnOnce<Args>>::call_once::hb8b48e55c21f193e
[INFO] [stdout]                                at /rustc/a178d0322ce20e33eac124758e837cbd80a6f633/library/alloc/src/boxed.rs:1575:9
[INFO] [stdout]   38:     0x55f7e10b00c7 - std::sys::unix::thread::Thread::new::thread_start::h8c7c4450dba62914
[INFO] [stdout]                                at /rustc/a178d0322ce20e33eac124758e837cbd80a6f633/library/std/src/sys/unix/thread.rs:71:17
[INFO] [stdout]   39:     0x7f56dd952609 - start_thread
[INFO] [stdout]   40:     0x7f56dd724293 - clone
[INFO] [stdout]   41:                0x0 - <unknown>
[INFO] [stdout] 
[INFO] [stdout] 
[INFO] [stdout] failures:
[INFO] [stdout]     test::de::floating_in_fullvalue
[INFO] [stdout]     test::value::distinguish_floats
[INFO] [stdout] 
[INFO] [stdout] test result: FAILED. 96 passed; 2 failed; 0 ignored; 0 measured; 0 filtered out; finished in 0.16s
[INFO] [stdout] 
[INFO] [stderr] error: test failed, to rerun pass '--lib'
[INFO] running `Command { std: "docker" "inspect" "16cbd88ba7b8bf042da2fac1dc8990a9273dc2e34fbed559fe0567d962e49159", kill_on_drop: false }`
[INFO] running `Command { std: "docker" "rm" "-f" "16cbd88ba7b8bf042da2fac1dc8990a9273dc2e34fbed559fe0567d962e49159", kill_on_drop: false }`
[INFO] [stdout] 16cbd88ba7b8bf042da2fac1dc8990a9273dc2e34fbed559fe0567d962e49159
