[INFO] fetching crate fastly-macros 0.5.0...
[INFO] testing fastly-macros-0.5.0 against beta-2021-08-01 for beta-1.55-1
[INFO] extracting crate fastly-macros 0.5.0 into /workspace/builds/worker-29/source
[INFO] validating manifest of crates.io crate fastly-macros 0.5.0 on toolchain beta-2021-08-01
[INFO] running `Command { std: "/workspace/cargo-home/bin/cargo" "+beta-2021-08-01" "metadata" "--manifest-path" "Cargo.toml" "--no-deps", kill_on_drop: false }`
[INFO] started tweaking crates.io crate fastly-macros 0.5.0
[INFO] finished tweaking crates.io crate fastly-macros 0.5.0
[INFO] tweaked toml for crates.io crate fastly-macros 0.5.0 written to /workspace/builds/worker-29/source/Cargo.toml
[INFO] running `Command { std: "/workspace/cargo-home/bin/cargo" "+beta-2021-08-01" "generate-lockfile" "--manifest-path" "Cargo.toml" "-Zno-index-update", kill_on_drop: false }`
[INFO] running `Command { std: "/workspace/cargo-home/bin/cargo" "+beta-2021-08-01" "fetch" "--manifest-path" "Cargo.toml", kill_on_drop: false }`
[INFO] [stderr]     Blocking waiting for file lock on package cache
[INFO] running `Command { std: "docker" "create" "-v" "/var/lib/crater-agent-workspace/builds/worker-29/target:/opt/rustwide/target:rw,Z" "-v" "/var/lib/crater-agent-workspace/builds/worker-29/source:/opt/rustwide/workdir:ro,Z" "-v" "/var/lib/crater-agent-workspace/cargo-home:/opt/rustwide/cargo-home:ro,Z" "-v" "/var/lib/crater-agent-workspace/rustup-home:/opt/rustwide/rustup-home:ro,Z" "-e" "SOURCE_DIR=/opt/rustwide/workdir" "-e" "CARGO_TARGET_DIR=/opt/rustwide/target" "-e" "CARGO_HOME=/opt/rustwide/cargo-home" "-e" "RUSTUP_HOME=/opt/rustwide/rustup-home" "-w" "/opt/rustwide/workdir" "-m" "1610612736" "--user" "0:0" "--network" "none" "ghcr.io/rust-lang/crates-build-env/linux@sha256:34b6a614d2c27851fe6cbf88fbd1137609cefab8b10d0615aaeb6fd47975d74e" "/opt/rustwide/cargo-home/bin/cargo" "+beta-2021-08-01" "metadata" "--no-deps" "--format-version=1", kill_on_drop: false }`
[INFO] [stdout] de76a2907036d33c71d8576026209a3996fdb320299ebace71f9b87b14e10fd8
[INFO] running `Command { std: "docker" "start" "-a" "de76a2907036d33c71d8576026209a3996fdb320299ebace71f9b87b14e10fd8", kill_on_drop: false }`
[INFO] running `Command { std: "docker" "inspect" "de76a2907036d33c71d8576026209a3996fdb320299ebace71f9b87b14e10fd8", kill_on_drop: false }`
[INFO] running `Command { std: "docker" "rm" "-f" "de76a2907036d33c71d8576026209a3996fdb320299ebace71f9b87b14e10fd8", kill_on_drop: false }`
[INFO] [stdout] de76a2907036d33c71d8576026209a3996fdb320299ebace71f9b87b14e10fd8
[INFO] running `Command { std: "docker" "create" "-v" "/var/lib/crater-agent-workspace/builds/worker-29/target:/opt/rustwide/target:rw,Z" "-v" "/var/lib/crater-agent-workspace/builds/worker-29/source:/opt/rustwide/workdir:ro,Z" "-v" "/var/lib/crater-agent-workspace/cargo-home:/opt/rustwide/cargo-home:ro,Z" "-v" "/var/lib/crater-agent-workspace/rustup-home:/opt/rustwide/rustup-home:ro,Z" "-e" "SOURCE_DIR=/opt/rustwide/workdir" "-e" "CARGO_TARGET_DIR=/opt/rustwide/target" "-e" "CARGO_INCREMENTAL=0" "-e" "RUST_BACKTRACE=full" "-e" "RUSTFLAGS=--cap-lints=warn" "-e" "CARGO_HOME=/opt/rustwide/cargo-home" "-e" "RUSTUP_HOME=/opt/rustwide/rustup-home" "-w" "/opt/rustwide/workdir" "-m" "1610612736" "--user" "0:0" "--network" "none" "ghcr.io/rust-lang/crates-build-env/linux@sha256:34b6a614d2c27851fe6cbf88fbd1137609cefab8b10d0615aaeb6fd47975d74e" "/opt/rustwide/cargo-home/bin/cargo" "+beta-2021-08-01" "build" "--frozen" "--message-format=json", kill_on_drop: false }`
[INFO] [stdout] 0523e39f200b7ed950481b723bf97c67a3c170be5969ab26ce83775c9860e2d6
[INFO] running `Command { std: "docker" "start" "-a" "0523e39f200b7ed950481b723bf97c67a3c170be5969ab26ce83775c9860e2d6", kill_on_drop: false }`
[INFO] [stderr]    Compiling proc-macro2 v1.0.28
[INFO] [stderr]    Compiling unicode-xid v0.2.2
[INFO] [stderr]    Compiling syn v1.0.74
[INFO] [stderr]    Compiling quote v1.0.9
[INFO] [stderr]    Compiling fastly-macros v0.5.0 (/opt/rustwide/workdir)
[INFO] [stderr]     Finished dev [unoptimized + debuginfo] target(s) in 13.06s
[INFO] running `Command { std: "docker" "inspect" "0523e39f200b7ed950481b723bf97c67a3c170be5969ab26ce83775c9860e2d6", kill_on_drop: false }`
[INFO] running `Command { std: "docker" "rm" "-f" "0523e39f200b7ed950481b723bf97c67a3c170be5969ab26ce83775c9860e2d6", kill_on_drop: false }`
[INFO] [stdout] 0523e39f200b7ed950481b723bf97c67a3c170be5969ab26ce83775c9860e2d6
[INFO] running `Command { std: "docker" "create" "-v" "/var/lib/crater-agent-workspace/builds/worker-29/target:/opt/rustwide/target:rw,Z" "-v" "/var/lib/crater-agent-workspace/builds/worker-29/source:/opt/rustwide/workdir:ro,Z" "-v" "/var/lib/crater-agent-workspace/cargo-home:/opt/rustwide/cargo-home:ro,Z" "-v" "/var/lib/crater-agent-workspace/rustup-home:/opt/rustwide/rustup-home:ro,Z" "-e" "SOURCE_DIR=/opt/rustwide/workdir" "-e" "CARGO_TARGET_DIR=/opt/rustwide/target" "-e" "CARGO_INCREMENTAL=0" "-e" "RUST_BACKTRACE=full" "-e" "RUSTFLAGS=--cap-lints=warn" "-e" "CARGO_HOME=/opt/rustwide/cargo-home" "-e" "RUSTUP_HOME=/opt/rustwide/rustup-home" "-w" "/opt/rustwide/workdir" "-m" "1610612736" "--user" "0:0" "--network" "none" "ghcr.io/rust-lang/crates-build-env/linux@sha256:34b6a614d2c27851fe6cbf88fbd1137609cefab8b10d0615aaeb6fd47975d74e" "/opt/rustwide/cargo-home/bin/cargo" "+beta-2021-08-01" "test" "--frozen" "--no-run" "--message-format=json", kill_on_drop: false }`
[INFO] [stdout] 6c33de40aba76f3a2055fb0faa0cf7462d964308aa1fd2a11bbd273e8c98b429
[INFO] running `Command { std: "docker" "start" "-a" "6c33de40aba76f3a2055fb0faa0cf7462d964308aa1fd2a11bbd273e8c98b429", kill_on_drop: false }`
[INFO] [stderr]    Compiling fastly-macros v0.5.0 (/opt/rustwide/workdir)
[INFO] [stderr]     Finished test [unoptimized + debuginfo] target(s) in 0.76s
[INFO] running `Command { std: "docker" "inspect" "6c33de40aba76f3a2055fb0faa0cf7462d964308aa1fd2a11bbd273e8c98b429", kill_on_drop: false }`
[INFO] running `Command { std: "docker" "rm" "-f" "6c33de40aba76f3a2055fb0faa0cf7462d964308aa1fd2a11bbd273e8c98b429", kill_on_drop: false }`
[INFO] [stdout] 6c33de40aba76f3a2055fb0faa0cf7462d964308aa1fd2a11bbd273e8c98b429
[INFO] running `Command { std: "docker" "create" "-v" "/var/lib/crater-agent-workspace/builds/worker-29/target:/opt/rustwide/target:rw,Z" "-v" "/var/lib/crater-agent-workspace/builds/worker-29/source:/opt/rustwide/workdir:ro,Z" "-v" "/var/lib/crater-agent-workspace/cargo-home:/opt/rustwide/cargo-home:ro,Z" "-v" "/var/lib/crater-agent-workspace/rustup-home:/opt/rustwide/rustup-home:ro,Z" "-e" "SOURCE_DIR=/opt/rustwide/workdir" "-e" "CARGO_TARGET_DIR=/opt/rustwide/target" "-e" "CARGO_INCREMENTAL=0" "-e" "RUST_BACKTRACE=full" "-e" "RUSTFLAGS=--cap-lints=warn" "-e" "CARGO_HOME=/opt/rustwide/cargo-home" "-e" "RUSTUP_HOME=/opt/rustwide/rustup-home" "-w" "/opt/rustwide/workdir" "-m" "1610612736" "--user" "0:0" "--network" "none" "ghcr.io/rust-lang/crates-build-env/linux@sha256:34b6a614d2c27851fe6cbf88fbd1137609cefab8b10d0615aaeb6fd47975d74e" "/opt/rustwide/cargo-home/bin/cargo" "+beta-2021-08-01" "test" "--frozen", kill_on_drop: false }`
[INFO] [stdout] 95b58e0dd7aced7e419adcbd8cac339593b486b3121b7b1177614b50d9889799
[INFO] running `Command { std: "docker" "start" "-a" "95b58e0dd7aced7e419adcbd8cac339593b486b3121b7b1177614b50d9889799", kill_on_drop: false }`
[INFO] [stderr]     Finished test [unoptimized + debuginfo] target(s) in 0.16s
[INFO] [stderr]      Running unittests (/opt/rustwide/target/debug/deps/fastly_macros-680a37eb6063fbaa)
[INFO] [stdout] 
[INFO] [stdout] running 0 tests
[INFO] [stdout] 
[INFO] [stdout] test result: ok. 0 passed; 0 failed; 0 ignored; 0 measured; 0 filtered out; finished in 0.00s
[INFO] [stdout] 
[INFO] [stderr]    Doc-tests fastly-macros
[INFO] [stderr] warning: lint `broken_intra_doc_links` has been renamed to `rustdoc::broken_intra_doc_links`
[INFO] [stderr]  --> /opt/rustwide/workdir/src/lib.rs:6:9
[INFO] [stderr]   |
[INFO] [stderr] 6 | #![deny(broken_intra_doc_links)]
[INFO] [stderr]   |         ^^^^^^^^^^^^^^^^^^^^^^ help: use the new name: `rustdoc::broken_intra_doc_links`
[INFO] [stderr]   |
[INFO] [stderr]   = note: `#[warn(renamed_and_removed_lints)]` on by default
[INFO] [stderr] 
[INFO] [stderr] warning: lint `invalid_codeblock_attributes` has been renamed to `rustdoc::invalid_codeblock_attributes`
[INFO] [stderr]  --> /opt/rustwide/workdir/src/lib.rs:7:9
[INFO] [stderr]   |
[INFO] [stderr] 7 | #![deny(invalid_codeblock_attributes)]
[INFO] [stderr]   |         ^^^^^^^^^^^^^^^^^^^^^^^^^^^^ help: use the new name: `rustdoc::invalid_codeblock_attributes`
[INFO] [stderr] 
[INFO] [stderr] warning: 2 warnings emitted
[INFO] [stderr] 
[INFO] [stdout] 
[INFO] [stdout] running 2 tests
[INFO] [stdout] test src/lib.rs - main (line 29) - compile ... FAILED
[INFO] [stderr] error: test failed, to rerun pass '--doc'
[INFO] [stdout] test src/lib.rs - main (line 47) - compile ... FAILED
[INFO] [stdout] 
[INFO] [stdout] failures:
[INFO] [stdout] 
[INFO] [stdout] ---- src/lib.rs - main (line 29) stdout ----
[INFO] [stdout] error[E0432]: unresolved import `fastly`
[INFO] [stdout]  --> src/lib.rs:30:5
[INFO] [stdout]   |
[INFO] [stdout] 4 | use fastly::{Error, Request, Response};
[INFO] [stdout]   |     ^^^^^^ use of undeclared crate or module `fastly`
[INFO] [stdout] 
[INFO] [stdout] error[E0433]: failed to resolve: use of undeclared crate or module `fastly`
[INFO] [stdout]  --> src/lib.rs:32:3
[INFO] [stdout]   |
[INFO] [stdout] 6 | #[fastly::main]
[INFO] [stdout]   |   ^^^^^^ use of undeclared crate or module `fastly`
[INFO] [stdout] 
[INFO] [stdout] error: aborting due to 2 previous errors
[INFO] [stdout] 
[INFO] [stdout] Some errors have detailed explanations: E0432, E0433.
[INFO] [stdout] For more information about an error, try `rustc --explain E0432`.
[INFO] [stdout] Couldn't compile the test.
[INFO] [stdout] ---- src/lib.rs - main (line 47) stdout ----
[INFO] [stdout] error[E0432]: unresolved import `fastly`
[INFO] [stdout]  --> src/lib.rs:48:5
[INFO] [stdout]   |
[INFO] [stdout] 4 | use fastly::{Error, Request};
[INFO] [stdout]   |     ^^^^^^ use of undeclared crate or module `fastly`
[INFO] [stdout] 
[INFO] [stdout] error: aborting due to previous error
[INFO] [stdout] 
[INFO] [stdout] For more information about this error, try `rustc --explain E0432`.
[INFO] [stdout] Couldn't compile the test.
[INFO] [stdout] 
[INFO] [stdout] failures:
[INFO] [stdout]     src/lib.rs - main (line 29)
[INFO] [stdout]     src/lib.rs - main (line 47)
[INFO] [stdout] 
[INFO] [stdout] test result: FAILED. 0 passed; 2 failed; 0 ignored; 0 measured; 0 filtered out; finished in 0.11s
[INFO] [stdout] 
[INFO] running `Command { std: "docker" "inspect" "95b58e0dd7aced7e419adcbd8cac339593b486b3121b7b1177614b50d9889799", kill_on_drop: false }`
[INFO] running `Command { std: "docker" "rm" "-f" "95b58e0dd7aced7e419adcbd8cac339593b486b3121b7b1177614b50d9889799", kill_on_drop: false }`
[INFO] [stdout] 95b58e0dd7aced7e419adcbd8cac339593b486b3121b7b1177614b50d9889799
