[INFO] fetching crate fasthash 0.4.0...
[INFO] testing fasthash-0.4.0 against beta-2021-08-01 for beta-1.55-1
[INFO] extracting crate fasthash 0.4.0 into /workspace/builds/worker-114/source
[INFO] validating manifest of crates.io crate fasthash 0.4.0 on toolchain beta-2021-08-01
[INFO] running `Command { std: "/workspace/cargo-home/bin/cargo" "+beta-2021-08-01" "metadata" "--manifest-path" "Cargo.toml" "--no-deps", kill_on_drop: false }`
[INFO] started tweaking crates.io crate fasthash 0.4.0
[INFO] finished tweaking crates.io crate fasthash 0.4.0
[INFO] tweaked toml for crates.io crate fasthash 0.4.0 written to /workspace/builds/worker-114/source/Cargo.toml
[INFO] running `Command { std: "/workspace/cargo-home/bin/cargo" "+beta-2021-08-01" "generate-lockfile" "--manifest-path" "Cargo.toml" "-Zno-index-update", kill_on_drop: false }`
[INFO] [stderr]     Blocking waiting for file lock on package cache
[INFO] running `Command { std: "/workspace/cargo-home/bin/cargo" "+beta-2021-08-01" "fetch" "--manifest-path" "Cargo.toml", kill_on_drop: false }`
[INFO] [stderr]     Blocking waiting for file lock on package cache
[INFO] [stderr]     Blocking waiting for file lock on package cache
[INFO] [stderr]  Downloading crates ...
[INFO] [stderr]   Downloaded xoroshiro128 v0.3.0
[INFO] [stderr]   Downloaded seahash v3.0.7
[INFO] [stderr]   Downloaded fasthash-sys v0.3.2
[INFO] running `Command { std: "docker" "create" "-v" "/var/lib/crater-agent-workspace/builds/worker-114/target:/opt/rustwide/target:rw,Z" "-v" "/var/lib/crater-agent-workspace/builds/worker-114/source:/opt/rustwide/workdir:ro,Z" "-v" "/var/lib/crater-agent-workspace/cargo-home:/opt/rustwide/cargo-home:ro,Z" "-v" "/var/lib/crater-agent-workspace/rustup-home:/opt/rustwide/rustup-home:ro,Z" "-e" "SOURCE_DIR=/opt/rustwide/workdir" "-e" "CARGO_TARGET_DIR=/opt/rustwide/target" "-e" "CARGO_HOME=/opt/rustwide/cargo-home" "-e" "RUSTUP_HOME=/opt/rustwide/rustup-home" "-w" "/opt/rustwide/workdir" "-m" "1610612736" "--user" "0:0" "--network" "none" "ghcr.io/rust-lang/crates-build-env/linux@sha256:34b6a614d2c27851fe6cbf88fbd1137609cefab8b10d0615aaeb6fd47975d74e" "/opt/rustwide/cargo-home/bin/cargo" "+beta-2021-08-01" "metadata" "--no-deps" "--format-version=1", kill_on_drop: false }`
[INFO] [stdout] b6df0de70fda281203b2e2fb4c5b6d8b9bc53ef00f1a8acd536a6d48cef6be1a
[INFO] running `Command { std: "docker" "start" "-a" "b6df0de70fda281203b2e2fb4c5b6d8b9bc53ef00f1a8acd536a6d48cef6be1a", kill_on_drop: false }`
[INFO] running `Command { std: "docker" "inspect" "b6df0de70fda281203b2e2fb4c5b6d8b9bc53ef00f1a8acd536a6d48cef6be1a", kill_on_drop: false }`
[INFO] running `Command { std: "docker" "rm" "-f" "b6df0de70fda281203b2e2fb4c5b6d8b9bc53ef00f1a8acd536a6d48cef6be1a", kill_on_drop: false }`
[INFO] [stdout] b6df0de70fda281203b2e2fb4c5b6d8b9bc53ef00f1a8acd536a6d48cef6be1a
[INFO] running `Command { std: "docker" "create" "-v" "/var/lib/crater-agent-workspace/builds/worker-114/target:/opt/rustwide/target:rw,Z" "-v" "/var/lib/crater-agent-workspace/builds/worker-114/source:/opt/rustwide/workdir:ro,Z" "-v" "/var/lib/crater-agent-workspace/cargo-home:/opt/rustwide/cargo-home:ro,Z" "-v" "/var/lib/crater-agent-workspace/rustup-home:/opt/rustwide/rustup-home:ro,Z" "-e" "SOURCE_DIR=/opt/rustwide/workdir" "-e" "CARGO_TARGET_DIR=/opt/rustwide/target" "-e" "CARGO_INCREMENTAL=0" "-e" "RUST_BACKTRACE=full" "-e" "RUSTFLAGS=--cap-lints=warn" "-e" "CARGO_HOME=/opt/rustwide/cargo-home" "-e" "RUSTUP_HOME=/opt/rustwide/rustup-home" "-w" "/opt/rustwide/workdir" "-m" "1610612736" "--user" "0:0" "--network" "none" "ghcr.io/rust-lang/crates-build-env/linux@sha256:34b6a614d2c27851fe6cbf88fbd1137609cefab8b10d0615aaeb6fd47975d74e" "/opt/rustwide/cargo-home/bin/cargo" "+beta-2021-08-01" "build" "--frozen" "--message-format=json", kill_on_drop: false }`
[INFO] [stdout] 96e98f8f21888b0996478662e902b47ef0a91b49316ed6bef7b9bbfa9109a413
[INFO] running `Command { std: "docker" "start" "-a" "96e98f8f21888b0996478662e902b47ef0a91b49316ed6bef7b9bbfa9109a413", kill_on_drop: false }`
[INFO] [stderr]    Compiling libc v0.2.98
[INFO] [stderr]    Compiling gcc v0.3.55
[INFO] [stderr]    Compiling autocfg v1.0.1
[INFO] [stderr]    Compiling seahash v3.0.7
[INFO] [stderr]    Compiling cfg-if v0.1.10
[INFO] [stderr]    Compiling num-traits v0.2.14
[INFO] [stderr]    Compiling fasthash-sys v0.3.2
[INFO] [stderr]    Compiling rand v0.4.6
[INFO] [stderr]    Compiling xoroshiro128 v0.3.0
[INFO] [stderr]    Compiling fasthash v0.4.0 (/opt/rustwide/workdir)
[INFO] [stderr]     Finished dev [unoptimized + debuginfo] target(s) in 9.60s
[INFO] running `Command { std: "docker" "inspect" "96e98f8f21888b0996478662e902b47ef0a91b49316ed6bef7b9bbfa9109a413", kill_on_drop: false }`
[INFO] running `Command { std: "docker" "rm" "-f" "96e98f8f21888b0996478662e902b47ef0a91b49316ed6bef7b9bbfa9109a413", kill_on_drop: false }`
[INFO] [stdout] 96e98f8f21888b0996478662e902b47ef0a91b49316ed6bef7b9bbfa9109a413
[INFO] running `Command { std: "docker" "create" "-v" "/var/lib/crater-agent-workspace/builds/worker-114/target:/opt/rustwide/target:rw,Z" "-v" "/var/lib/crater-agent-workspace/builds/worker-114/source:/opt/rustwide/workdir:ro,Z" "-v" "/var/lib/crater-agent-workspace/cargo-home:/opt/rustwide/cargo-home:ro,Z" "-v" "/var/lib/crater-agent-workspace/rustup-home:/opt/rustwide/rustup-home:ro,Z" "-e" "SOURCE_DIR=/opt/rustwide/workdir" "-e" "CARGO_TARGET_DIR=/opt/rustwide/target" "-e" "CARGO_INCREMENTAL=0" "-e" "RUST_BACKTRACE=full" "-e" "RUSTFLAGS=--cap-lints=warn" "-e" "CARGO_HOME=/opt/rustwide/cargo-home" "-e" "RUSTUP_HOME=/opt/rustwide/rustup-home" "-w" "/opt/rustwide/workdir" "-m" "1610612736" "--user" "0:0" "--network" "none" "ghcr.io/rust-lang/crates-build-env/linux@sha256:34b6a614d2c27851fe6cbf88fbd1137609cefab8b10d0615aaeb6fd47975d74e" "/opt/rustwide/cargo-home/bin/cargo" "+beta-2021-08-01" "test" "--frozen" "--no-run" "--message-format=json", kill_on_drop: false }`
[INFO] [stdout] 086da55fb4923d3c5ff3aaa6f84e4a58a21abc1a4facce1100f3dd77322a9da7
[INFO] running `Command { std: "docker" "start" "-a" "086da55fb4923d3c5ff3aaa6f84e4a58a21abc1a4facce1100f3dd77322a9da7", kill_on_drop: false }`
[INFO] [stderr]    Compiling lazy_static v1.4.0
[INFO] [stderr]    Compiling semver v1.0.4
[INFO] [stderr]    Compiling crossbeam-utils v0.8.5
[INFO] [stderr]    Compiling cfg-if v1.0.0
[INFO] [stderr]    Compiling serde v1.0.127
[INFO] [stderr]    Compiling ryu v1.0.5
[INFO] [stderr]    Compiling proc-macro2 v1.0.28
[INFO] [stderr]    Compiling memchr v2.4.0
[INFO] [stderr]    Compiling crossbeam-epoch v0.9.5
[INFO] [stderr]    Compiling rayon-core v1.9.1
[INFO] [stderr]    Compiling unicode-xid v0.2.2
[INFO] [stderr]    Compiling scopeguard v1.1.0
[INFO] [stderr]    Compiling itoa v0.4.7
[INFO] [stderr]    Compiling bitflags v1.2.1
[INFO] [stderr]    Compiling either v1.6.1
[INFO] [stderr]    Compiling syn v1.0.74
[INFO] [stderr]    Compiling rand_core v0.4.2
[INFO] [stderr]    Compiling serde_json v1.0.66
[INFO] [stderr]    Compiling unicode-width v0.1.8
[INFO] [stderr]    Compiling serde_derive v1.0.127
[INFO] [stderr]    Compiling regex-automata v0.1.10
[INFO] [stderr]    Compiling byteorder v1.4.3
[INFO] [stderr]    Compiling same-file v1.0.6
[INFO] [stderr]    Compiling memoffset v0.6.4
[INFO] [stderr]    Compiling rayon v1.5.1
[INFO] [stderr]    Compiling num_cpus v1.13.0
[INFO] [stderr]    Compiling atty v0.2.14
[INFO] [stderr]    Compiling walkdir v2.3.2
[INFO] [stderr]    Compiling rand_core v0.3.1
[INFO] [stderr]    Compiling rand_os v0.1.3
[INFO] [stderr]    Compiling itertools v0.8.2
[INFO] [stderr]    Compiling textwrap v0.11.0
[INFO] [stderr]    Compiling rand_xoshiro v0.1.0
[INFO] [stderr]    Compiling clap v2.33.3
[INFO] [stderr]    Compiling rustc_version v0.4.0
[INFO] [stderr]    Compiling crossbeam-channel v0.5.1
[INFO] [stderr]    Compiling csv-core v0.1.10
[INFO] [stderr]    Compiling quote v1.0.9
[INFO] [stderr]    Compiling cast v0.2.7
[INFO] [stderr]    Compiling crossbeam-deque v0.8.1
[INFO] [stderr]    Compiling criterion-plot v0.3.1
[INFO] [stderr]    Compiling bstr v0.2.16
[INFO] [stderr]    Compiling csv v1.1.6
[INFO] [stderr]    Compiling tinytemplate v1.2.1
[INFO] [stderr]    Compiling criterion v0.2.11
[INFO] [stderr]    Compiling fasthash v0.4.0 (/opt/rustwide/workdir)
[INFO] [stderr]     Finished test [unoptimized + debuginfo] target(s) in 24.91s
[INFO] running `Command { std: "docker" "inspect" "086da55fb4923d3c5ff3aaa6f84e4a58a21abc1a4facce1100f3dd77322a9da7", kill_on_drop: false }`
[INFO] running `Command { std: "docker" "rm" "-f" "086da55fb4923d3c5ff3aaa6f84e4a58a21abc1a4facce1100f3dd77322a9da7", kill_on_drop: false }`
[INFO] [stdout] 086da55fb4923d3c5ff3aaa6f84e4a58a21abc1a4facce1100f3dd77322a9da7
[INFO] running `Command { std: "docker" "create" "-v" "/var/lib/crater-agent-workspace/builds/worker-114/target:/opt/rustwide/target:rw,Z" "-v" "/var/lib/crater-agent-workspace/builds/worker-114/source:/opt/rustwide/workdir:ro,Z" "-v" "/var/lib/crater-agent-workspace/cargo-home:/opt/rustwide/cargo-home:ro,Z" "-v" "/var/lib/crater-agent-workspace/rustup-home:/opt/rustwide/rustup-home:ro,Z" "-e" "SOURCE_DIR=/opt/rustwide/workdir" "-e" "CARGO_TARGET_DIR=/opt/rustwide/target" "-e" "CARGO_INCREMENTAL=0" "-e" "RUST_BACKTRACE=full" "-e" "RUSTFLAGS=--cap-lints=warn" "-e" "CARGO_HOME=/opt/rustwide/cargo-home" "-e" "RUSTUP_HOME=/opt/rustwide/rustup-home" "-w" "/opt/rustwide/workdir" "-m" "1610612736" "--user" "0:0" "--network" "none" "ghcr.io/rust-lang/crates-build-env/linux@sha256:34b6a614d2c27851fe6cbf88fbd1137609cefab8b10d0615aaeb6fd47975d74e" "/opt/rustwide/cargo-home/bin/cargo" "+beta-2021-08-01" "test" "--frozen", kill_on_drop: false }`
[INFO] [stdout] 497346a9eacaa07bccba3051c8ec6292cabcc4e9f0d823245e439f598001f15d
[INFO] running `Command { std: "docker" "start" "-a" "497346a9eacaa07bccba3051c8ec6292cabcc4e9f0d823245e439f598001f15d", kill_on_drop: false }`
[INFO] [stderr]     Finished test [unoptimized + debuginfo] target(s) in 0.05s
[INFO] [stderr]      Running unittests (/opt/rustwide/target/debug/deps/fasthash-1888d1a519e501d1)
[INFO] [stdout] 
[INFO] [stdout] running 4 tests
[INFO] [stdout] test farm::tests::test_fingerprint ... ok
[INFO] [stdout] test sea::tests::test_seahash64 ... ok
[INFO] [stdout] test hasher::tests::test_seed ... ok
[INFO] [stdout] test hasher::tests::test_hashmap_with_hashers ... ok
[INFO] [stdout] 
[INFO] [stdout] test result: ok. 4 passed; 0 failed; 0 ignored; 0 measured; 0 filtered out; finished in 0.00s
[INFO] [stdout] 
[INFO] [stderr]    Doc-tests fasthash
[INFO] [stdout] 
[INFO] [stdout] running 100 tests
[INFO] [stdout] test src/metro.rs - metro (line 26) ... FAILED
[INFO] [stdout] test src/lib.rs - (line 29) ... FAILED
[INFO] [stdout] test src/lib.rs - (line 5) ... FAILED
[INFO] [stdout] test src/farm.rs - farm::Hasher64 (line 243) ... FAILED
[INFO] [stdout] test src/metro.rs - metro::Hash64_2 (line 108) ... FAILED
[INFO] [stdout] test src/metro.rs - metro::crc::Hasher64_2 (line 394) ... FAILED
[INFO] [stdout] test src/t1ha.rs - t1ha::t1ha2::Hash64AtOnce (line 69) ... FAILED
[INFO] [stdout] test src/murmur3.rs - murmur3::Hasher32 (line 76) ... FAILED
[INFO] [stdout] test src/murmur2.rs - murmur2 (line 50) ... FAILED
[INFO] [stdout] test src/metro.rs - metro::crc::Hash128_1 (line 417) ... FAILED
[INFO] [stdout] test src/hasher.rs - hasher::Seed (line 148) ... FAILED
[INFO] [stdout] test src/murmur3.rs - murmur3::Hash128_x86 (line 99) ... FAILED
[INFO] [stdout] test src/metro.rs - metro::crc::Hash64_1 (line 299) ... FAILED
[INFO] [stdout] test src/metro.rs - metro::crc::Hasher128_2 (line 524) ... FAILED
[INFO] [stdout] test src/t1ha.rs - t1ha::t1ha0::Hash64 (line 353) ... FAILED
[INFO] [stdout] test src/metro.rs - metro::Hash128_2 (line 229) ... FAILED
[INFO] [stdout] test src/sea.rs - sea (line 12) ... FAILED
[INFO] [stdout] test src/t1ha.rs - t1ha::t1ha0::avx::Hash64 (line 452) ... FAILED
[INFO] [stdout] test src/murmur2.rs - murmur2::Hasher64_x86 (line 366) ... FAILED
[INFO] [stdout] test src/t1ha.rs - t1ha::t1ha2::Hasher64 (line 106) ... FAILED
[INFO] [stdout] test src/spooky.rs - spooky::Hasher64 (line 149) ... FAILED
[INFO] [stdout] test src/metro.rs - metro::Hash64_1 (line 52) ... FAILED
[INFO] [stdout] test src/murmur.rs - murmur (line 27) ... FAILED
[INFO] [stdout] test src/t1ha.rs - t1ha::t1ha0::aes::Hash64 (line 412) ... FAILED
[INFO] [stdout] test src/t1ha.rs - t1ha::t1ha0::avx2::Hash64 (line 492) ... FAILED
[INFO] [stdout] test src/murmur.rs - murmur::Hash32 (line 53) ... FAILED
[INFO] [stdout] test src/murmur3.rs - murmur3::Hasher128_x64 (line 206) ... FAILED
[INFO] [stdout] test src/metro.rs - metro::Hasher128_2 (line 271) ... FAILED
[INFO] [stdout] test src/mum.rs - mum::Hash64 (line 66) ... FAILED
[INFO] [stdout] test src/xx.rs - xx (line 15) ... FAILED
[INFO] [stdout] test src/lib.rs - (line 40) ... FAILED
[INFO] [stdout] test src/sea.rs - sea::Hash64 (line 38) ... FAILED
[INFO] [stdout] test src/metro.rs - metro::Hash128_1 (line 164) ... FAILED
[INFO] [stdout] test src/murmur2.rs - murmur2::Hasher32A (line 156) ... FAILED
[INFO] [stdout] test src/spooky.rs - spooky::Hasher128 (line 216) ... FAILED
[INFO] [stdout] test src/spooky.rs - spooky::Hash32 (line 58) ... FAILED
[INFO] [stdout] test src/murmur2.rs - murmur2::Hash32Neutral (line 179) ... FAILED
[INFO] [stdout] test src/t1ha.rs - t1ha::t1ha0::Hasher64_64 (line 384) ... FAILED
[INFO] [stdout] test src/metro.rs - metro::Hasher64_1 (line 85) ... FAILED
[INFO] [stdout] test src/murmur.rs - murmur::Hasher32Aligned (line 132) ... FAILED
[INFO] [stdout] test src/t1ha.rs - t1ha::t1ha1::Hasher64Be (line 305) ... FAILED
[INFO] [stdout] test src/xx.rs - xx::Hasher32 (line 126) ... FAILED
[INFO] [stdout] test src/t1ha.rs - t1ha::t1ha1::Hasher64Le (line 251) ... FAILED
[INFO] [stdout] test src/murmur2.rs - murmur2::Hash32 (line 77) ... FAILED
[INFO] [stdout] test src/xx.rs - xx::Hash64 (line 71) ... FAILED
[INFO] [stdout] test src/murmur3.rs - murmur3::Hash32 (line 43) ... FAILED
[INFO] [stdout] test src/metro.rs - metro::Hasher64_2 (line 141) ... FAILED
[INFO] [stdout] test src/metro.rs - metro::Hasher128_1 (line 206) ... FAILED
[INFO] [stdout] test src/metro.rs - metro::crc::Hash64_2 (line 358) ... FAILED
[INFO] [stdout] test src/murmur2.rs - murmur2::Hash32Aligned (line 230) ... FAILED
[INFO] [stdout] test src/murmur3.rs - murmur3::Hasher128_x86 (line 141) ... FAILED
[INFO] [stdout] test src/murmur2.rs - murmur2::Hasher32Aligned (line 258) ... FAILED
[INFO] [stdout] test src/murmur3.rs - murmur3 (line 16) ... FAILED
[INFO] [stdout] test src/murmur.rs - murmur::Hasher32 (line 81) ... FAILED
[INFO] [stdout] test src/spooky.rs - spooky::Hash128 (line 172) ... FAILED
[INFO] [stdout] test src/t1ha.rs - t1ha (line 33) ... FAILED
[INFO] [stdout] test src/murmur2.rs - murmur2::Hash64_x64 (line 281) ... FAILED
[INFO] [stdout] test src/metro.rs - metro::crc::Hash128_2 (line 482) ... FAILED
[INFO] [stdout] test src/spooky.rs - spooky::Hasher32 (line 92) ... FAILED
[INFO] [stdout] test src/t1ha.rs - t1ha::t1ha1::Hash64Be (line 274) ... FAILED
[INFO] [stdout] test src/murmur3.rs - murmur3::Hash128_x64 (line 164) ... FAILED
[INFO] [stdout] test src/spooky.rs - spooky::Hash64 (line 115) ... FAILED
[INFO] [stdout] test src/mum.rs - mum (line 39) ... FAILED
[INFO] [stdout] test src/t1ha.rs - t1ha::t1ha1::Hash64Le (line 220) ... FAILED
[INFO] [stdout] test src/t1ha.rs - t1ha::t1ha2::Hash128AtOnce (line 129) ... FAILED
[INFO] [stdout] test src/murmur.rs - murmur::Hash32Aligned (line 104) ... FAILED
[INFO] [stdout] test src/lookup3.rs - lookup3 (line 10) ... FAILED
[INFO] [stdout] test src/murmur2.rs - murmur2::Hasher32Neutral (line 207) ... FAILED
[INFO] [stdout] test src/murmur2.rs - murmur2::Hash64_x86 (line 335) ... FAILED
[INFO] [stdout] test src/xx.rs - xx::Hasher64 (line 197) ... FAILED
[INFO] [stdout] test src/xx.rs - xx::Hash32 (line 42) ... FAILED
[INFO] [stderr] error: test failed, to rerun pass '--doc'
[INFO] [stderr] 
[INFO] [stderr] Caused by:
[INFO] [stderr]   process didn't exit successfully: `rustdoc --crate-type lib --crate-name fasthash --test /opt/rustwide/workdir/src/lib.rs -L dependency=/opt/rustwide/target/debug/deps -L dependency=/opt/rustwide/target/debug/deps -L native=/opt/rustwide/target/debug/build/fasthash-sys-e052c2fd91b01046/out --extern cfg_if=/opt/rustwide/target/debug/deps/libcfg_if-ffb7f11ad1437080.rlib --extern criterion=/opt/rustwide/target/debug/deps/libcriterion-439f88d43fd9f95c.rlib --extern fasthash=/opt/rustwide/target/debug/deps/libfasthash-8977d371684f0530.rlib --extern fasthash_sys=/opt/rustwide/target/debug/deps/libfasthash_sys-a2d38bfbffeea235.rlib --extern lazy_static=/opt/rustwide/target/debug/deps/liblazy_static-e92083d5a39a8b50.rlib --extern num_traits=/opt/rustwide/target/debug/deps/libnum_traits-d0a58c91d8ef5575.rlib --extern seahash=/opt/rustwide/target/debug/deps/libseahash-17c3965a7209fedd.rlib --extern xoroshiro128=/opt/rustwide/target/debug/deps/libxoroshiro128-904f8ad2ff86fced.rlib -C embed-bitcode=no --cfg 'feature="aes"' --cfg 'feature="avx"' --cfg 'feature="avx2"' --cfg 'feature="default"' --cfg 'feature="doc"' --cfg 'feature="sse42"' --error-format human` (signal: 9, SIGKILL: kill)
[INFO] running `Command { std: "docker" "inspect" "497346a9eacaa07bccba3051c8ec6292cabcc4e9f0d823245e439f598001f15d", kill_on_drop: false }`
[INFO] running `Command { std: "docker" "rm" "-f" "497346a9eacaa07bccba3051c8ec6292cabcc4e9f0d823245e439f598001f15d", kill_on_drop: false }`
[INFO] [stdout] 497346a9eacaa07bccba3051c8ec6292cabcc4e9f0d823245e439f598001f15d
