[INFO] fetching crate fasteval 0.2.4...
[INFO] testing fasteval-0.2.4 against 1.54.0 for beta-1.55-1
[INFO] extracting crate fasteval 0.2.4 into /workspace/builds/worker-46/source
[INFO] validating manifest of crates.io crate fasteval 0.2.4 on toolchain 1.54.0
[INFO] running `Command { std: "/workspace/cargo-home/bin/cargo" "+1.54.0" "metadata" "--manifest-path" "Cargo.toml" "--no-deps", kill_on_drop: false }`
[INFO] started tweaking crates.io crate fasteval 0.2.4
[INFO] finished tweaking crates.io crate fasteval 0.2.4
[INFO] tweaked toml for crates.io crate fasteval 0.2.4 written to /workspace/builds/worker-46/source/Cargo.toml
[INFO] crate crates.io crate fasteval 0.2.4 already has a lockfile, it will not be regenerated
[INFO] running `Command { std: "/workspace/cargo-home/bin/cargo" "+1.54.0" "fetch" "--manifest-path" "Cargo.toml", kill_on_drop: false }`
[INFO] running `Command { std: "docker" "create" "-v" "/var/lib/crater-agent-workspace/builds/worker-46/target:/opt/rustwide/target:rw,Z" "-v" "/var/lib/crater-agent-workspace/builds/worker-46/source:/opt/rustwide/workdir:ro,Z" "-v" "/var/lib/crater-agent-workspace/cargo-home:/opt/rustwide/cargo-home:ro,Z" "-v" "/var/lib/crater-agent-workspace/rustup-home:/opt/rustwide/rustup-home:ro,Z" "-e" "SOURCE_DIR=/opt/rustwide/workdir" "-e" "CARGO_TARGET_DIR=/opt/rustwide/target" "-e" "CARGO_HOME=/opt/rustwide/cargo-home" "-e" "RUSTUP_HOME=/opt/rustwide/rustup-home" "-w" "/opt/rustwide/workdir" "-m" "1610612736" "--user" "0:0" "--network" "none" "ghcr.io/rust-lang/crates-build-env/linux@sha256:34b6a614d2c27851fe6cbf88fbd1137609cefab8b10d0615aaeb6fd47975d74e" "/opt/rustwide/cargo-home/bin/cargo" "+1.54.0" "metadata" "--no-deps" "--format-version=1", kill_on_drop: false }`
[INFO] [stdout] ee854616737c6af2451d6e08a077d200a996b35fa8fad09a17c72341f73071ae
[INFO] running `Command { std: "docker" "start" "-a" "ee854616737c6af2451d6e08a077d200a996b35fa8fad09a17c72341f73071ae", kill_on_drop: false }`
[INFO] running `Command { std: "docker" "inspect" "ee854616737c6af2451d6e08a077d200a996b35fa8fad09a17c72341f73071ae", kill_on_drop: false }`
[INFO] running `Command { std: "docker" "rm" "-f" "ee854616737c6af2451d6e08a077d200a996b35fa8fad09a17c72341f73071ae", kill_on_drop: false }`
[INFO] [stdout] ee854616737c6af2451d6e08a077d200a996b35fa8fad09a17c72341f73071ae
[INFO] running `Command { std: "docker" "create" "-v" "/var/lib/crater-agent-workspace/builds/worker-46/target:/opt/rustwide/target:rw,Z" "-v" "/var/lib/crater-agent-workspace/builds/worker-46/source:/opt/rustwide/workdir:ro,Z" "-v" "/var/lib/crater-agent-workspace/cargo-home:/opt/rustwide/cargo-home:ro,Z" "-v" "/var/lib/crater-agent-workspace/rustup-home:/opt/rustwide/rustup-home:ro,Z" "-e" "SOURCE_DIR=/opt/rustwide/workdir" "-e" "CARGO_TARGET_DIR=/opt/rustwide/target" "-e" "CARGO_INCREMENTAL=0" "-e" "RUST_BACKTRACE=full" "-e" "RUSTFLAGS=--cap-lints=warn" "-e" "CARGO_HOME=/opt/rustwide/cargo-home" "-e" "RUSTUP_HOME=/opt/rustwide/rustup-home" "-w" "/opt/rustwide/workdir" "-m" "1610612736" "--user" "0:0" "--network" "none" "ghcr.io/rust-lang/crates-build-env/linux@sha256:34b6a614d2c27851fe6cbf88fbd1137609cefab8b10d0615aaeb6fd47975d74e" "/opt/rustwide/cargo-home/bin/cargo" "+1.54.0" "build" "--frozen" "--message-format=json", kill_on_drop: false }`
[INFO] [stdout] e0c633a6788a33a58a009d2d79de9a5d3842a524af04f3a3f00fa080a0adf78d
[INFO] running `Command { std: "docker" "start" "-a" "e0c633a6788a33a58a009d2d79de9a5d3842a524af04f3a3f00fa080a0adf78d", kill_on_drop: false }`
[INFO] [stderr]    Compiling fasteval v0.2.4 (/opt/rustwide/workdir)
[INFO] [stderr]     Finished dev [unoptimized + debuginfo] target(s) in 1.88s
[INFO] running `Command { std: "docker" "inspect" "e0c633a6788a33a58a009d2d79de9a5d3842a524af04f3a3f00fa080a0adf78d", kill_on_drop: false }`
[INFO] running `Command { std: "docker" "rm" "-f" "e0c633a6788a33a58a009d2d79de9a5d3842a524af04f3a3f00fa080a0adf78d", kill_on_drop: false }`
[INFO] [stdout] e0c633a6788a33a58a009d2d79de9a5d3842a524af04f3a3f00fa080a0adf78d
[INFO] running `Command { std: "docker" "create" "-v" "/var/lib/crater-agent-workspace/builds/worker-46/target:/opt/rustwide/target:rw,Z" "-v" "/var/lib/crater-agent-workspace/builds/worker-46/source:/opt/rustwide/workdir:ro,Z" "-v" "/var/lib/crater-agent-workspace/cargo-home:/opt/rustwide/cargo-home:ro,Z" "-v" "/var/lib/crater-agent-workspace/rustup-home:/opt/rustwide/rustup-home:ro,Z" "-e" "SOURCE_DIR=/opt/rustwide/workdir" "-e" "CARGO_TARGET_DIR=/opt/rustwide/target" "-e" "CARGO_INCREMENTAL=0" "-e" "RUST_BACKTRACE=full" "-e" "RUSTFLAGS=--cap-lints=warn" "-e" "CARGO_HOME=/opt/rustwide/cargo-home" "-e" "RUSTUP_HOME=/opt/rustwide/rustup-home" "-w" "/opt/rustwide/workdir" "-m" "1610612736" "--user" "0:0" "--network" "none" "ghcr.io/rust-lang/crates-build-env/linux@sha256:34b6a614d2c27851fe6cbf88fbd1137609cefab8b10d0615aaeb6fd47975d74e" "/opt/rustwide/cargo-home/bin/cargo" "+1.54.0" "test" "--frozen" "--no-run" "--message-format=json", kill_on_drop: false }`
[INFO] [stdout] b13d8a83a48cd520d475879fafeb94d76dbe58260fec7df2d55a079a20175658
[INFO] running `Command { std: "docker" "start" "-a" "b13d8a83a48cd520d475879fafeb94d76dbe58260fec7df2d55a079a20175658", kill_on_drop: false }`
[INFO] [stderr]    Compiling fasteval v0.2.4 (/opt/rustwide/workdir)
[INFO] [stderr]     Finished test [unoptimized + debuginfo] target(s) in 4.24s
[INFO] running `Command { std: "docker" "inspect" "b13d8a83a48cd520d475879fafeb94d76dbe58260fec7df2d55a079a20175658", kill_on_drop: false }`
[INFO] running `Command { std: "docker" "rm" "-f" "b13d8a83a48cd520d475879fafeb94d76dbe58260fec7df2d55a079a20175658", kill_on_drop: false }`
[INFO] [stdout] b13d8a83a48cd520d475879fafeb94d76dbe58260fec7df2d55a079a20175658
[INFO] running `Command { std: "docker" "create" "-v" "/var/lib/crater-agent-workspace/builds/worker-46/target:/opt/rustwide/target:rw,Z" "-v" "/var/lib/crater-agent-workspace/builds/worker-46/source:/opt/rustwide/workdir:ro,Z" "-v" "/var/lib/crater-agent-workspace/cargo-home:/opt/rustwide/cargo-home:ro,Z" "-v" "/var/lib/crater-agent-workspace/rustup-home:/opt/rustwide/rustup-home:ro,Z" "-e" "SOURCE_DIR=/opt/rustwide/workdir" "-e" "CARGO_TARGET_DIR=/opt/rustwide/target" "-e" "CARGO_INCREMENTAL=0" "-e" "RUST_BACKTRACE=full" "-e" "RUSTFLAGS=--cap-lints=warn" "-e" "CARGO_HOME=/opt/rustwide/cargo-home" "-e" "RUSTUP_HOME=/opt/rustwide/rustup-home" "-w" "/opt/rustwide/workdir" "-m" "1610612736" "--user" "0:0" "--network" "none" "ghcr.io/rust-lang/crates-build-env/linux@sha256:34b6a614d2c27851fe6cbf88fbd1137609cefab8b10d0615aaeb6fd47975d74e" "/opt/rustwide/cargo-home/bin/cargo" "+1.54.0" "test" "--frozen", kill_on_drop: false }`
[INFO] [stdout] 4b5da5c84fbd45dc0ed4a83bee4e8d95954ea2dbb628b4ae1220574ee0f9afb4
[INFO] running `Command { std: "docker" "start" "-a" "4b5da5c84fbd45dc0ed4a83bee4e8d95954ea2dbb628b4ae1220574ee0f9afb4", kill_on_drop: false }`
[INFO] [stderr]     Finished test [unoptimized + debuginfo] target(s) in 0.02s
[INFO] [stderr]      Running unittests (/opt/rustwide/target/debug/deps/fasteval-320e0101225c3889)
[INFO] [stdout] 
[INFO] [stdout] running 3 tests
[INFO] [stdout] test parser::internal_tests::priv_tests ... ok
[INFO] [stdout] test parser::internal_tests::rem_no_panic ... ok
[INFO] [stdout] test parser::internal_tests::util ... ok
[INFO] [stdout] 
[INFO] [stdout] test result: ok. 3 passed; 0 failed; 0 ignored; 0 measured; 0 filtered out; finished in 0.02s
[INFO] [stdout] 
[INFO] [stderr]      Running tests/compile.rs (/opt/rustwide/target/debug/deps/compile-728cb950ba6ee3a0)
[INFO] [stdout] 
[INFO] [stdout] running 6 tests
[INFO] [stdout] test basics ... ok
[INFO] [stdout] test slab_overflow ... ok
[INFO] [stdout] test eval_macro ... ok
[INFO] [stderr]      Running tests/eval.rs (/opt/rustwide/target/debug/deps/eval-b6592e4e569b648e)
[INFO] [stdout] test all_instrs ... ok
[INFO] [stdout] test double_neg ... ok
[INFO] [stdout] test custom_func ... ok
[INFO] [stdout] 
[INFO] [stdout] test result: ok. 6 passed; 0 failed; 0 ignored; 0 measured; 0 filtered out; finished in 0.02s
[INFO] [stdout] 
[INFO] [stdout] 
[INFO] [stdout] running 8 tests
[INFO] [stderr]      Running tests/evalns.rs (/opt/rustwide/target/debug/deps/evalns-8dc8e36f3175ccbd)
[INFO] [stdout] test aaa_aaa_sizes ... ok
[INFO] [stdout] test aaa_aab_single ... ok
[INFO] [stdout] test aaa_util ... ok
[INFO] [stdout] test custom_func ... ok
[INFO] [stdout] test aaa_basics ... ok
[INFO] [stdout] test corners ... ok
[INFO] [stdout] test evalns_cb_ownership ... ok
[INFO] [stdout] test eval ... ok
[INFO] [stdout] 
[INFO] [stdout] test result: ok. 8 passed; 0 failed; 0 ignored; 0 measured; 0 filtered out; finished in 0.01s
[INFO] [stdout] 
[INFO] [stdout] 
[INFO] [stdout] running 7 tests
[INFO] [stderr]      Running tests/ez.rs (/opt/rustwide/target/debug/deps/ez-24d0f69a518290a9)
[INFO] [stdout] test empty ... ok
[INFO] [stdout] test cached_cb ... ok
[INFO] [stdout] test cb ... ok
[INFO] [stdout] test layered_str_to_f64 ... ok
[INFO] [stdout] test str_to_cb ... ok
[INFO] [stdout] test custom_vector_funcs ... ok
[INFO] [stdout] test str_to_f64 ... ok
[INFO] [stdout] 
[INFO] [stdout] test result: ok. 7 passed; 0 failed; 0 ignored; 0 measured; 0 filtered out; finished in 0.00s
[INFO] [stdout] 
[INFO] [stdout] 
[INFO] [stdout] running 1 test
[INFO] [stderr]      Running tests/from_3rd.rs (/opt/rustwide/target/debug/deps/from_3rd-bc201e388982123c)
[INFO] [stdout] test ez ... ok
[INFO] [stdout] 
[INFO] [stdout] test result: ok. 1 passed; 0 failed; 0 ignored; 0 measured; 0 filtered out; finished in 0.00s
[INFO] [stdout] 
[INFO] [stderr]      Running tests/from_go.rs (/opt/rustwide/target/debug/deps/from_go-47a8e586cf4be6b4)
[INFO] [stdout] 
[INFO] [stdout] running 2 tests
[INFO] [stdout] test overflow_stack ... ok
[INFO] [stdout] test meval ... ok
[INFO] [stdout] 
[INFO] [stdout] test result: ok. 2 passed; 0 failed; 0 ignored; 0 measured; 0 filtered out; finished in 0.00s
[INFO] [stdout] 
[INFO] [stdout] 
[INFO] [stdout] running 15 tests
[INFO] [stderr]      Running tests/parse.rs (/opt/rustwide/target/debug/deps/parse-f6b286d307fb4add)
[INFO] [stdout] test aaa_test_a ... ok
[INFO] [stdout] test aaa_test_b0 ... ok
[INFO] [stdout] test aaa_test_b1 ... ok
[INFO] [stdout] test aaa_test_b2 ... ok
[INFO] [stdout] test aaa_test_c1 ... ok
[INFO] [stdout] test aaa_test_c0 ... ok
[INFO] [stdout] test aaa_test_d0 ... ok
[INFO] [stdout] test aaa_test_d1 ... ok
[INFO] [stdout] test aaa_test_g ... ok
[INFO] [stdout] test aaa_test_h ... ok
[INFO] [stdout] test aaa_test_f ... ok
[INFO] [stdout] test aaa_test_k ... ok
[INFO] [stdout] test aaa_test_e ... ok
[INFO] [stdout] test aaa_test_i ... ok
[INFO] [stdout] test aaa_test_j ... ok
[INFO] [stdout] 
[INFO] [stdout] test result: ok. 15 passed; 0 failed; 0 ignored; 0 measured; 0 filtered out; finished in 0.00s
[INFO] [stdout] 
[INFO] [stderr]    Doc-tests fasteval
[INFO] [stdout] 
[INFO] [stdout] running 2 tests
[INFO] [stdout] test basics ... ok
[INFO] [stdout] test consts ... ok
[INFO] [stdout] 
[INFO] [stdout] test result: ok. 2 passed; 0 failed; 0 ignored; 0 measured; 0 filtered out; finished in 0.00s
[INFO] [stdout] 
[INFO] [stdout] 
[INFO] [stdout] running 17 tests
[INFO] [stdout] test src/lib.rs - (line 300) ... FAILED
[INFO] [stdout] test src/slab.rs - slab::ParseSlab (line 164) ... FAILED
[INFO] [stdout] test src/lib.rs - (line 335) ... ok
[INFO] [stdout] test src/lib.rs - (line 161) ... ok
[INFO] [stdout] test src/evalns.rs - evalns (line 62) ... ok
[INFO] [stdout] test src/slab.rs - slab (line 34) ... ok
[INFO] [stdout] test src/lib.rs - (line 227) ... ok
[INFO] [stdout] test src/lib.rs - (line 270) ... ok
[INFO] [stdout] test src/evalns.rs - evalns (line 36) ... ok
[INFO] [stdout] test src/evalns.rs - evalns (line 24) ... ok
[INFO] [stdout] test src/lib.rs - (line 139) ... ok
[INFO] [stdout] test src/lib.rs - (line 108) ... ok
[INFO] [stdout] test src/evalns.rs - evalns (line 49) ... ok
[INFO] [stdout] test src/evalns.rs - evalns (line 114) ... ok
[INFO] [stdout] test src/evalns.rs - evalns (line 143) ... ok
[INFO] [stdout] test src/evalns.rs - evalns (line 82) ... ok
[INFO] [stdout] test src/evalns.rs - evalns (line 98) ... ok
[INFO] [stdout] 
[INFO] [stdout] failures:
[INFO] [stdout] 
[INFO] [stdout] ---- src/lib.rs - (line 300) stdout ----
[INFO] [stdout] error[E0599]: no method named `add_unsafe_var` found for struct `ParseSlab` in the current scope
[INFO] [stdout]   --> src/lib.rs:314:22
[INFO] [stdout]    |
[INFO] [stdout] 16 |     unsafe { slab.ps.add_unsafe_var("deg".to_string(), &deg); } // `add_unsafe_var()` only exists if the `unsafe-vars` feature is enabled...
[INFO] [stdout]    |                      ^^^^^^^^^^^^^^ method not found in `ParseSlab`
[INFO] [stdout] 
[INFO] [stdout] error: aborting due to previous error
[INFO] [stdout] 
[INFO] [stdout] For more information about this error, try `rustc --explain E0599`.
[INFO] [stdout] Couldn't compile the test.
[INFO] [stdout] ---- src/slab.rs - slab::ParseSlab (line 164) stdout ----
[INFO] [stdout] error[E0599]: no method named `add_unsafe_var` found for struct `ParseSlab` in the current scope
[INFO] [stdout]   --> src/slab.rs:173:26
[INFO] [stdout]    |
[INFO] [stdout] 11 |     unsafe { slab_mut.ps.add_unsafe_var("bad".to_string(), &bad); }  // `add_unsafe_var()` only exists if the `unsafe-vars` feature is en...
[INFO] [stdout]    |                          ^^^^^^^^^^^^^^ method not found in `ParseSlab`
[INFO] [stdout] 
[INFO] [stdout] error[E0599]: no method named `add_unsafe_var` found for struct `ParseSlab` in the current scope
[INFO] [stdout]   --> src/slab.rs:189:22
[INFO] [stdout]    |
[INFO] [stdout] 27 |     unsafe { slab.ps.add_unsafe_var("deg".to_string(), &deg); }  // `add_unsafe_var()` only exists if the `unsafe-vars` feature is enable...
[INFO] [stdout]    |                      ^^^^^^^^^^^^^^ method not found in `ParseSlab`
[INFO] [stdout] 
[INFO] [stdout] error: aborting due to 2 previous errors
[INFO] [stdout] 
[INFO] [stdout] For more information about this error, try `rustc --explain E0599`.
[INFO] [stdout] Couldn't compile the test.
[INFO] [stdout] 
[INFO] [stdout] failures:
[INFO] [stdout]     src/lib.rs - (line 300)
[INFO] [stdout]     src/slab.rs - slab::ParseSlab (line 164)
[INFO] [stdout] 
[INFO] [stdout] test result: FAILED. 15 passed; 2 failed; 0 ignored; 0 measured; 0 filtered out; finished in 0.92s
[INFO] [stdout] 
[INFO] [stderr] error: test failed, to rerun pass '--doc'
[INFO] running `Command { std: "docker" "inspect" "4b5da5c84fbd45dc0ed4a83bee4e8d95954ea2dbb628b4ae1220574ee0f9afb4", kill_on_drop: false }`
[INFO] running `Command { std: "docker" "rm" "-f" "4b5da5c84fbd45dc0ed4a83bee4e8d95954ea2dbb628b4ae1220574ee0f9afb4", kill_on_drop: false }`
[INFO] [stdout] 4b5da5c84fbd45dc0ed4a83bee4e8d95954ea2dbb628b4ae1220574ee0f9afb4
