[INFO] fetching crate fasters 0.4.0...
[INFO] testing fasters-0.4.0 against 1.54.0 for beta-1.55-1
[INFO] extracting crate fasters 0.4.0 into /workspace/builds/worker-45/source
[INFO] validating manifest of crates.io crate fasters 0.4.0 on toolchain 1.54.0
[INFO] running `Command { std: "/workspace/cargo-home/bin/cargo" "+1.54.0" "metadata" "--manifest-path" "Cargo.toml" "--no-deps", kill_on_drop: false }`
[INFO] started tweaking crates.io crate fasters 0.4.0
[INFO] finished tweaking crates.io crate fasters 0.4.0
[INFO] tweaked toml for crates.io crate fasters 0.4.0 written to /workspace/builds/worker-45/source/Cargo.toml
[INFO] running `Command { std: "/workspace/cargo-home/bin/cargo" "+1.54.0" "generate-lockfile" "--manifest-path" "Cargo.toml" "-Zno-index-update", kill_on_drop: false }`
[INFO] running `Command { std: "/workspace/cargo-home/bin/cargo" "+1.54.0" "fetch" "--manifest-path" "Cargo.toml", kill_on_drop: false }`
[INFO] [stderr]     Blocking waiting for file lock on package cache
[INFO] running `Command { std: "docker" "create" "-v" "/var/lib/crater-agent-workspace/builds/worker-45/target:/opt/rustwide/target:rw,Z" "-v" "/var/lib/crater-agent-workspace/builds/worker-45/source:/opt/rustwide/workdir:ro,Z" "-v" "/var/lib/crater-agent-workspace/cargo-home:/opt/rustwide/cargo-home:ro,Z" "-v" "/var/lib/crater-agent-workspace/rustup-home:/opt/rustwide/rustup-home:ro,Z" "-e" "SOURCE_DIR=/opt/rustwide/workdir" "-e" "CARGO_TARGET_DIR=/opt/rustwide/target" "-e" "CARGO_HOME=/opt/rustwide/cargo-home" "-e" "RUSTUP_HOME=/opt/rustwide/rustup-home" "-w" "/opt/rustwide/workdir" "-m" "1610612736" "--user" "0:0" "--network" "none" "ghcr.io/rust-lang/crates-build-env/linux@sha256:34b6a614d2c27851fe6cbf88fbd1137609cefab8b10d0615aaeb6fd47975d74e" "/opt/rustwide/cargo-home/bin/cargo" "+1.54.0" "metadata" "--no-deps" "--format-version=1", kill_on_drop: false }`
[INFO] [stdout] 47111dc9df5f70e5f85b03bc8e865b055c9d82adb69faa2cabd4402822d3f721
[INFO] running `Command { std: "docker" "start" "-a" "47111dc9df5f70e5f85b03bc8e865b055c9d82adb69faa2cabd4402822d3f721", kill_on_drop: false }`
[INFO] running `Command { std: "docker" "inspect" "47111dc9df5f70e5f85b03bc8e865b055c9d82adb69faa2cabd4402822d3f721", kill_on_drop: false }`
[INFO] running `Command { std: "docker" "rm" "-f" "47111dc9df5f70e5f85b03bc8e865b055c9d82adb69faa2cabd4402822d3f721", kill_on_drop: false }`
[INFO] [stdout] 47111dc9df5f70e5f85b03bc8e865b055c9d82adb69faa2cabd4402822d3f721
[INFO] running `Command { std: "docker" "create" "-v" "/var/lib/crater-agent-workspace/builds/worker-45/target:/opt/rustwide/target:rw,Z" "-v" "/var/lib/crater-agent-workspace/builds/worker-45/source:/opt/rustwide/workdir:ro,Z" "-v" "/var/lib/crater-agent-workspace/cargo-home:/opt/rustwide/cargo-home:ro,Z" "-v" "/var/lib/crater-agent-workspace/rustup-home:/opt/rustwide/rustup-home:ro,Z" "-e" "SOURCE_DIR=/opt/rustwide/workdir" "-e" "CARGO_TARGET_DIR=/opt/rustwide/target" "-e" "CARGO_INCREMENTAL=0" "-e" "RUST_BACKTRACE=full" "-e" "RUSTFLAGS=--cap-lints=warn" "-e" "CARGO_HOME=/opt/rustwide/cargo-home" "-e" "RUSTUP_HOME=/opt/rustwide/rustup-home" "-w" "/opt/rustwide/workdir" "-m" "1610612736" "--user" "0:0" "--network" "none" "ghcr.io/rust-lang/crates-build-env/linux@sha256:34b6a614d2c27851fe6cbf88fbd1137609cefab8b10d0615aaeb6fd47975d74e" "/opt/rustwide/cargo-home/bin/cargo" "+1.54.0" "build" "--frozen" "--message-format=json", kill_on_drop: false }`
[INFO] [stdout] 910e5b5dde942452479391e88f0101d201ba5be8f7d38754848d82d019aeb556
[INFO] running `Command { std: "docker" "start" "-a" "910e5b5dde942452479391e88f0101d201ba5be8f7d38754848d82d019aeb556", kill_on_drop: false }`
[INFO] [stderr]    Compiling autocfg v1.0.1
[INFO] [stderr]    Compiling libc v0.2.98
[INFO] [stderr]    Compiling proc-macro2 v1.0.28
[INFO] [stderr]    Compiling cfg-if v1.0.0
[INFO] [stderr]    Compiling unicode-xid v0.2.2
[INFO] [stderr]    Compiling syn v1.0.74
[INFO] [stderr]    Compiling memchr v2.4.0
[INFO] [stderr]    Compiling getrandom v0.1.16
[INFO] [stderr]    Compiling proc-macro-hack v0.5.19
[INFO] [stderr]    Compiling futures-core v0.3.16
[INFO] [stderr]    Compiling ppv-lite86 v0.2.10
[INFO] [stderr]    Compiling pin-project-lite v0.2.7
[INFO] [stderr]    Compiling cc v1.0.69
[INFO] [stderr]    Compiling futures-task v0.3.16
[INFO] [stderr]    Compiling pkg-config v0.3.19
[INFO] [stderr]    Compiling futures-channel v0.3.16
[INFO] [stderr]    Compiling proc-macro-nested v0.1.7
[INFO] [stderr]    Compiling fnv v1.0.7
[INFO] [stderr]    Compiling ident_case v1.0.1
[INFO] [stderr]    Compiling siphasher v0.3.6
[INFO] [stderr]    Compiling same-file v1.0.6
[INFO] [stderr]    Compiling strsim v0.10.0
[INFO] [stderr]    Compiling futures-sink v0.3.16
[INFO] [stderr]    Compiling futures-io v0.3.16
[INFO] [stderr]    Compiling log v0.4.14
[INFO] [stderr]    Compiling bitflags v1.2.1
[INFO] [stderr]    Compiling scopeguard v1.1.0
[INFO] [stderr]    Compiling ryu v1.0.5
[INFO] [stderr]    Compiling smallvec v1.6.1
[INFO] [stderr]    Compiling slab v0.4.4
[INFO] [stderr]    Compiling serde v1.0.127
[INFO] [stderr]    Compiling pin-utils v0.1.0
[INFO] [stderr]    Compiling regex-syntax v0.6.25
[INFO] [stderr]    Compiling foreign-types-shared v0.1.1
[INFO] [stderr]    Compiling openssl v0.10.35
[INFO] [stderr]    Compiling once_cell v1.8.0
[INFO] [stderr]    Compiling serde_json v1.0.66
[INFO] [stderr]    Compiling fastrand v1.5.0
[INFO] [stderr]    Compiling radium v0.3.0
[INFO] [stderr]    Compiling xmlparser v0.13.3
[INFO] [stderr]    Compiling itoa v0.4.7
[INFO] [stderr]    Compiling waker-fn v1.1.0
[INFO] [stderr]    Compiling bytes v1.0.1
[INFO] [stderr]    Compiling wyz v0.2.0
[INFO] [stderr]    Compiling funty v1.1.0
[INFO] [stderr]    Compiling lazy_static v1.4.0
[INFO] [stderr]    Compiling parking v2.0.0
[INFO] [stderr]    Compiling boolinator v2.4.0
[INFO] [stderr]    Compiling instant v0.1.10
[INFO] [stderr]    Compiling phf_shared v0.8.0
[INFO] [stderr]    Compiling walkdir v2.3.2
[INFO] [stderr]    Compiling futures-macro v0.3.16
[INFO] [stderr]    Compiling futures-util v0.3.16
[INFO] [stderr]    Compiling num-traits v0.2.14
[INFO] [stderr]    Compiling num-integer v0.1.44
[INFO] [stderr]    Compiling tokio v1.9.0
[INFO] [stderr]    Compiling roxmltree v0.13.1
[INFO] [stderr]    Compiling foreign-types v0.3.2
[INFO] [stderr]    Compiling lock_api v0.4.4
[INFO] [stderr]    Compiling rust-embed-utils v5.1.0
[INFO] [stderr]    Compiling bitvec v0.18.5
[INFO] [stderr]    Compiling aho-corasick v0.7.18
[INFO] [stderr]    Compiling futures-lite v1.12.0
[INFO] [stderr]    Compiling quote v1.0.9
[INFO] [stderr]    Compiling parking_lot_core v0.8.3
[INFO] [stderr]    Compiling mio v0.7.13
[INFO] [stderr]    Compiling time v0.1.43
[INFO] [stderr]    Compiling signal-hook-registry v1.4.0
[INFO] [stderr]    Compiling num_cpus v1.13.0
[INFO] [stderr]    Compiling getrandom v0.2.3
[INFO] [stderr]    Compiling rand_core v0.5.1
[INFO] [stderr]    Compiling parking_lot v0.11.1
[INFO] [stderr]    Compiling uuid v0.8.2
[INFO] [stderr]    Compiling rand_pcg v0.2.1
[INFO] [stderr]    Compiling rand_chacha v0.2.2
[INFO] [stderr]    Compiling openssl-sys v0.9.65
[INFO] [stderr]    Compiling rand v0.7.3
[INFO] [stderr]    Compiling regex v1.5.4
[INFO] [stderr]    Compiling chrono v0.4.19
[INFO] [stderr]    Compiling phf_generator v0.8.0
[INFO] [stderr]    Compiling Inflector v0.11.4
[INFO] [stderr]    Compiling darling_core v0.12.4
[INFO] [stderr]    Compiling phf_macros v0.8.0
[INFO] [stderr]    Compiling tokio-macros v1.3.0
[INFO] [stderr]    Compiling rust-embed-impl v5.9.0
[INFO] [stderr]    Compiling darling_macro v0.12.4
[INFO] [stderr]    Compiling rust-embed v5.9.0
[INFO] [stderr]    Compiling darling v0.12.4
[INFO] [stderr]    Compiling fasters_derive v0.4.0
[INFO] [stderr]    Compiling phf v0.8.0
[INFO] [stderr]    Compiling futures-executor v0.3.16
[INFO] [stderr]    Compiling futures v0.3.16
[INFO] [stderr]    Compiling fasters v0.4.0 (/opt/rustwide/workdir)
[INFO] [stdout] warning: derive helper attribute is used before it is introduced
[INFO] [stdout]   --> src/app/fix42.rs:9:7
[INFO] [stdout]    |
[INFO] [stdout] 9  |     #[fasters(msg_type = "TODO")]
[INFO] [stdout]    |       ^^^^^^^
[INFO] [stdout] 10 |     #[derive(Debug, Clone, TsrMessage)]
[INFO] [stdout]    |                            ---------- the attribute is introduced here
[INFO] [stdout]    |
[INFO] [stdout]    = note: `#[warn(legacy_derive_helpers)]` on by default
[INFO] [stdout]    = warning: this was previously accepted by the compiler but is being phased out; it will become a hard error in a future release!
[INFO] [stdout]    = note: for more information, see issue #79202 <https://github.com/rust-lang/rust/issues/79202>
[INFO] [stdout] 
[INFO] [stdout] 
[INFO] [stdout] warning: derive helper attribute is used before it is introduced
[INFO] [stdout]   --> src/app/fix42.rs:69:7
[INFO] [stdout]    |
[INFO] [stdout] 69 |     #[fasters(msg_type = "TODO")]
[INFO] [stdout]    |       ^^^^^^^
[INFO] [stdout] 70 |     #[derive(Debug, Clone, TsrMessage)]
[INFO] [stdout]    |                            ---------- the attribute is introduced here
[INFO] [stdout]    |
[INFO] [stdout]    = warning: this was previously accepted by the compiler but is being phased out; it will become a hard error in a future release!
[INFO] [stdout]    = note: for more information, see issue #79202 <https://github.com/rust-lang/rust/issues/79202>
[INFO] [stdout] 
[INFO] [stdout] 
[INFO] [stdout] warning: this attribute can only be applied at the crate level
[INFO] [stdout]   --> src/stream_iterator.rs:47:8
[INFO] [stdout]    |
[INFO] [stdout] 47 | #![doc(html_root_url = "https://docs.rs/streaming-iterator/0.1")]
[INFO] [stdout]    |        ^^^^^^^^^^^^^^^^^^^^^^^^^^^^^^^^^^^^^^^^^^^^^^^^^^^^^^^^
[INFO] [stdout]    |
[INFO] [stdout]    = note: `#[warn(invalid_doc_attributes)]` on by default
[INFO] [stdout]    = warning: this was previously accepted by the compiler but is being phased out; it will become a hard error in a future release!
[INFO] [stdout]    = note: for more information, see issue #82730 <https://github.com/rust-lang/rust/issues/82730>
[INFO] [stdout]    = note: read https://doc.rust-lang.org/nightly/rustdoc/the-doc-attribute.html#at-the-crate-level for more information
[INFO] [stdout] 
[INFO] [stdout] 
[INFO] [stdout] warning: unused variable: `heartbeat_sleep`
[INFO] [stdout]    --> src/session/classic.rs:525:25
[INFO] [stdout]     |
[INFO] [stdout] 525 |             tokio::pin!(heartbeat_sleep);
[INFO] [stdout]     |                         ^^^^^^^^^^^^^^^ help: if this is intentional, prefix it with an underscore: `_heartbeat_sleep`
[INFO] [stdout]     |
[INFO] [stdout] note: the lint level is defined here
[INFO] [stdout]    --> src/lib.rs:33:9
[INFO] [stdout]     |
[INFO] [stdout] 33  | #![deny(unused, missing_debug_implementations, clippy::useless_conversion)]
[INFO] [stdout]     |         ^^^^^^
[INFO] [stdout]     = note: `#[warn(unused_variables)]` implied by `#[warn(unused)]`
[INFO] [stdout] 
[INFO] [stdout] 
[INFO] [stdout] warning: 4 warnings emitted
[INFO] [stdout] 
[INFO] [stdout] 
[INFO] [stderr]     Finished dev [unoptimized + debuginfo] target(s) in 28.60s
[INFO] running `Command { std: "docker" "inspect" "910e5b5dde942452479391e88f0101d201ba5be8f7d38754848d82d019aeb556", kill_on_drop: false }`
[INFO] running `Command { std: "docker" "rm" "-f" "910e5b5dde942452479391e88f0101d201ba5be8f7d38754848d82d019aeb556", kill_on_drop: false }`
[INFO] [stdout] 910e5b5dde942452479391e88f0101d201ba5be8f7d38754848d82d019aeb556
[INFO] running `Command { std: "docker" "create" "-v" "/var/lib/crater-agent-workspace/builds/worker-45/target:/opt/rustwide/target:rw,Z" "-v" "/var/lib/crater-agent-workspace/builds/worker-45/source:/opt/rustwide/workdir:ro,Z" "-v" "/var/lib/crater-agent-workspace/cargo-home:/opt/rustwide/cargo-home:ro,Z" "-v" "/var/lib/crater-agent-workspace/rustup-home:/opt/rustwide/rustup-home:ro,Z" "-e" "SOURCE_DIR=/opt/rustwide/workdir" "-e" "CARGO_TARGET_DIR=/opt/rustwide/target" "-e" "CARGO_INCREMENTAL=0" "-e" "RUST_BACKTRACE=full" "-e" "RUSTFLAGS=--cap-lints=warn" "-e" "CARGO_HOME=/opt/rustwide/cargo-home" "-e" "RUSTUP_HOME=/opt/rustwide/rustup-home" "-w" "/opt/rustwide/workdir" "-m" "1610612736" "--user" "0:0" "--network" "none" "ghcr.io/rust-lang/crates-build-env/linux@sha256:34b6a614d2c27851fe6cbf88fbd1137609cefab8b10d0615aaeb6fd47975d74e" "/opt/rustwide/cargo-home/bin/cargo" "+1.54.0" "test" "--frozen" "--no-run" "--message-format=json", kill_on_drop: false }`
[INFO] [stdout] 85c4f1b6e648a5f4300924aef9213b81c523dc1f68a5eb5d35b0a933229371c3
[INFO] running `Command { std: "docker" "start" "-a" "85c4f1b6e648a5f4300924aef9213b81c523dc1f68a5eb5d35b0a933229371c3", kill_on_drop: false }`
[INFO] [stderr]    Compiling rand_core v0.4.2
[INFO] [stderr]    Compiling autocfg v0.1.7
[INFO] [stderr]    Compiling proc-macro2 v0.4.30
[INFO] [stderr]    Compiling unicode-xid v0.1.0
[INFO] [stderr]    Compiling syn v0.15.44
[INFO] [stderr]    Compiling derive_arbitrary v0.4.7
[INFO] [stderr]    Compiling env_logger v0.6.2
[INFO] [stderr]    Compiling synstructure v0.12.5
[INFO] [stdout] warning: derive helper attribute is used before it is introduced
[INFO] [stdout]   --> src/app/fix42.rs:9:7
[INFO] [stdout]    |
[INFO] [stdout] 9  |     #[fasters(msg_type = "TODO")]
[INFO] [stdout]    |       ^^^^^^^
[INFO] [stdout] 10 |     #[derive(Debug, Clone, TsrMessage)]
[INFO] [stdout]    |                            ---------- the attribute is introduced here
[INFO] [stdout]    |
[INFO] [stdout]    = note: `#[warn(legacy_derive_helpers)]` on by default
[INFO] [stdout]    = warning: this was previously accepted by the compiler but is being phased out; it will become a hard error in a future release!
[INFO] [stdout]    = note: for more information, see issue #79202 <https://github.com/rust-lang/rust/issues/79202>
[INFO] [stdout] 
[INFO] [stdout] 
[INFO] [stdout] warning: derive helper attribute is used before it is introduced
[INFO] [stdout]   --> src/app/fix42.rs:69:7
[INFO] [stdout]    |
[INFO] [stdout] 69 |     #[fasters(msg_type = "TODO")]
[INFO] [stdout]    |       ^^^^^^^
[INFO] [stdout] 70 |     #[derive(Debug, Clone, TsrMessage)]
[INFO] [stdout]    |                            ---------- the attribute is introduced here
[INFO] [stdout]    |
[INFO] [stdout]    = warning: this was previously accepted by the compiler but is being phased out; it will become a hard error in a future release!
[INFO] [stdout]    = note: for more information, see issue #79202 <https://github.com/rust-lang/rust/issues/79202>
[INFO] [stdout] 
[INFO] [stdout] 
[INFO] [stdout] warning: this attribute can only be applied at the crate level
[INFO] [stdout]   --> src/stream_iterator.rs:47:8
[INFO] [stdout]    |
[INFO] [stdout] 47 | #![doc(html_root_url = "https://docs.rs/streaming-iterator/0.1")]
[INFO] [stdout]    |        ^^^^^^^^^^^^^^^^^^^^^^^^^^^^^^^^^^^^^^^^^^^^^^^^^^^^^^^^
[INFO] [stdout]    |
[INFO] [stdout]    = note: `#[warn(invalid_doc_attributes)]` on by default
[INFO] [stdout]    = warning: this was previously accepted by the compiler but is being phased out; it will become a hard error in a future release!
[INFO] [stdout]    = note: for more information, see issue #82730 <https://github.com/rust-lang/rust/issues/82730>
[INFO] [stdout]    = note: read https://doc.rust-lang.org/nightly/rustdoc/the-doc-attribute.html#at-the-crate-level for more information
[INFO] [stdout] 
[INFO] [stdout] 
[INFO] [stdout] warning: unused variable: `heartbeat_sleep`
[INFO] [stdout]    --> src/session/classic.rs:525:25
[INFO] [stdout]     |
[INFO] [stdout] 525 |             tokio::pin!(heartbeat_sleep);
[INFO] [stdout]     |                         ^^^^^^^^^^^^^^^ help: if this is intentional, prefix it with an underscore: `_heartbeat_sleep`
[INFO] [stdout]     |
[INFO] [stdout] note: the lint level is defined here
[INFO] [stdout]    --> src/lib.rs:33:9
[INFO] [stdout]     |
[INFO] [stdout] 33  | #![deny(unused, missing_debug_implementations, clippy::useless_conversion)]
[INFO] [stdout]     |         ^^^^^^
[INFO] [stdout]     = note: `#[warn(unused_variables)]` implied by `#[warn(unused)]`
[INFO] [stdout] 
[INFO] [stdout] 
[INFO] [stdout] warning: 4 warnings emitted
[INFO] [stdout] 
[INFO] [stdout] 
[INFO] [stderr]    Compiling rand_core v0.3.1
[INFO] [stderr]    Compiling rand_os v0.1.3
[INFO] [stderr]    Compiling rand_jitter v0.1.4
[INFO] [stderr]    Compiling rand_hc v0.1.0
[INFO] [stderr]    Compiling rand_isaac v0.1.1
[INFO] [stderr]    Compiling rand_xorshift v0.1.1
[INFO] [stderr]    Compiling rand_pcg v0.1.2
[INFO] [stderr]    Compiling rand_chacha v0.1.1
[INFO] [stderr]    Compiling rand v0.6.5
[INFO] [stderr]    Compiling quickcheck_derive v0.3.0
[INFO] [stderr]    Compiling quote v0.6.13
[INFO] [stderr]    Compiling arbitrary v0.4.7
[INFO] [stderr]    Compiling quickcheck v0.8.5
[INFO] [stderr]    Compiling quickcheck_macros v0.8.0
[INFO] [stderr]    Compiling fasters v0.4.0 (/opt/rustwide/workdir)
[INFO] [stdout] warning: derive helper attribute is used before it is introduced
[INFO] [stdout]   --> src/app/fix42.rs:9:7
[INFO] [stdout]    |
[INFO] [stdout] 9  |     #[fasters(msg_type = "TODO")]
[INFO] [stdout]    |       ^^^^^^^
[INFO] [stdout] 10 |     #[derive(Debug, Clone, TsrMessage)]
[INFO] [stdout]    |                            ---------- the attribute is introduced here
[INFO] [stdout]    |
[INFO] [stdout]    = note: `#[warn(legacy_derive_helpers)]` on by default
[INFO] [stdout]    = warning: this was previously accepted by the compiler but is being phased out; it will become a hard error in a future release!
[INFO] [stdout]    = note: for more information, see issue #79202 <https://github.com/rust-lang/rust/issues/79202>
[INFO] [stdout] 
[INFO] [stdout] 
[INFO] [stdout] warning: derive helper attribute is used before it is introduced
[INFO] [stdout]   --> src/app/fix42.rs:69:7
[INFO] [stdout]    |
[INFO] [stdout] 69 |     #[fasters(msg_type = "TODO")]
[INFO] [stdout]    |       ^^^^^^^
[INFO] [stdout] 70 |     #[derive(Debug, Clone, TsrMessage)]
[INFO] [stdout]    |                            ---------- the attribute is introduced here
[INFO] [stdout]    |
[INFO] [stdout]    = warning: this was previously accepted by the compiler but is being phased out; it will become a hard error in a future release!
[INFO] [stdout]    = note: for more information, see issue #79202 <https://github.com/rust-lang/rust/issues/79202>
[INFO] [stdout] 
[INFO] [stdout] 
[INFO] [stdout] warning: this attribute can only be applied at the crate level
[INFO] [stdout]   --> src/stream_iterator.rs:47:8
[INFO] [stdout]    |
[INFO] [stdout] 47 | #![doc(html_root_url = "https://docs.rs/streaming-iterator/0.1")]
[INFO] [stdout]    |        ^^^^^^^^^^^^^^^^^^^^^^^^^^^^^^^^^^^^^^^^^^^^^^^^^^^^^^^^
[INFO] [stdout]    |
[INFO] [stdout]    = note: `#[warn(invalid_doc_attributes)]` on by default
[INFO] [stdout]    = warning: this was previously accepted by the compiler but is being phased out; it will become a hard error in a future release!
[INFO] [stdout]    = note: for more information, see issue #82730 <https://github.com/rust-lang/rust/issues/82730>
[INFO] [stdout]    = note: read https://doc.rust-lang.org/nightly/rustdoc/the-doc-attribute.html#at-the-crate-level for more information
[INFO] [stdout] 
[INFO] [stdout] 
[INFO] [stdout] warning: unused variable: `heartbeat_sleep`
[INFO] [stdout]    --> src/session/classic.rs:525:25
[INFO] [stdout]     |
[INFO] [stdout] 525 |             tokio::pin!(heartbeat_sleep);
[INFO] [stdout]     |                         ^^^^^^^^^^^^^^^ help: if this is intentional, prefix it with an underscore: `_heartbeat_sleep`
[INFO] [stdout]     |
[INFO] [stdout] note: the lint level is defined here
[INFO] [stdout]    --> src/lib.rs:33:9
[INFO] [stdout]     |
[INFO] [stdout] 33  | #![deny(unused, missing_debug_implementations, clippy::useless_conversion)]
[INFO] [stdout]     |         ^^^^^^
[INFO] [stdout]     = note: `#[warn(unused_variables)]` implied by `#[warn(unused)]`
[INFO] [stdout] 
[INFO] [stdout] 
[INFO] [stdout] warning: 4 warnings emitted
[INFO] [stdout] 
[INFO] [stdout] 
[INFO] [stderr]     Finished test [unoptimized + debuginfo] target(s) in 14.33s
[INFO] running `Command { std: "docker" "inspect" "85c4f1b6e648a5f4300924aef9213b81c523dc1f68a5eb5d35b0a933229371c3", kill_on_drop: false }`
[INFO] running `Command { std: "docker" "rm" "-f" "85c4f1b6e648a5f4300924aef9213b81c523dc1f68a5eb5d35b0a933229371c3", kill_on_drop: false }`
[INFO] [stdout] 85c4f1b6e648a5f4300924aef9213b81c523dc1f68a5eb5d35b0a933229371c3
[INFO] running `Command { std: "docker" "create" "-v" "/var/lib/crater-agent-workspace/builds/worker-45/target:/opt/rustwide/target:rw,Z" "-v" "/var/lib/crater-agent-workspace/builds/worker-45/source:/opt/rustwide/workdir:ro,Z" "-v" "/var/lib/crater-agent-workspace/cargo-home:/opt/rustwide/cargo-home:ro,Z" "-v" "/var/lib/crater-agent-workspace/rustup-home:/opt/rustwide/rustup-home:ro,Z" "-e" "SOURCE_DIR=/opt/rustwide/workdir" "-e" "CARGO_TARGET_DIR=/opt/rustwide/target" "-e" "CARGO_INCREMENTAL=0" "-e" "RUST_BACKTRACE=full" "-e" "RUSTFLAGS=--cap-lints=warn" "-e" "CARGO_HOME=/opt/rustwide/cargo-home" "-e" "RUSTUP_HOME=/opt/rustwide/rustup-home" "-w" "/opt/rustwide/workdir" "-m" "1610612736" "--user" "0:0" "--network" "none" "ghcr.io/rust-lang/crates-build-env/linux@sha256:34b6a614d2c27851fe6cbf88fbd1137609cefab8b10d0615aaeb6fd47975d74e" "/opt/rustwide/cargo-home/bin/cargo" "+1.54.0" "test" "--frozen", kill_on_drop: false }`
[INFO] [stdout] 471c516befc68f26a34b1244fae41b1b0bd91a9ede1b4d0be1e2db96e34dcc1b
[INFO] running `Command { std: "docker" "start" "-a" "471c516befc68f26a34b1244fae41b1b0bd91a9ede1b4d0be1e2db96e34dcc1b", kill_on_drop: false }`
[INFO] [stderr] warning: derive helper attribute is used before it is introduced
[INFO] [stderr]   --> src/app/fix42.rs:9:7
[INFO] [stderr]    |
[INFO] [stderr] 9  |     #[fasters(msg_type = "TODO")]
[INFO] [stderr]    |       ^^^^^^^
[INFO] [stderr] 10 |     #[derive(Debug, Clone, TsrMessage)]
[INFO] [stderr]    |                            ---------- the attribute is introduced here
[INFO] [stderr]    |
[INFO] [stderr]    = note: `#[warn(legacy_derive_helpers)]` on by default
[INFO] [stderr]    = warning: this was previously accepted by the compiler but is being phased out; it will become a hard error in a future release!
[INFO] [stderr]    = note: for more information, see issue #79202 <https://github.com/rust-lang/rust/issues/79202>
[INFO] [stderr] 
[INFO] [stderr] warning: derive helper attribute is used before it is introduced
[INFO] [stderr]   --> src/app/fix42.rs:69:7
[INFO] [stderr]    |
[INFO] [stderr] 69 |     #[fasters(msg_type = "TODO")]
[INFO] [stderr]    |       ^^^^^^^
[INFO] [stderr] 70 |     #[derive(Debug, Clone, TsrMessage)]
[INFO] [stderr]    |                            ---------- the attribute is introduced here
[INFO] [stderr]    |
[INFO] [stderr]    = warning: this was previously accepted by the compiler but is being phased out; it will become a hard error in a future release!
[INFO] [stderr]    = note: for more information, see issue #79202 <https://github.com/rust-lang/rust/issues/79202>
[INFO] [stderr] 
[INFO] [stderr] warning: this attribute can only be applied at the crate level
[INFO] [stderr]   --> src/stream_iterator.rs:47:8
[INFO] [stderr]    |
[INFO] [stderr] 47 | #![doc(html_root_url = "https://docs.rs/streaming-iterator/0.1")]
[INFO] [stderr]    |        ^^^^^^^^^^^^^^^^^^^^^^^^^^^^^^^^^^^^^^^^^^^^^^^^^^^^^^^^
[INFO] [stderr]    |
[INFO] [stderr]    = note: `#[warn(invalid_doc_attributes)]` on by default
[INFO] [stderr]    = warning: this was previously accepted by the compiler but is being phased out; it will become a hard error in a future release!
[INFO] [stderr]    = note: for more information, see issue #82730 <https://github.com/rust-lang/rust/issues/82730>
[INFO] [stderr]    = note: read https://doc.rust-lang.org/nightly/rustdoc/the-doc-attribute.html#at-the-crate-level for more information
[INFO] [stderr] 
[INFO] [stderr] warning: unused variable: `heartbeat_sleep`
[INFO] [stderr]    --> src/session/classic.rs:525:25
[INFO] [stderr]     |
[INFO] [stderr] 525 |             tokio::pin!(heartbeat_sleep);
[INFO] [stderr]     |                         ^^^^^^^^^^^^^^^ help: if this is intentional, prefix it with an underscore: `_heartbeat_sleep`
[INFO] [stderr]     |
[INFO] [stderr] note: the lint level is defined here
[INFO] [stderr]    --> src/lib.rs:33:9
[INFO] [stderr]     |
[INFO] [stderr] 33  | #![deny(unused, missing_debug_implementations, clippy::useless_conversion)]
[INFO] [stderr]     |         ^^^^^^
[INFO] [stderr]     = note: `#[warn(unused_variables)]` implied by `#[warn(unused)]`
[INFO] [stderr] 
[INFO] [stderr] warning: 4 warnings emitted
[INFO] [stderr] 
[INFO] [stderr] warning: derive helper attribute is used before it is introduced
[INFO] [stderr]   --> src/app/fix42.rs:9:7
[INFO] [stderr]    |
[INFO] [stderr] 9  |     #[fasters(msg_type = "TODO")]
[INFO] [stderr]    |       ^^^^^^^
[INFO] [stderr] 10 |     #[derive(Debug, Clone, TsrMessage)]
[INFO] [stderr]    |                            ---------- the attribute is introduced here
[INFO] [stderr]    |
[INFO] [stderr]    = note: `#[warn(legacy_derive_helpers)]` on by default
[INFO] [stderr]    = warning: this was previously accepted by the compiler but is being phased out; it will become a hard error in a future release!
[INFO] [stderr]    = note: for more information, see issue #79202 <https://github.com/rust-lang/rust/issues/79202>
[INFO] [stderr] 
[INFO] [stderr] warning: derive helper attribute is used before it is introduced
[INFO] [stderr]   --> src/app/fix42.rs:69:7
[INFO] [stderr]    |
[INFO] [stderr] 69 |     #[fasters(msg_type = "TODO")]
[INFO] [stderr]    |       ^^^^^^^
[INFO] [stderr] 70 |     #[derive(Debug, Clone, TsrMessage)]
[INFO] [stderr]    |                            ---------- the attribute is introduced here
[INFO] [stderr]    |
[INFO] [stderr]    = warning: this was previously accepted by the compiler but is being phased out; it will become a hard error in a future release!
[INFO] [stderr]    = note: for more information, see issue #79202 <https://github.com/rust-lang/rust/issues/79202>
[INFO] [stderr] 
[INFO] [stderr] warning: this attribute can only be applied at the crate level
[INFO] [stderr]   --> src/stream_iterator.rs:47:8
[INFO] [stderr]    |
[INFO] [stderr] 47 | #![doc(html_root_url = "https://docs.rs/streaming-iterator/0.1")]
[INFO] [stderr]    |        ^^^^^^^^^^^^^^^^^^^^^^^^^^^^^^^^^^^^^^^^^^^^^^^^^^^^^^^^
[INFO] [stderr]    |
[INFO] [stderr]    = note: `#[warn(invalid_doc_attributes)]` on by default
[INFO] [stderr]    = warning: this was previously accepted by the compiler but is being phased out; it will become a hard error in a future release!
[INFO] [stderr]    = note: for more information, see issue #82730 <https://github.com/rust-lang/rust/issues/82730>
[INFO] [stderr]    = note: read https://doc.rust-lang.org/nightly/rustdoc/the-doc-attribute.html#at-the-crate-level for more information
[INFO] [stderr] 
[INFO] [stderr] warning: unused variable: `heartbeat_sleep`
[INFO] [stderr]    --> src/session/classic.rs:525:25
[INFO] [stderr]     |
[INFO] [stderr] 525 |             tokio::pin!(heartbeat_sleep);
[INFO] [stderr]     |                         ^^^^^^^^^^^^^^^ help: if this is intentional, prefix it with an underscore: `_heartbeat_sleep`
[INFO] [stderr]     |
[INFO] [stderr] note: the lint level is defined here
[INFO] [stderr]    --> src/lib.rs:33:9
[INFO] [stderr]     |
[INFO] [stderr] 33  | #![deny(unused, missing_debug_implementations, clippy::useless_conversion)]
[INFO] [stderr]     |         ^^^^^^
[INFO] [stderr]     = note: `#[warn(unused_variables)]` implied by `#[warn(unused)]`
[INFO] [stderr] 
[INFO] [stderr] warning: 4 warnings emitted
[INFO] [stderr] 
[INFO] [stderr]     Finished test [unoptimized + debuginfo] target(s) in 0.06s
[INFO] [stderr]      Running unittests (/opt/rustwide/target/debug/deps/fasters-257e3a40dfc88cbd)
[INFO] [stdout] 
[INFO] [stdout] running 76 tests
[INFO] [stdout] test codec::fast::codec::test::encode_64i32_regression ... ok
[INFO] [stdout] test codec::fast::codec::test::encode_i32_example ... ok
[INFO] [stdout] test codec::fast::codec::test::decode_i32_fast_doc_example ... ok
[INFO] [stdout] test codec::fast::codec::test::encode_then_decode_99i32_regression ... ok
[INFO] [stdout] test codec::fast::codec::test::encode_then_decode_i32 ... ok
[INFO] [stdout] test codec::sofh::test::decoder_accepts_frame_with_len_6 ... ok
[INFO] [stdout] test codec::sofh::test::decoder_returns_error_when_frame_has_len_lt_6 ... ok
[INFO] [stdout] test codec::sofh::test::low_values_correspond_to_private_encoding_types ... ok
[INFO] [stdout] test codec::sofh::test::frameless_decoder_returns_error_when_frame_has_len_lt_6 ... ok
[INFO] [stdout] test codec::fast::codec::test::encode_then_decode_u32 ... ok
[INFO] [stdout] test codec::sofh::test::value_0x100u16_is_not_a_private_encoding_type ... ok
[INFO] [stdout] test codec::fast::codec::test::encode_then_decode_bytes ... ok
[INFO] [stdout] test codec::fast::template::test::first_field_instruction ... ok
[INFO] [stdout] test codec::sofh::test::encoding_type_conversion_is_correct ... ok
[INFO] [stdout] test codec::sofh::test::every_encoding_type_is_equal_to_itself ... ok
[INFO] [stdout] test codec::fast::codec::test::encode_then_decode_string ... ok
[INFO] [stdout] test session::classic::test::heartebeat_validation ... ok
[INFO] [stdout] test session::classic::test::testcase_2s ... ok
[INFO] [stdout] test stream_iterator::test::all ... ok
[INFO] [stdout] test app::test::all_versions_have_quickfix_spec ... ok
[INFO] [stdout] test stream_iterator::test::cloned ... ok
[INFO] [stdout] test dictionary::test::msg_type_conversion ... ok
[INFO] [stdout] test stream_iterator::test::any ... ok
[INFO] [stdout] test stream_iterator::test::count ... ok
[INFO] [stdout] test session::classic::test::testcase_1s_a_1 ... ok
[INFO] [stdout] test stream_iterator::test::empty_iterator ... ok
[INFO] [stdout] test stream_iterator::test::filter_map ... ok
[INFO] [stdout] test stream_iterator::test::filter_map_deref ... ok
[INFO] [stdout] test stream_iterator::test::filter ... ok
[INFO] [stdout] test session::classic::test::testcase_1s_a_2 ... ok
[INFO] [stdout] test session::classic::test::testcase_1s_b ... ok
[INFO] [stdout] test stream_iterator::test::find ... ok
[INFO] [stdout] test stream_iterator::test::fold ... ok
[INFO] [stdout] test stream_iterator::test::flat_map ... ok
[INFO] [stdout] test stream_iterator::test::for_each ... ok
[INFO] [stdout] test stream_iterator::test::fuse ... ok
[INFO] [stdout] test stream_iterator::test::inspect ... ok
[INFO] [stdout] test stream_iterator::test::map ... ok
[INFO] [stdout] test stream_iterator::test::map_deref ... ok
[INFO] [stdout] test stream_iterator::test::map_ref ... ok
[INFO] [stdout] test stream_iterator::test::nth ... ok
[INFO] [stdout] test stream_iterator::test::position ... ok
[INFO] [stdout] test stream_iterator::test::rev ... ok
[INFO] [stdout] test stream_iterator::test::rfold ... ok
[INFO] [stdout] test stream_iterator::test::skip ... ok
[INFO] [stdout] test stream_iterator::test::skip_while ... ok
[INFO] [stdout] test stream_iterator::test::take ... ok
[INFO] [stdout] test stream_iterator::test::take_while ... ok
[INFO] [stdout] test stream_iterator::test::test_chain ... ok
[INFO] [stdout] test stream_iterator::test::test_chain_back ... ok
[INFO] [stdout] test stream_iterator::test::test_chain_mixed ... ok
[INFO] [stdout] test stream_iterator::test::test_convert ... ok
[INFO] [stdout] test stream_iterator::test::test_convert_ref ... ok
[INFO] [stdout] test engines::test::fixua_hello ... ok
[INFO] [stdout] test transport::fixs::test::v1draft_acceptor_is_ok ... ok
[INFO] [stdout] test stream_iterator::test::for_each_rev ... ok
[INFO] [stdout] test dictionary::test::fixt11_quickfix_is_ok ... ok
[INFO] [stdout] test transport::fixs::test::v1draft_connector_is_ok ... ok
[INFO] [stdout] test app::test::all_versions_have_different_quickfix_spec ... ok
[INFO] [stdout] test dictionary::test::fix44_field_28_has_three_variants ... ok
[INFO] [stdout] test codec::tagvalue::test::message_without_checksum ... ok
[INFO] [stdout] test dictionary::test::fix44_field_167_has_eucorp_variant ... ok
[INFO] [stdout] test codec::tagvalue::test::heartbeat_message_fields_are_ok ... ok
[INFO] [stdout] test codec::json::test::message_without_header ... ok
[INFO] [stdout] test codec::json::test::invalid_json ... ok
[INFO] [stdout] test codec::tagvalue::test::new_order_single_without_final_separator ... ok
[INFO] [stdout] test codec::tagvalue::test::can_parse_simple_message ... ok
[INFO] [stdout] test dictionary::test::fix44_field_36_has_no_variants ... ok
[INFO] [stdout] test codec::tagvalue::test::message_without_standard_header ... ok
[INFO] [stdout] test codec::tagvalue::test::message_must_end_with_separator ... ok
[INFO] [stdout] test codec::tagvalue::test::detect_incorrect_checksum ... ok
[INFO] [stdout] test codec::json::test::decode_then_decode ... ok
[INFO] [stdout] test fix_codegen::test::fix_v42_syntax ... ok
[INFO] [stdout] test app::test::all_versions_have_xml_valid_quickfix_spec ... ok
[INFO] [stdout] test dictionary::test::dictionary_save_definition_spec_is_ok ... ok
[INFO] [stdout] test codec::tagvalue::test::assortment_of_random_messages_is_ok ... ok
[INFO] [stdout] 
[INFO] [stdout] test result: ok. 76 passed; 0 failed; 0 ignored; 0 measured; 0 filtered out; finished in 1.23s
[INFO] [stdout] 
[INFO] [stderr]    Doc-tests fasters
[INFO] [stdout] 
[INFO] [stdout] running 33 tests
[INFO] [stdout] test src/stream_iterator.rs - stream_iterator (line 20) ... ignored
[INFO] [stdout] test src/codec/json.rs - codec::json::TransPrettyPrint (line 59) ... FAILED
[INFO] [stdout] test src/codec/json.rs - codec::json::TransPrettyPrint (line 33) ... FAILED
[INFO] [stdout] test src/stream_iterator.rs - stream_iterator (line 30) - compile ... FAILED
[INFO] [stdout] test src/stream_iterator.rs - stream_iterator::convert (line 519) ... FAILED
[INFO] [stdout] test src/codec/sofh.rs - codec::sofh::BufCodec::capacity (line 97) ... FAILED
[INFO] [stdout] test src/codec/fast/decimal.rs - codec::fast::decimal::Decimal::new_unchecked (line 133) ... FAILED
[INFO] [stdout] test src/codec/fast/decimal.rs - codec::fast::decimal::Decimal::abs (line 220) ... FAILED
[INFO] [stdout] test src/codec/fast/decimal.rs - codec::fast::decimal::Decimal::new (line 113) ... FAILED
[INFO] [stdout] test src/codec/fast/decimal.rs - codec::fast::decimal::Decimal::fract (line 310) ... FAILED
[INFO] [stdout] test src/codec/fast/decimal.rs - codec::fast::decimal::Decimal::truncate (line 294) ... FAILED
[INFO] [stdout] test src/codec/fast/decimal.rs - codec::fast::decimal::Decimal::ceil (line 324) ... FAILED
[INFO] [stdout] test src/codec/fast/decimal.rs - codec::fast::decimal::Decimal::round (line 375) ... FAILED
[INFO] [stdout] test src/codec/fast/decimal.rs - codec::fast::decimal::Decimal::floor (line 349) ... FAILED
[INFO] [stdout] test src/codec/fast/decimal.rs - codec::fast::decimal::Decimal::pow (line 274) ... FAILED
[INFO] [stdout] test src/codec/fast/decimal.rs - codec::fast::decimal::Decimal::ONE (line 67) ... FAILED
[INFO] [stdout] test src/codec/fast/decimal.rs - codec::fast::decimal::Decimal::signum (line 194) ... FAILED
[INFO] [stdout] test src/dictionary.rs - dictionary::Dictionary::messages (line 240) ... FAILED
[INFO] [stdout] test src/dictionary.rs - dictionary::Dictionary::get_version (line 173) ... FAILED
[INFO] [stdout] test src/transport/fixs.rs - transport::fixs::Version::recommended_cs_openssl (line 73) ... FAILED
[INFO] [stdout] test src/transport/fixs.rs - transport::fixs::Version::recommended_cs_iana (line 50) ... FAILED
[INFO] [stdout] test src/dictionary.rs - dictionary::Dictionary::get_message_by_name (line 198) ... FAILED
[INFO] [stdout] test src/dictionary.rs - dictionary::Dictionary::get_field (line 262) ... FAILED
[INFO] [stdout] test src/codec/fast/decimal.rs - codec::fast::decimal::Decimal::mantissa (line 176) ... FAILED
[INFO] [stdout] test src/codec/fast/decimal.rs - codec::fast::decimal::Decimal::MAX (line 42) ... FAILED
[INFO] [stdout] test src/session/classic.rs - session::classic::HeartbeatRule::validate (line 70) ... FAILED
[INFO] [stdout] test src/transport/fixs.rs - transport::fixs::Version::recommended_cs_openssl (line 84) ... FAILED
[INFO] [stdout] test src/codec/fast/decimal.rs - codec::fast::decimal::Decimal::exp (line 161) ... FAILED
[INFO] [stdout] test src/codec/fast/decimal.rs - codec::fast::decimal::Decimal::is_negative (line 239) ... FAILED
[INFO] [stdout] test src/dictionary.rs - dictionary::Dictionary::new (line 140) ... FAILED
[INFO] [stdout] test src/codec/fast/decimal.rs - codec::fast::decimal::Decimal::MIN (line 54) ... FAILED
[INFO] [stdout] test src/codec/fast/decimal.rs - codec::fast::decimal::Decimal::is_positive (line 257) ... FAILED
[INFO] [stderr] error: test failed, to rerun pass '--doc'
[INFO] [stderr] 
[INFO] [stderr] Caused by:
[INFO] [stderr]   process didn't exit successfully: `rustdoc --edition=2018 --crate-type lib --crate-name fasters --test /opt/rustwide/workdir/src/lib.rs -L dependency=/opt/rustwide/target/debug/deps -L dependency=/opt/rustwide/target/debug/deps --extern inflector=/opt/rustwide/target/debug/deps/libinflector-5e78889d0490bbe4.rlib --extern arbitrary=/opt/rustwide/target/debug/deps/libarbitrary-a6129e030ff3eaf4.rlib --extern bitvec=/opt/rustwide/target/debug/deps/libbitvec-2dc69e050a7e75ba.rlib --extern boolinator=/opt/rustwide/target/debug/deps/libboolinator-a6727d9b7e912945.rlib --extern chrono=/opt/rustwide/target/debug/deps/libchrono-6069502b77b85e94.rlib --extern fasters=/opt/rustwide/target/debug/deps/libfasters-e4f0c6a4d9cf17f6.rlib --extern fasters_derive=/opt/rustwide/target/debug/deps/libfasters_derive-11927fbb64184a46.so --extern futures=/opt/rustwide/target/debug/deps/libfutures-4df66188dd28dcb5.rlib --extern futures_lite=/opt/rustwide/target/debug/deps/libfutures_lite-04f39345ed7da4e8.rlib --extern openssl=/opt/rustwide/target/debug/deps/libopenssl-e78f95034d8ce49e.rlib --extern phf=/opt/rustwide/target/debug/deps/libphf-008fd1cb7d6263c5.rlib --extern quickcheck=/opt/rustwide/target/debug/deps/libquickcheck-133bcd530a308f79.rlib --extern quickcheck_derive=/opt/rustwide/target/debug/deps/libquickcheck_derive-565f010ed6116345.so --extern quickcheck_macros=/opt/rustwide/target/debug/deps/libquickcheck_macros-c86a764a7a0782bb.so --extern roxmltree=/opt/rustwide/target/debug/deps/libroxmltree-230393545e4b7b54.rlib --extern rust_embed=/opt/rustwide/target/debug/deps/librust_embed-108fb54d7787caa0.rlib --extern serde=/opt/rustwide/target/debug/deps/libserde-1d37970d7e69b8e5.rlib --extern serde_json=/opt/rustwide/target/debug/deps/libserde_json-d62683b0f8e26acc.rlib --extern syn=/opt/rustwide/target/debug/deps/libsyn-8503bb878641932c.rlib --extern tokio=/opt/rustwide/target/debug/deps/libtokio-f93621903c676519.rlib --extern uuid=/opt/rustwide/target/debug/deps/libuuid-877998aab42c3adc.rlib -C embed-bitcode=no --cfg 'feature="default"' --cfg 'feature="expose_openssl"' --cfg 'feature="expose_tokio"' --cfg 'feature="repo_v2010"' --cfg 'feature="repo_v50sp2ep254"' --error-format human` (signal: 9, SIGKILL: kill)
[INFO] running `Command { std: "docker" "inspect" "471c516befc68f26a34b1244fae41b1b0bd91a9ede1b4d0be1e2db96e34dcc1b", kill_on_drop: false }`
[INFO] running `Command { std: "docker" "rm" "-f" "471c516befc68f26a34b1244fae41b1b0bd91a9ede1b4d0be1e2db96e34dcc1b", kill_on_drop: false }`
[INFO] [stdout] 471c516befc68f26a34b1244fae41b1b0bd91a9ede1b4d0be1e2db96e34dcc1b
