[INFO] fetching crate fast_paths 0.2.0...
[INFO] testing fast_paths-0.2.0 against 1.54.0 for beta-1.55-1
[INFO] extracting crate fast_paths 0.2.0 into /workspace/builds/worker-100/source
[INFO] validating manifest of crates.io crate fast_paths 0.2.0 on toolchain 1.54.0
[INFO] running `Command { std: "/workspace/cargo-home/bin/cargo" "+1.54.0" "metadata" "--manifest-path" "Cargo.toml" "--no-deps", kill_on_drop: false }`
[INFO] started tweaking crates.io crate fast_paths 0.2.0
[INFO] finished tweaking crates.io crate fast_paths 0.2.0
[INFO] tweaked toml for crates.io crate fast_paths 0.2.0 written to /workspace/builds/worker-100/source/Cargo.toml
[INFO] running `Command { std: "/workspace/cargo-home/bin/cargo" "+1.54.0" "generate-lockfile" "--manifest-path" "Cargo.toml" "-Zno-index-update", kill_on_drop: false }`
[INFO] [stderr]     Blocking waiting for file lock on package cache
[INFO] running `Command { std: "/workspace/cargo-home/bin/cargo" "+1.54.0" "fetch" "--manifest-path" "Cargo.toml", kill_on_drop: false }`
[INFO] [stderr]     Blocking waiting for file lock on package cache
[INFO] [stderr]     Blocking waiting for file lock on package cache
[INFO] running `Command { std: "docker" "create" "-v" "/var/lib/crater-agent-workspace/builds/worker-100/target:/opt/rustwide/target:rw,Z" "-v" "/var/lib/crater-agent-workspace/builds/worker-100/source:/opt/rustwide/workdir:ro,Z" "-v" "/var/lib/crater-agent-workspace/cargo-home:/opt/rustwide/cargo-home:ro,Z" "-v" "/var/lib/crater-agent-workspace/rustup-home:/opt/rustwide/rustup-home:ro,Z" "-e" "SOURCE_DIR=/opt/rustwide/workdir" "-e" "CARGO_TARGET_DIR=/opt/rustwide/target" "-e" "CARGO_HOME=/opt/rustwide/cargo-home" "-e" "RUSTUP_HOME=/opt/rustwide/rustup-home" "-w" "/opt/rustwide/workdir" "-m" "1610612736" "--user" "0:0" "--network" "none" "ghcr.io/rust-lang/crates-build-env/linux@sha256:34b6a614d2c27851fe6cbf88fbd1137609cefab8b10d0615aaeb6fd47975d74e" "/opt/rustwide/cargo-home/bin/cargo" "+1.54.0" "metadata" "--no-deps" "--format-version=1", kill_on_drop: false }`
[INFO] [stdout] e746ddfc2b7f6daf683b95c218922c35457e73119abee40f6399b1097872c87c
[INFO] running `Command { std: "docker" "start" "-a" "e746ddfc2b7f6daf683b95c218922c35457e73119abee40f6399b1097872c87c", kill_on_drop: false }`
[INFO] running `Command { std: "docker" "inspect" "e746ddfc2b7f6daf683b95c218922c35457e73119abee40f6399b1097872c87c", kill_on_drop: false }`
[INFO] running `Command { std: "docker" "rm" "-f" "e746ddfc2b7f6daf683b95c218922c35457e73119abee40f6399b1097872c87c", kill_on_drop: false }`
[INFO] [stdout] e746ddfc2b7f6daf683b95c218922c35457e73119abee40f6399b1097872c87c
[INFO] running `Command { std: "docker" "create" "-v" "/var/lib/crater-agent-workspace/builds/worker-100/target:/opt/rustwide/target:rw,Z" "-v" "/var/lib/crater-agent-workspace/builds/worker-100/source:/opt/rustwide/workdir:ro,Z" "-v" "/var/lib/crater-agent-workspace/cargo-home:/opt/rustwide/cargo-home:ro,Z" "-v" "/var/lib/crater-agent-workspace/rustup-home:/opt/rustwide/rustup-home:ro,Z" "-e" "SOURCE_DIR=/opt/rustwide/workdir" "-e" "CARGO_TARGET_DIR=/opt/rustwide/target" "-e" "CARGO_INCREMENTAL=0" "-e" "RUST_BACKTRACE=full" "-e" "RUSTFLAGS=--cap-lints=warn" "-e" "CARGO_HOME=/opt/rustwide/cargo-home" "-e" "RUSTUP_HOME=/opt/rustwide/rustup-home" "-w" "/opt/rustwide/workdir" "-m" "1610612736" "--user" "0:0" "--network" "none" "ghcr.io/rust-lang/crates-build-env/linux@sha256:34b6a614d2c27851fe6cbf88fbd1137609cefab8b10d0615aaeb6fd47975d74e" "/opt/rustwide/cargo-home/bin/cargo" "+1.54.0" "build" "--frozen" "--message-format=json", kill_on_drop: false }`
[INFO] [stdout] a01773abe6b1159de54faf2a8f11dec6eda967d0cc5deb6bae603f7d168d0932
[INFO] running `Command { std: "docker" "start" "-a" "a01773abe6b1159de54faf2a8f11dec6eda967d0cc5deb6bae603f7d168d0932", kill_on_drop: false }`
[INFO] [stderr]    Compiling autocfg v1.0.1
[INFO] [stderr]    Compiling proc-macro2 v1.0.28
[INFO] [stderr]    Compiling unicode-xid v0.2.2
[INFO] [stderr]    Compiling syn v1.0.74
[INFO] [stderr]    Compiling serde_derive v1.0.127
[INFO] [stderr]    Compiling serde v1.0.127
[INFO] [stderr]    Compiling log v0.4.14
[INFO] [stderr]    Compiling hashbrown v0.11.2
[INFO] [stderr]    Compiling cfg-if v1.0.0
[INFO] [stderr]    Compiling indexmap v1.7.0
[INFO] [stderr]    Compiling priority-queue v1.1.1
[INFO] [stderr]    Compiling quote v1.0.9
[INFO] [stderr]    Compiling fast_paths v0.2.0 (/opt/rustwide/workdir)
[INFO] [stdout] warning: panic message is not a string literal
[INFO] [stdout]    --> src/preparation_graph.rs:150:13
[INFO] [stdout]     |
[INFO] [stdout] 150 | /             format!(
[INFO] [stdout] 151 | |                 "invalid node id {}, must be in [0, {}[",
[INFO] [stdout] 152 | |                 node, self.num_nodes
[INFO] [stdout] 153 | |             )
[INFO] [stdout]     | |_____________^
[INFO] [stdout]     |
[INFO] [stdout]     = note: `#[warn(non_fmt_panic)]` on by default
[INFO] [stdout]     = note: this is no longer accepted in Rust 2021
[INFO] [stdout]     = note: the assert!() macro supports formatting, so there's no need for the format!() macro here
[INFO] [stdout] help: remove the `format!(..)` macro call
[INFO] [stdout]     |
[INFO] [stdout] 150 |             
[INFO] [stdout] 151 |                 "invalid node id {}, must be in [0, {}[",
[INFO] [stdout] 152 |                 node, self.num_nodes
[INFO] [stdout] 153 |             
[INFO] [stdout]     |
[INFO] [stdout] 
[INFO] [stdout] 
[INFO] [stdout] warning: 1 warning emitted
[INFO] [stdout] 
[INFO] [stdout] 
[INFO] [stderr]     Finished dev [unoptimized + debuginfo] target(s) in 22.35s
[INFO] running `Command { std: "docker" "inspect" "a01773abe6b1159de54faf2a8f11dec6eda967d0cc5deb6bae603f7d168d0932", kill_on_drop: false }`
[INFO] running `Command { std: "docker" "rm" "-f" "a01773abe6b1159de54faf2a8f11dec6eda967d0cc5deb6bae603f7d168d0932", kill_on_drop: false }`
[INFO] [stdout] a01773abe6b1159de54faf2a8f11dec6eda967d0cc5deb6bae603f7d168d0932
[INFO] running `Command { std: "docker" "create" "-v" "/var/lib/crater-agent-workspace/builds/worker-100/target:/opt/rustwide/target:rw,Z" "-v" "/var/lib/crater-agent-workspace/builds/worker-100/source:/opt/rustwide/workdir:ro,Z" "-v" "/var/lib/crater-agent-workspace/cargo-home:/opt/rustwide/cargo-home:ro,Z" "-v" "/var/lib/crater-agent-workspace/rustup-home:/opt/rustwide/rustup-home:ro,Z" "-e" "SOURCE_DIR=/opt/rustwide/workdir" "-e" "CARGO_TARGET_DIR=/opt/rustwide/target" "-e" "CARGO_INCREMENTAL=0" "-e" "RUST_BACKTRACE=full" "-e" "RUSTFLAGS=--cap-lints=warn" "-e" "CARGO_HOME=/opt/rustwide/cargo-home" "-e" "RUSTUP_HOME=/opt/rustwide/rustup-home" "-w" "/opt/rustwide/workdir" "-m" "1610612736" "--user" "0:0" "--network" "none" "ghcr.io/rust-lang/crates-build-env/linux@sha256:34b6a614d2c27851fe6cbf88fbd1137609cefab8b10d0615aaeb6fd47975d74e" "/opt/rustwide/cargo-home/bin/cargo" "+1.54.0" "test" "--frozen" "--no-run" "--message-format=json", kill_on_drop: false }`
[INFO] [stdout] dff63eecfe6dbc8d9451d797b884a51761a564f0458a9d2f21a9746a0b3a11c6
[INFO] running `Command { std: "docker" "start" "-a" "dff63eecfe6dbc8d9451d797b884a51761a564f0458a9d2f21a9746a0b3a11c6", kill_on_drop: false }`
[INFO] [stderr]     Blocking waiting for file lock on package cache
[INFO] [stderr]    Compiling libc v0.2.98
[INFO] [stderr]    Compiling rand_core v0.4.2
[INFO] [stderr]    Compiling autocfg v0.1.7
[INFO] [stderr]    Compiling rustc-serialize v0.3.24
[INFO] [stderr]    Compiling num-traits v0.2.14
[INFO] [stderr]    Compiling num-integer v0.1.44
[INFO] [stdout] warning: panic message is not a string literal
[INFO] [stdout]    --> src/preparation_graph.rs:150:13
[INFO] [stdout]     |
[INFO] [stdout] 150 | /             format!(
[INFO] [stdout] 151 | |                 "invalid node id {}, must be in [0, {}[",
[INFO] [stdout] 152 | |                 node, self.num_nodes
[INFO] [stdout] 153 | |             )
[INFO] [stdout]     | |_____________^
[INFO] [stdout]     |
[INFO] [stdout]     = note: `#[warn(non_fmt_panic)]` on by default
[INFO] [stdout]     = note: this is no longer accepted in Rust 2021
[INFO] [stdout]     = note: the assert!() macro supports formatting, so there's no need for the format!() macro here
[INFO] [stdout] help: remove the `format!(..)` macro call
[INFO] [stdout]     |
[INFO] [stdout] 150 |             
[INFO] [stdout] 151 |                 "invalid node id {}, must be in [0, {}[",
[INFO] [stdout] 152 |                 node, self.num_nodes
[INFO] [stdout] 153 |             
[INFO] [stdout]     |
[INFO] [stdout] 
[INFO] [stdout] 
[INFO] [stdout] warning: 1 warning emitted
[INFO] [stdout] 
[INFO] [stdout] 
[INFO] [stderr]    Compiling num-iter v0.1.42
[INFO] [stderr]    Compiling bincode v1.3.3
[INFO] [stderr]    Compiling rand_core v0.3.1
[INFO] [stderr]    Compiling rand_jitter v0.1.4
[INFO] [stderr]    Compiling rand_xorshift v0.1.1
[INFO] [stderr]    Compiling rand_hc v0.1.0
[INFO] [stderr]    Compiling rand_isaac v0.1.1
[INFO] [stderr]    Compiling rand_chacha v0.1.1
[INFO] [stderr]    Compiling rand_pcg v0.1.2
[INFO] [stderr]    Compiling rand v0.6.5
[INFO] [stderr]    Compiling rand v0.4.6
[INFO] [stderr]    Compiling rand_os v0.1.3
[INFO] [stderr]    Compiling num-complex v0.1.43
[INFO] [stderr]    Compiling num-bigint v0.1.44
[INFO] [stderr]    Compiling num-rational v0.1.42
[INFO] [stderr]    Compiling num v0.1.42
[INFO] [stderr]    Compiling stopwatch v0.0.7
[INFO] [stderr]    Compiling fast_paths v0.2.0 (/opt/rustwide/workdir)
[INFO] [stdout] warning: panic message is not a string literal
[INFO] [stdout]    --> src/preparation_graph.rs:150:13
[INFO] [stdout]     |
[INFO] [stdout] 150 | /             format!(
[INFO] [stdout] 151 | |                 "invalid node id {}, must be in [0, {}[",
[INFO] [stdout] 152 | |                 node, self.num_nodes
[INFO] [stdout] 153 | |             )
[INFO] [stdout]     | |_____________^
[INFO] [stdout]     |
[INFO] [stdout]     = note: `#[warn(non_fmt_panic)]` on by default
[INFO] [stdout]     = note: this is no longer accepted in Rust 2021
[INFO] [stdout]     = note: the assert!() macro supports formatting, so there's no need for the format!() macro here
[INFO] [stdout] help: remove the `format!(..)` macro call
[INFO] [stdout]     |
[INFO] [stdout] 150 |             
[INFO] [stdout] 151 |                 "invalid node id {}, must be in [0, {}[",
[INFO] [stdout] 152 |                 node, self.num_nodes
[INFO] [stdout] 153 |             
[INFO] [stdout]     |
[INFO] [stdout] 
[INFO] [stdout] 
[INFO] [stdout] warning: panic message is not a string literal
[INFO] [stdout]    --> src/lib.rs:183:17
[INFO] [stdout]     |
[INFO] [stdout] 183 | /                 format!(
[INFO] [stdout] 184 | |                     "too many different paths: {}, out of {}, a few different paths can be expected \
[INFO] [stdout] 185 | |                     because of unambiguous shortest paths, but if there are too many something is \
[INFO] [stdout] 186 | |                     wrong",
[INFO] [stdout] 187 | |                     num_different_paths, NUM_QUERIES
[INFO] [stdout] 188 | |                 )
[INFO] [stdout]     | |_________________^
[INFO] [stdout]     |
[INFO] [stdout]     = note: this is no longer accepted in Rust 2021
[INFO] [stdout]     = note: the assert!() macro supports formatting, so there's no need for the format!() macro here
[INFO] [stdout] help: remove the `format!(..)` macro call
[INFO] [stdout]     |
[INFO] [stdout] 183 |                 
[INFO] [stdout] 184 |                     "too many different paths: {}, out of {}, a few different paths can be expected \
[INFO] [stdout] 185 |                     because of unambiguous shortest paths, but if there are too many something is \
[INFO] [stdout] 186 |                     wrong",
[INFO] [stdout] 187 |                     num_different_paths, NUM_QUERIES
[INFO] [stdout] 188 |                 
[INFO] [stdout]     |
[INFO] [stdout] 
[INFO] [stdout] 
[INFO] [stdout] warning: 2 warnings emitted
[INFO] [stdout] 
[INFO] [stdout] 
[INFO] [stderr]     Finished test [unoptimized + debuginfo] target(s) in 9.39s
[INFO] running `Command { std: "docker" "inspect" "dff63eecfe6dbc8d9451d797b884a51761a564f0458a9d2f21a9746a0b3a11c6", kill_on_drop: false }`
[INFO] running `Command { std: "docker" "rm" "-f" "dff63eecfe6dbc8d9451d797b884a51761a564f0458a9d2f21a9746a0b3a11c6", kill_on_drop: false }`
[INFO] [stdout] dff63eecfe6dbc8d9451d797b884a51761a564f0458a9d2f21a9746a0b3a11c6
[INFO] running `Command { std: "docker" "create" "-v" "/var/lib/crater-agent-workspace/builds/worker-100/target:/opt/rustwide/target:rw,Z" "-v" "/var/lib/crater-agent-workspace/builds/worker-100/source:/opt/rustwide/workdir:ro,Z" "-v" "/var/lib/crater-agent-workspace/cargo-home:/opt/rustwide/cargo-home:ro,Z" "-v" "/var/lib/crater-agent-workspace/rustup-home:/opt/rustwide/rustup-home:ro,Z" "-e" "SOURCE_DIR=/opt/rustwide/workdir" "-e" "CARGO_TARGET_DIR=/opt/rustwide/target" "-e" "CARGO_INCREMENTAL=0" "-e" "RUST_BACKTRACE=full" "-e" "RUSTFLAGS=--cap-lints=warn" "-e" "CARGO_HOME=/opt/rustwide/cargo-home" "-e" "RUSTUP_HOME=/opt/rustwide/rustup-home" "-w" "/opt/rustwide/workdir" "-m" "1610612736" "--user" "0:0" "--network" "none" "ghcr.io/rust-lang/crates-build-env/linux@sha256:34b6a614d2c27851fe6cbf88fbd1137609cefab8b10d0615aaeb6fd47975d74e" "/opt/rustwide/cargo-home/bin/cargo" "+1.54.0" "test" "--frozen", kill_on_drop: false }`
[INFO] [stdout] 0b881f8ecafcecfafb64211226a88252bb7f20418ec085f77327e212b54a17ff
[INFO] running `Command { std: "docker" "start" "-a" "0b881f8ecafcecfafb64211226a88252bb7f20418ec085f77327e212b54a17ff", kill_on_drop: false }`
[INFO] [stderr] warning: panic message is not a string literal
[INFO] [stderr]    --> src/preparation_graph.rs:150:13
[INFO] [stderr]     |
[INFO] [stderr] 150 | /             format!(
[INFO] [stderr] 151 | |                 "invalid node id {}, must be in [0, {}[",
[INFO] [stderr] 152 | |                 node, self.num_nodes
[INFO] [stderr] 153 | |             )
[INFO] [stderr]     | |_____________^
[INFO] [stderr]     |
[INFO] [stderr]     = note: `#[warn(non_fmt_panic)]` on by default
[INFO] [stderr]     = note: this is no longer accepted in Rust 2021
[INFO] [stderr]     = note: the assert!() macro supports formatting, so there's no need for the format!() macro here
[INFO] [stderr] help: remove the `format!(..)` macro call
[INFO] [stderr]     |
[INFO] [stderr] 150 |             
[INFO] [stderr] 151 |                 "invalid node id {}, must be in [0, {}[",
[INFO] [stderr] 152 |                 node, self.num_nodes
[INFO] [stderr] 153 |             
[INFO] [stderr]     |
[INFO] [stderr] 
[INFO] [stderr] warning: 1 warning emitted
[INFO] [stderr] 
[INFO] [stderr] warning: panic message is not a string literal
[INFO] [stderr]    --> src/preparation_graph.rs:150:13
[INFO] [stderr]     |
[INFO] [stderr] 150 | /             format!(
[INFO] [stderr] 151 | |                 "invalid node id {}, must be in [0, {}[",
[INFO] [stderr] 152 | |                 node, self.num_nodes
[INFO] [stderr] 153 | |             )
[INFO] [stderr]     | |_____________^
[INFO] [stderr]     |
[INFO] [stderr]     = note: `#[warn(non_fmt_panic)]` on by default
[INFO] [stderr]     = note: this is no longer accepted in Rust 2021
[INFO] [stderr]     = note: the assert!() macro supports formatting, so there's no need for the format!() macro here
[INFO] [stderr] help: remove the `format!(..)` macro call
[INFO] [stderr]     |
[INFO] [stderr] 150 |             
[INFO] [stderr] 151 |                 "invalid node id {}, must be in [0, {}[",
[INFO] [stderr] 152 |                 node, self.num_nodes
[INFO] [stderr] 153 |             
[INFO] [stderr]     |
[INFO] [stderr] 
[INFO] [stderr] warning: panic message is not a string literal
[INFO] [stderr]    --> src/lib.rs:183:17
[INFO] [stderr]     |
[INFO] [stderr] 183 | /                 format!(
[INFO] [stderr] 184 | |                     "too many different paths: {}, out of {}, a few different paths can be expected \
[INFO] [stderr] 185 | |                     because of unambiguous shortest paths, but if there are too many something is \
[INFO] [stderr] 186 | |                     wrong",
[INFO] [stderr] 187 | |                     num_different_paths, NUM_QUERIES
[INFO] [stderr] 188 | |                 )
[INFO] [stderr]     | |_________________^
[INFO] [stderr]     |
[INFO] [stderr]     = note: this is no longer accepted in Rust 2021
[INFO] [stderr]     = note: the assert!() macro supports formatting, so there's no need for the format!() macro here
[INFO] [stderr] help: remove the `format!(..)` macro call
[INFO] [stderr]     |
[INFO] [stderr] 183 |                 
[INFO] [stderr] 184 |                     "too many different paths: {}, out of {}, a few different paths can be expected \
[INFO] [stderr] 185 |                     because of unambiguous shortest paths, but if there are too many something is \
[INFO] [stderr] 186 |                     wrong",
[INFO] [stderr] 187 |                     num_different_paths, NUM_QUERIES
[INFO] [stderr] 188 |                 
[INFO] [stderr]     |
[INFO] [stderr] 
[INFO] [stderr] warning: 2 warnings emitted
[INFO] [stderr] 
[INFO] [stderr]     Finished test [unoptimized + debuginfo] target(s) in 0.16s
[INFO] [stderr]      Running unittests (/opt/rustwide/target/debug/deps/fast_paths-32317cdea27e56aa)
[INFO] [stdout] 
[INFO] [stdout] running 42 tests
[INFO] [stdout] test dijkstra::tests::avoid_node ... ok
[INFO] [stdout] test fast_graph_builder::tests::calc_path_simple ... ok
[INFO] [stdout] test fast_graph_builder::tests::calc_path_linear_fwd_only ... ok
[INFO] [stdout] test input_graph::tests::freeze_and_thaw ... ok
[INFO] [stdout] test input_graph::tests::skips_duplicate_edges ... ok
[INFO] [stdout] test dijkstra::tests::limit_weight ... ok
[INFO] [stdout] test input_graph::tests::skips_duplicate_edges_more ... ok
[INFO] [stdout] test input_graph::tests::skips_loops ... ok
[INFO] [stdout] test fast_graph_builder::tests::calc_path_another ... ok
[INFO] [stdout] test input_graph::tests::num_nodes ... ok
[INFO] [stdout] test fast_graph_builder::tests::calc_path_linear_bwd_only ... ok
[INFO] [stdout] test dijkstra::tests::go_around ... ok
[INFO] [stdout] test floyd_warshall::tests::calc_weights ... ok
[INFO] [stdout] test dijkstra::tests::simple_path ... ok
[INFO] [stdout] test node_contractor::tests::calc_shortcuts_witness_via_center ... ok
[INFO] [stdout] test preparation_graph::tests::add_and_remove_edges ... ok
[INFO] [stdout] test tests::run_performance_test_23rd ... ignored
[INFO] [stdout] test tests::run_performance_test_ballard ... ignored
[INFO] [stdout] test tests::run_performance_test_dist ... ignored
[INFO] [stdout] test tests::run_performance_test_dist_fixed_ordering ... ignored
[INFO] [stdout] test tests::run_performance_test_time ... ignored
[INFO] [stdout] test preparation_graph::tests::disconnect ... ok
[INFO] [stdout] test input_graph::tests::skips_zero_weight_edges ... ok
[INFO] [stdout] test dijkstra::tests::run_multiple ... ok
[INFO] [stdout] test node_contractor::tests::calc_shortcuts_witness ... ok
[INFO] [stdout] test node_contractor::tests::contract_node ... ok
[INFO] [stdout] test node_contractor::tests::calc_priority ... ok
[INFO] [stdout] test node_contractor::tests::calc_shortcuts_no_witness ... ok
[INFO] [stdout] test path_calculator::tests::unpack_fwd_single ... ok
[INFO] [stdout] test path_calculator::tests::unpack_fwd_simple ... ok
[INFO] [stdout] test preparation_graph::tests::add_or_remove_edge ... ok
[INFO] [stdout] test fast_graph32::tests::create ... ok
[INFO] [stdout] test valid_flags::tests::set_valid_and_invalidate ... ok
[INFO] [stdout] test fast_graph32::tests::create_fails_with_too_large_numbers - should panic ... ok
[INFO] [stdout] test input_graph::tests::panic_if_frozen_add_edge - should panic ... ok
[INFO] [stdout] test input_graph::tests::panic_if_not_frozen_get_num_nodes - should panic ... ok
[INFO] [stdout] test input_graph::tests::panic_if_not_frozen_get_num_edges - should panic ... ok
[INFO] [stdout] test input_graph::tests::panic_if_not_frozen_get_edges - should panic ... ok
[INFO] [stdout] test tests::save_to_and_load_from_disk_32 ... FAILED
[INFO] [stdout] test tests::save_to_and_load_from_disk ... FAILED
[INFO] [stdout] test tests::deterministic_result ... ok
[INFO] [stdout] test tests::routing_on_random_graph ... ok
[INFO] [stdout] 
[INFO] [stdout] failures:
[INFO] [stdout] 
[INFO] [stdout] ---- tests::save_to_and_load_from_disk_32 stdout ----
[INFO] [stdout] thread 'tests::save_to_and_load_from_disk_32' panicked at 'writing to disk failed: Os { code: 30, kind: Other, message: "Read-only file system" }', src/lib.rs:217:53
[INFO] [stdout] stack backtrace:
[INFO] [stdout]    0:     0x556d197f6a20 - std::backtrace_rs::backtrace::libunwind::trace::h34055254b57d8e79
[INFO] [stdout]                                at /rustc/a178d0322ce20e33eac124758e837cbd80a6f633/library/std/src/../../backtrace/src/backtrace/libunwind.rs:90:5
[INFO] [stdout]    1:     0x556d197f6a20 - std::backtrace_rs::backtrace::trace_unsynchronized::h8f1e3fbd9afff6ec
[INFO] [stdout]                                at /rustc/a178d0322ce20e33eac124758e837cbd80a6f633/library/std/src/../../backtrace/src/backtrace/mod.rs:66:5
[INFO] [stdout]    2:     0x556d197f6a20 - std::sys_common::backtrace::_print_fmt::h3a99a796b770c360
[INFO] [stdout]                                at /rustc/a178d0322ce20e33eac124758e837cbd80a6f633/library/std/src/sys_common/backtrace.rs:67:5
[INFO] [stdout]    3:     0x556d197f6a20 - <std::sys_common::backtrace::_print::DisplayBacktrace as core::fmt::Display>::fmt::h32d1f94a80615d18
[INFO] [stdout]                                at /rustc/a178d0322ce20e33eac124758e837cbd80a6f633/library/std/src/sys_common/backtrace.rs:46:22
[INFO] [stdout]    4:     0x556d1981a26c - core::fmt::write::h306731c068f7162c
[INFO] [stdout]                                at /rustc/a178d0322ce20e33eac124758e837cbd80a6f633/library/core/src/fmt/mod.rs:1110:17
[INFO] [stdout]    5:     0x556d197f37f5 - std::io::Write::write_fmt::h87f19b0a2cd190bc
[INFO] [stdout]                                at /rustc/a178d0322ce20e33eac124758e837cbd80a6f633/library/std/src/io/mod.rs:1588:15
[INFO] [stdout]    6:     0x556d197f8b8b - std::sys_common::backtrace::_print::h5abaa2601a852287
[INFO] [stdout]                                at /rustc/a178d0322ce20e33eac124758e837cbd80a6f633/library/std/src/sys_common/backtrace.rs:49:5
[INFO] [stdout]    7:     0x556d197f8b8b - std::sys_common::backtrace::print::h8d81445442bb638f
[INFO] [stdout]                                at /rustc/a178d0322ce20e33eac124758e837cbd80a6f633/library/std/src/sys_common/backtrace.rs:36:9
[INFO] [stdout]    8:     0x556d197f8b8b - std::panicking::default_hook::{{closure}}::hcfe804496a9fa747
[INFO] [stdout]                                at /rustc/a178d0322ce20e33eac124758e837cbd80a6f633/library/std/src/panicking.rs:208:50
[INFO] [stdout]    9:     0x556d197f869c - std::panicking::default_hook::hbea8e3ccf2ba8901
[INFO] [stdout]                                at /rustc/a178d0322ce20e33eac124758e837cbd80a6f633/library/std/src/panicking.rs:222:9
[INFO] [stdout]   10:     0x556d197f9254 - std::panicking::rust_panic_with_hook::h7ee9e1a2d0f8975a
[INFO] [stdout]                                at /rustc/a178d0322ce20e33eac124758e837cbd80a6f633/library/std/src/panicking.rs:622:17
[INFO] [stdout]   11:     0x556d197f8d37 - std::panicking::begin_panic_handler::{{closure}}::h8ab3b4491718b2c7
[INFO] [stdout]                                at /rustc/a178d0322ce20e33eac124758e837cbd80a6f633/library/std/src/panicking.rs:519:13
[INFO] [stdout]   12:     0x556d197f6f1c - std::sys_common::backtrace::__rust_end_short_backtrace::hd489062ffa586a9f
[INFO] [stdout]                                at /rustc/a178d0322ce20e33eac124758e837cbd80a6f633/library/std/src/sys_common/backtrace.rs:141:18
[INFO] [stdout]   13:     0x556d197f8c99 - rust_begin_unwind
[INFO] [stdout]                                at /rustc/a178d0322ce20e33eac124758e837cbd80a6f633/library/std/src/panicking.rs:515:5
[INFO] [stdout]   14:     0x556d196fe751 - core::panicking::panic_fmt::hca6330e3e14086b4
[INFO] [stdout]                                at /rustc/a178d0322ce20e33eac124758e837cbd80a6f633/library/core/src/panicking.rs:92:14
[INFO] [stdout]   15:     0x556d196fe843 - core::result::unwrap_failed::h6160d2b4bfbb0e87
[INFO] [stdout]                                at /rustc/a178d0322ce20e33eac124758e837cbd80a6f633/library/core/src/result.rs:1355:5
[INFO] [stdout]   16:     0x556d19770f1b - core::result::Result<T,E>::expect::h1a62b289c5855898
[INFO] [stdout]                                at /rustc/a178d0322ce20e33eac124758e837cbd80a6f633/library/core/src/result.rs:997:23
[INFO] [stdout]   17:     0x556d1972b058 - fast_paths::tests::save_to_and_load_from_disk_32::hc8a999535c17e4fb
[INFO] [stdout]                                at /opt/rustwide/workdir/src/lib.rs:217:9
[INFO] [stdout]   18:     0x556d1972af3a - fast_paths::tests::save_to_and_load_from_disk_32::{{closure}}::h1c7b72294613c3ca
[INFO] [stdout]                                at /opt/rustwide/workdir/src/lib.rs:210:5
[INFO] [stdout]   19:     0x556d1971726e - core::ops::function::FnOnce::call_once::hfd1bbf600703afa9
[INFO] [stdout]                                at /rustc/a178d0322ce20e33eac124758e837cbd80a6f633/library/core/src/ops/function.rs:227:5
[INFO] [stdout]   20:     0x556d1979cf73 - core::ops::function::FnOnce::call_once::h152e7e439ff59e19
[INFO] [stdout]                                at /rustc/a178d0322ce20e33eac124758e837cbd80a6f633/library/core/src/ops/function.rs:227:5
[INFO] [stdout]   21:     0x556d1979cf73 - test::__rust_begin_short_backtrace::h0908f3b1fdbb72ab
[INFO] [stdout]                                at /rustc/a178d0322ce20e33eac124758e837cbd80a6f633/library/test/src/lib.rs:577:5
[INFO] [stdout]   22:     0x556d1979ba30 - <alloc::boxed::Box<F,A> as core::ops::function::FnOnce<Args>>::call_once::hf6d2a51e5587546c
[INFO] [stdout]                                at /rustc/a178d0322ce20e33eac124758e837cbd80a6f633/library/alloc/src/boxed.rs:1575:9
[INFO] [stdout]   23:     0x556d1979ba30 - <std::panic::AssertUnwindSafe<F> as core::ops::function::FnOnce<()>>::call_once::h8af660f3a89ef593
[INFO] [stdout]                                at /rustc/a178d0322ce20e33eac124758e837cbd80a6f633/library/std/src/panic.rs:347:9
[INFO] [stdout]   24:     0x556d1979ba30 - std::panicking::try::do_call::hd36aef60f84b6d36
[INFO] [stdout]                                at /rustc/a178d0322ce20e33eac124758e837cbd80a6f633/library/std/src/panicking.rs:401:40
[INFO] [stdout]   25:     0x556d1979ba30 - std::panicking::try::h9932b4480e69817c
[INFO] [stdout]                                at /rustc/a178d0322ce20e33eac124758e837cbd80a6f633/library/std/src/panicking.rs:365:19
[INFO] [stdout]   26:     0x556d1979ba30 - std::panic::catch_unwind::h6aa177099cfff5f8
[INFO] [stdout]                                at /rustc/a178d0322ce20e33eac124758e837cbd80a6f633/library/std/src/panic.rs:434:14
[INFO] [stdout]   27:     0x556d1979ba30 - test::run_test_in_process::h5884d6f2d99e20c3
[INFO] [stdout]                                at /rustc/a178d0322ce20e33eac124758e837cbd80a6f633/library/test/src/lib.rs:600:18
[INFO] [stdout]   28:     0x556d1979ba30 - test::run_test::run_test_inner::{{closure}}::h6fdc58c6d5f5b6e3
[INFO] [stdout]                                at /rustc/a178d0322ce20e33eac124758e837cbd80a6f633/library/test/src/lib.rs:492:39
[INFO] [stdout]   29:     0x556d197750e2 - test::run_test::run_test_inner::{{closure}}::h408365d67a78ade8
[INFO] [stdout]                                at /rustc/a178d0322ce20e33eac124758e837cbd80a6f633/library/test/src/lib.rs:519:37
[INFO] [stdout]   30:     0x556d197750e2 - std::sys_common::backtrace::__rust_begin_short_backtrace::hb560b77c4f701523
[INFO] [stdout]                                at /rustc/a178d0322ce20e33eac124758e837cbd80a6f633/library/std/src/sys_common/backtrace.rs:125:18
[INFO] [stdout]   31:     0x556d19778c98 - std::thread::Builder::spawn_unchecked::{{closure}}::{{closure}}::hf2e7831dad93c597
[INFO] [stdout]                                at /rustc/a178d0322ce20e33eac124758e837cbd80a6f633/library/std/src/thread/mod.rs:481:17
[INFO] [stdout]   32:     0x556d19778c98 - <std::panic::AssertUnwindSafe<F> as core::ops::function::FnOnce<()>>::call_once::hd2e08783d8be4d02
[INFO] [stdout]                                at /rustc/a178d0322ce20e33eac124758e837cbd80a6f633/library/std/src/panic.rs:347:9
[INFO] [stdout]   33:     0x556d19778c98 - std::panicking::try::do_call::h062597b7acfd6b82
[INFO] [stdout]                                at /rustc/a178d0322ce20e33eac124758e837cbd80a6f633/library/std/src/panicking.rs:401:40
[INFO] [stdout]   34:     0x556d19778c98 - std::panicking::try::h0d7b79db04c14552
[INFO] [stdout]                                at /rustc/a178d0322ce20e33eac124758e837cbd80a6f633/library/std/src/panicking.rs:365:19
[INFO] [stdout]   35:     0x556d19778c98 - std::panic::catch_unwind::hb01a0b5e7c8cd43b
[INFO] [stdout]                                at /rustc/a178d0322ce20e33eac124758e837cbd80a6f633/library/std/src/panic.rs:434:14
[INFO] [stdout]   36:     0x556d19778c98 - std::thread::Builder::spawn_unchecked::{{closure}}::h5bde48cc887e0d1e
[INFO] [stdout]                                at /rustc/a178d0322ce20e33eac124758e837cbd80a6f633/library/std/src/thread/mod.rs:480:30
[INFO] [stdout]   37:     0x556d19778c98 - core::ops::function::FnOnce::call_once{{vtable.shim}}::h745ea30807a29e55
[INFO] [stdout]                                at /rustc/a178d0322ce20e33eac124758e837cbd80a6f633/library/core/src/ops/function.rs:227:5
[INFO] [stdout]   38:     0x556d197fdf47 - <alloc::boxed::Box<F,A> as core::ops::function::FnOnce<Args>>::call_once::h7ece6cfefaff1005
[INFO] [stdout]                                at /rustc/a178d0322ce20e33eac124758e837cbd80a6f633/library/alloc/src/boxed.rs:1575:9
[INFO] [stdout]   39:     0x556d197fdf47 - <alloc::boxed::Box<F,A> as core::ops::function::FnOnce<Args>>::call_once::hb8b48e55c21f193e
[INFO] [stdout]                                at /rustc/a178d0322ce20e33eac124758e837cbd80a6f633/library/alloc/src/boxed.rs:1575:9
[INFO] [stdout]   40:     0x556d197fdf47 - std::sys::unix::thread::Thread::new::thread_start::h8c7c4450dba62914
[INFO] [stdout]                                at /rustc/a178d0322ce20e33eac124758e837cbd80a6f633/library/std/src/sys/unix/thread.rs:71:17
[INFO] [stdout]   41:     0x7f11d5cea609 - start_thread
[INFO] [stdout]   42:     0x7f11d5abc293 - clone
[INFO] [stdout]   43:                0x0 - <unknown>
[INFO] [stdout] 
[INFO] [stdout] ---- tests::save_to_and_load_from_disk stdout ----
[INFO] [stdout] thread 'tests::save_to_and_load_from_disk' panicked at 'writing to disk failed: Os { code: 30, kind: Other, message: "Read-only file system" }', src/lib.rs:201:49
[INFO] [stdout] stack backtrace:
[INFO] [stdout]    0:     0x556d197f6a20 - std::backtrace_rs::backtrace::libunwind::trace::h34055254b57d8e79
[INFO] [stdout]                                at /rustc/a178d0322ce20e33eac124758e837cbd80a6f633/library/std/src/../../backtrace/src/backtrace/libunwind.rs:90:5
[INFO] [stdout]    1:     0x556d197f6a20 - std::backtrace_rs::backtrace::trace_unsynchronized::h8f1e3fbd9afff6ec
[INFO] [stdout]                                at /rustc/a178d0322ce20e33eac124758e837cbd80a6f633/library/std/src/../../backtrace/src/backtrace/mod.rs:66:5
[INFO] [stdout]    2:     0x556d197f6a20 - std::sys_common::backtrace::_print_fmt::h3a99a796b770c360
[INFO] [stdout]                                at /rustc/a178d0322ce20e33eac124758e837cbd80a6f633/library/std/src/sys_common/backtrace.rs:67:5
[INFO] [stdout]    3:     0x556d197f6a20 - <std::sys_common::backtrace::_print::DisplayBacktrace as core::fmt::Display>::fmt::h32d1f94a80615d18
[INFO] [stdout]                                at /rustc/a178d0322ce20e33eac124758e837cbd80a6f633/library/std/src/sys_common/backtrace.rs:46:22
[INFO] [stdout]    4:     0x556d1981a26c - core::fmt::write::h306731c068f7162c
[INFO] [stdout]                                at /rustc/a178d0322ce20e33eac124758e837cbd80a6f633/library/core/src/fmt/mod.rs:1110:17
[INFO] [stdout]    5:     0x556d197f37f5 - std::io::Write::write_fmt::h87f19b0a2cd190bc
[INFO] [stdout]                                at /rustc/a178d0322ce20e33eac124758e837cbd80a6f633/library/std/src/io/mod.rs:1588:15
[INFO] [stdout]    6:     0x556d197f8b8b - std::sys_common::backtrace::_print::h5abaa2601a852287
[INFO] [stdout]                                at /rustc/a178d0322ce20e33eac124758e837cbd80a6f633/library/std/src/sys_common/backtrace.rs:49:5
[INFO] [stdout]    7:     0x556d197f8b8b - std::sys_common::backtrace::print::h8d81445442bb638f
[INFO] [stdout]                                at /rustc/a178d0322ce20e33eac124758e837cbd80a6f633/library/std/src/sys_common/backtrace.rs:36:9
[INFO] [stdout]    8:     0x556d197f8b8b - std::panicking::default_hook::{{closure}}::hcfe804496a9fa747
[INFO] [stdout]                                at /rustc/a178d0322ce20e33eac124758e837cbd80a6f633/library/std/src/panicking.rs:208:50
[INFO] [stdout]    9:     0x556d197f869c - std::panicking::default_hook::hbea8e3ccf2ba8901
[INFO] [stdout]                                at /rustc/a178d0322ce20e33eac124758e837cbd80a6f633/library/std/src/panicking.rs:222:9
[INFO] [stdout]   10:     0x556d197f9254 - std::panicking::rust_panic_with_hook::h7ee9e1a2d0f8975a
[INFO] [stdout]                                at /rustc/a178d0322ce20e33eac124758e837cbd80a6f633/library/std/src/panicking.rs:622:17
[INFO] [stdout]   11:     0x556d197f8d37 - std::panicking::begin_panic_handler::{{closure}}::h8ab3b4491718b2c7
[INFO] [stdout]                                at /rustc/a178d0322ce20e33eac124758e837cbd80a6f633/library/std/src/panicking.rs:519:13
[INFO] [stdout]   12:     0x556d197f6f1c - std::sys_common::backtrace::__rust_end_short_backtrace::hd489062ffa586a9f
[INFO] [stdout]                                at /rustc/a178d0322ce20e33eac124758e837cbd80a6f633/library/std/src/sys_common/backtrace.rs:141:18
[INFO] [stdout]   13:     0x556d197f8c99 - rust_begin_unwind
[INFO] [stdout]                                at /rustc/a178d0322ce20e33eac124758e837cbd80a6f633/library/std/src/panicking.rs:515:5
[INFO] [stdout]   14:     0x556d196fe751 - core::panicking::panic_fmt::hca6330e3e14086b4
[INFO] [stdout]                                at /rustc/a178d0322ce20e33eac124758e837cbd80a6f633/library/core/src/panicking.rs:92:14
[INFO] [stdout]   15:     0x556d196fe843 - core::result::unwrap_failed::h6160d2b4bfbb0e87
[INFO] [stdout]                                at /rustc/a178d0322ce20e33eac124758e837cbd80a6f633/library/core/src/result.rs:1355:5
[INFO] [stdout]   16:     0x556d19770f1b - core::result::Result<T,E>::expect::h1a62b289c5855898
[INFO] [stdout]                                at /rustc/a178d0322ce20e33eac124758e837cbd80a6f633/library/core/src/result.rs:997:23
[INFO] [stdout]   17:     0x556d1972ab48 - fast_paths::tests::save_to_and_load_from_disk::hc461bf75070d3e2d
[INFO] [stdout]                                at /opt/rustwide/workdir/src/lib.rs:201:9
[INFO] [stdout]   18:     0x556d1972aa2a - fast_paths::tests::save_to_and_load_from_disk::{{closure}}::h6ae985eb7400621f
[INFO] [stdout]                                at /opt/rustwide/workdir/src/lib.rs:194:5
[INFO] [stdout]   19:     0x556d19716cbe - core::ops::function::FnOnce::call_once::h93228d09b031de27
[INFO] [stdout]                                at /rustc/a178d0322ce20e33eac124758e837cbd80a6f633/library/core/src/ops/function.rs:227:5
[INFO] [stdout]   20:     0x556d1979cf73 - core::ops::function::FnOnce::call_once::h152e7e439ff59e19
[INFO] [stdout]                                at /rustc/a178d0322ce20e33eac124758e837cbd80a6f633/library/core/src/ops/function.rs:227:5
[INFO] [stdout]   21:     0x556d1979cf73 - test::__rust_begin_short_backtrace::h0908f3b1fdbb72ab
[INFO] [stdout]                                at /rustc/a178d0322ce20e33eac124758e837cbd80a6f633/library/test/src/lib.rs:577:5
[INFO] [stdout]   22:     0x556d1979ba30 - <alloc::boxed::Box<F,A> as core::ops::function::FnOnce<Args>>::call_once::hf6d2a51e5587546c
[INFO] [stdout]                                at /rustc/a178d0322ce20e33eac124758e837cbd80a6f633/library/alloc/src/boxed.rs:1575:9
[INFO] [stdout]   23:     0x556d1979ba30 - <std::panic::AssertUnwindSafe<F> as core::ops::function::FnOnce<()>>::call_once::h8af660f3a89ef593
[INFO] [stdout]                                at /rustc/a178d0322ce20e33eac124758e837cbd80a6f633/library/std/src/panic.rs:347:9
[INFO] [stdout]   24:     0x556d1979ba30 - std::panicking::try::do_call::hd36aef60f84b6d36
[INFO] [stdout]                                at /rustc/a178d0322ce20e33eac124758e837cbd80a6f633/library/std/src/panicking.rs:401:40
[INFO] [stdout]   25:     0x556d1979ba30 - std::panicking::try::h9932b4480e69817c
[INFO] [stdout]                                at /rustc/a178d0322ce20e33eac124758e837cbd80a6f633/library/std/src/panicking.rs:365:19
[INFO] [stdout]   26:     0x556d1979ba30 - std::panic::catch_unwind::h6aa177099cfff5f8
[INFO] [stdout]                                at /rustc/a178d0322ce20e33eac124758e837cbd80a6f633/library/std/src/panic.rs:434:14
[INFO] [stdout]   27:     0x556d1979ba30 - test::run_test_in_process::h5884d6f2d99e20c3
[INFO] [stdout]                                at /rustc/a178d0322ce20e33eac124758e837cbd80a6f633/library/test/src/lib.rs:600:18
[INFO] [stdout]   28:     0x556d1979ba30 - test::run_test::run_test_inner::{{closure}}::h6fdc58c6d5f5b6e3
[INFO] [stdout]                                at /rustc/a178d0322ce20e33eac124758e837cbd80a6f633/library/test/src/lib.rs:492:39
[INFO] [stdout]   29:     0x556d197750e2 - test::run_test::run_test_inner::{{closure}}::h408365d67a78ade8
[INFO] [stdout]                                at /rustc/a178d0322ce20e33eac124758e837cbd80a6f633/library/test/src/lib.rs:519:37
[INFO] [stdout]   30:     0x556d197750e2 - std::sys_common::backtrace::__rust_begin_short_backtrace::hb560b77c4f701523
[INFO] [stdout]                                at /rustc/a178d0322ce20e33eac124758e837cbd80a6f633/library/std/src/sys_common/backtrace.rs:125:18
[INFO] [stdout]   31:     0x556d19778c98 - std::thread::Builder::spawn_unchecked::{{closure}}::{{closure}}::hf2e7831dad93c597
[INFO] [stdout]                                at /rustc/a178d0322ce20e33eac124758e837cbd80a6f633/library/std/src/thread/mod.rs:481:17
[INFO] [stdout]   32:     0x556d19778c98 - <std::panic::AssertUnwindSafe<F> as core::ops::function::FnOnce<()>>::call_once::hd2e08783d8be4d02
[INFO] [stdout]                                at /rustc/a178d0322ce20e33eac124758e837cbd80a6f633/library/std/src/panic.rs:347:9
[INFO] [stdout]   33:     0x556d19778c98 - std::panicking::try::do_call::h062597b7acfd6b82
[INFO] [stdout]                                at /rustc/a178d0322ce20e33eac124758e837cbd80a6f633/library/std/src/panicking.rs:401:40
[INFO] [stdout]   34:     0x556d19778c98 - std::panicking::try::h0d7b79db04c14552
[INFO] [stdout]                                at /rustc/a178d0322ce20e33eac124758e837cbd80a6f633/library/std/src/panicking.rs:365:19
[INFO] [stdout]   35:     0x556d19778c98 - std::panic::catch_unwind::hb01a0b5e7c8cd43b
[INFO] [stdout]                                at /rustc/a178d0322ce20e33eac124758e837cbd80a6f633/library/std/src/panic.rs:434:14
[INFO] [stdout]   36:     0x556d19778c98 - std::thread::Builder::spawn_unchecked::{{closure}}::h5bde48cc887e0d1e
[INFO] [stdout]                                at /rustc/a178d0322ce20e33eac124758e837cbd80a6f633/library/std/src/thread/mod.rs:480:30
[INFO] [stdout]   37:     0x556d19778c98 - core::ops::function::FnOnce::call_once{{vtable.shim}}::h745ea30807a29e55
[INFO] [stdout]                                at /rustc/a178d0322ce20e33eac124758e837cbd80a6f633/library/core/src/ops/function.rs:227:5
[INFO] [stdout]   38:     0x556d197fdf47 - <alloc::boxed::Box<F,A> as core::ops::function::FnOnce<Args>>::call_once::h7ece6cfefaff1005
[INFO] [stdout]                                at /rustc/a178d0322ce20e33eac124758e837cbd80a6f633/library/alloc/src/boxed.rs:1575:9
[INFO] [stdout]   39:     0x556d197fdf47 - <alloc::boxed::Box<F,A> as core::ops::function::FnOnce<Args>>::call_once::hb8b48e55c21f193e
[INFO] [stdout]                                at /rustc/a178d0322ce20e33eac124758e837cbd80a6f633/library/alloc/src/boxed.rs:1575:9
[INFO] [stdout]   40:     0x556d197fdf47 - std::sys::unix::thread::Thread::new::thread_start::h8c7c4450dba62914
[INFO] [stdout]                                at /rustc/a178d0322ce20e33eac124758e837cbd80a6f633/library/std/src/sys/unix/thread.rs:71:17
[INFO] [stdout]   41:     0x7f11d5cea609 - start_thread
[INFO] [stdout]   42:     0x7f11d5abc293 - clone
[INFO] [stdout]   43:                0x0 - <unknown>
[INFO] [stdout] 
[INFO] [stdout] 
[INFO] [stdout] failures:
[INFO] [stdout]     tests::save_to_and_load_from_disk
[INFO] [stdout]     tests::save_to_and_load_from_disk_32
[INFO] [stdout] 
[INFO] [stdout] test result: FAILED. 35 passed; 2 failed; 5 ignored; 0 measured; 0 filtered out; finished in 11.06s
[INFO] [stdout] 
[INFO] [stderr] error: test failed, to rerun pass '--lib'
[INFO] running `Command { std: "docker" "inspect" "0b881f8ecafcecfafb64211226a88252bb7f20418ec085f77327e212b54a17ff", kill_on_drop: false }`
[INFO] running `Command { std: "docker" "rm" "-f" "0b881f8ecafcecfafb64211226a88252bb7f20418ec085f77327e212b54a17ff", kill_on_drop: false }`
[INFO] [stdout] 0b881f8ecafcecfafb64211226a88252bb7f20418ec085f77327e212b54a17ff
