[INFO] fetching crate fanotify-rs 0.2.10...
[INFO] testing fanotify-rs-0.2.10 against beta-2021-08-01 for beta-1.55-1
[INFO] extracting crate fanotify-rs 0.2.10 into /workspace/builds/worker-99/source
[INFO] validating manifest of crates.io crate fanotify-rs 0.2.10 on toolchain beta-2021-08-01
[INFO] running `Command { std: "/workspace/cargo-home/bin/cargo" "+beta-2021-08-01" "metadata" "--manifest-path" "Cargo.toml" "--no-deps", kill_on_drop: false }`
[INFO] started tweaking crates.io crate fanotify-rs 0.2.10
[INFO] finished tweaking crates.io crate fanotify-rs 0.2.10
[INFO] tweaked toml for crates.io crate fanotify-rs 0.2.10 written to /workspace/builds/worker-99/source/Cargo.toml
[INFO] running `Command { std: "/workspace/cargo-home/bin/cargo" "+beta-2021-08-01" "generate-lockfile" "--manifest-path" "Cargo.toml" "-Zno-index-update", kill_on_drop: false }`
[INFO] [stderr]     Blocking waiting for file lock on package cache
[INFO] running `Command { std: "/workspace/cargo-home/bin/cargo" "+beta-2021-08-01" "fetch" "--manifest-path" "Cargo.toml", kill_on_drop: false }`
[INFO] [stderr]     Blocking waiting for file lock on package cache
[INFO] [stderr]     Blocking waiting for file lock on package cache
[INFO] running `Command { std: "docker" "create" "-v" "/var/lib/crater-agent-workspace/builds/worker-99/target:/opt/rustwide/target:rw,Z" "-v" "/var/lib/crater-agent-workspace/builds/worker-99/source:/opt/rustwide/workdir:ro,Z" "-v" "/var/lib/crater-agent-workspace/cargo-home:/opt/rustwide/cargo-home:ro,Z" "-v" "/var/lib/crater-agent-workspace/rustup-home:/opt/rustwide/rustup-home:ro,Z" "-e" "SOURCE_DIR=/opt/rustwide/workdir" "-e" "CARGO_TARGET_DIR=/opt/rustwide/target" "-e" "CARGO_HOME=/opt/rustwide/cargo-home" "-e" "RUSTUP_HOME=/opt/rustwide/rustup-home" "-w" "/opt/rustwide/workdir" "-m" "1610612736" "--user" "0:0" "--network" "none" "ghcr.io/rust-lang/crates-build-env/linux@sha256:34b6a614d2c27851fe6cbf88fbd1137609cefab8b10d0615aaeb6fd47975d74e" "/opt/rustwide/cargo-home/bin/cargo" "+beta-2021-08-01" "metadata" "--no-deps" "--format-version=1", kill_on_drop: false }`
[INFO] [stdout] a68383c5ca3fef11a2675ef45c2d14cbe4641a28eedf302b28315c8227a1af0c
[INFO] running `Command { std: "docker" "start" "-a" "a68383c5ca3fef11a2675ef45c2d14cbe4641a28eedf302b28315c8227a1af0c", kill_on_drop: false }`
[INFO] running `Command { std: "docker" "inspect" "a68383c5ca3fef11a2675ef45c2d14cbe4641a28eedf302b28315c8227a1af0c", kill_on_drop: false }`
[INFO] running `Command { std: "docker" "rm" "-f" "a68383c5ca3fef11a2675ef45c2d14cbe4641a28eedf302b28315c8227a1af0c", kill_on_drop: false }`
[INFO] [stdout] a68383c5ca3fef11a2675ef45c2d14cbe4641a28eedf302b28315c8227a1af0c
[INFO] running `Command { std: "docker" "create" "-v" "/var/lib/crater-agent-workspace/builds/worker-99/target:/opt/rustwide/target:rw,Z" "-v" "/var/lib/crater-agent-workspace/builds/worker-99/source:/opt/rustwide/workdir:ro,Z" "-v" "/var/lib/crater-agent-workspace/cargo-home:/opt/rustwide/cargo-home:ro,Z" "-v" "/var/lib/crater-agent-workspace/rustup-home:/opt/rustwide/rustup-home:ro,Z" "-e" "SOURCE_DIR=/opt/rustwide/workdir" "-e" "CARGO_TARGET_DIR=/opt/rustwide/target" "-e" "CARGO_INCREMENTAL=0" "-e" "RUST_BACKTRACE=full" "-e" "RUSTFLAGS=--cap-lints=warn" "-e" "CARGO_HOME=/opt/rustwide/cargo-home" "-e" "RUSTUP_HOME=/opt/rustwide/rustup-home" "-w" "/opt/rustwide/workdir" "-m" "1610612736" "--user" "0:0" "--network" "none" "ghcr.io/rust-lang/crates-build-env/linux@sha256:34b6a614d2c27851fe6cbf88fbd1137609cefab8b10d0615aaeb6fd47975d74e" "/opt/rustwide/cargo-home/bin/cargo" "+beta-2021-08-01" "build" "--frozen" "--message-format=json", kill_on_drop: false }`
[INFO] [stdout] 292bdbfa90a3ee9b51acb88ed346b89195e6b0a638c5ec502224f2fc983d6ff5
[INFO] running `Command { std: "docker" "start" "-a" "292bdbfa90a3ee9b51acb88ed346b89195e6b0a638c5ec502224f2fc983d6ff5", kill_on_drop: false }`
[INFO] [stderr]    Compiling libc v0.2.98
[INFO] [stderr]    Compiling fanotify-rs v0.2.10 (/opt/rustwide/workdir)
[INFO] [stdout] warning: unused import: `std::fs::File`
[INFO] [stdout]  --> src/low_level.rs:5:5
[INFO] [stdout]   |
[INFO] [stdout] 5 | use std::fs::File;
[INFO] [stdout]   |     ^^^^^^^^^^^^^
[INFO] [stdout]   |
[INFO] [stdout]   = note: `#[warn(unused_imports)]` on by default
[INFO] [stdout] 
[INFO] [stdout] 
[INFO] [stdout] warning: unused import: `Read`
[INFO] [stdout]  --> src/low_level.rs:6:22
[INFO] [stdout]   |
[INFO] [stdout] 6 | use std::io::{Error, Read};
[INFO] [stdout]   |                      ^^^^
[INFO] [stdout] 
[INFO] [stdout] 
[INFO] [stdout] warning: unused import: `std::os::unix::io::FromRawFd`
[INFO] [stdout]  --> src/low_level.rs:8:5
[INFO] [stdout]   |
[INFO] [stdout] 8 | use std::os::unix::io::FromRawFd;
[INFO] [stdout]   |     ^^^^^^^^^^^^^^^^^^^^^^^^^^^^
[INFO] [stdout] 
[INFO] [stdout] 
[INFO] [stdout] warning: unused import: `std::thread`
[INFO] [stdout]   --> src/low_level.rs:10:5
[INFO] [stdout]    |
[INFO] [stdout] 10 | use std::thread;
[INFO] [stdout]    |     ^^^^^^^^^^^
[INFO] [stdout] 
[INFO] [stdout] 
[INFO] [stdout] warning: getting the inner pointer of a temporary `CString`
[INFO] [stdout]    --> src/low_level.rs:321:46
[INFO] [stdout]     |
[INFO] [stdout] 321 |             ffi::CString::new(path).unwrap().as_ptr(),
[INFO] [stdout]     |             -------------------------------- ^^^^^^ this pointer will be invalid
[INFO] [stdout]     |             |
[INFO] [stdout]     |             this `CString` is deallocated at the end of the statement, bind it to a variable to extend its lifetime
[INFO] [stdout]     |
[INFO] [stdout]     = note: `#[warn(temporary_cstring_as_ptr)]` on by default
[INFO] [stdout]     = note: pointers do not have a lifetime; when calling `as_ptr` the `CString` will be deallocated at the end of the statement because nothing is referencing it as far as the type system is concerned
[INFO] [stdout]     = help: for more information, see https://doc.rust-lang.org/reference/destructors.html
[INFO] [stdout] 
[INFO] [stdout] 
[INFO] [stdout] warning: 5 warnings emitted
[INFO] [stdout] 
[INFO] [stdout] 
[INFO] [stderr]     Finished dev [unoptimized + debuginfo] target(s) in 5.08s
[INFO] running `Command { std: "docker" "inspect" "292bdbfa90a3ee9b51acb88ed346b89195e6b0a638c5ec502224f2fc983d6ff5", kill_on_drop: false }`
[INFO] running `Command { std: "docker" "rm" "-f" "292bdbfa90a3ee9b51acb88ed346b89195e6b0a638c5ec502224f2fc983d6ff5", kill_on_drop: false }`
[INFO] [stdout] 292bdbfa90a3ee9b51acb88ed346b89195e6b0a638c5ec502224f2fc983d6ff5
[INFO] running `Command { std: "docker" "create" "-v" "/var/lib/crater-agent-workspace/builds/worker-99/target:/opt/rustwide/target:rw,Z" "-v" "/var/lib/crater-agent-workspace/builds/worker-99/source:/opt/rustwide/workdir:ro,Z" "-v" "/var/lib/crater-agent-workspace/cargo-home:/opt/rustwide/cargo-home:ro,Z" "-v" "/var/lib/crater-agent-workspace/rustup-home:/opt/rustwide/rustup-home:ro,Z" "-e" "SOURCE_DIR=/opt/rustwide/workdir" "-e" "CARGO_TARGET_DIR=/opt/rustwide/target" "-e" "CARGO_INCREMENTAL=0" "-e" "RUST_BACKTRACE=full" "-e" "RUSTFLAGS=--cap-lints=warn" "-e" "CARGO_HOME=/opt/rustwide/cargo-home" "-e" "RUSTUP_HOME=/opt/rustwide/rustup-home" "-w" "/opt/rustwide/workdir" "-m" "1610612736" "--user" "0:0" "--network" "none" "ghcr.io/rust-lang/crates-build-env/linux@sha256:34b6a614d2c27851fe6cbf88fbd1137609cefab8b10d0615aaeb6fd47975d74e" "/opt/rustwide/cargo-home/bin/cargo" "+beta-2021-08-01" "test" "--frozen" "--no-run" "--message-format=json", kill_on_drop: false }`
[INFO] [stdout] 0a85f9b9ffb3fcde7107826462462014f8532f7fdecc4fca44b51aede4aa2129
[INFO] running `Command { std: "docker" "start" "-a" "0a85f9b9ffb3fcde7107826462462014f8532f7fdecc4fca44b51aede4aa2129", kill_on_drop: false }`
[INFO] [stderr]    Compiling fanotify-rs v0.2.10 (/opt/rustwide/workdir)
[INFO] [stdout] warning: unused import: `std::fs::File`
[INFO] [stdout]  --> src/low_level.rs:5:5
[INFO] [stdout]   |
[INFO] [stdout] 5 | use std::fs::File;
[INFO] [stdout]   |     ^^^^^^^^^^^^^
[INFO] [stdout]   |
[INFO] [stdout]   = note: `#[warn(unused_imports)]` on by default
[INFO] [stdout] 
[INFO] [stdout] 
[INFO] [stdout] warning: unused import: `Read`
[INFO] [stdout]  --> src/low_level.rs:6:22
[INFO] [stdout]   |
[INFO] [stdout] 6 | use std::io::{Error, Read};
[INFO] [stdout]   |                      ^^^^
[INFO] [stdout] 
[INFO] [stdout] 
[INFO] [stdout] warning: unused import: `std::os::unix::io::FromRawFd`
[INFO] [stdout]  --> src/low_level.rs:8:5
[INFO] [stdout]   |
[INFO] [stdout] 8 | use std::os::unix::io::FromRawFd;
[INFO] [stdout]   |     ^^^^^^^^^^^^^^^^^^^^^^^^^^^^
[INFO] [stdout] 
[INFO] [stdout] 
[INFO] [stdout] warning: unused import: `std::thread`
[INFO] [stdout]   --> src/low_level.rs:10:5
[INFO] [stdout]    |
[INFO] [stdout] 10 | use std::thread;
[INFO] [stdout]    |     ^^^^^^^^^^^
[INFO] [stdout] 
[INFO] [stdout] 
[INFO] [stdout] warning: getting the inner pointer of a temporary `CString`
[INFO] [stdout]    --> src/low_level.rs:321:46
[INFO] [stdout]     |
[INFO] [stdout] 321 |             ffi::CString::new(path).unwrap().as_ptr(),
[INFO] [stdout]     |             -------------------------------- ^^^^^^ this pointer will be invalid
[INFO] [stdout]     |             |
[INFO] [stdout]     |             this `CString` is deallocated at the end of the statement, bind it to a variable to extend its lifetime
[INFO] [stdout]     |
[INFO] [stdout]     = note: `#[warn(temporary_cstring_as_ptr)]` on by default
[INFO] [stdout]     = note: pointers do not have a lifetime; when calling `as_ptr` the `CString` will be deallocated at the end of the statement because nothing is referencing it as far as the type system is concerned
[INFO] [stdout]     = help: for more information, see https://doc.rust-lang.org/reference/destructors.html
[INFO] [stdout] 
[INFO] [stdout] 
[INFO] [stdout] warning: 5 warnings emitted
[INFO] [stdout] 
[INFO] [stdout] 
[INFO] [stdout] warning: unused import: `std::fs::File`
[INFO] [stdout]  --> src/low_level.rs:5:5
[INFO] [stdout]   |
[INFO] [stdout] 5 | use std::fs::File;
[INFO] [stdout]   |     ^^^^^^^^^^^^^
[INFO] [stdout]   |
[INFO] [stdout]   = note: `#[warn(unused_imports)]` on by default
[INFO] [stdout] 
[INFO] [stdout] 
[INFO] [stdout] warning: unused import: `Read`
[INFO] [stdout]  --> src/low_level.rs:6:22
[INFO] [stdout]   |
[INFO] [stdout] 6 | use std::io::{Error, Read};
[INFO] [stdout]   |                      ^^^^
[INFO] [stdout] 
[INFO] [stdout] 
[INFO] [stdout] warning: unused import: `std::os::unix::io::FromRawFd`
[INFO] [stdout]  --> src/low_level.rs:8:5
[INFO] [stdout]   |
[INFO] [stdout] 8 | use std::os::unix::io::FromRawFd;
[INFO] [stdout]   |     ^^^^^^^^^^^^^^^^^^^^^^^^^^^^
[INFO] [stdout] 
[INFO] [stdout] 
[INFO] [stdout] warning: unused import: `std::thread`
[INFO] [stdout]   --> src/low_level.rs:10:5
[INFO] [stdout]    |
[INFO] [stdout] 10 | use std::thread;
[INFO] [stdout]    |     ^^^^^^^^^^^
[INFO] [stdout] 
[INFO] [stdout] 
[INFO] [stdout] warning: getting the inner pointer of a temporary `CString`
[INFO] [stdout]    --> src/low_level.rs:321:46
[INFO] [stdout]     |
[INFO] [stdout] 321 |             ffi::CString::new(path).unwrap().as_ptr(),
[INFO] [stdout]     |             -------------------------------- ^^^^^^ this pointer will be invalid
[INFO] [stdout]     |             |
[INFO] [stdout]     |             this `CString` is deallocated at the end of the statement, bind it to a variable to extend its lifetime
[INFO] [stdout]     |
[INFO] [stdout]     = note: `#[warn(temporary_cstring_as_ptr)]` on by default
[INFO] [stdout]     = note: pointers do not have a lifetime; when calling `as_ptr` the `CString` will be deallocated at the end of the statement because nothing is referencing it as far as the type system is concerned
[INFO] [stdout]     = help: for more information, see https://doc.rust-lang.org/reference/destructors.html
[INFO] [stdout] 
[INFO] [stdout] 
[INFO] [stdout] warning: 5 warnings emitted
[INFO] [stdout] 
[INFO] [stdout] 
[INFO] [stderr]     Finished test [unoptimized + debuginfo] target(s) in 0.75s
[INFO] running `Command { std: "docker" "inspect" "0a85f9b9ffb3fcde7107826462462014f8532f7fdecc4fca44b51aede4aa2129", kill_on_drop: false }`
[INFO] running `Command { std: "docker" "rm" "-f" "0a85f9b9ffb3fcde7107826462462014f8532f7fdecc4fca44b51aede4aa2129", kill_on_drop: false }`
[INFO] [stdout] 0a85f9b9ffb3fcde7107826462462014f8532f7fdecc4fca44b51aede4aa2129
[INFO] running `Command { std: "docker" "create" "-v" "/var/lib/crater-agent-workspace/builds/worker-99/target:/opt/rustwide/target:rw,Z" "-v" "/var/lib/crater-agent-workspace/builds/worker-99/source:/opt/rustwide/workdir:ro,Z" "-v" "/var/lib/crater-agent-workspace/cargo-home:/opt/rustwide/cargo-home:ro,Z" "-v" "/var/lib/crater-agent-workspace/rustup-home:/opt/rustwide/rustup-home:ro,Z" "-e" "SOURCE_DIR=/opt/rustwide/workdir" "-e" "CARGO_TARGET_DIR=/opt/rustwide/target" "-e" "CARGO_INCREMENTAL=0" "-e" "RUST_BACKTRACE=full" "-e" "RUSTFLAGS=--cap-lints=warn" "-e" "CARGO_HOME=/opt/rustwide/cargo-home" "-e" "RUSTUP_HOME=/opt/rustwide/rustup-home" "-w" "/opt/rustwide/workdir" "-m" "1610612736" "--user" "0:0" "--network" "none" "ghcr.io/rust-lang/crates-build-env/linux@sha256:34b6a614d2c27851fe6cbf88fbd1137609cefab8b10d0615aaeb6fd47975d74e" "/opt/rustwide/cargo-home/bin/cargo" "+beta-2021-08-01" "test" "--frozen", kill_on_drop: false }`
[INFO] [stdout] 315581c42292492d8f43ea0f54639d27116df47309d8cc309e9b3c548b7fc9fc
[INFO] running `Command { std: "docker" "start" "-a" "315581c42292492d8f43ea0f54639d27116df47309d8cc309e9b3c548b7fc9fc", kill_on_drop: false }`
[INFO] [stderr]     Blocking waiting for file lock on package cache
[INFO] [stderr] warning: unused import: `std::fs::File`
[INFO] [stderr]  --> src/low_level.rs:5:5
[INFO] [stderr]   |
[INFO] [stderr] 5 | use std::fs::File;
[INFO] [stderr]   |     ^^^^^^^^^^^^^
[INFO] [stderr]   |
[INFO] [stderr]   = note: `#[warn(unused_imports)]` on by default
[INFO] [stderr] 
[INFO] [stderr] warning: unused import: `Read`
[INFO] [stderr]  --> src/low_level.rs:6:22
[INFO] [stderr]   |
[INFO] [stderr] 6 | use std::io::{Error, Read};
[INFO] [stderr]   |                      ^^^^
[INFO] [stderr] 
[INFO] [stderr] warning: unused import: `std::os::unix::io::FromRawFd`
[INFO] [stderr]  --> src/low_level.rs:8:5
[INFO] [stderr]   |
[INFO] [stderr] 8 | use std::os::unix::io::FromRawFd;
[INFO] [stderr]   |     ^^^^^^^^^^^^^^^^^^^^^^^^^^^^
[INFO] [stderr] 
[INFO] [stderr] warning: unused import: `std::thread`
[INFO] [stderr]   --> src/low_level.rs:10:5
[INFO] [stderr]    |
[INFO] [stderr] 10 | use std::thread;
[INFO] [stderr]    |     ^^^^^^^^^^^
[INFO] [stderr] 
[INFO] [stderr] warning: getting the inner pointer of a temporary `CString`
[INFO] [stderr]    --> src/low_level.rs:321:46
[INFO] [stderr]     |
[INFO] [stderr] 321 |             ffi::CString::new(path).unwrap().as_ptr(),
[INFO] [stderr]     |             -------------------------------- ^^^^^^ this pointer will be invalid
[INFO] [stderr]     |             |
[INFO] [stderr]     |             this `CString` is deallocated at the end of the statement, bind it to a variable to extend its lifetime
[INFO] [stderr]     |
[INFO] [stderr]     = note: `#[warn(temporary_cstring_as_ptr)]` on by default
[INFO] [stderr]     = note: pointers do not have a lifetime; when calling `as_ptr` the `CString` will be deallocated at the end of the statement because nothing is referencing it as far as the type system is concerned
[INFO] [stderr]     = help: for more information, see https://doc.rust-lang.org/reference/destructors.html
[INFO] [stderr] 
[INFO] [stderr] warning: `fanotify-rs` (lib) generated 5 warnings
[INFO] [stderr] warning: `fanotify-rs` (lib test) generated 5 warnings (5 duplicates)
[INFO] [stderr]     Finished test [unoptimized + debuginfo] target(s) in 0.06s
[INFO] [stderr]      Running unittests (/opt/rustwide/target/debug/deps/fanotify-5aa95a5db0eef783)
[INFO] [stdout] 
[INFO] [stderr]      Running tests/high_level.rs (/opt/rustwide/target/debug/deps/high_level-1be184f92db94643)
[INFO] [stdout] running 0 tests
[INFO] [stdout] 
[INFO] [stdout] test result: ok. 0 passed; 0 failed; 0 ignored; 0 measured; 0 filtered out; finished in 0.00s
[INFO] [stdout] 
[INFO] [stdout] 
[INFO] [stdout] running 1 test
[INFO] [stdout] test high_level_test ... FAILED
[INFO] [stdout] 
[INFO] [stdout] failures:
[INFO] [stdout] 
[INFO] [stdout] ---- high_level_test stdout ----
[INFO] [stdout] thread 'high_level_test' panicked at 'called `Result::unwrap()` on an `Err` value: Os { code: 1, kind: PermissionDenied, message: "Operation not permitted" }', src/high_level.rs:53:92
[INFO] [stdout] stack backtrace:
[INFO] [stdout]    0:     0x557117b2de20 - std::backtrace_rs::backtrace::libunwind::trace::hff4d1766e93f64f1
[INFO] [stdout]                                at /rustc/53fd98ca776cb875bc9e5514f56b52eb74f9e7a9/library/std/src/../../backtrace/src/backtrace/libunwind.rs:90:5
[INFO] [stdout]    1:     0x557117b2de20 - std::backtrace_rs::backtrace::trace_unsynchronized::h56bbc8eb78770bcb
[INFO] [stdout]                                at /rustc/53fd98ca776cb875bc9e5514f56b52eb74f9e7a9/library/std/src/../../backtrace/src/backtrace/mod.rs:66:5
[INFO] [stdout]    2:     0x557117b2de20 - std::sys_common::backtrace::_print_fmt::h5c8e75464faca780
[INFO] [stdout]                                at /rustc/53fd98ca776cb875bc9e5514f56b52eb74f9e7a9/library/std/src/sys_common/backtrace.rs:67:5
[INFO] [stdout]    3:     0x557117b2de20 - <std::sys_common::backtrace::_print::DisplayBacktrace as core::fmt::Display>::fmt::h48b88277def8b362
[INFO] [stdout]                                at /rustc/53fd98ca776cb875bc9e5514f56b52eb74f9e7a9/library/std/src/sys_common/backtrace.rs:46:22
[INFO] [stdout]    4:     0x557117b5064c - core::fmt::write::h3381b3176fe2b3d3
[INFO] [stdout]                                at /rustc/53fd98ca776cb875bc9e5514f56b52eb74f9e7a9/library/core/src/fmt/mod.rs:1115:17
[INFO] [stdout]    5:     0x557117b2ad85 - std::io::Write::write_fmt::h5f34a676f60246b5
[INFO] [stdout]                                at /rustc/53fd98ca776cb875bc9e5514f56b52eb74f9e7a9/library/std/src/io/mod.rs:1665:15
[INFO] [stdout]    6:     0x557117b2ff9b - std::sys_common::backtrace::_print::ha537687d6c17dd0d
[INFO] [stdout]                                at /rustc/53fd98ca776cb875bc9e5514f56b52eb74f9e7a9/library/std/src/sys_common/backtrace.rs:49:5
[INFO] [stdout]    7:     0x557117b2ff9b - std::sys_common::backtrace::print::h61376ae57d131d72
[INFO] [stdout]                                at /rustc/53fd98ca776cb875bc9e5514f56b52eb74f9e7a9/library/std/src/sys_common/backtrace.rs:36:9
[INFO] [stdout]    8:     0x557117b2ff9b - std::panicking::default_hook::{{closure}}::h0f7208c0b9644a54
[INFO] [stdout]                                at /rustc/53fd98ca776cb875bc9e5514f56b52eb74f9e7a9/library/std/src/panicking.rs:208:50
[INFO] [stdout]    9:     0x557117b2faac - std::panicking::default_hook::hdac7fc06578c14ce
[INFO] [stdout]                                at /rustc/53fd98ca776cb875bc9e5514f56b52eb74f9e7a9/library/std/src/panicking.rs:222:9
[INFO] [stdout]   10:     0x557117b30664 - std::panicking::rust_panic_with_hook::h72b21c283da3d1ef
[INFO] [stdout]                                at /rustc/53fd98ca776cb875bc9e5514f56b52eb74f9e7a9/library/std/src/panicking.rs:622:17
[INFO] [stdout]   11:     0x557117b30147 - std::panicking::begin_panic_handler::{{closure}}::he5778f1729cff84a
[INFO] [stdout]                                at /rustc/53fd98ca776cb875bc9e5514f56b52eb74f9e7a9/library/std/src/panicking.rs:519:13
[INFO] [stdout]   12:     0x557117b2e2fc - std::sys_common::backtrace::__rust_end_short_backtrace::h2d11ca8b453b4b1d
[INFO] [stdout]                                at /rustc/53fd98ca776cb875bc9e5514f56b52eb74f9e7a9/library/std/src/sys_common/backtrace.rs:141:18
[INFO] [stdout]   13:     0x557117b300a9 - rust_begin_unwind
[INFO] [stdout]                                at /rustc/53fd98ca776cb875bc9e5514f56b52eb74f9e7a9/library/std/src/panicking.rs:515:5
[INFO] [stdout]   14:     0x557117ad43b1 - core::panicking::panic_fmt::hf9de31d4acbce4db
[INFO] [stdout]                                at /rustc/53fd98ca776cb875bc9e5514f56b52eb74f9e7a9/library/core/src/panicking.rs:92:14
[INFO] [stdout]   15:     0x557117ad44a3 - core::result::unwrap_failed::ha0c84e81219e5878
[INFO] [stdout]                                at /rustc/53fd98ca776cb875bc9e5514f56b52eb74f9e7a9/library/core/src/result.rs:1599:5
[INFO] [stdout]   16:     0x557117addd3e - core::result::Result<T,E>::unwrap::h7e8e147da4036241
[INFO] [stdout]                                at /rustc/53fd98ca776cb875bc9e5514f56b52eb74f9e7a9/library/core/src/result.rs:1281:23
[INFO] [stdout]   17:     0x557117adce52 - fanotify::high_level::Fanotify::new_with_blocking::h008e06386cd162dd
[INFO] [stdout]                                at /opt/rustwide/workdir/src/high_level.rs:53:25
[INFO] [stdout]   18:     0x557117ad71d7 - high_level::high_level_test::h315fe8bc7539563b
[INFO] [stdout]                                at /opt/rustwide/workdir/tests/high_level.rs:5:14
[INFO] [stdout]   19:     0x557117ad71aa - high_level::high_level_test::{{closure}}::h81e0f56b675fc49f
[INFO] [stdout]                                at /opt/rustwide/workdir/tests/high_level.rs:2:1
[INFO] [stdout]   20:     0x557117adabae - core::ops::function::FnOnce::call_once::h18be874ea1a51725
[INFO] [stdout]                                at /rustc/53fd98ca776cb875bc9e5514f56b52eb74f9e7a9/library/core/src/ops/function.rs:227:5
[INFO] [stdout]   21:     0x557117b125a3 - core::ops::function::FnOnce::call_once::hbb52c4519d3137b0
[INFO] [stdout]                                at /rustc/53fd98ca776cb875bc9e5514f56b52eb74f9e7a9/library/core/src/ops/function.rs:227:5
[INFO] [stdout]   22:     0x557117b125a3 - test::__rust_begin_short_backtrace::h86fe3a2a5a5121af
[INFO] [stdout]                                at /rustc/53fd98ca776cb875bc9e5514f56b52eb74f9e7a9/library/test/src/lib.rs:578:5
[INFO] [stdout]   23:     0x557117b11058 - <alloc::boxed::Box<F,A> as core::ops::function::FnOnce<Args>>::call_once::hfd956bc3d57399be
[INFO] [stdout]                                at /rustc/53fd98ca776cb875bc9e5514f56b52eb74f9e7a9/library/alloc/src/boxed.rs:1572:9
[INFO] [stdout]   24:     0x557117b11058 - <std::panic::AssertUnwindSafe<F> as core::ops::function::FnOnce<()>>::call_once::h40dc93e0ddb5938a
[INFO] [stdout]                                at /rustc/53fd98ca776cb875bc9e5514f56b52eb74f9e7a9/library/std/src/panic.rs:347:9
[INFO] [stdout]   25:     0x557117b11058 - std::panicking::try::do_call::h90d07750cb47c562
[INFO] [stdout]                                at /rustc/53fd98ca776cb875bc9e5514f56b52eb74f9e7a9/library/std/src/panicking.rs:401:40
[INFO] [stdout]   26:     0x557117b11058 - std::panicking::try::h063c84733ad2a629
[INFO] [stdout]                                at /rustc/53fd98ca776cb875bc9e5514f56b52eb74f9e7a9/library/std/src/panicking.rs:365:19
[INFO] [stdout]   27:     0x557117b11058 - std::panic::catch_unwind::h0c464836a84e7c08
[INFO] [stdout]                                at /rustc/53fd98ca776cb875bc9e5514f56b52eb74f9e7a9/library/std/src/panic.rs:434:14
[INFO] [stdout]   28:     0x557117b11058 - test::run_test_in_process::h5cb06ef620b157fc
[INFO] [stdout]                                at /rustc/53fd98ca776cb875bc9e5514f56b52eb74f9e7a9/library/test/src/lib.rs:601:18
[INFO] [stdout]   29:     0x557117b11058 - test::run_test::run_test_inner::{{closure}}::h76f677f4b93f9828
[INFO] [stdout]                                at /rustc/53fd98ca776cb875bc9e5514f56b52eb74f9e7a9/library/test/src/lib.rs:493:39
[INFO] [stdout]   30:     0x557117adf7ed - test::run_test::run_test_inner::{{closure}}::h366d01fe04f4d67a
[INFO] [stdout]                                at /rustc/53fd98ca776cb875bc9e5514f56b52eb74f9e7a9/library/test/src/lib.rs:520:37
[INFO] [stdout]   31:     0x557117adf7ed - std::sys_common::backtrace::__rust_begin_short_backtrace::h7dfa0de4eb395af2
[INFO] [stdout]                                at /rustc/53fd98ca776cb875bc9e5514f56b52eb74f9e7a9/library/std/src/sys_common/backtrace.rs:125:18
[INFO] [stdout]   32:     0x557117ae3fb8 - std::thread::Builder::spawn_unchecked::{{closure}}::{{closure}}::hf0a74bb58798037f
[INFO] [stdout]                                at /rustc/53fd98ca776cb875bc9e5514f56b52eb74f9e7a9/library/std/src/thread/mod.rs:476:17
[INFO] [stdout]   33:     0x557117ae3fb8 - <std::panic::AssertUnwindSafe<F> as core::ops::function::FnOnce<()>>::call_once::hb024e854818586ac
[INFO] [stdout]                                at /rustc/53fd98ca776cb875bc9e5514f56b52eb74f9e7a9/library/std/src/panic.rs:347:9
[INFO] [stdout]   34:     0x557117ae3fb8 - std::panicking::try::do_call::hb2dd9f1d0d48e41d
[INFO] [stdout]                                at /rustc/53fd98ca776cb875bc9e5514f56b52eb74f9e7a9/library/std/src/panicking.rs:401:40
[INFO] [stdout]   35:     0x557117ae3fb8 - std::panicking::try::h4717ae7bac8b2bf3
[INFO] [stdout]                                at /rustc/53fd98ca776cb875bc9e5514f56b52eb74f9e7a9/library/std/src/panicking.rs:365:19
[INFO] [stdout]   36:     0x557117ae3fb8 - std::panic::catch_unwind::h0dc8a061326ce8d8
[INFO] [stdout]                                at /rustc/53fd98ca776cb875bc9e5514f56b52eb74f9e7a9/library/std/src/panic.rs:434:14
[INFO] [stdout]   37:     0x557117ae3fb8 - std::thread::Builder::spawn_unchecked::{{closure}}::haa369e2d6fd00aa1
[INFO] [stdout]                                at /rustc/53fd98ca776cb875bc9e5514f56b52eb74f9e7a9/library/std/src/thread/mod.rs:475:30
[INFO] [stdout]   38:     0x557117ae3fb8 - core::ops::function::FnOnce::call_once{{vtable.shim}}::h36dcf3de8b056f17
[INFO] [stdout]                                at /rustc/53fd98ca776cb875bc9e5514f56b52eb74f9e7a9/library/core/src/ops/function.rs:227:5
[INFO] [stdout]   39:     0x557117b351e7 - <alloc::boxed::Box<F,A> as core::ops::function::FnOnce<Args>>::call_once::h65c29e4642be2358
[INFO] [stdout]                                at /rustc/53fd98ca776cb875bc9e5514f56b52eb74f9e7a9/library/alloc/src/boxed.rs:1572:9
[INFO] [stdout]   40:     0x557117b351e7 - <alloc::boxed::Box<F,A> as core::ops::function::FnOnce<Args>>::call_once::hd0f8f7fbbd9fffbf
[INFO] [stdout]                                at /rustc/53fd98ca776cb875bc9e5514f56b52eb74f9e7a9/library/alloc/src/boxed.rs:1572:9
[INFO] [stdout]   41:     0x557117b351e7 - std::sys::unix::thread::Thread::new::thread_start::h2fd22fee3ca77b65
[INFO] [stdout]                                at /rustc/53fd98ca776cb875bc9e5514f56b52eb74f9e7a9/library/std/src/sys/unix/thread.rs:74:17
[INFO] [stdout]   42:     0x7f1d75db3609 - start_thread
[INFO] [stdout]   43:     0x7f1d75b85293 - clone
[INFO] [stdout]   44:                0x0 - <unknown>
[INFO] [stdout] 
[INFO] [stdout] 
[INFO] [stdout] failures:
[INFO] [stdout]     high_level_test
[INFO] [stdout] 
[INFO] [stdout] test result: FAILED. 0 passed; 1 failed; 0 ignored; 0 measured; 0 filtered out; finished in 0.01s
[INFO] [stdout] 
[INFO] [stderr] error: test failed, to rerun pass '--test high_level'
[INFO] running `Command { std: "docker" "inspect" "315581c42292492d8f43ea0f54639d27116df47309d8cc309e9b3c548b7fc9fc", kill_on_drop: false }`
[INFO] running `Command { std: "docker" "rm" "-f" "315581c42292492d8f43ea0f54639d27116df47309d8cc309e9b3c548b7fc9fc", kill_on_drop: false }`
[INFO] [stdout] 315581c42292492d8f43ea0f54639d27116df47309d8cc309e9b3c548b7fc9fc
