[INFO] fetching crate fancy-regex 0.7.1...
[INFO] testing fancy-regex-0.7.1 against 1.54.0 for beta-1.55-1
[INFO] extracting crate fancy-regex 0.7.1 into /workspace/builds/worker-103/source
[INFO] validating manifest of crates.io crate fancy-regex 0.7.1 on toolchain 1.54.0
[INFO] running `Command { std: "/workspace/cargo-home/bin/cargo" "+1.54.0" "metadata" "--manifest-path" "Cargo.toml" "--no-deps", kill_on_drop: false }`
[INFO] started tweaking crates.io crate fancy-regex 0.7.1
[INFO] finished tweaking crates.io crate fancy-regex 0.7.1
[INFO] tweaked toml for crates.io crate fancy-regex 0.7.1 written to /workspace/builds/worker-103/source/Cargo.toml
[INFO] crate crates.io crate fancy-regex 0.7.1 already has a lockfile, it will not be regenerated
[INFO] running `Command { std: "/workspace/cargo-home/bin/cargo" "+1.54.0" "fetch" "--manifest-path" "Cargo.toml", kill_on_drop: false }`
[INFO] [stderr]     Blocking waiting for file lock on package cache
[INFO] running `Command { std: "docker" "create" "-v" "/var/lib/crater-agent-workspace/builds/worker-103/target:/opt/rustwide/target:rw,Z" "-v" "/var/lib/crater-agent-workspace/builds/worker-103/source:/opt/rustwide/workdir:ro,Z" "-v" "/var/lib/crater-agent-workspace/cargo-home:/opt/rustwide/cargo-home:ro,Z" "-v" "/var/lib/crater-agent-workspace/rustup-home:/opt/rustwide/rustup-home:ro,Z" "-e" "SOURCE_DIR=/opt/rustwide/workdir" "-e" "CARGO_TARGET_DIR=/opt/rustwide/target" "-e" "CARGO_HOME=/opt/rustwide/cargo-home" "-e" "RUSTUP_HOME=/opt/rustwide/rustup-home" "-w" "/opt/rustwide/workdir" "-m" "1610612736" "--user" "0:0" "--network" "none" "ghcr.io/rust-lang/crates-build-env/linux@sha256:34b6a614d2c27851fe6cbf88fbd1137609cefab8b10d0615aaeb6fd47975d74e" "/opt/rustwide/cargo-home/bin/cargo" "+1.54.0" "metadata" "--no-deps" "--format-version=1", kill_on_drop: false }`
[INFO] [stdout] f4064bac057a264b66d35b03d2c39b41abe701e6aabab5fa5b55080099073bc8
[INFO] running `Command { std: "docker" "start" "-a" "f4064bac057a264b66d35b03d2c39b41abe701e6aabab5fa5b55080099073bc8", kill_on_drop: false }`
[INFO] running `Command { std: "docker" "inspect" "f4064bac057a264b66d35b03d2c39b41abe701e6aabab5fa5b55080099073bc8", kill_on_drop: false }`
[INFO] running `Command { std: "docker" "rm" "-f" "f4064bac057a264b66d35b03d2c39b41abe701e6aabab5fa5b55080099073bc8", kill_on_drop: false }`
[INFO] [stdout] f4064bac057a264b66d35b03d2c39b41abe701e6aabab5fa5b55080099073bc8
[INFO] running `Command { std: "docker" "create" "-v" "/var/lib/crater-agent-workspace/builds/worker-103/target:/opt/rustwide/target:rw,Z" "-v" "/var/lib/crater-agent-workspace/builds/worker-103/source:/opt/rustwide/workdir:ro,Z" "-v" "/var/lib/crater-agent-workspace/cargo-home:/opt/rustwide/cargo-home:ro,Z" "-v" "/var/lib/crater-agent-workspace/rustup-home:/opt/rustwide/rustup-home:ro,Z" "-e" "SOURCE_DIR=/opt/rustwide/workdir" "-e" "CARGO_TARGET_DIR=/opt/rustwide/target" "-e" "CARGO_INCREMENTAL=0" "-e" "RUST_BACKTRACE=full" "-e" "RUSTFLAGS=--cap-lints=warn" "-e" "CARGO_HOME=/opt/rustwide/cargo-home" "-e" "RUSTUP_HOME=/opt/rustwide/rustup-home" "-w" "/opt/rustwide/workdir" "-m" "1610612736" "--user" "0:0" "--network" "none" "ghcr.io/rust-lang/crates-build-env/linux@sha256:34b6a614d2c27851fe6cbf88fbd1137609cefab8b10d0615aaeb6fd47975d74e" "/opt/rustwide/cargo-home/bin/cargo" "+1.54.0" "build" "--frozen" "--message-format=json", kill_on_drop: false }`
[INFO] [stdout] c89827b5a8a459b9cb60c3db176acd27ee6b0c72b1100ecb3f04d5f8d5463e85
[INFO] running `Command { std: "docker" "start" "-a" "c89827b5a8a459b9cb60c3db176acd27ee6b0c72b1100ecb3f04d5f8d5463e85", kill_on_drop: false }`
[INFO] [stderr]     Blocking waiting for file lock on package cache
[INFO] [stderr]    Compiling bit-vec v0.6.3
[INFO] [stderr]    Compiling regex-syntax v0.6.25
[INFO] [stderr]    Compiling aho-corasick v0.7.18
[INFO] [stderr]    Compiling bit-set v0.5.2
[INFO] [stderr]    Compiling regex v1.5.4
[INFO] [stderr]    Compiling fancy-regex v0.7.1 (/opt/rustwide/workdir)
[INFO] [stderr]     Finished dev [unoptimized + debuginfo] target(s) in 7.10s
[INFO] running `Command { std: "docker" "inspect" "c89827b5a8a459b9cb60c3db176acd27ee6b0c72b1100ecb3f04d5f8d5463e85", kill_on_drop: false }`
[INFO] running `Command { std: "docker" "rm" "-f" "c89827b5a8a459b9cb60c3db176acd27ee6b0c72b1100ecb3f04d5f8d5463e85", kill_on_drop: false }`
[INFO] [stdout] c89827b5a8a459b9cb60c3db176acd27ee6b0c72b1100ecb3f04d5f8d5463e85
[INFO] running `Command { std: "docker" "create" "-v" "/var/lib/crater-agent-workspace/builds/worker-103/target:/opt/rustwide/target:rw,Z" "-v" "/var/lib/crater-agent-workspace/builds/worker-103/source:/opt/rustwide/workdir:ro,Z" "-v" "/var/lib/crater-agent-workspace/cargo-home:/opt/rustwide/cargo-home:ro,Z" "-v" "/var/lib/crater-agent-workspace/rustup-home:/opt/rustwide/rustup-home:ro,Z" "-e" "SOURCE_DIR=/opt/rustwide/workdir" "-e" "CARGO_TARGET_DIR=/opt/rustwide/target" "-e" "CARGO_INCREMENTAL=0" "-e" "RUST_BACKTRACE=full" "-e" "RUSTFLAGS=--cap-lints=warn" "-e" "CARGO_HOME=/opt/rustwide/cargo-home" "-e" "RUSTUP_HOME=/opt/rustwide/rustup-home" "-w" "/opt/rustwide/workdir" "-m" "1610612736" "--user" "0:0" "--network" "none" "ghcr.io/rust-lang/crates-build-env/linux@sha256:34b6a614d2c27851fe6cbf88fbd1137609cefab8b10d0615aaeb6fd47975d74e" "/opt/rustwide/cargo-home/bin/cargo" "+1.54.0" "test" "--frozen" "--no-run" "--message-format=json", kill_on_drop: false }`
[INFO] [stdout] 9c215dea765dcc31e07392590f79af12ad7a80fd1554f154fd7c489b1ab1c492
[INFO] running `Command { std: "docker" "start" "-a" "9c215dea765dcc31e07392590f79af12ad7a80fd1554f154fd7c489b1ab1c492", kill_on_drop: false }`
[INFO] [stderr]     Blocking waiting for file lock on package cache
[INFO] [stderr]    Compiling lazy_static v1.4.0
[INFO] [stderr]    Compiling semver v1.0.3
[INFO] [stderr]    Compiling serde v1.0.126
[INFO] [stderr]    Compiling crossbeam-utils v0.8.5
[INFO] [stderr]    Compiling crossbeam-epoch v0.9.5
[INFO] [stderr]    Compiling ryu v1.0.5
[INFO] [stderr]    Compiling rayon-core v1.9.1
[INFO] [stderr]    Compiling serde_json v1.0.65
[INFO] [stderr]    Compiling either v1.6.1
[INFO] [stderr]    Compiling log v0.4.14
[INFO] [stderr]    Compiling itoa v0.4.7
[INFO] [stderr]    Compiling bitflags v1.2.1
[INFO] [stderr]    Compiling syn v1.0.74
[INFO] [stderr]    Compiling serde_derive v1.0.126
[INFO] [stderr]    Compiling regex-automata v0.1.10
[INFO] [stderr]    Compiling unicode-width v0.1.8
[INFO] [stderr]    Compiling plotters-backend v0.3.2
[INFO] [stderr]    Compiling same-file v1.0.6
[INFO] [stderr]    Compiling half v1.7.1
[INFO] [stderr]    Compiling oorandom v11.1.3
[INFO] [stderr]    Compiling matches v0.1.8
[INFO] [stderr]    Compiling memoffset v0.6.4
[INFO] [stderr]    Compiling num-traits v0.2.14
[INFO] [stderr]    Compiling rayon v1.5.1
[INFO] [stderr]    Compiling getrandom v0.2.3
[INFO] [stderr]    Compiling csv-core v0.1.10
[INFO] [stderr]    Compiling atty v0.2.14
[INFO] [stderr]    Compiling rand_core v0.6.3
[INFO] [stderr]    Compiling walkdir v2.3.2
[INFO] [stderr]    Compiling itertools v0.10.1
[INFO] [stderr]    Compiling textwrap v0.11.0
[INFO] [stderr]    Compiling rand v0.8.4
[INFO] [stderr]    Compiling plotters-svg v0.3.1
[INFO] [stderr]    Compiling crossbeam-channel v0.5.1
[INFO] [stderr]    Compiling env_logger v0.8.4
[INFO] [stderr]    Compiling clap v2.33.3
[INFO] [stderr]    Compiling rustc_version v0.4.0
[INFO] [stderr]    Compiling crossbeam-deque v0.8.0
[INFO] [stderr]    Compiling cast v0.2.7
[INFO] [stderr]    Compiling quickcheck v1.0.1
[INFO] [stderr]    Compiling plotters v0.3.1
[INFO] [stderr]    Compiling criterion-plot v0.4.4
[INFO] [stderr]    Compiling bstr v0.2.16
[INFO] [stderr]    Compiling serde_cbor v0.11.1
[INFO] [stderr]    Compiling csv v1.1.6
[INFO] [stderr]    Compiling tinytemplate v1.2.1
[INFO] [stderr]    Compiling criterion v0.3.4
[INFO] [stderr]    Compiling fancy-regex v0.7.1 (/opt/rustwide/workdir)
[INFO] [stderr]     Finished test [unoptimized + debuginfo] target(s) in 29.37s
[INFO] running `Command { std: "docker" "inspect" "9c215dea765dcc31e07392590f79af12ad7a80fd1554f154fd7c489b1ab1c492", kill_on_drop: false }`
[INFO] running `Command { std: "docker" "rm" "-f" "9c215dea765dcc31e07392590f79af12ad7a80fd1554f154fd7c489b1ab1c492", kill_on_drop: false }`
[INFO] [stdout] 9c215dea765dcc31e07392590f79af12ad7a80fd1554f154fd7c489b1ab1c492
[INFO] running `Command { std: "docker" "create" "-v" "/var/lib/crater-agent-workspace/builds/worker-103/target:/opt/rustwide/target:rw,Z" "-v" "/var/lib/crater-agent-workspace/builds/worker-103/source:/opt/rustwide/workdir:ro,Z" "-v" "/var/lib/crater-agent-workspace/cargo-home:/opt/rustwide/cargo-home:ro,Z" "-v" "/var/lib/crater-agent-workspace/rustup-home:/opt/rustwide/rustup-home:ro,Z" "-e" "SOURCE_DIR=/opt/rustwide/workdir" "-e" "CARGO_TARGET_DIR=/opt/rustwide/target" "-e" "CARGO_INCREMENTAL=0" "-e" "RUST_BACKTRACE=full" "-e" "RUSTFLAGS=--cap-lints=warn" "-e" "CARGO_HOME=/opt/rustwide/cargo-home" "-e" "RUSTUP_HOME=/opt/rustwide/rustup-home" "-w" "/opt/rustwide/workdir" "-m" "1610612736" "--user" "0:0" "--network" "none" "ghcr.io/rust-lang/crates-build-env/linux@sha256:34b6a614d2c27851fe6cbf88fbd1137609cefab8b10d0615aaeb6fd47975d74e" "/opt/rustwide/cargo-home/bin/cargo" "+1.54.0" "test" "--frozen", kill_on_drop: false }`
[INFO] [stdout] b2d2365000645c75fadc93a570e6ee4ee8f15f9501faa1d92b90600fb945646a
[INFO] running `Command { std: "docker" "start" "-a" "b2d2365000645c75fadc93a570e6ee4ee8f15f9501faa1d92b90600fb945646a", kill_on_drop: false }`
[INFO] [stderr]     Blocking waiting for file lock on package cache
[INFO] [stderr]     Finished test [unoptimized + debuginfo] target(s) in 0.35s
[INFO] [stderr]      Running unittests (/opt/rustwide/target/debug/deps/fancy_regex-d53f28c359b5a3cf)
[INFO] [stdout] 
[INFO] [stdout] running 66 tests
[INFO] [stdout] test analyze::tests::invalid_backref_1 ... ok
[INFO] [stdout] test analyze::tests::is_literal ... ok
[INFO] [stdout] test analyze::tests::invalid_backref_2 ... ok
[INFO] [stdout] test analyze::tests::invalid_backref_3 ... ok
[INFO] [stdout] test analyze::tests::is_literal_with_repeat ... ok
[INFO] [stdout] test compile::tests::jumps_for_alternation ... ok
[INFO] [stdout] test compile::tests::hard_concat_can_not_delegate_variable_end ... ok
[INFO] [stdout] test compile::tests::easy_concat_can_delegate_end ... ok
[INFO] [stdout] test compile::tests::look_around_pattern_can_be_delegated ... ok
[INFO] [stdout] test compile::tests::hard_concat_can_delegate_const_size_end ... ok
[INFO] [stdout] test parse::tests::alt ... ok
[INFO] [stdout] test analyze::tests::case_folding_safe ... ok
[INFO] [stdout] test parse::tests::any ... ok
[INFO] [stdout] test parse::tests::backref ... ok
[INFO] [stdout] test parse::tests::atomic_group ... ok
[INFO] [stdout] test parse::tests::comments ... ok
[INFO] [stdout] test parse::tests::concat ... ok
[INFO] [stdout] test parse::tests::delegate_named_group ... ok
[INFO] [stdout] test parse::tests::delegate_zero ... ok
[INFO] [stdout] test parse::tests::empty ... ok
[INFO] [stdout] test parse::tests::end_text ... ok
[INFO] [stdout] test parse::tests::flag_multiline ... ok
[INFO] [stdout] test parse::tests::flag_state ... ok
[INFO] [stdout] test parse::tests::flag_swap_greed ... ok
[INFO] [stdout] test parse::tests::fuzz_1 ... ok
[INFO] [stdout] test parse::tests::fuzz_2 ... ok
[INFO] [stdout] test parse::tests::group ... ok
[INFO] [stdout] test parse::tests::group_repeat ... ok
[INFO] [stdout] test parse::tests::hex_escape ... ok
[INFO] [stdout] test parse::tests::invalid_backref ... ok
[INFO] [stdout] test parse::tests::ignore_whitespace ... ok
[INFO] [stdout] test parse::tests::invalid_escape ... ok
[INFO] [stdout] test parse::tests::invalid_flags ... ok
[INFO] [stdout] test parse::tests::invalid_group_name ... ok
[INFO] [stdout] test parse::tests::invalid_group_name_backref ... ok
[INFO] [stdout] test parse::tests::invalid_repeat ... ok
[INFO] [stdout] test parse::tests::lifetime ... ok
[INFO] [stdout] test parse::tests::literal ... ok
[INFO] [stdout] test parse::tests::literal_escape ... ok
[INFO] [stdout] test parse::tests::literal_special ... ok
[INFO] [stdout] test parse::tests::literal_unescaped_opening_curly ... ok
[INFO] [stdout] test parse::tests::lookaround ... ok
[INFO] [stdout] test parse::tests::named_backref ... ok
[INFO] [stdout] test parse::tests::named_backref_only ... ok
[INFO] [stdout] test parse::tests::no_quantifiers_on_lookarounds ... ok
[INFO] [stdout] test parse::tests::parse_id_test ... ok
[INFO] [stdout] test parse::tests::possessive ... ok
[INFO] [stdout] test parse::tests::repeat ... ok
[INFO] [stdout] test parse::tests::shy_group ... ok
[INFO] [stdout] test parse::tests::start_text ... ok
[INFO] [stdout] test parse::tests::unknown_flag ... ok
[INFO] [stdout] test tests::as_str_debug ... ok
[INFO] [stdout] test tests::display ... ok
[INFO] [stdout] test tests::escape ... ok
[INFO] [stdout] test tests::from_str ... ok
[INFO] [stdout] test tests::to_str_concat_alt ... ok
[INFO] [stdout] test tests::to_str_group_alt ... ok
[INFO] [stdout] test tests::to_str_rep_concat ... ok
[INFO] [stdout] test tests::to_str_repeat ... ok
[INFO] [stdout] test vm::tests::state_backtrack_cut_complex ... ok
[INFO] [stdout] test vm::tests::state_backtrack_cut_simple ... ok
[INFO] [stdout] test vm::tests::state_explicit_stack ... ok
[INFO] [stdout] test vm::tests::state_push_pop ... ok
[INFO] [stdout] test vm::tests::state_save_override ... ok
[INFO] [stdout] test vm::tests::state_save_override_twice ... ok
[INFO] [stdout] test vm::tests::state_save_quickcheck ... ok
[INFO] [stdout] 
[INFO] [stdout] test result: ok. 66 passed; 0 failed; 0 ignored; 0 measured; 0 filtered out; finished in 0.04s
[INFO] [stdout] 
[INFO] [stderr]      Running tests/captures.rs (/opt/rustwide/target/debug/deps/captures-608e17e17dd40526)
[INFO] [stdout] 
[INFO] [stdout] running 12 tests
[INFO] [stdout] test capture_names ... ok
[INFO] [stdout] test expander_escape ... ok
[INFO] [stdout] test expand ... ok
[INFO] [stdout] test expander_errors ... ok
[INFO] [stdout] test captures_iter_attributes ... ok
[INFO] [stdout] test captures_iter ... ok
[INFO] [stdout] test captures_from_pos ... ok
[INFO] [stdout] test captures_fancy ... ok
[INFO] [stdout] test captures_fancy_named ... ok
[INFO] [stdout] test captures_from_pos_looking_left ... ok
[INFO] [stdout] test captures_after_lookbehind ... ok
[INFO] [stdout] test captures_fancy_unmatched_group ... ok
[INFO] [stdout] 
[INFO] [stdout] test result: ok. 12 passed; 0 failed; 0 ignored; 0 measured; 0 filtered out; finished in 0.03s
[INFO] [stdout] 
[INFO] [stderr]      Running tests/finding.rs (/opt/rustwide/target/debug/deps/finding-3c727ae5a9ba58ad)
[INFO] [stdout] 
[INFO] [stdout] running 22 tests
[INFO] [stdout] test backref_for_unmatched_group ... ok
[INFO] [stdout] test backref_with_multibyte ... ok
[INFO] [stdout] test empty_repeat_non_greedy ... ok
[INFO] [stdout] test any_match_unicode_scalar_value ... ok
[INFO] [stdout] test find_fancy_case_insensitive ... ok
[INFO] [stdout] test find_iter_attributes ... ok
[INFO] [stdout] test find_iter_overlapping_lookahead ... ok
[INFO] [stdout] test incomplete_escape_sequences ... ok
[INFO] [stdout] test find_iter ... ok
[INFO] [stdout] test lookahead_grouping_single_expression ... ok
[INFO] [stdout] test delegates_match_unicode_scalar_value ... ok
[INFO] [stdout] test lookbehind_variable_sized_alt ... ok
[INFO] [stdout] test find_iter_zero_length_longer_codepoint ... ok
[INFO] [stdout] test lookahead_grouping_multiple_expressions ... ok
[INFO] [stdout] test lookbehind_grouping_single_expression ... ok
[INFO] [stdout] test find_iter_zero_length ... ok
[INFO] [stdout] test lookahead_looks_left ... ok
[INFO] [stdout] test negative_lookbehind_variable_sized_alt ... ok
[INFO] [stdout] test repeat_non_greedy ... ok
[INFO] [stdout] test negative_lookahead_fail ... ok
[INFO] [stdout] test find_wrap ... ok
[INFO] [stdout] test match_api ... ok
[INFO] [stdout] 
[INFO] [stdout] test result: ok. 22 passed; 0 failed; 0 ignored; 0 measured; 0 filtered out; finished in 0.04s
[INFO] [stdout] 
[INFO] [stderr]      Running tests/matching.rs (/opt/rustwide/target/debug/deps/matching-58b49962acb50583)
[INFO] [stdout] 
[INFO] [stdout] running 10 tests
[INFO] [stdout] test end_of_hard_expression_cannot_be_delegated ... ok
[INFO] [stdout] test character_class_nested ... ok
[INFO] [stdout] test case_insensitive_character_class ... ok
[INFO] [stdout] test alternation_with_empty_arm ... ok
[INFO] [stdout] test control_character_escapes ... ok
[INFO] [stdout] test case_insensitive_escape ... ok
[INFO] [stdout] test atomic_group ... ok
[INFO] [stdout] test character_class_intersection ... ok
[INFO] [stdout] test character_class_escapes ... ok
[INFO] [stderr]      Running tests/oniguruma.rs (/opt/rustwide/target/debug/deps/oniguruma-09d965db669d50c1)
[INFO] [stdout] test backtrack_limit ... ok
[INFO] [stdout] 
[INFO] [stdout] test result: ok. 10 passed; 0 failed; 0 ignored; 0 measured; 0 filtered out; finished in 0.27s
[INFO] [stdout] 
[INFO] [stdout] 
[INFO] [stdout] running 1 test
[INFO] [stdout] test oniguruma ... ok
[INFO] [stdout] 
[INFO] [stdout] test result: ok. 1 passed; 0 failed; 0 ignored; 0 measured; 0 filtered out; finished in 3.06s
[INFO] [stdout] 
[INFO] [stderr]      Running tests/replace.rs (/opt/rustwide/target/debug/deps/replace-f475e001d4dbf966)
[INFO] [stdout] 
[INFO] [stdout] running 7 tests
[INFO] [stdout] test replace_one ... ok
[INFO] [stdout] test replacen ... ok
[INFO] [stdout] test replace_all ... ok
[INFO] [stdout] test replacer_string ... ok
[INFO] [stdout] test replacer_cow ... ok
[INFO] [stdout] test replacer_noexpand ... ok
[INFO] [stderr]    Doc-tests fancy-regex
[INFO] [stdout] test replacer_callback ... ok
[INFO] [stdout] 
[INFO] [stdout] test result: ok. 7 passed; 0 failed; 0 ignored; 0 measured; 0 filtered out; finished in 0.03s
[INFO] [stdout] 
[INFO] [stdout] 
[INFO] [stdout] running 19 tests
[INFO] [stdout] test src/replacer.rs - replacer::Replacer::by_ref (line 39) ... ok
[INFO] [stdout] test src/lib.rs - Regex::replace (line 821) ... FAILED
[INFO] [stdout] test src/lib.rs - Regex::replace (line 836) ... FAILED
[INFO] [stdout] test src/lib.rs - Regex::replace (line 807) ... FAILED
[INFO] [stdout] test src/lib.rs - Regex::replace (line 796) ... FAILED
[INFO] [stdout] test src/lib.rs - Regex::find_iter (line 554) ... FAILED
[INFO] [stdout] test src/lib.rs - Regex::replace (line 851) ... FAILED
[INFO] [stdout] test src/lib.rs - Regex::captures_iter (line 628) ... FAILED
[INFO] [stdout] test src/lib.rs - Regex::captures_from_pos (line 682) ... FAILED
[INFO] [stdout] test src/lib.rs - (line 77) ... FAILED
[INFO] [stdout] test src/lib.rs - Regex::captures_from_pos (line 698) ... FAILED
[INFO] [stdout] test src/expand.rs - expand::Expander::escape (line 100) ... ok
[INFO] [stdout] test src/lib.rs - Regex::is_match (line 527) ... ok
[INFO] [stdout] test src/lib.rs - Regex::find (line 582) ... ok
[INFO] [stdout] test src/lib.rs - (line 132) ... ok
[INFO] [stdout] test src/lib.rs - Regex::captures (line 659) ... ok
[INFO] [stdout] test src/lib.rs - (line 58) ... ok
[INFO] [stdout] test src/lib.rs - (line 42) ... ok
[INFO] [stdout] test src/lib.rs - Regex::find_from_pos (line 598) ... ok
[INFO] [stdout] 
[INFO] [stdout] failures:
[INFO] [stdout] 
[INFO] [stdout] ---- src/lib.rs - Regex::replace (line 821) stdout ----
[INFO] [stdout] Couldn't compile the test.
[INFO] [stdout] ---- src/lib.rs - Regex::replace (line 836) stdout ----
[INFO] [stdout] Couldn't compile the test.
[INFO] [stdout] ---- src/lib.rs - Regex::replace (line 807) stdout ----
[INFO] [stdout] Couldn't compile the test.
[INFO] [stdout] ---- src/lib.rs - Regex::replace (line 796) stdout ----
[INFO] [stdout] Couldn't compile the test.
[INFO] [stdout] ---- src/lib.rs - Regex::find_iter (line 554) stdout ----
[INFO] [stdout] Couldn't compile the test.
[INFO] [stdout] ---- src/lib.rs - Regex::replace (line 851) stdout ----
[INFO] [stdout] Couldn't compile the test.
[INFO] [stdout] ---- src/lib.rs - Regex::captures_iter (line 628) stdout ----
[INFO] [stdout] Couldn't compile the test.
[INFO] [stdout] ---- src/lib.rs - Regex::captures_from_pos (line 682) stdout ----
[INFO] [stdout] Couldn't compile the test.
[INFO] [stdout] ---- src/lib.rs - (line 77) stdout ----
[INFO] [stdout] Couldn't compile the test.
[INFO] [stdout] ---- src/lib.rs - Regex::captures_from_pos (line 698) stdout ----
[INFO] [stdout] Couldn't compile the test.
[INFO] [stdout] 
[INFO] [stdout] failures:
[INFO] [stdout]     src/lib.rs - (line 77)
[INFO] [stdout]     src/lib.rs - Regex::captures_from_pos (line 682)
[INFO] [stdout]     src/lib.rs - Regex::captures_from_pos (line 698)
[INFO] [stdout]     src/lib.rs - Regex::captures_iter (line 628)
[INFO] [stdout]     src/lib.rs - Regex::find_iter (line 554)
[INFO] [stdout]     src/lib.rs - Regex::replace (line 796)
[INFO] [stdout]     src/lib.rs - Regex::replace (line 807)
[INFO] [stdout]     src/lib.rs - Regex::replace (line 821)
[INFO] [stdout]     src/lib.rs - Regex::replace (line 836)
[INFO] [stdout]     src/lib.rs - Regex::replace (line 851)
[INFO] [stdout] 
[INFO] [stdout] test result: FAILED. 9 passed; 10 failed; 0 ignored; 0 measured; 0 filtered out; finished in 7.83s
[INFO] [stdout] 
[INFO] [stderr] error: test failed, to rerun pass '--doc'
[INFO] running `Command { std: "docker" "inspect" "b2d2365000645c75fadc93a570e6ee4ee8f15f9501faa1d92b90600fb945646a", kill_on_drop: false }`
[INFO] running `Command { std: "docker" "rm" "-f" "b2d2365000645c75fadc93a570e6ee4ee8f15f9501faa1d92b90600fb945646a", kill_on_drop: false }`
[INFO] [stdout] b2d2365000645c75fadc93a570e6ee4ee8f15f9501faa1d92b90600fb945646a
