[INFO] fetching crate faker_rand 0.1.1...
[INFO] testing faker_rand-0.1.1 against 1.54.0 for beta-1.55-1
[INFO] extracting crate faker_rand 0.1.1 into /workspace/builds/worker-55/source
[INFO] validating manifest of crates.io crate faker_rand 0.1.1 on toolchain 1.54.0
[INFO] running `Command { std: "/workspace/cargo-home/bin/cargo" "+1.54.0" "metadata" "--manifest-path" "Cargo.toml" "--no-deps", kill_on_drop: false }`
[INFO] started tweaking crates.io crate faker_rand 0.1.1
[INFO] finished tweaking crates.io crate faker_rand 0.1.1
[INFO] tweaked toml for crates.io crate faker_rand 0.1.1 written to /workspace/builds/worker-55/source/Cargo.toml
[INFO] running `Command { std: "/workspace/cargo-home/bin/cargo" "+1.54.0" "generate-lockfile" "--manifest-path" "Cargo.toml" "-Zno-index-update", kill_on_drop: false }`
[INFO] running `Command { std: "/workspace/cargo-home/bin/cargo" "+1.54.0" "fetch" "--manifest-path" "Cargo.toml", kill_on_drop: false }`
[INFO] [stderr]     Blocking waiting for file lock on package cache
[INFO] running `Command { std: "docker" "create" "-v" "/var/lib/crater-agent-workspace/builds/worker-55/target:/opt/rustwide/target:rw,Z" "-v" "/var/lib/crater-agent-workspace/builds/worker-55/source:/opt/rustwide/workdir:ro,Z" "-v" "/var/lib/crater-agent-workspace/cargo-home:/opt/rustwide/cargo-home:ro,Z" "-v" "/var/lib/crater-agent-workspace/rustup-home:/opt/rustwide/rustup-home:ro,Z" "-e" "SOURCE_DIR=/opt/rustwide/workdir" "-e" "CARGO_TARGET_DIR=/opt/rustwide/target" "-e" "CARGO_HOME=/opt/rustwide/cargo-home" "-e" "RUSTUP_HOME=/opt/rustwide/rustup-home" "-w" "/opt/rustwide/workdir" "-m" "1610612736" "--user" "0:0" "--network" "none" "ghcr.io/rust-lang/crates-build-env/linux@sha256:34b6a614d2c27851fe6cbf88fbd1137609cefab8b10d0615aaeb6fd47975d74e" "/opt/rustwide/cargo-home/bin/cargo" "+1.54.0" "metadata" "--no-deps" "--format-version=1", kill_on_drop: false }`
[INFO] [stdout] d899e6293a6730554faa701b66148f1e1f4ac372feb96dbbc1b6e1f38e227afd
[INFO] running `Command { std: "docker" "start" "-a" "d899e6293a6730554faa701b66148f1e1f4ac372feb96dbbc1b6e1f38e227afd", kill_on_drop: false }`
[INFO] running `Command { std: "docker" "inspect" "d899e6293a6730554faa701b66148f1e1f4ac372feb96dbbc1b6e1f38e227afd", kill_on_drop: false }`
[INFO] running `Command { std: "docker" "rm" "-f" "d899e6293a6730554faa701b66148f1e1f4ac372feb96dbbc1b6e1f38e227afd", kill_on_drop: false }`
[INFO] [stdout] d899e6293a6730554faa701b66148f1e1f4ac372feb96dbbc1b6e1f38e227afd
[INFO] running `Command { std: "docker" "create" "-v" "/var/lib/crater-agent-workspace/builds/worker-55/target:/opt/rustwide/target:rw,Z" "-v" "/var/lib/crater-agent-workspace/builds/worker-55/source:/opt/rustwide/workdir:ro,Z" "-v" "/var/lib/crater-agent-workspace/cargo-home:/opt/rustwide/cargo-home:ro,Z" "-v" "/var/lib/crater-agent-workspace/rustup-home:/opt/rustwide/rustup-home:ro,Z" "-e" "SOURCE_DIR=/opt/rustwide/workdir" "-e" "CARGO_TARGET_DIR=/opt/rustwide/target" "-e" "CARGO_INCREMENTAL=0" "-e" "RUST_BACKTRACE=full" "-e" "RUSTFLAGS=--cap-lints=warn" "-e" "CARGO_HOME=/opt/rustwide/cargo-home" "-e" "RUSTUP_HOME=/opt/rustwide/rustup-home" "-w" "/opt/rustwide/workdir" "-m" "1610612736" "--user" "0:0" "--network" "none" "ghcr.io/rust-lang/crates-build-env/linux@sha256:34b6a614d2c27851fe6cbf88fbd1137609cefab8b10d0615aaeb6fd47975d74e" "/opt/rustwide/cargo-home/bin/cargo" "+1.54.0" "build" "--frozen" "--message-format=json", kill_on_drop: false }`
[INFO] [stdout] 4b713fc757eab64ac883276bb04358b5815237376128a5a966f8c90f3bfc98ed
[INFO] running `Command { std: "docker" "start" "-a" "4b713fc757eab64ac883276bb04358b5815237376128a5a966f8c90f3bfc98ed", kill_on_drop: false }`
[INFO] [stderr]    Compiling libc v0.2.98
[INFO] [stderr]    Compiling ppv-lite86 v0.2.10
[INFO] [stderr]    Compiling deunicode v1.3.1
[INFO] [stderr]    Compiling lazy_static v1.4.0
[INFO] [stderr]    Compiling getrandom v0.2.3
[INFO] [stderr]    Compiling rand_core v0.6.3
[INFO] [stderr]    Compiling rand_chacha v0.3.1
[INFO] [stderr]    Compiling rand v0.8.4
[INFO] [stderr]    Compiling faker_rand v0.1.1 (/opt/rustwide/workdir)
[INFO] [stderr]     Finished dev [unoptimized + debuginfo] target(s) in 6.71s
[INFO] running `Command { std: "docker" "inspect" "4b713fc757eab64ac883276bb04358b5815237376128a5a966f8c90f3bfc98ed", kill_on_drop: false }`
[INFO] running `Command { std: "docker" "rm" "-f" "4b713fc757eab64ac883276bb04358b5815237376128a5a966f8c90f3bfc98ed", kill_on_drop: false }`
[INFO] [stdout] 4b713fc757eab64ac883276bb04358b5815237376128a5a966f8c90f3bfc98ed
[INFO] running `Command { std: "docker" "create" "-v" "/var/lib/crater-agent-workspace/builds/worker-55/target:/opt/rustwide/target:rw,Z" "-v" "/var/lib/crater-agent-workspace/builds/worker-55/source:/opt/rustwide/workdir:ro,Z" "-v" "/var/lib/crater-agent-workspace/cargo-home:/opt/rustwide/cargo-home:ro,Z" "-v" "/var/lib/crater-agent-workspace/rustup-home:/opt/rustwide/rustup-home:ro,Z" "-e" "SOURCE_DIR=/opt/rustwide/workdir" "-e" "CARGO_TARGET_DIR=/opt/rustwide/target" "-e" "CARGO_INCREMENTAL=0" "-e" "RUST_BACKTRACE=full" "-e" "RUSTFLAGS=--cap-lints=warn" "-e" "CARGO_HOME=/opt/rustwide/cargo-home" "-e" "RUSTUP_HOME=/opt/rustwide/rustup-home" "-w" "/opt/rustwide/workdir" "-m" "1610612736" "--user" "0:0" "--network" "none" "ghcr.io/rust-lang/crates-build-env/linux@sha256:34b6a614d2c27851fe6cbf88fbd1137609cefab8b10d0615aaeb6fd47975d74e" "/opt/rustwide/cargo-home/bin/cargo" "+1.54.0" "test" "--frozen" "--no-run" "--message-format=json", kill_on_drop: false }`
[INFO] [stdout] f69605fdb984511dbea05f5e94eb6b4a1bfdda6f8353f285f75c7eb2c36d8e30
[INFO] running `Command { std: "docker" "start" "-a" "f69605fdb984511dbea05f5e94eb6b4a1bfdda6f8353f285f75c7eb2c36d8e30", kill_on_drop: false }`
[INFO] [stderr]     Blocking waiting for file lock on package cache
[INFO] [stderr]    Compiling faker_rand v0.1.1 (/opt/rustwide/workdir)
[INFO] [stderr]     Finished test [unoptimized + debuginfo] target(s) in 1.43s
[INFO] running `Command { std: "docker" "inspect" "f69605fdb984511dbea05f5e94eb6b4a1bfdda6f8353f285f75c7eb2c36d8e30", kill_on_drop: false }`
[INFO] running `Command { std: "docker" "rm" "-f" "f69605fdb984511dbea05f5e94eb6b4a1bfdda6f8353f285f75c7eb2c36d8e30", kill_on_drop: false }`
[INFO] [stdout] f69605fdb984511dbea05f5e94eb6b4a1bfdda6f8353f285f75c7eb2c36d8e30
[INFO] running `Command { std: "docker" "create" "-v" "/var/lib/crater-agent-workspace/builds/worker-55/target:/opt/rustwide/target:rw,Z" "-v" "/var/lib/crater-agent-workspace/builds/worker-55/source:/opt/rustwide/workdir:ro,Z" "-v" "/var/lib/crater-agent-workspace/cargo-home:/opt/rustwide/cargo-home:ro,Z" "-v" "/var/lib/crater-agent-workspace/rustup-home:/opt/rustwide/rustup-home:ro,Z" "-e" "SOURCE_DIR=/opt/rustwide/workdir" "-e" "CARGO_TARGET_DIR=/opt/rustwide/target" "-e" "CARGO_INCREMENTAL=0" "-e" "RUST_BACKTRACE=full" "-e" "RUSTFLAGS=--cap-lints=warn" "-e" "CARGO_HOME=/opt/rustwide/cargo-home" "-e" "RUSTUP_HOME=/opt/rustwide/rustup-home" "-w" "/opt/rustwide/workdir" "-m" "1610612736" "--user" "0:0" "--network" "none" "ghcr.io/rust-lang/crates-build-env/linux@sha256:34b6a614d2c27851fe6cbf88fbd1137609cefab8b10d0615aaeb6fd47975d74e" "/opt/rustwide/cargo-home/bin/cargo" "+1.54.0" "test" "--frozen", kill_on_drop: false }`
[INFO] [stdout] 78f0960edf69e005d571d71463c8b3ac730143911827acdc078eebd7784f193a
[INFO] running `Command { std: "docker" "start" "-a" "78f0960edf69e005d571d71463c8b3ac730143911827acdc078eebd7784f193a", kill_on_drop: false }`
[INFO] [stderr]     Finished test [unoptimized + debuginfo] target(s) in 0.01s
[INFO] [stderr]      Running unittests (/opt/rustwide/target/debug/deps/faker_rand-642d358e2bc8bac9)
[INFO] [stdout] 
[INFO] [stdout] running 0 tests
[INFO] [stdout] 
[INFO] [stdout] test result: ok. 0 passed; 0 failed; 0 ignored; 0 measured; 0 filtered out; finished in 0.00s
[INFO] [stdout] 
[INFO] [stderr]    Doc-tests faker_rand
[INFO] [stdout] 
[INFO] [stdout] running 48 tests
[INFO] [stdout] test src/lib.rs - fr_fr::phones::PhoneNumber (line 1172) ... FAILED
[INFO] [stdout] test src/lib.rs - en_us::addresses::Address (line 718) ... FAILED
[INFO] [stdout] test src/lib.rs - lorem::Paragraphs (line 479) ... FAILED
[INFO] [stdout] test src/lib.rs - fr_fr::addresses::Address (line 1056) ... FAILED
[INFO] [stdout] test src/lib.rs - lorem::Paragraph (line 458) ... FAILED
[INFO] [stdout] test src/lib.rs - (line 119) ... FAILED
[INFO] [stdout] test src/lib.rs - en_us::names::FullName (line 554) ... FAILED
[INFO] [stdout] test src/lib.rs - en_us::internet::Email (line 840) ... FAILED
[INFO] [stdout] test src/lib.rs - en_us::addresses::CityName (line 586) ... FAILED
[INFO] [stdout] test src/lib.rs - faker_impl_from_templates (line 246) ... FAILED
[INFO] [stdout] test src/lib.rs - en_us::addresses::StreetAddress (line 634) ... FAILED
[INFO] [stdout] test src/lib.rs - fr_fr::internet::Username (line 1132) ... FAILED
[INFO] [stdout] test src/lib.rs - fr_fr::names::FullName (line 920) ... FAILED
[INFO] [stdout] test src/lib.rs - faker_impl_from_file (line 185) ... FAILED
[INFO] [stdout] test src/lib.rs - fr_fr::addresses::StreetAddress (line 987) ... FAILED
[INFO] [stdout] test src/lib.rs - en_us::internet::Domain (line 805) ... FAILED
[INFO] [stdout] test src/lib.rs - fr_fr::addresses::StreetName (line 962) ... FAILED
[INFO] [stdout] test src/lib.rs - en_us::internet::Username (line 821) ... FAILED
[INFO] [stdout] test src/lib.rs - en_us::addresses::StreetName (line 608) ... FAILED
[INFO] [stdout] test src/lib.rs - fr_fr::internet::Email (line 1151) ... FAILED
[INFO] [stdout] test src/lib.rs - fr_fr::addresses::SecondaryAddress (line 1003) ... FAILED
[INFO] [stdout] test src/lib.rs - fr_fr::company::CompanyName (line 1084) ... FAILED
[INFO] [stdout] test src/lib.rs - fr_fr::internet::Domain (line 1116) ... FAILED
[INFO] [stdout] test src/lib.rs - fr_fr::addresses::PostalCode (line 1040) ... FAILED
[INFO] [stdout] test src/lib.rs - lorem::Sentence (line 435) ... FAILED
[INFO] [stdout] test src/lib.rs - en_us::addresses::PostalCode (line 701) ... FAILED
[INFO] [stdout] test src/lib.rs - en_us::addresses::SecondaryAddress (line 650) ... FAILED
[INFO] [stdout] test src/lib.rs - en_us::company::Slogan (line 773) ... FAILED
[INFO] [stdout] test src/lib.rs - en_us::phones::PhoneNumber (line 861) ... FAILED
[INFO] [stdout] test src/lib.rs - en_us::company::CompanyName (line 746) ... FAILED
[INFO] [stdout] test src/lib.rs - util::ToAsciiLowercase (line 339) ... FAILED
[INFO] [stdout] test src/lib.rs - util::CapitalizeFirstLetter (line 374) ... FAILED
[INFO] [stdout] test src/lib.rs - util::AsciiDigit (line 306) ... FAILED
[INFO] [stdout] test src/lib.rs - (line 35) ... FAILED
[INFO] [stdout] test src/lib.rs - en_us::names::NameSuffix (line 542) ... FAILED
[INFO] [stdout] test src/lib.rs - en_us::addresses::DivisionAbbreviation (line 689) ... FAILED
[INFO] [stdout] test src/lib.rs - en_us::names::NamePrefix (line 530) ... FAILED
[INFO] [stdout] test src/lib.rs - util::AsciiLowercase (line 318) ... FAILED
[INFO] [stdout] test src/lib.rs - en_us::names::LastName (line 518) ... FAILED
[INFO] [stdout] test src/lib.rs - fr_fr::addresses::Division (line 1025) ... FAILED
[INFO] [stdout] test src/lib.rs - lorem::Word (line 416) ... FAILED
[INFO] [stdout] test src/lib.rs - fr_fr::names::NamePrefix (line 908) ... FAILED
[INFO] [stdout] test src/lib.rs - fr_fr::names::LastName (line 896) ... FAILED
[INFO] [stdout] test src/lib.rs - fr_fr::addresses::CityName (line 944) ... ok
[INFO] [stdout] test src/lib.rs - (line 18) ... ok
[INFO] [stdout] test src/lib.rs - fr_fr::names::FirstName (line 884) ... ok
[INFO] [stdout] test src/lib.rs - en_us::addresses::Division (line 673) ... ok
[INFO] [stdout] test src/lib.rs - en_us::names::FirstName (line 506) ... ok
[INFO] [stdout] 
[INFO] [stdout] failures:
[INFO] [stdout] 
[INFO] [stdout] ---- src/lib.rs - fr_fr::phones::PhoneNumber (line 1172) stdout ----
[INFO] [stdout] Couldn't compile the test.
[INFO] [stdout] ---- src/lib.rs - en_us::addresses::Address (line 718) stdout ----
[INFO] [stdout] Couldn't compile the test.
[INFO] [stdout] ---- src/lib.rs - lorem::Paragraphs (line 479) stdout ----
[INFO] [stdout] Couldn't compile the test.
[INFO] [stdout] ---- src/lib.rs - fr_fr::addresses::Address (line 1056) stdout ----
[INFO] [stdout] Couldn't compile the test.
[INFO] [stdout] ---- src/lib.rs - lorem::Paragraph (line 458) stdout ----
[INFO] [stdout] Couldn't compile the test.
[INFO] [stdout] ---- src/lib.rs - (line 119) stdout ----
[INFO] [stdout] Couldn't compile the test.
[INFO] [stdout] ---- src/lib.rs - en_us::names::FullName (line 554) stdout ----
[INFO] [stdout] Couldn't compile the test.
[INFO] [stdout] ---- src/lib.rs - en_us::internet::Email (line 840) stdout ----
[INFO] [stdout] Couldn't compile the test.
[INFO] [stdout] ---- src/lib.rs - en_us::addresses::CityName (line 586) stdout ----
[INFO] [stdout] Couldn't compile the test.
[INFO] [stdout] ---- src/lib.rs - faker_impl_from_templates (line 246) stdout ----
[INFO] [stdout] Couldn't compile the test.
[INFO] [stdout] ---- src/lib.rs - en_us::addresses::StreetAddress (line 634) stdout ----
[INFO] [stdout] Couldn't compile the test.
[INFO] [stdout] ---- src/lib.rs - fr_fr::internet::Username (line 1132) stdout ----
[INFO] [stdout] Couldn't compile the test.
[INFO] [stdout] ---- src/lib.rs - fr_fr::names::FullName (line 920) stdout ----
[INFO] [stdout] Couldn't compile the test.
[INFO] [stdout] ---- src/lib.rs - faker_impl_from_file (line 185) stdout ----
[INFO] [stdout] Couldn't compile the test.
[INFO] [stdout] ---- src/lib.rs - fr_fr::addresses::StreetAddress (line 987) stdout ----
[INFO] [stdout] Couldn't compile the test.
[INFO] [stdout] ---- src/lib.rs - en_us::internet::Domain (line 805) stdout ----
[INFO] [stdout] Couldn't compile the test.
[INFO] [stdout] ---- src/lib.rs - fr_fr::addresses::StreetName (line 962) stdout ----
[INFO] [stdout] Couldn't compile the test.
[INFO] [stdout] ---- src/lib.rs - en_us::internet::Username (line 821) stdout ----
[INFO] [stdout] Couldn't compile the test.
[INFO] [stdout] ---- src/lib.rs - en_us::addresses::StreetName (line 608) stdout ----
[INFO] [stdout] Couldn't compile the test.
[INFO] [stdout] ---- src/lib.rs - fr_fr::internet::Email (line 1151) stdout ----
[INFO] [stdout] Couldn't compile the test.
[INFO] [stdout] ---- src/lib.rs - fr_fr::addresses::SecondaryAddress (line 1003) stdout ----
[INFO] [stdout] Couldn't compile the test.
[INFO] [stdout] ---- src/lib.rs - fr_fr::company::CompanyName (line 1084) stdout ----
[INFO] [stdout] Couldn't compile the test.
[INFO] [stdout] ---- src/lib.rs - fr_fr::internet::Domain (line 1116) stdout ----
[INFO] [stdout] Couldn't compile the test.
[INFO] [stdout] ---- src/lib.rs - fr_fr::addresses::PostalCode (line 1040) stdout ----
[INFO] [stdout] Couldn't compile the test.
[INFO] [stdout] ---- src/lib.rs - lorem::Sentence (line 435) stdout ----
[INFO] [stdout] Couldn't compile the test.
[INFO] [stdout] ---- src/lib.rs - en_us::addresses::PostalCode (line 701) stdout ----
[INFO] [stdout] Couldn't compile the test.
[INFO] [stdout] ---- src/lib.rs - en_us::addresses::SecondaryAddress (line 650) stdout ----
[INFO] [stdout] Couldn't compile the test.
[INFO] [stdout] ---- src/lib.rs - en_us::company::Slogan (line 773) stdout ----
[INFO] [stdout] Couldn't compile the test.
[INFO] [stdout] ---- src/lib.rs - en_us::phones::PhoneNumber (line 861) stdout ----
[INFO] [stdout] Couldn't compile the test.
[INFO] [stdout] ---- src/lib.rs - en_us::company::CompanyName (line 746) stdout ----
[INFO] [stdout] Couldn't compile the test.
[INFO] [stdout] ---- src/lib.rs - util::ToAsciiLowercase (line 339) stdout ----
[INFO] [stdout] Couldn't compile the test.
[INFO] [stdout] ---- src/lib.rs - util::CapitalizeFirstLetter (line 374) stdout ----
[INFO] [stdout] Couldn't compile the test.
[INFO] [stdout] ---- src/lib.rs - util::AsciiDigit (line 306) stdout ----
[INFO] [stdout] Couldn't compile the test.
[INFO] [stdout] ---- src/lib.rs - (line 35) stdout ----
[INFO] [stdout] Couldn't compile the test.
[INFO] [stdout] ---- src/lib.rs - en_us::names::NameSuffix (line 542) stdout ----
[INFO] [stdout] Couldn't compile the test.
[INFO] [stdout] ---- src/lib.rs - en_us::addresses::DivisionAbbreviation (line 689) stdout ----
[INFO] [stdout] Couldn't compile the test.
[INFO] [stdout] ---- src/lib.rs - en_us::names::NamePrefix (line 530) stdout ----
[INFO] [stdout] Couldn't compile the test.
[INFO] [stdout] ---- src/lib.rs - util::AsciiLowercase (line 318) stdout ----
[INFO] [stdout] Couldn't compile the test.
[INFO] [stdout] ---- src/lib.rs - en_us::names::LastName (line 518) stdout ----
[INFO] [stdout] Couldn't compile the test.
[INFO] [stdout] ---- src/lib.rs - fr_fr::addresses::Division (line 1025) stdout ----
[INFO] [stdout] Couldn't compile the test.
[INFO] [stdout] ---- src/lib.rs - lorem::Word (line 416) stdout ----
[INFO] [stdout] Couldn't compile the test.
[INFO] [stdout] ---- src/lib.rs - fr_fr::names::NamePrefix (line 908) stdout ----
[INFO] [stdout] Couldn't compile the test.
[INFO] [stdout] ---- src/lib.rs - fr_fr::names::LastName (line 896) stdout ----
[INFO] [stdout] Couldn't compile the test.
[INFO] [stdout] 
[INFO] [stdout] failures:
[INFO] [stdout]     src/lib.rs - (line 119)
[INFO] [stdout]     src/lib.rs - (line 35)
[INFO] [stdout]     src/lib.rs - en_us::addresses::Address (line 718)
[INFO] [stdout]     src/lib.rs - en_us::addresses::CityName (line 586)
[INFO] [stdout]     src/lib.rs - en_us::addresses::DivisionAbbreviation (line 689)
[INFO] [stdout]     src/lib.rs - en_us::addresses::PostalCode (line 701)
[INFO] [stdout]     src/lib.rs - en_us::addresses::SecondaryAddress (line 650)
[INFO] [stdout]     src/lib.rs - en_us::addresses::StreetAddress (line 634)
[INFO] [stdout]     src/lib.rs - en_us::addresses::StreetName (line 608)
[INFO] [stdout]     src/lib.rs - en_us::company::CompanyName (line 746)
[INFO] [stdout]     src/lib.rs - en_us::company::Slogan (line 773)
[INFO] [stdout]     src/lib.rs - en_us::internet::Domain (line 805)
[INFO] [stdout]     src/lib.rs - en_us::internet::Email (line 840)
[INFO] [stdout]     src/lib.rs - en_us::internet::Username (line 821)
[INFO] [stdout]     src/lib.rs - en_us::names::FullName (line 554)
[INFO] [stdout]     src/lib.rs - en_us::names::LastName (line 518)
[INFO] [stdout]     src/lib.rs - en_us::names::NamePrefix (line 530)
[INFO] [stdout]     src/lib.rs - en_us::names::NameSuffix (line 542)
[INFO] [stdout]     src/lib.rs - en_us::phones::PhoneNumber (line 861)
[INFO] [stdout]     src/lib.rs - faker_impl_from_file (line 185)
[INFO] [stdout]     src/lib.rs - faker_impl_from_templates (line 246)
[INFO] [stdout]     src/lib.rs - fr_fr::addresses::Address (line 1056)
[INFO] [stdout]     src/lib.rs - fr_fr::addresses::Division (line 1025)
[INFO] [stdout]     src/lib.rs - fr_fr::addresses::PostalCode (line 1040)
[INFO] [stdout]     src/lib.rs - fr_fr::addresses::SecondaryAddress (line 1003)
[INFO] [stdout]     src/lib.rs - fr_fr::addresses::StreetAddress (line 987)
[INFO] [stdout]     src/lib.rs - fr_fr::addresses::StreetName (line 962)
[INFO] [stdout]     src/lib.rs - fr_fr::company::CompanyName (line 1084)
[INFO] [stdout]     src/lib.rs - fr_fr::internet::Domain (line 1116)
[INFO] [stdout]     src/lib.rs - fr_fr::internet::Email (line 1151)
[INFO] [stdout]     src/lib.rs - fr_fr::internet::Username (line 1132)
[INFO] [stdout]     src/lib.rs - fr_fr::names::FullName (line 920)
[INFO] [stdout]     src/lib.rs - fr_fr::names::LastName (line 896)
[INFO] [stdout]     src/lib.rs - fr_fr::names::NamePrefix (line 908)
[INFO] [stdout]     src/lib.rs - fr_fr::phones::PhoneNumber (line 1172)
[INFO] [stdout]     src/lib.rs - lorem::Paragraph (line 458)
[INFO] [stdout]     src/lib.rs - lorem::Paragraphs (line 479)
[INFO] [stdout]     src/lib.rs - lorem::Sentence (line 435)
[INFO] [stdout]     src/lib.rs - lorem::Word (line 416)
[INFO] [stdout]     src/lib.rs - util::AsciiDigit (line 306)
[INFO] [stdout]     src/lib.rs - util::AsciiLowercase (line 318)
[INFO] [stdout]     src/lib.rs - util::CapitalizeFirstLetter (line 374)
[INFO] [stdout]     src/lib.rs - util::ToAsciiLowercase (line 339)
[INFO] [stdout] 
[INFO] [stdout] test result: FAILED. 5 passed; 43 failed; 0 ignored; 0 measured; 0 filtered out; finished in 3.18s
[INFO] [stdout] 
[INFO] [stderr] error: test failed, to rerun pass '--doc'
[INFO] running `Command { std: "docker" "inspect" "78f0960edf69e005d571d71463c8b3ac730143911827acdc078eebd7784f193a", kill_on_drop: false }`
[INFO] running `Command { std: "docker" "rm" "-f" "78f0960edf69e005d571d71463c8b3ac730143911827acdc078eebd7784f193a", kill_on_drop: false }`
[INFO] [stdout] 78f0960edf69e005d571d71463c8b3ac730143911827acdc078eebd7784f193a
