[INFO] fetching crate ezin 0.1.2...
[INFO] testing ezin-0.1.2 against beta-2021-08-01 for beta-1.55-1
[INFO] extracting crate ezin 0.1.2 into /workspace/builds/worker-86/source
[INFO] validating manifest of crates.io crate ezin 0.1.2 on toolchain beta-2021-08-01
[INFO] running `Command { std: "/workspace/cargo-home/bin/cargo" "+beta-2021-08-01" "metadata" "--manifest-path" "Cargo.toml" "--no-deps", kill_on_drop: false }`
[INFO] started tweaking crates.io crate ezin 0.1.2
[INFO] finished tweaking crates.io crate ezin 0.1.2
[INFO] tweaked toml for crates.io crate ezin 0.1.2 written to /workspace/builds/worker-86/source/Cargo.toml
[INFO] running `Command { std: "/workspace/cargo-home/bin/cargo" "+beta-2021-08-01" "generate-lockfile" "--manifest-path" "Cargo.toml" "-Zno-index-update", kill_on_drop: false }`
[INFO] [stderr]     Blocking waiting for file lock on package cache
[INFO] running `Command { std: "/workspace/cargo-home/bin/cargo" "+beta-2021-08-01" "fetch" "--manifest-path" "Cargo.toml", kill_on_drop: false }`
[INFO] [stderr]     Blocking waiting for file lock on package cache
[INFO] [stderr]     Blocking waiting for file lock on package cache
[INFO] running `Command { std: "docker" "create" "-v" "/var/lib/crater-agent-workspace/builds/worker-86/target:/opt/rustwide/target:rw,Z" "-v" "/var/lib/crater-agent-workspace/builds/worker-86/source:/opt/rustwide/workdir:ro,Z" "-v" "/var/lib/crater-agent-workspace/cargo-home:/opt/rustwide/cargo-home:ro,Z" "-v" "/var/lib/crater-agent-workspace/rustup-home:/opt/rustwide/rustup-home:ro,Z" "-e" "SOURCE_DIR=/opt/rustwide/workdir" "-e" "CARGO_TARGET_DIR=/opt/rustwide/target" "-e" "CARGO_HOME=/opt/rustwide/cargo-home" "-e" "RUSTUP_HOME=/opt/rustwide/rustup-home" "-w" "/opt/rustwide/workdir" "-m" "1610612736" "--user" "0:0" "--network" "none" "ghcr.io/rust-lang/crates-build-env/linux@sha256:34b6a614d2c27851fe6cbf88fbd1137609cefab8b10d0615aaeb6fd47975d74e" "/opt/rustwide/cargo-home/bin/cargo" "+beta-2021-08-01" "metadata" "--no-deps" "--format-version=1", kill_on_drop: false }`
[INFO] [stdout] 7aca184889491d149f0735aa285d993439887048aa5d0f9c96f84f8c37806e9c
[INFO] running `Command { std: "docker" "start" "-a" "7aca184889491d149f0735aa285d993439887048aa5d0f9c96f84f8c37806e9c", kill_on_drop: false }`
[INFO] running `Command { std: "docker" "inspect" "7aca184889491d149f0735aa285d993439887048aa5d0f9c96f84f8c37806e9c", kill_on_drop: false }`
[INFO] running `Command { std: "docker" "rm" "-f" "7aca184889491d149f0735aa285d993439887048aa5d0f9c96f84f8c37806e9c", kill_on_drop: false }`
[INFO] [stdout] 7aca184889491d149f0735aa285d993439887048aa5d0f9c96f84f8c37806e9c
[INFO] running `Command { std: "docker" "create" "-v" "/var/lib/crater-agent-workspace/builds/worker-86/target:/opt/rustwide/target:rw,Z" "-v" "/var/lib/crater-agent-workspace/builds/worker-86/source:/opt/rustwide/workdir:ro,Z" "-v" "/var/lib/crater-agent-workspace/cargo-home:/opt/rustwide/cargo-home:ro,Z" "-v" "/var/lib/crater-agent-workspace/rustup-home:/opt/rustwide/rustup-home:ro,Z" "-e" "SOURCE_DIR=/opt/rustwide/workdir" "-e" "CARGO_TARGET_DIR=/opt/rustwide/target" "-e" "CARGO_INCREMENTAL=0" "-e" "RUST_BACKTRACE=full" "-e" "RUSTFLAGS=--cap-lints=warn" "-e" "CARGO_HOME=/opt/rustwide/cargo-home" "-e" "RUSTUP_HOME=/opt/rustwide/rustup-home" "-w" "/opt/rustwide/workdir" "-m" "1610612736" "--user" "0:0" "--network" "none" "ghcr.io/rust-lang/crates-build-env/linux@sha256:34b6a614d2c27851fe6cbf88fbd1137609cefab8b10d0615aaeb6fd47975d74e" "/opt/rustwide/cargo-home/bin/cargo" "+beta-2021-08-01" "build" "--frozen" "--message-format=json", kill_on_drop: false }`
[INFO] [stdout] 61f11495a4b3716575e5d5778a7d3989d0462d028b6298f93a836eaca0a2215f
[INFO] running `Command { std: "docker" "start" "-a" "61f11495a4b3716575e5d5778a7d3989d0462d028b6298f93a836eaca0a2215f", kill_on_drop: false }`
[INFO] [stderr]    Compiling ezin v0.1.2 (/opt/rustwide/workdir)
[INFO] [stderr]     Finished dev [unoptimized + debuginfo] target(s) in 0.22s
[INFO] running `Command { std: "docker" "inspect" "61f11495a4b3716575e5d5778a7d3989d0462d028b6298f93a836eaca0a2215f", kill_on_drop: false }`
[INFO] running `Command { std: "docker" "rm" "-f" "61f11495a4b3716575e5d5778a7d3989d0462d028b6298f93a836eaca0a2215f", kill_on_drop: false }`
[INFO] [stdout] 61f11495a4b3716575e5d5778a7d3989d0462d028b6298f93a836eaca0a2215f
[INFO] running `Command { std: "docker" "create" "-v" "/var/lib/crater-agent-workspace/builds/worker-86/target:/opt/rustwide/target:rw,Z" "-v" "/var/lib/crater-agent-workspace/builds/worker-86/source:/opt/rustwide/workdir:ro,Z" "-v" "/var/lib/crater-agent-workspace/cargo-home:/opt/rustwide/cargo-home:ro,Z" "-v" "/var/lib/crater-agent-workspace/rustup-home:/opt/rustwide/rustup-home:ro,Z" "-e" "SOURCE_DIR=/opt/rustwide/workdir" "-e" "CARGO_TARGET_DIR=/opt/rustwide/target" "-e" "CARGO_INCREMENTAL=0" "-e" "RUST_BACKTRACE=full" "-e" "RUSTFLAGS=--cap-lints=warn" "-e" "CARGO_HOME=/opt/rustwide/cargo-home" "-e" "RUSTUP_HOME=/opt/rustwide/rustup-home" "-w" "/opt/rustwide/workdir" "-m" "1610612736" "--user" "0:0" "--network" "none" "ghcr.io/rust-lang/crates-build-env/linux@sha256:34b6a614d2c27851fe6cbf88fbd1137609cefab8b10d0615aaeb6fd47975d74e" "/opt/rustwide/cargo-home/bin/cargo" "+beta-2021-08-01" "test" "--frozen" "--no-run" "--message-format=json", kill_on_drop: false }`
[INFO] [stdout] 4149f2359c72914feee649b50050c38ae81e5dd0c8141f91f5ef88f7ff22745b
[INFO] running `Command { std: "docker" "start" "-a" "4149f2359c72914feee649b50050c38ae81e5dd0c8141f91f5ef88f7ff22745b", kill_on_drop: false }`
[INFO] [stderr]     Blocking waiting for file lock on package cache
[INFO] [stderr]    Compiling ezin v0.1.2 (/opt/rustwide/workdir)
[INFO] [stderr]     Finished test [unoptimized + debuginfo] target(s) in 0.58s
[INFO] running `Command { std: "docker" "inspect" "4149f2359c72914feee649b50050c38ae81e5dd0c8141f91f5ef88f7ff22745b", kill_on_drop: false }`
[INFO] running `Command { std: "docker" "rm" "-f" "4149f2359c72914feee649b50050c38ae81e5dd0c8141f91f5ef88f7ff22745b", kill_on_drop: false }`
[INFO] [stdout] 4149f2359c72914feee649b50050c38ae81e5dd0c8141f91f5ef88f7ff22745b
[INFO] running `Command { std: "docker" "create" "-v" "/var/lib/crater-agent-workspace/builds/worker-86/target:/opt/rustwide/target:rw,Z" "-v" "/var/lib/crater-agent-workspace/builds/worker-86/source:/opt/rustwide/workdir:ro,Z" "-v" "/var/lib/crater-agent-workspace/cargo-home:/opt/rustwide/cargo-home:ro,Z" "-v" "/var/lib/crater-agent-workspace/rustup-home:/opt/rustwide/rustup-home:ro,Z" "-e" "SOURCE_DIR=/opt/rustwide/workdir" "-e" "CARGO_TARGET_DIR=/opt/rustwide/target" "-e" "CARGO_INCREMENTAL=0" "-e" "RUST_BACKTRACE=full" "-e" "RUSTFLAGS=--cap-lints=warn" "-e" "CARGO_HOME=/opt/rustwide/cargo-home" "-e" "RUSTUP_HOME=/opt/rustwide/rustup-home" "-w" "/opt/rustwide/workdir" "-m" "1610612736" "--user" "0:0" "--network" "none" "ghcr.io/rust-lang/crates-build-env/linux@sha256:34b6a614d2c27851fe6cbf88fbd1137609cefab8b10d0615aaeb6fd47975d74e" "/opt/rustwide/cargo-home/bin/cargo" "+beta-2021-08-01" "test" "--frozen", kill_on_drop: false }`
[INFO] [stdout] b6ca0736e04ce79b796b217e23fe56e352ba30d81b4f2b81a0252ec49d126c10
[INFO] running `Command { std: "docker" "start" "-a" "b6ca0736e04ce79b796b217e23fe56e352ba30d81b4f2b81a0252ec49d126c10", kill_on_drop: false }`
[INFO] [stderr]     Finished test [unoptimized + debuginfo] target(s) in 0.06s
[INFO] [stderr]      Running unittests (/opt/rustwide/target/debug/deps/ezin-df9161e451c8792c)
[INFO] [stdout] 
[INFO] [stderr]    Doc-tests ezin
[INFO] [stdout] running 0 tests
[INFO] [stdout] 
[INFO] [stdout] test result: ok. 0 passed; 0 failed; 0 ignored; 0 measured; 0 filtered out; finished in 0.00s
[INFO] [stdout] 
[INFO] [stdout] 
[INFO] [stdout] running 3 tests
[INFO] [stdout] test src/lib.rs - get_array (line 7) ... FAILED
[INFO] [stdout] test src/lib.rs - get_string (line 58) ... ok
[INFO] [stdout] test src/lib.rs - get_number (line 31) ... ok
[INFO] [stdout] 
[INFO] [stdout] failures:
[INFO] [stdout] 
[INFO] [stdout] ---- src/lib.rs - get_array (line 7) stdout ----
[INFO] [stdout] error[E0425]: cannot find value `size` in this scope
[INFO] [stdout]  --> src/lib.rs:10:32
[INFO] [stdout]   |
[INFO] [stdout] 6 | let vals: Vec<u32> = get_array(size);
[INFO] [stdout]   |                                ^^^^ not found in this scope
[INFO] [stdout] 
[INFO] [stdout] error: aborting due to previous error
[INFO] [stdout] 
[INFO] [stdout] For more information about this error, try `rustc --explain E0425`.
[INFO] [stdout] Couldn't compile the test.
[INFO] [stdout] 
[INFO] [stdout] failures:
[INFO] [stdout]     src/lib.rs - get_array (line 7)
[INFO] [stdout] 
[INFO] [stdout] test result: FAILED. 2 passed; 1 failed; 0 ignored; 0 measured; 0 filtered out; finished in 0.52s
[INFO] [stdout] 
[INFO] [stderr] error: test failed, to rerun pass '--doc'
[INFO] running `Command { std: "docker" "inspect" "b6ca0736e04ce79b796b217e23fe56e352ba30d81b4f2b81a0252ec49d126c10", kill_on_drop: false }`
[INFO] running `Command { std: "docker" "rm" "-f" "b6ca0736e04ce79b796b217e23fe56e352ba30d81b4f2b81a0252ec49d126c10", kill_on_drop: false }`
[INFO] [stdout] b6ca0736e04ce79b796b217e23fe56e352ba30d81b4f2b81a0252ec49d126c10
