[INFO] fetching crate eyre-impl 0.1.0...
[INFO] testing eyre-impl-0.1.0 against beta-2021-08-01 for beta-1.55-1
[INFO] extracting crate eyre-impl 0.1.0 into /workspace/builds/worker-58/source
[INFO] validating manifest of crates.io crate eyre-impl 0.1.0 on toolchain beta-2021-08-01
[INFO] running `Command { std: "/workspace/cargo-home/bin/cargo" "+beta-2021-08-01" "metadata" "--manifest-path" "Cargo.toml" "--no-deps", kill_on_drop: false }`
[INFO] started tweaking crates.io crate eyre-impl 0.1.0
[INFO] finished tweaking crates.io crate eyre-impl 0.1.0
[INFO] tweaked toml for crates.io crate eyre-impl 0.1.0 written to /workspace/builds/worker-58/source/Cargo.toml
[INFO] running `Command { std: "/workspace/cargo-home/bin/cargo" "+beta-2021-08-01" "generate-lockfile" "--manifest-path" "Cargo.toml" "-Zno-index-update", kill_on_drop: false }`
[INFO] [stderr]     Blocking waiting for file lock on package cache
[INFO] running `Command { std: "/workspace/cargo-home/bin/cargo" "+beta-2021-08-01" "fetch" "--manifest-path" "Cargo.toml", kill_on_drop: false }`
[INFO] [stderr]     Blocking waiting for file lock on package cache
[INFO] [stderr]     Blocking waiting for file lock on package cache
[INFO] running `Command { std: "docker" "create" "-v" "/var/lib/crater-agent-workspace/builds/worker-58/target:/opt/rustwide/target:rw,Z" "-v" "/var/lib/crater-agent-workspace/builds/worker-58/source:/opt/rustwide/workdir:ro,Z" "-v" "/var/lib/crater-agent-workspace/cargo-home:/opt/rustwide/cargo-home:ro,Z" "-v" "/var/lib/crater-agent-workspace/rustup-home:/opt/rustwide/rustup-home:ro,Z" "-e" "SOURCE_DIR=/opt/rustwide/workdir" "-e" "CARGO_TARGET_DIR=/opt/rustwide/target" "-e" "CARGO_HOME=/opt/rustwide/cargo-home" "-e" "RUSTUP_HOME=/opt/rustwide/rustup-home" "-w" "/opt/rustwide/workdir" "-m" "1610612736" "--user" "0:0" "--network" "none" "ghcr.io/rust-lang/crates-build-env/linux@sha256:34b6a614d2c27851fe6cbf88fbd1137609cefab8b10d0615aaeb6fd47975d74e" "/opt/rustwide/cargo-home/bin/cargo" "+beta-2021-08-01" "metadata" "--no-deps" "--format-version=1", kill_on_drop: false }`
[INFO] [stdout] 1c79c2d0b1f3f84a7de410442229d00399e20d0b6cf8a0953c3666913f1f13a1
[INFO] running `Command { std: "docker" "start" "-a" "1c79c2d0b1f3f84a7de410442229d00399e20d0b6cf8a0953c3666913f1f13a1", kill_on_drop: false }`
[INFO] running `Command { std: "docker" "inspect" "1c79c2d0b1f3f84a7de410442229d00399e20d0b6cf8a0953c3666913f1f13a1", kill_on_drop: false }`
[INFO] running `Command { std: "docker" "rm" "-f" "1c79c2d0b1f3f84a7de410442229d00399e20d0b6cf8a0953c3666913f1f13a1", kill_on_drop: false }`
[INFO] [stdout] 1c79c2d0b1f3f84a7de410442229d00399e20d0b6cf8a0953c3666913f1f13a1
[INFO] running `Command { std: "docker" "create" "-v" "/var/lib/crater-agent-workspace/builds/worker-58/target:/opt/rustwide/target:rw,Z" "-v" "/var/lib/crater-agent-workspace/builds/worker-58/source:/opt/rustwide/workdir:ro,Z" "-v" "/var/lib/crater-agent-workspace/cargo-home:/opt/rustwide/cargo-home:ro,Z" "-v" "/var/lib/crater-agent-workspace/rustup-home:/opt/rustwide/rustup-home:ro,Z" "-e" "SOURCE_DIR=/opt/rustwide/workdir" "-e" "CARGO_TARGET_DIR=/opt/rustwide/target" "-e" "CARGO_INCREMENTAL=0" "-e" "RUST_BACKTRACE=full" "-e" "RUSTFLAGS=--cap-lints=warn" "-e" "CARGO_HOME=/opt/rustwide/cargo-home" "-e" "RUSTUP_HOME=/opt/rustwide/rustup-home" "-w" "/opt/rustwide/workdir" "-m" "1610612736" "--user" "0:0" "--network" "none" "ghcr.io/rust-lang/crates-build-env/linux@sha256:34b6a614d2c27851fe6cbf88fbd1137609cefab8b10d0615aaeb6fd47975d74e" "/opt/rustwide/cargo-home/bin/cargo" "+beta-2021-08-01" "build" "--frozen" "--message-format=json", kill_on_drop: false }`
[INFO] [stdout] f795734dc84cdc6356025c2bb2e7a92030473460cb090c1b19809be266c9c0ad
[INFO] running `Command { std: "docker" "start" "-a" "f795734dc84cdc6356025c2bb2e7a92030473460cb090c1b19809be266c9c0ad", kill_on_drop: false }`
[INFO] [stderr]     Blocking waiting for file lock on package cache
[INFO] [stderr]    Compiling eyre-impl v0.1.0 (/opt/rustwide/workdir)
[INFO] [stderr]     Finished dev [unoptimized + debuginfo] target(s) in 0.35s
[INFO] running `Command { std: "docker" "inspect" "f795734dc84cdc6356025c2bb2e7a92030473460cb090c1b19809be266c9c0ad", kill_on_drop: false }`
[INFO] running `Command { std: "docker" "rm" "-f" "f795734dc84cdc6356025c2bb2e7a92030473460cb090c1b19809be266c9c0ad", kill_on_drop: false }`
[INFO] [stdout] f795734dc84cdc6356025c2bb2e7a92030473460cb090c1b19809be266c9c0ad
[INFO] running `Command { std: "docker" "create" "-v" "/var/lib/crater-agent-workspace/builds/worker-58/target:/opt/rustwide/target:rw,Z" "-v" "/var/lib/crater-agent-workspace/builds/worker-58/source:/opt/rustwide/workdir:ro,Z" "-v" "/var/lib/crater-agent-workspace/cargo-home:/opt/rustwide/cargo-home:ro,Z" "-v" "/var/lib/crater-agent-workspace/rustup-home:/opt/rustwide/rustup-home:ro,Z" "-e" "SOURCE_DIR=/opt/rustwide/workdir" "-e" "CARGO_TARGET_DIR=/opt/rustwide/target" "-e" "CARGO_INCREMENTAL=0" "-e" "RUST_BACKTRACE=full" "-e" "RUSTFLAGS=--cap-lints=warn" "-e" "CARGO_HOME=/opt/rustwide/cargo-home" "-e" "RUSTUP_HOME=/opt/rustwide/rustup-home" "-w" "/opt/rustwide/workdir" "-m" "1610612736" "--user" "0:0" "--network" "none" "ghcr.io/rust-lang/crates-build-env/linux@sha256:34b6a614d2c27851fe6cbf88fbd1137609cefab8b10d0615aaeb6fd47975d74e" "/opt/rustwide/cargo-home/bin/cargo" "+beta-2021-08-01" "test" "--frozen" "--no-run" "--message-format=json", kill_on_drop: false }`
[INFO] [stdout] 876fa53ecb69597d6d1df11865ab4433155120ee6fd5208b77e3e342715d4974
[INFO] running `Command { std: "docker" "start" "-a" "876fa53ecb69597d6d1df11865ab4433155120ee6fd5208b77e3e342715d4974", kill_on_drop: false }`
[INFO] [stderr]     Blocking waiting for file lock on package cache
[INFO] [stderr]    Compiling eyre-impl v0.1.0 (/opt/rustwide/workdir)
[INFO] [stderr]     Finished test [unoptimized + debuginfo] target(s) in 1.57s
[INFO] running `Command { std: "docker" "inspect" "876fa53ecb69597d6d1df11865ab4433155120ee6fd5208b77e3e342715d4974", kill_on_drop: false }`
[INFO] running `Command { std: "docker" "rm" "-f" "876fa53ecb69597d6d1df11865ab4433155120ee6fd5208b77e3e342715d4974", kill_on_drop: false }`
[INFO] [stdout] 876fa53ecb69597d6d1df11865ab4433155120ee6fd5208b77e3e342715d4974
[INFO] running `Command { std: "docker" "create" "-v" "/var/lib/crater-agent-workspace/builds/worker-58/target:/opt/rustwide/target:rw,Z" "-v" "/var/lib/crater-agent-workspace/builds/worker-58/source:/opt/rustwide/workdir:ro,Z" "-v" "/var/lib/crater-agent-workspace/cargo-home:/opt/rustwide/cargo-home:ro,Z" "-v" "/var/lib/crater-agent-workspace/rustup-home:/opt/rustwide/rustup-home:ro,Z" "-e" "SOURCE_DIR=/opt/rustwide/workdir" "-e" "CARGO_TARGET_DIR=/opt/rustwide/target" "-e" "CARGO_INCREMENTAL=0" "-e" "RUST_BACKTRACE=full" "-e" "RUSTFLAGS=--cap-lints=warn" "-e" "CARGO_HOME=/opt/rustwide/cargo-home" "-e" "RUSTUP_HOME=/opt/rustwide/rustup-home" "-w" "/opt/rustwide/workdir" "-m" "1610612736" "--user" "0:0" "--network" "none" "ghcr.io/rust-lang/crates-build-env/linux@sha256:34b6a614d2c27851fe6cbf88fbd1137609cefab8b10d0615aaeb6fd47975d74e" "/opt/rustwide/cargo-home/bin/cargo" "+beta-2021-08-01" "test" "--frozen", kill_on_drop: false }`
[INFO] [stdout] 4958dd7983391418900304bce85791f9d224ca31a8d304735d3b8eece7667ee4
[INFO] running `Command { std: "docker" "start" "-a" "4958dd7983391418900304bce85791f9d224ca31a8d304735d3b8eece7667ee4", kill_on_drop: false }`
[INFO] [stderr]     Finished test [unoptimized + debuginfo] target(s) in 0.03s
[INFO] [stderr]      Running unittests (/opt/rustwide/target/debug/deps/eyre_impl-54307317a2b07202)
[INFO] [stdout] 
[INFO] [stdout] running 3 tests
[INFO] [stdout] test tests::no_digits ... ok
[INFO] [stdout] test tests::one_digit ... ok
[INFO] [stdout] test tests::two_digits ... ok
[INFO] [stdout] 
[INFO] [stdout] test result: ok. 3 passed; 0 failed; 0 ignored; 0 measured; 0 filtered out; finished in 0.00s
[INFO] [stdout] 
[INFO] [stderr]    Doc-tests eyre-impl
[INFO] [stdout] 
[INFO] [stdout] running 1 test
[INFO] [stdout] test src/lib.rs - IntoErrorReporter (line 58) ... FAILED
[INFO] [stdout] 
[INFO] [stdout] failures:
[INFO] [stdout] 
[INFO] [stdout] ---- src/lib.rs - IntoErrorReporter (line 58) stdout ----
[INFO] [stdout] error[E0425]: cannot find function `fallible_fn` in this scope
[INFO] [stdout]  --> src/lib.rs:59:11
[INFO] [stdout]   |
[INFO] [stdout] 3 | let val = fallible_fn()
[INFO] [stdout]   |           ^^^^^^^^^^^ not found in this scope
[INFO] [stdout] 
[INFO] [stdout] error[E0277]: the `?` operator can only be used in a function that returns `Result` or `Option` (or another type that implements `FromResidual`)
[INFO] [stdout]    --> src/lib.rs:61:78
[INFO] [stdout]     |
[INFO] [stdout] 2   |   fn main() { #[allow(non_snake_case)] fn _doctest_main_src_lib_rs_58_0() {
[INFO] [stdout]     |  ______________________________________-
[INFO] [stdout] 3   | | let val = fallible_fn()
[INFO] [stdout] 4   | |             .note("This function can only be used in certain situations")
[INFO] [stdout] 5   | |             .warn("Be careful not to use this fn in this specific situation")?;
[INFO] [stdout]     | |                                                                              ^ cannot use the `?` operator in a function that returns `()`
[INFO] [stdout] 6   | | } _doctest_main_src_lib_rs_58_0() }
[INFO] [stdout]     | |_- this function should return `Result` or `Option` to accept `?`
[INFO] [stdout]     |
[INFO] [stdout]     = help: the trait `FromResidual<_>` is not implemented for `()`
[INFO] [stdout] note: required by `from_residual`
[INFO] [stdout] 
[INFO] [stdout] error: aborting due to 2 previous errors
[INFO] [stdout] 
[INFO] [stdout] Some errors have detailed explanations: E0277, E0425.
[INFO] [stdout] For more information about an error, try `rustc --explain E0277`.
[INFO] [stdout] Couldn't compile the test.
[INFO] [stdout] 
[INFO] [stdout] failures:
[INFO] [stdout]     src/lib.rs - IntoErrorReporter (line 58)
[INFO] [stdout] 
[INFO] [stdout] test result: FAILED. 0 passed; 1 failed; 0 ignored; 0 measured; 0 filtered out; finished in 0.20s
[INFO] [stdout] 
[INFO] [stderr] error: test failed, to rerun pass '--doc'
[INFO] running `Command { std: "docker" "inspect" "4958dd7983391418900304bce85791f9d224ca31a8d304735d3b8eece7667ee4", kill_on_drop: false }`
[INFO] running `Command { std: "docker" "rm" "-f" "4958dd7983391418900304bce85791f9d224ca31a8d304735d3b8eece7667ee4", kill_on_drop: false }`
[INFO] [stdout] 4958dd7983391418900304bce85791f9d224ca31a8d304735d3b8eece7667ee4
