[INFO] fetching crate extendr-api 0.2.0...
[INFO] testing extendr-api-0.2.0 against beta-2021-08-01 for beta-1.55-1
[INFO] extracting crate extendr-api 0.2.0 into /workspace/builds/worker-20/source
[INFO] validating manifest of crates.io crate extendr-api 0.2.0 on toolchain beta-2021-08-01
[INFO] running `Command { std: "/workspace/cargo-home/bin/cargo" "+beta-2021-08-01" "metadata" "--manifest-path" "Cargo.toml" "--no-deps", kill_on_drop: false }`
[INFO] started tweaking crates.io crate extendr-api 0.2.0
[INFO] finished tweaking crates.io crate extendr-api 0.2.0
[INFO] tweaked toml for crates.io crate extendr-api 0.2.0 written to /workspace/builds/worker-20/source/Cargo.toml
[INFO] running `Command { std: "/workspace/cargo-home/bin/cargo" "+beta-2021-08-01" "generate-lockfile" "--manifest-path" "Cargo.toml" "-Zno-index-update", kill_on_drop: false }`
[INFO] [stderr]     Blocking waiting for file lock on package cache
[INFO] running `Command { std: "/workspace/cargo-home/bin/cargo" "+beta-2021-08-01" "fetch" "--manifest-path" "Cargo.toml", kill_on_drop: false }`
[INFO] [stderr]     Blocking waiting for file lock on package cache
[INFO] [stderr]  Downloading crates ...
[INFO] [stderr]   Downloaded libR-sys v0.2.2
[INFO] [stderr]   Downloaded extendr-macros v0.2.0
[INFO] [stderr]   Downloaded extendr-engine v0.2.0
[INFO] running `Command { std: "docker" "create" "-v" "/var/lib/crater-agent-workspace/builds/worker-20/target:/opt/rustwide/target:rw,Z" "-v" "/var/lib/crater-agent-workspace/builds/worker-20/source:/opt/rustwide/workdir:ro,Z" "-v" "/var/lib/crater-agent-workspace/cargo-home:/opt/rustwide/cargo-home:ro,Z" "-v" "/var/lib/crater-agent-workspace/rustup-home:/opt/rustwide/rustup-home:ro,Z" "-e" "SOURCE_DIR=/opt/rustwide/workdir" "-e" "CARGO_TARGET_DIR=/opt/rustwide/target" "-e" "CARGO_HOME=/opt/rustwide/cargo-home" "-e" "RUSTUP_HOME=/opt/rustwide/rustup-home" "-w" "/opt/rustwide/workdir" "-m" "1610612736" "--user" "0:0" "--network" "none" "ghcr.io/rust-lang/crates-build-env/linux@sha256:34b6a614d2c27851fe6cbf88fbd1137609cefab8b10d0615aaeb6fd47975d74e" "/opt/rustwide/cargo-home/bin/cargo" "+beta-2021-08-01" "metadata" "--no-deps" "--format-version=1", kill_on_drop: false }`
[INFO] [stdout] f52533e58155dcb314b031f54d4582700e8a422c90ed135c7877714537d0f53d
[INFO] running `Command { std: "docker" "start" "-a" "f52533e58155dcb314b031f54d4582700e8a422c90ed135c7877714537d0f53d", kill_on_drop: false }`
[INFO] running `Command { std: "docker" "inspect" "f52533e58155dcb314b031f54d4582700e8a422c90ed135c7877714537d0f53d", kill_on_drop: false }`
[INFO] running `Command { std: "docker" "rm" "-f" "f52533e58155dcb314b031f54d4582700e8a422c90ed135c7877714537d0f53d", kill_on_drop: false }`
[INFO] [stdout] f52533e58155dcb314b031f54d4582700e8a422c90ed135c7877714537d0f53d
[INFO] running `Command { std: "docker" "create" "-v" "/var/lib/crater-agent-workspace/builds/worker-20/target:/opt/rustwide/target:rw,Z" "-v" "/var/lib/crater-agent-workspace/builds/worker-20/source:/opt/rustwide/workdir:ro,Z" "-v" "/var/lib/crater-agent-workspace/cargo-home:/opt/rustwide/cargo-home:ro,Z" "-v" "/var/lib/crater-agent-workspace/rustup-home:/opt/rustwide/rustup-home:ro,Z" "-e" "SOURCE_DIR=/opt/rustwide/workdir" "-e" "CARGO_TARGET_DIR=/opt/rustwide/target" "-e" "CARGO_INCREMENTAL=0" "-e" "RUST_BACKTRACE=full" "-e" "RUSTFLAGS=--cap-lints=warn" "-e" "CARGO_HOME=/opt/rustwide/cargo-home" "-e" "RUSTUP_HOME=/opt/rustwide/rustup-home" "-w" "/opt/rustwide/workdir" "-m" "1610612736" "--user" "0:0" "--network" "none" "ghcr.io/rust-lang/crates-build-env/linux@sha256:34b6a614d2c27851fe6cbf88fbd1137609cefab8b10d0615aaeb6fd47975d74e" "/opt/rustwide/cargo-home/bin/cargo" "+beta-2021-08-01" "build" "--frozen" "--message-format=json", kill_on_drop: false }`
[INFO] [stdout] 097114247bf4baba42a0065380424210cc8787b0d930373d7b2aab2f19f55443
[INFO] running `Command { std: "docker" "start" "-a" "097114247bf4baba42a0065380424210cc8787b0d930373d7b2aab2f19f55443", kill_on_drop: false }`
[INFO] [stderr]    Compiling proc-macro2 v1.0.28
[INFO] [stderr]    Compiling libR-sys v0.2.2
[INFO] [stderr]    Compiling syn v1.0.74
[INFO] [stderr]    Compiling extendr-engine v0.2.0
[INFO] [stderr]    Compiling quote v1.0.9
[INFO] [stderr]    Compiling extendr-macros v0.2.0
[INFO] [stderr]    Compiling extendr-api v0.2.0 (/opt/rustwide/workdir)
[INFO] [stderr]     Finished dev [unoptimized + debuginfo] target(s) in 11.44s
[INFO] running `Command { std: "docker" "inspect" "097114247bf4baba42a0065380424210cc8787b0d930373d7b2aab2f19f55443", kill_on_drop: false }`
[INFO] running `Command { std: "docker" "rm" "-f" "097114247bf4baba42a0065380424210cc8787b0d930373d7b2aab2f19f55443", kill_on_drop: false }`
[INFO] [stdout] 097114247bf4baba42a0065380424210cc8787b0d930373d7b2aab2f19f55443
[INFO] running `Command { std: "docker" "create" "-v" "/var/lib/crater-agent-workspace/builds/worker-20/target:/opt/rustwide/target:rw,Z" "-v" "/var/lib/crater-agent-workspace/builds/worker-20/source:/opt/rustwide/workdir:ro,Z" "-v" "/var/lib/crater-agent-workspace/cargo-home:/opt/rustwide/cargo-home:ro,Z" "-v" "/var/lib/crater-agent-workspace/rustup-home:/opt/rustwide/rustup-home:ro,Z" "-e" "SOURCE_DIR=/opt/rustwide/workdir" "-e" "CARGO_TARGET_DIR=/opt/rustwide/target" "-e" "CARGO_INCREMENTAL=0" "-e" "RUST_BACKTRACE=full" "-e" "RUSTFLAGS=--cap-lints=warn" "-e" "CARGO_HOME=/opt/rustwide/cargo-home" "-e" "RUSTUP_HOME=/opt/rustwide/rustup-home" "-w" "/opt/rustwide/workdir" "-m" "1610612736" "--user" "0:0" "--network" "none" "ghcr.io/rust-lang/crates-build-env/linux@sha256:34b6a614d2c27851fe6cbf88fbd1137609cefab8b10d0615aaeb6fd47975d74e" "/opt/rustwide/cargo-home/bin/cargo" "+beta-2021-08-01" "test" "--frozen" "--no-run" "--message-format=json", kill_on_drop: false }`
[INFO] [stdout] f1dbfb61bedf303cdcc33809457b73e837ad67fef3e2c3d38a45ea167d370416
[INFO] running `Command { std: "docker" "start" "-a" "f1dbfb61bedf303cdcc33809457b73e837ad67fef3e2c3d38a45ea167d370416", kill_on_drop: false }`
[INFO] [stderr]    Compiling extendr-api v0.2.0 (/opt/rustwide/workdir)
[INFO] [stderr]     Finished test [unoptimized + debuginfo] target(s) in 4.24s
[INFO] running `Command { std: "docker" "inspect" "f1dbfb61bedf303cdcc33809457b73e837ad67fef3e2c3d38a45ea167d370416", kill_on_drop: false }`
[INFO] running `Command { std: "docker" "rm" "-f" "f1dbfb61bedf303cdcc33809457b73e837ad67fef3e2c3d38a45ea167d370416", kill_on_drop: false }`
[INFO] [stdout] f1dbfb61bedf303cdcc33809457b73e837ad67fef3e2c3d38a45ea167d370416
[INFO] running `Command { std: "docker" "create" "-v" "/var/lib/crater-agent-workspace/builds/worker-20/target:/opt/rustwide/target:rw,Z" "-v" "/var/lib/crater-agent-workspace/builds/worker-20/source:/opt/rustwide/workdir:ro,Z" "-v" "/var/lib/crater-agent-workspace/cargo-home:/opt/rustwide/cargo-home:ro,Z" "-v" "/var/lib/crater-agent-workspace/rustup-home:/opt/rustwide/rustup-home:ro,Z" "-e" "SOURCE_DIR=/opt/rustwide/workdir" "-e" "CARGO_TARGET_DIR=/opt/rustwide/target" "-e" "CARGO_INCREMENTAL=0" "-e" "RUST_BACKTRACE=full" "-e" "RUSTFLAGS=--cap-lints=warn" "-e" "CARGO_HOME=/opt/rustwide/cargo-home" "-e" "RUSTUP_HOME=/opt/rustwide/rustup-home" "-w" "/opt/rustwide/workdir" "-m" "1610612736" "--user" "0:0" "--network" "none" "ghcr.io/rust-lang/crates-build-env/linux@sha256:34b6a614d2c27851fe6cbf88fbd1137609cefab8b10d0615aaeb6fd47975d74e" "/opt/rustwide/cargo-home/bin/cargo" "+beta-2021-08-01" "test" "--frozen", kill_on_drop: false }`
[INFO] [stdout] 1ed8c1a0475f36c8586bdb24d900d0c09773d9629213a1bcee6c9873e0a8bc8b
[INFO] running `Command { std: "docker" "start" "-a" "1ed8c1a0475f36c8586bdb24d900d0c09773d9629213a1bcee6c9873e0a8bc8b", kill_on_drop: false }`
[INFO] [stderr]     Blocking waiting for file lock on package cache
[INFO] [stderr]     Blocking waiting for file lock on package cache
[INFO] [stderr]     Blocking waiting for file lock on package cache
[INFO] [stderr]     Finished test [unoptimized + debuginfo] target(s) in 0.57s
[INFO] [stderr]      Running unittests (/opt/rustwide/target/debug/deps/extendr_api-5e5d2263b3c0baed)
[INFO] [stdout] 
[INFO] [stdout] running 15 tests
[INFO] [stdout] test tests::test_na_str ... ok
[INFO] [stdout] test tests::r_output_test ... ok
[INFO] [stdout] test tests::class_wrapper_test ... ok
[INFO] [stdout] test tests::export_test ... ok
[INFO] [stdout] test ownership::test::basic_test ... ok
[INFO] [stdout] test robj::tests::test_to_robj ... ok
[INFO] [stdout] test robj::tests::input_iterator_test ... ok
[INFO] [stdout] test robj::tests::parse_test ... ok
[INFO] [stdout] test ownership::test::collection_test ... ok
[INFO] [stdout] test tests::metadata_test ... ok
[INFO] [stdout] test matrix::matrix_ops ... ok
[INFO] [stdout] test tests::slice_test ... ok
[INFO] [stdout] test robj::tests::test_debug ... ok
[INFO] [stdout] test robj::tests::test_from_robj ... ok
[INFO] [stdout] test robj::tests::output_iterator_test ... ok
[INFO] [stdout] 
[INFO] [stdout] test result: ok. 15 passed; 0 failed; 0 ignored; 0 measured; 0 filtered out; finished in 1.37s
[INFO] [stdout] 
[INFO] [stderr]    Doc-tests extendr-api
[INFO] [stdout] 
[INFO] [stdout] running 135 tests
[INFO] [stdout] test src/lib.rs - (line 14) ... ignored
[INFO] [stdout] test src/lib.rs - (line 32) ... ignored
[INFO] [stdout] test src/thread_safety.rs - thread_safety::catch_r_error (line 99) ... ignored
[INFO] [stdout] test src/iter.rs - iter::StrIter (line 235) ... FAILED
[INFO] [stdout] test src/iter.rs - iter::Robj::as_str_iter (line 481) ... FAILED
[INFO] [stdout] test src/lib.rs - (line 39) ... FAILED
[INFO] [stdout] test src/lang_macros.rs - lang (line 124) ... FAILED
[INFO] [stdout] test src/robj/mod.rs - robj::Robj::as_real_vector (line 477) ... FAILED
[INFO] [stdout] test src/lib.rs - (line 115) ... FAILED
[INFO] [stdout] test src/lib.rs - (line 134) ... FAILED
[INFO] [stdout] test src/matrix.rs - matrix::RArray (line 8) ... FAILED
[INFO] [stdout] test src/rmacros.rs - r (line 10) ... FAILED
[INFO] [stderr] error: test failed, to rerun pass '--doc'
[INFO] [stderr] 
[INFO] [stderr] Caused by:
[INFO] [stderr]   process didn't exit successfully: `rustdoc --edition=2018 --crate-type lib --crate-name extendr_api --test /opt/rustwide/workdir/src/lib.rs -L dependency=/opt/rustwide/target/debug/deps -L dependency=/opt/rustwide/target/debug/deps -L /usr/lib/R/lib --extern extendr_api=/opt/rustwide/target/debug/deps/libextendr_api-fe0e202266410095.rlib --extern extendr_engine=/opt/rustwide/target/debug/deps/libextendr_engine-2d1fa816ed07079a.rlib --extern extendr_macros=/opt/rustwide/target/debug/deps/libextendr_macros-8d4bafe5c7252dad.so --extern lazy_static=/opt/rustwide/target/debug/deps/liblazy_static-e92083d5a39a8b50.rlib --extern libR_sys=/opt/rustwide/target/debug/deps/liblibR_sys-279d3f48cd3bcdf7.rlib -C embed-bitcode=no --cfg 'feature="default"' --error-format human` (signal: 9, SIGKILL: kill)
[INFO] running `Command { std: "docker" "inspect" "1ed8c1a0475f36c8586bdb24d900d0c09773d9629213a1bcee6c9873e0a8bc8b", kill_on_drop: false }`
[INFO] running `Command { std: "docker" "rm" "-f" "1ed8c1a0475f36c8586bdb24d900d0c09773d9629213a1bcee6c9873e0a8bc8b", kill_on_drop: false }`
[INFO] [stdout] 1ed8c1a0475f36c8586bdb24d900d0c09773d9629213a1bcee6c9873e0a8bc8b
