[INFO] fetching crate esp_idf_dev_sys 0.1.4...
[INFO] testing esp_idf_dev_sys-0.1.4 against 1.54.0 for beta-1.55-1
[INFO] extracting crate esp_idf_dev_sys 0.1.4 into /workspace/builds/worker-36/source
[INFO] validating manifest of crates.io crate esp_idf_dev_sys 0.1.4 on toolchain 1.54.0
[INFO] running `Command { std: "/workspace/cargo-home/bin/cargo" "+1.54.0" "metadata" "--manifest-path" "Cargo.toml" "--no-deps", kill_on_drop: false }`
[INFO] started tweaking crates.io crate esp_idf_dev_sys 0.1.4
[INFO] finished tweaking crates.io crate esp_idf_dev_sys 0.1.4
[INFO] tweaked toml for crates.io crate esp_idf_dev_sys 0.1.4 written to /workspace/builds/worker-36/source/Cargo.toml
[INFO] running `Command { std: "/workspace/cargo-home/bin/cargo" "+1.54.0" "generate-lockfile" "--manifest-path" "Cargo.toml" "-Zno-index-update", kill_on_drop: false }`
[INFO] running `Command { std: "/workspace/cargo-home/bin/cargo" "+1.54.0" "fetch" "--manifest-path" "Cargo.toml", kill_on_drop: false }`
[INFO] [stderr]     Blocking waiting for file lock on package cache
[INFO] running `Command { std: "docker" "create" "-v" "/var/lib/crater-agent-workspace/builds/worker-36/target:/opt/rustwide/target:rw,Z" "-v" "/var/lib/crater-agent-workspace/builds/worker-36/source:/opt/rustwide/workdir:ro,Z" "-v" "/var/lib/crater-agent-workspace/cargo-home:/opt/rustwide/cargo-home:ro,Z" "-v" "/var/lib/crater-agent-workspace/rustup-home:/opt/rustwide/rustup-home:ro,Z" "-e" "SOURCE_DIR=/opt/rustwide/workdir" "-e" "CARGO_TARGET_DIR=/opt/rustwide/target" "-e" "CARGO_HOME=/opt/rustwide/cargo-home" "-e" "RUSTUP_HOME=/opt/rustwide/rustup-home" "-w" "/opt/rustwide/workdir" "-m" "1610612736" "--user" "0:0" "--network" "none" "ghcr.io/rust-lang/crates-build-env/linux@sha256:34b6a614d2c27851fe6cbf88fbd1137609cefab8b10d0615aaeb6fd47975d74e" "/opt/rustwide/cargo-home/bin/cargo" "+1.54.0" "metadata" "--no-deps" "--format-version=1", kill_on_drop: false }`
[INFO] [stdout] 1f43833bdd5d94fee25625119c7261606050fbc157bbaad353332c4d1e3aff70
[INFO] running `Command { std: "docker" "start" "-a" "1f43833bdd5d94fee25625119c7261606050fbc157bbaad353332c4d1e3aff70", kill_on_drop: false }`
[INFO] running `Command { std: "docker" "inspect" "1f43833bdd5d94fee25625119c7261606050fbc157bbaad353332c4d1e3aff70", kill_on_drop: false }`
[INFO] running `Command { std: "docker" "rm" "-f" "1f43833bdd5d94fee25625119c7261606050fbc157bbaad353332c4d1e3aff70", kill_on_drop: false }`
[INFO] [stdout] 1f43833bdd5d94fee25625119c7261606050fbc157bbaad353332c4d1e3aff70
[INFO] running `Command { std: "docker" "create" "-v" "/var/lib/crater-agent-workspace/builds/worker-36/target:/opt/rustwide/target:rw,Z" "-v" "/var/lib/crater-agent-workspace/builds/worker-36/source:/opt/rustwide/workdir:ro,Z" "-v" "/var/lib/crater-agent-workspace/cargo-home:/opt/rustwide/cargo-home:ro,Z" "-v" "/var/lib/crater-agent-workspace/rustup-home:/opt/rustwide/rustup-home:ro,Z" "-e" "SOURCE_DIR=/opt/rustwide/workdir" "-e" "CARGO_TARGET_DIR=/opt/rustwide/target" "-e" "CARGO_INCREMENTAL=0" "-e" "RUST_BACKTRACE=full" "-e" "RUSTFLAGS=--cap-lints=warn" "-e" "CARGO_HOME=/opt/rustwide/cargo-home" "-e" "RUSTUP_HOME=/opt/rustwide/rustup-home" "-w" "/opt/rustwide/workdir" "-m" "1610612736" "--user" "0:0" "--network" "none" "ghcr.io/rust-lang/crates-build-env/linux@sha256:34b6a614d2c27851fe6cbf88fbd1137609cefab8b10d0615aaeb6fd47975d74e" "/opt/rustwide/cargo-home/bin/cargo" "+1.54.0" "build" "--frozen" "--message-format=json", kill_on_drop: false }`
[INFO] [stdout] 23043a2ba9547ebefd955f86612cb12dd409b29a1ca5d76d9137b469ec990f45
[INFO] running `Command { std: "docker" "start" "-a" "23043a2ba9547ebefd955f86612cb12dd409b29a1ca5d76d9137b469ec990f45", kill_on_drop: false }`
[INFO] [stderr]    Compiling esp_idf_dev_sys v0.1.4 (/opt/rustwide/workdir)
[INFO] [stderr]     Finished dev [unoptimized + debuginfo] target(s) in 7.19s
[INFO] running `Command { std: "docker" "inspect" "23043a2ba9547ebefd955f86612cb12dd409b29a1ca5d76d9137b469ec990f45", kill_on_drop: false }`
[INFO] running `Command { std: "docker" "rm" "-f" "23043a2ba9547ebefd955f86612cb12dd409b29a1ca5d76d9137b469ec990f45", kill_on_drop: false }`
[INFO] [stdout] 23043a2ba9547ebefd955f86612cb12dd409b29a1ca5d76d9137b469ec990f45
[INFO] running `Command { std: "docker" "create" "-v" "/var/lib/crater-agent-workspace/builds/worker-36/target:/opt/rustwide/target:rw,Z" "-v" "/var/lib/crater-agent-workspace/builds/worker-36/source:/opt/rustwide/workdir:ro,Z" "-v" "/var/lib/crater-agent-workspace/cargo-home:/opt/rustwide/cargo-home:ro,Z" "-v" "/var/lib/crater-agent-workspace/rustup-home:/opt/rustwide/rustup-home:ro,Z" "-e" "SOURCE_DIR=/opt/rustwide/workdir" "-e" "CARGO_TARGET_DIR=/opt/rustwide/target" "-e" "CARGO_INCREMENTAL=0" "-e" "RUST_BACKTRACE=full" "-e" "RUSTFLAGS=--cap-lints=warn" "-e" "CARGO_HOME=/opt/rustwide/cargo-home" "-e" "RUSTUP_HOME=/opt/rustwide/rustup-home" "-w" "/opt/rustwide/workdir" "-m" "1610612736" "--user" "0:0" "--network" "none" "ghcr.io/rust-lang/crates-build-env/linux@sha256:34b6a614d2c27851fe6cbf88fbd1137609cefab8b10d0615aaeb6fd47975d74e" "/opt/rustwide/cargo-home/bin/cargo" "+1.54.0" "test" "--frozen" "--no-run" "--message-format=json", kill_on_drop: false }`
[INFO] [stdout] b63dea3aa135947860764bfe1b04817c5ff9f15a0d6d0c21d55ce3846c53e9a8
[INFO] running `Command { std: "docker" "start" "-a" "b63dea3aa135947860764bfe1b04817c5ff9f15a0d6d0c21d55ce3846c53e9a8", kill_on_drop: false }`
[INFO] [stderr]    Compiling esp_idf_dev_sys v0.1.4 (/opt/rustwide/workdir)
[INFO] [stderr]     Finished test [unoptimized + debuginfo] target(s) in 7.01s
[INFO] running `Command { std: "docker" "inspect" "b63dea3aa135947860764bfe1b04817c5ff9f15a0d6d0c21d55ce3846c53e9a8", kill_on_drop: false }`
[INFO] running `Command { std: "docker" "rm" "-f" "b63dea3aa135947860764bfe1b04817c5ff9f15a0d6d0c21d55ce3846c53e9a8", kill_on_drop: false }`
[INFO] [stdout] b63dea3aa135947860764bfe1b04817c5ff9f15a0d6d0c21d55ce3846c53e9a8
[INFO] running `Command { std: "docker" "create" "-v" "/var/lib/crater-agent-workspace/builds/worker-36/target:/opt/rustwide/target:rw,Z" "-v" "/var/lib/crater-agent-workspace/builds/worker-36/source:/opt/rustwide/workdir:ro,Z" "-v" "/var/lib/crater-agent-workspace/cargo-home:/opt/rustwide/cargo-home:ro,Z" "-v" "/var/lib/crater-agent-workspace/rustup-home:/opt/rustwide/rustup-home:ro,Z" "-e" "SOURCE_DIR=/opt/rustwide/workdir" "-e" "CARGO_TARGET_DIR=/opt/rustwide/target" "-e" "CARGO_INCREMENTAL=0" "-e" "RUST_BACKTRACE=full" "-e" "RUSTFLAGS=--cap-lints=warn" "-e" "CARGO_HOME=/opt/rustwide/cargo-home" "-e" "RUSTUP_HOME=/opt/rustwide/rustup-home" "-w" "/opt/rustwide/workdir" "-m" "1610612736" "--user" "0:0" "--network" "none" "ghcr.io/rust-lang/crates-build-env/linux@sha256:34b6a614d2c27851fe6cbf88fbd1137609cefab8b10d0615aaeb6fd47975d74e" "/opt/rustwide/cargo-home/bin/cargo" "+1.54.0" "test" "--frozen", kill_on_drop: false }`
[INFO] [stdout] 638a6f76d7884d7c8321a484874c56e92dbacf51060c3dc18079444b2e26c890
[INFO] running `Command { std: "docker" "start" "-a" "638a6f76d7884d7c8321a484874c56e92dbacf51060c3dc18079444b2e26c890", kill_on_drop: false }`
[INFO] [stderr]     Finished test [unoptimized + debuginfo] target(s) in 0.00s
[INFO] [stderr]      Running unittests (/opt/rustwide/target/debug/deps/esp_idf_dev_sys-96b25a76cd1d8d35)
[INFO] [stdout] 
[INFO] [stdout] running 0 tests
[INFO] [stdout] 
[INFO] [stdout] test result: ok. 0 passed; 0 failed; 0 ignored; 0 measured; 0 filtered out; finished in 0.00s
[INFO] [stdout] 
[INFO] [stderr]    Doc-tests esp_idf_dev_sys
[INFO] [stdout] 
[INFO] [stdout] running 40 tests
[INFO] [stdout] test src/bindings.rs - esp_wifi_set_csi_rx_cb (line 64476) ... FAILED
[INFO] [stdout] test src/bindings.rs - adc1_config_channel_atten (line 20787) ... FAILED
[INFO] [stdout] test src/bindings.rs - adc1_config_channel_atten (line 20807) ... FAILED
[INFO] [stdout] test src/bindings.rs - rmt_get_rx_idle_thresh (line 45471) ... FAILED
[INFO] [stdout] test src/bindings.rs - rmt_get_source_clk (line 45702) ... FAILED
[INFO] [stdout] test src/bindings.rs - adc2_config_channel_atten (line 20930) ... FAILED
[INFO] [stdout] test src/bindings.rs - esp_wifi_set_mode (line 63749) ... FAILED
[INFO] [stdout] test src/bindings.rs - rmt_get_ringbuf_handle (line 45993) ... FAILED
[INFO] [stdout] test src/bindings.rs - mcpwm_io_signals_t (line 46159) ... FAILED
[INFO] [stdout] test src/bindings.rs - esp_netif_deinit (line 61381) ... FAILED
[INFO] [stdout] test src/bindings.rs - gpio_config (line 20155) ... FAILED
[INFO] [stdout] test src/bindings.rs - rmt_set_mem_pd (line 45548) ... FAILED
[INFO] [stdout] test src/bindings.rs - rmt_isr_register (line 45843) ... FAILED
[INFO] [stdout] test src/bindings.rs - rmt_set_rx_filter (line 45672) ... FAILED
[INFO] [stdout] test src/bindings.rs - sample_to_rmt_t (line 45405) ... FAILED
[INFO] [stdout] test src/bindings.rs - rmt_register_tx_end_callback (line 46041) ... FAILED
[INFO] [stdout] test src/bindings.rs - rmt_write_items (line 45959) ... FAILED
[INFO] [stdout] test src/bindings.rs - timer_isr_callback_add (line 54737) ... FAILED
[INFO] [stdout] test src/bindings.rs - timer_isr_register (line 54784) ... FAILED
[INFO] [stdout] test src/bindings.rs - rmt_write_items (line 45948) ... FAILED
[INFO] [stdout] test src/bindings.rs - rmt_set_source_clk (line 45687) ... FAILED
[INFO] [stdout] test src/bindings.rs - rmt_set_tx_carrier (line 45523) ... FAILED
[INFO] [stdout] test src/bindings.rs - rmt_set_mem_block_num (line 45486) ... FAILED
[INFO] [stdout] test src/bindings.rs - rmt_set_rx_idle_thresh (line 45456) ... FAILED
[INFO] [stdout] test src/bindings.rs - uart_pattern_get_pos (line 55826) ... FAILED
[INFO] [stdout] test src/bindings.rs - uart_pattern_pop_pos (line 55808) ... FAILED
[INFO] [stdout] test src/bindings.rs - wifi_csi_cb_t (line 64465) ... FAILED
[INFO] [stdout] test src/bindings.rs - vTaskDelay (line 16827) ... FAILED
[INFO] [stdout] test src/bindings.rs - vTaskSuspendAll (line 17212) ... FAILED
[INFO] [stdout] test src/bindings.rs - xTaskResumeAll (line 17256) ... FAILED
[INFO] [stdout] test src/bindings.rs - xQueueReceiveFromISR (line 22000) ... FAILED
[INFO] [stdout] test src/bindings.rs - xQueueGenericReceive (line 21812) ... FAILED
[INFO] [stdout] test src/bindings.rs - vTaskEndScheduler (line 17169) ... FAILED
[INFO] [stdout] test src/bindings.rs - vTaskDelayUntil (line 16879) ... FAILED
[INFO] [stdout] test src/bindings.rs - uxTaskGetSystemState (line 17530) ... FAILED
[INFO] [stdout] test src/bindings.rs - xQueueGenericReceive (line 21788) ... FAILED
[INFO] [stdout] test src/bindings.rs - vTaskDelete (line 16785) ... FAILED
[INFO] [stdout] test src/bindings.rs - xQueueGenericSendFromISR (line 21906) ... FAILED
[INFO] [stdout] test src/bindings.rs - xQueueReceiveFromISR (line 21970) ... FAILED
[INFO] [stdout] test src/bindings.rs - vTaskAllocateMPURegions (line 16749) ... ok
[INFO] [stdout] 
[INFO] [stdout] failures:
[INFO] [stdout] 
[INFO] [stdout] ---- src/bindings.rs - esp_wifi_set_csi_rx_cb (line 64476) stdout ----
[INFO] [stdout] error: expected one of `!`, `.`, `::`, `;`, `?`, `{`, `}`, or an operator, found `time`
[INFO] [stdout]  --> src/bindings.rs:64477:6
[INFO] [stdout]   |
[INFO] [stdout] 3 | Each time a CSI data is received, the callback function will be called.
[INFO] [stdout]   |      ^^^^ expected one of 8 possible tokens
[INFO] [stdout] 
[INFO] [stdout] error: aborting due to previous error
[INFO] [stdout] 
[INFO] [stdout] Couldn't compile the test.
[INFO] [stdout] ---- src/bindings.rs - adc1_config_channel_atten (line 20787) stdout ----
[INFO] [stdout] error: expected one of `!`, `.`, `::`, `;`, `?`, `{`, `}`, or an operator, found `default`
[INFO] [stdout]  --> src/bindings.rs:20788:5
[INFO] [stdout]   |
[INFO] [stdout] 3 | The default ADC full-scale voltage is 1.1 V. To read higher voltages (up to the pin maximum voltage,
[INFO] [stdout]   |     ^^^^^^^ expected one of 8 possible tokens
[INFO] [stdout] 
[INFO] [stdout] error: aborting due to previous error
[INFO] [stdout] 
[INFO] [stdout] Couldn't compile the test.
[INFO] [stdout] ---- src/bindings.rs - adc1_config_channel_atten (line 20807) stdout ----
[INFO] [stdout] error: expected one of `.`, `;`, `?`, `}`, or an operator, found `dB`
[INFO] [stdout]  --> src/bindings.rs:20808:5
[INFO] [stdout]   |
[INFO] [stdout] 3 | - 0 dB attenuation (ADC_ATTEN_DB_0) between 100 and 950 mV
[INFO] [stdout]   |     ^^ expected one of `.`, `;`, `?`, `}`, or an operator
[INFO] [stdout] 
[INFO] [stdout] error: aborting due to previous error
[INFO] [stdout] 
[INFO] [stdout] Couldn't compile the test.
[INFO] [stdout] ---- src/bindings.rs - rmt_get_rx_idle_thresh (line 45471) stdout ----
[INFO] [stdout] error: expected one of `!`, `.`, `::`, `;`, `?`, `{`, `}`, or an operator, found `receive`
[INFO] [stdout]  --> src/bindings.rs:45472:4
[INFO] [stdout]   |
[INFO] [stdout] 3 | In receive mode, when no edge is detected on the input signal
[INFO] [stdout]   |    ^^^^^^^ expected one of 8 possible tokens
[INFO] [stdout] 
[INFO] [stdout] error: aborting due to previous error
[INFO] [stdout] 
[INFO] [stdout] Couldn't compile the test.
[INFO] [stdout] ---- src/bindings.rs - rmt_get_source_clk (line 45702) stdout ----
[INFO] [stdout] error: expected one of `!`, `.`, `::`, `;`, `?`, `{`, `}`, or an operator, found `module`
[INFO] [stdout]  --> src/bindings.rs:45703:5
[INFO] [stdout]   |
[INFO] [stdout] 3 | RMT module has two clock sources:
[INFO] [stdout]   |     ^^^^^^ expected one of 8 possible tokens
[INFO] [stdout] 
[INFO] [stdout] error: aborting due to previous error
[INFO] [stdout] 
[INFO] [stdout] Couldn't compile the test.
[INFO] [stdout] ---- src/bindings.rs - adc2_config_channel_atten (line 20930) stdout ----
[INFO] [stdout] error: expected one of `!`, `.`, `::`, `;`, `?`, `{`, `}`, or an operator, found `default`
[INFO] [stdout]  --> src/bindings.rs:20931:5
[INFO] [stdout]   |
[INFO] [stdout] 3 | The default ADC full-scale voltage is 1.1 V. To read higher voltages (up to the pin maximum voltage,
[INFO] [stdout]   |     ^^^^^^^ expected one of 8 possible tokens
[INFO] [stdout] 
[INFO] [stdout] error: aborting due to previous error
[INFO] [stdout] 
[INFO] [stdout] Couldn't compile the test.
[INFO] [stdout] ---- src/bindings.rs - esp_wifi_set_mode (line 63749) stdout ----
[INFO] [stdout] error: expected one of `!`, `.`, `::`, `;`, `?`, `{`, `}`, or an operator, found `the`
[INFO] [stdout]  --> src/bindings.rs:63750:5
[INFO] [stdout]   |
[INFO] [stdout] 3 | Set the WiFi operating mode as station, soft-AP or station+soft-AP,
[INFO] [stdout]   |     ^^^ expected one of 8 possible tokens
[INFO] [stdout] 
[INFO] [stdout] error: aborting due to previous error
[INFO] [stdout] 
[INFO] [stdout] Couldn't compile the test.
[INFO] [stdout] ---- src/bindings.rs - rmt_get_ringbuf_handle (line 45993) stdout ----
[INFO] [stdout] error: expected one of `!`, `.`, `::`, `;`, `?`, `{`, `}`, or an operator, found `can`
[INFO] [stdout]  --> src/bindings.rs:45994:7
[INFO] [stdout]   |
[INFO] [stdout] 3 | Users can get the RMT RX ringbuffer handle, and process the RX data.
[INFO] [stdout]   |       ^^^ expected one of 8 possible tokens
[INFO] [stdout] 
[INFO] [stdout] error: aborting due to previous error
[INFO] [stdout] 
[INFO] [stdout] Couldn't compile the test.
[INFO] [stdout] ---- src/bindings.rs - mcpwm_io_signals_t (line 46159) stdout ----
[INFO] [stdout] error: expected one of `.`, `;`, `?`, `}`, or an operator, found `MCPWM`
[INFO] [stdout]  --> src/bindings.rs:46160:5
[INFO] [stdout]   |
[INFO] [stdout] 3 | - 6 MCPWM output pins that generate PWM signals
[INFO] [stdout]   |     ^^^^^ expected one of `.`, `;`, `?`, `}`, or an operator
[INFO] [stdout] 
[INFO] [stdout] error: aborting due to previous error
[INFO] [stdout] 
[INFO] [stdout] Couldn't compile the test.
[INFO] [stdout] ---- src/bindings.rs - esp_netif_deinit (line 61381) stdout ----
[INFO] [stdout] error: expected one of `!`, `(`, `.`, `::`, `;`, `<`, `?`, or `}`, found `is`
[INFO] [stdout]  --> src/bindings.rs:61382:24
[INFO] [stdout]   |
[INFO] [stdout] 3 | Note: Deinitialization is not supported yet
[INFO] [stdout]   |     -                  ^^ expected one of 8 possible tokens
[INFO] [stdout]   |     |
[INFO] [stdout]   |     tried to parse a type due to this
[INFO] [stdout] 
[INFO] [stdout] error: aborting due to previous error
[INFO] [stdout] 
[INFO] [stdout] Couldn't compile the test.
[INFO] [stdout] ---- src/bindings.rs - gpio_config (line 20155) stdout ----
[INFO] [stdout] error: expected one of `!`, `.`, `::`, `;`, `?`, `{`, `}`, or an operator, found `GPIO`
[INFO] [stdout]  --> src/bindings.rs:20156:11
[INFO] [stdout]   |
[INFO] [stdout] 3 | Configure GPIO's Mode,pull-up,PullDown,IntrType
[INFO] [stdout]   |           ^^^^ expected one of 8 possible tokens
[INFO] [stdout] 
[INFO] [stdout] error: aborting due to previous error
[INFO] [stdout] 
[INFO] [stdout] Couldn't compile the test.
[INFO] [stdout] ---- src/bindings.rs - rmt_set_mem_pd (line 45548) stdout ----
[INFO] [stdout] error: expected one of `!`, `.`, `::`, `;`, `?`, `{`, `}`, or an operator, found `power`
[INFO] [stdout]  --> src/bindings.rs:45549:8
[INFO] [stdout]   |
[INFO] [stdout] 3 | Reduce power consumed by memory. 1:memory is in low power state.
[INFO] [stdout]   |        ^^^^^ expected one of 8 possible tokens
[INFO] [stdout] 
[INFO] [stdout] error: aborting due to previous error
[INFO] [stdout] 
[INFO] [stdout] Couldn't compile the test.
[INFO] [stdout] ---- src/bindings.rs - rmt_isr_register (line 45843) stdout ----
[INFO] [stdout] error: expected one of `!`, `.`, `::`, `;`, `?`, `{`, `}`, or an operator, found `handler`
[INFO] [stdout]  --> src/bindings.rs:45844:5
[INFO] [stdout]   |
[INFO] [stdout] 3 | The handler will be attached to the same CPU core that this function is running on.
[INFO] [stdout]   |     ^^^^^^^ expected one of 8 possible tokens
[INFO] [stdout] 
[INFO] [stdout] error: aborting due to previous error
[INFO] [stdout] 
[INFO] [stdout] Couldn't compile the test.
[INFO] [stdout] ---- src/bindings.rs - rmt_set_rx_filter (line 45672) stdout ----
[INFO] [stdout] error: expected one of `!`, `.`, `::`, `;`, `?`, `{`, `}`, or an operator, found `receive`
[INFO] [stdout]  --> src/bindings.rs:45673:4
[INFO] [stdout]   |
[INFO] [stdout] 3 | In receive mode, channel will ignore input pulse when the pulse width is smaller than threshold.
[INFO] [stdout]   |    ^^^^^^^ expected one of 8 possible tokens
[INFO] [stdout] 
[INFO] [stdout] error: aborting due to previous error
[INFO] [stdout] 
[INFO] [stdout] Couldn't compile the test.
[INFO] [stdout] ---- src/bindings.rs - sample_to_rmt_t (line 45405) stdout ----
[INFO] [stdout] error: expected one of `!`, `.`, `::`, `;`, `?`, `{`, `}`, or an operator, found `function`
[INFO] [stdout]  --> src/bindings.rs:45406:6
[INFO] [stdout]   |
[INFO] [stdout] 3 | This function may be called from an ISR, so, the code should be short and efficient.
[INFO] [stdout]   |      ^^^^^^^^ expected one of 8 possible tokens
[INFO] [stdout] 
[INFO] [stdout] error: aborting due to previous error
[INFO] [stdout] 
[INFO] [stdout] Couldn't compile the test.
[INFO] [stdout] ---- src/bindings.rs - rmt_register_tx_end_callback (line 46041) stdout ----
[INFO] [stdout] error: expected one of `!`, `.`, `::`, `;`, `?`, `{`, `}`, or an operator, found `by`
[INFO] [stdout]  --> src/bindings.rs:46042:8
[INFO] [stdout]   |
[INFO] [stdout] 3 | Called by rmt_driver_isr_default in interrupt context.
[INFO] [stdout]   |        ^^ expected one of 8 possible tokens
[INFO] [stdout] 
[INFO] [stdout] error: aborting due to previous error
[INFO] [stdout] 
[INFO] [stdout] Couldn't compile the test.
[INFO] [stdout] ---- src/bindings.rs - rmt_write_items (line 45959) stdout ----
[INFO] [stdout] error: expected expression, found `@`
[INFO] [stdout]  --> src/bindings.rs:45960:1
[INFO] [stdout]   |
[INFO] [stdout] 3 | @note
[INFO] [stdout]   | ^ expected expression
[INFO] [stdout] 
[INFO] [stdout] error: aborting due to previous error
[INFO] [stdout] 
[INFO] [stdout] Couldn't compile the test.
[INFO] [stdout] ---- src/bindings.rs - timer_isr_callback_add (line 54737) stdout ----
[INFO] [stdout] error: expected one of `!`, `.`, `::`, `;`, `?`, `{`, `}`, or an operator, found `callback`
[INFO] [stdout]  --> src/bindings.rs:54738:5
[INFO] [stdout]   |
[INFO] [stdout] 3 | The callback should return a bool value to determine whether need to do YIELD at
[INFO] [stdout]   |     ^^^^^^^^ expected one of 8 possible tokens
[INFO] [stdout] 
[INFO] [stdout] error: aborting due to previous error
[INFO] [stdout] 
[INFO] [stdout] Couldn't compile the test.
[INFO] [stdout] ---- src/bindings.rs - timer_isr_register (line 54784) stdout ----
[INFO] [stdout] error: expected one of `!`, `.`, `::`, `;`, `?`, `{`, `}`, or an operator, found `the`
[INFO] [stdout]  --> src/bindings.rs:54785:4
[INFO] [stdout]   |
[INFO] [stdout] 3 | If the intr_alloc_flags value ESP_INTR_FLAG_IRAM is set,
[INFO] [stdout]   |    ^^^ expected one of 8 possible tokens
[INFO] [stdout] 
[INFO] [stdout] error: aborting due to previous error
[INFO] [stdout] 
[INFO] [stdout] Couldn't compile the test.
[INFO] [stdout] ---- src/bindings.rs - rmt_write_items (line 45948) stdout ----
[INFO] [stdout] error: expected one of `!`, `.`, `::`, `;`, `?`, `{`, `}`, or an operator, found `API`
[INFO] [stdout]  --> src/bindings.rs:45949:6
[INFO] [stdout]   |
[INFO] [stdout] 3 | This API allows user to send waveform with any length.
[INFO] [stdout]   |      ^^^ expected one of 8 possible tokens
[INFO] [stdout] 
[INFO] [stdout] error: aborting due to previous error
[INFO] [stdout] 
[INFO] [stdout] Couldn't compile the test.
[INFO] [stdout] ---- src/bindings.rs - rmt_set_source_clk (line 45687) stdout ----
[INFO] [stdout] error: expected one of `!`, `.`, `::`, `;`, `?`, `{`, `}`, or an operator, found `module`
[INFO] [stdout]  --> src/bindings.rs:45688:5
[INFO] [stdout]   |
[INFO] [stdout] 3 | RMT module has two clock sources:
[INFO] [stdout]   |     ^^^^^^ expected one of 8 possible tokens
[INFO] [stdout] 
[INFO] [stdout] error: aborting due to previous error
[INFO] [stdout] 
[INFO] [stdout] Couldn't compile the test.
[INFO] [stdout] ---- src/bindings.rs - rmt_set_tx_carrier (line 45523) stdout ----
[INFO] [stdout] error: expected one of `!`, `.`, `::`, `;`, `?`, `{`, `}`, or an operator, found `different`
[INFO] [stdout]  --> src/bindings.rs:45524:5
[INFO] [stdout]   |
[INFO] [stdout] 3 | Set different values for carrier_high and carrier_low to set different frequency of carrier.
[INFO] [stdout]   |     ^^^^^^^^^ expected one of 8 possible tokens
[INFO] [stdout] 
[INFO] [stdout] error: aborting due to previous error
[INFO] [stdout] 
[INFO] [stdout] Couldn't compile the test.
[INFO] [stdout] ---- src/bindings.rs - rmt_set_mem_block_num (line 45486) stdout ----
[INFO] [stdout] error: unknown start of token: \u{2217}
[INFO] [stdout]   --> src/bindings.rs:45494:60
[INFO] [stdout]    |
[INFO] [stdout] 10 |    that is, start_addr_chn = RMT base address + 0x800 + 64 ∗ 4 ∗ n, and
[INFO] [stdout]    |                                                            ^
[INFO] [stdout]    |
[INFO] [stdout] help: Unicode character '∗' (Asterisk Operator) looks like '*' (Asterisk), but it is not
[INFO] [stdout]    |
[INFO] [stdout] 10 |    that is, start_addr_chn = RMT base address + 0x800 + 64 * 4 ∗ n, and
[INFO] [stdout]    |                                                            ^
[INFO] [stdout] 
[INFO] [stdout] error: unknown start of token: \u{2217}
[INFO] [stdout]   --> src/bindings.rs:45494:64
[INFO] [stdout]    |
[INFO] [stdout] 10 |    that is, start_addr_chn = RMT base address + 0x800 + 64 ∗ 4 ∗ n, and
[INFO] [stdout]    |                                                                ^
[INFO] [stdout]    |
[INFO] [stdout] help: Unicode character '∗' (Asterisk Operator) looks like '*' (Asterisk), but it is not
[INFO] [stdout]    |
[INFO] [stdout] 10 |    that is, start_addr_chn = RMT base address + 0x800 + 64 ∗ 4 * n, and
[INFO] [stdout]    |                                                                ^
[INFO] [stdout] 
[INFO] [stdout] error: unknown start of token: \u{2217}
[INFO] [stdout]   --> src/bindings.rs:45495:50
[INFO] [stdout]    |
[INFO] [stdout] 11 |    end_addr_chn = RMT base address + 0x800 +  64 ∗ 4 ∗ n + 64 ∗ 4 ∗ RMT_MEM_SIZE_CHn mod 512 ∗ 4
[INFO] [stdout]    |                                                  ^
[INFO] [stdout]    |
[INFO] [stdout] help: Unicode character '∗' (Asterisk Operator) looks like '*' (Asterisk), but it is not
[INFO] [stdout]    |
[INFO] [stdout] 11 |    end_addr_chn = RMT base address + 0x800 +  64 * 4 ∗ n + 64 ∗ 4 ∗ RMT_MEM_SIZE_CHn mod 512 ∗ 4
[INFO] [stdout]    |                                                  ^
[INFO] [stdout] 
[INFO] [stdout] error: unknown start of token: \u{2217}
[INFO] [stdout]   --> src/bindings.rs:45495:54
[INFO] [stdout]    |
[INFO] [stdout] 11 |    end_addr_chn = RMT base address + 0x800 +  64 ∗ 4 ∗ n + 64 ∗ 4 ∗ RMT_MEM_SIZE_CHn mod 512 ∗ 4
[INFO] [stdout]    |                                                      ^
[INFO] [stdout]    |
[INFO] [stdout] help: Unicode character '∗' (Asterisk Operator) looks like '*' (Asterisk), but it is not
[INFO] [stdout]    |
[INFO] [stdout] 11 |    end_addr_chn = RMT base address + 0x800 +  64 ∗ 4 * n + 64 ∗ 4 ∗ RMT_MEM_SIZE_CHn mod 512 ∗ 4
[INFO] [stdout]    |                                                      ^
[INFO] [stdout] 
[INFO] [stdout] error: unknown start of token: \u{2217}
[INFO] [stdout]   --> src/bindings.rs:45495:63
[INFO] [stdout]    |
[INFO] [stdout] 11 |    end_addr_chn = RMT base address + 0x800 +  64 ∗ 4 ∗ n + 64 ∗ 4 ∗ RMT_MEM_SIZE_CHn mod 512 ∗ 4
[INFO] [stdout]    |                                                               ^
[INFO] [stdout]    |
[INFO] [stdout] help: Unicode character '∗' (Asterisk Operator) looks like '*' (Asterisk), but it is not
[INFO] [stdout]    |
[INFO] [stdout] 11 |    end_addr_chn = RMT base address + 0x800 +  64 ∗ 4 ∗ n + 64 * 4 ∗ RMT_MEM_SIZE_CHn mod 512 ∗ 4
[INFO] [stdout]    |                                                               ^
[INFO] [stdout] 
[INFO] [stdout] error: unknown start of token: \u{2217}
[INFO] [stdout]   --> src/bindings.rs:45495:67
[INFO] [stdout]    |
[INFO] [stdout] 11 |    end_addr_chn = RMT base address + 0x800 +  64 ∗ 4 ∗ n + 64 ∗ 4 ∗ RMT_MEM_SIZE_CHn mod 512 ∗ 4
[INFO] [stdout]    |                                                                   ^
[INFO] [stdout]    |
[INFO] [stdout] help: Unicode character '∗' (Asterisk Operator) looks like '*' (Asterisk), but it is not
[INFO] [stdout]    |
[INFO] [stdout] 11 |    end_addr_chn = RMT base address + 0x800 +  64 ∗ 4 ∗ n + 64 ∗ 4 * RMT_MEM_SIZE_CHn mod 512 ∗ 4
[INFO] [stdout]    |                                                                   ^
[INFO] [stdout] 
[INFO] [stdout] error: unknown start of token: \u{2217}
[INFO] [stdout]   --> src/bindings.rs:45495:94
[INFO] [stdout]    |
[INFO] [stdout] 11 |    end_addr_chn = RMT base address + 0x800 +  64 ∗ 4 ∗ n + 64 ∗ 4 ∗ RMT_MEM_SIZE_CHn mod 512 ∗ 4
[INFO] [stdout]    |                                                                                              ^
[INFO] [stdout]    |
[INFO] [stdout] help: Unicode character '∗' (Asterisk Operator) looks like '*' (Asterisk), but it is not
[INFO] [stdout]    |
[INFO] [stdout] 11 |    end_addr_chn = RMT base address + 0x800 +  64 ∗ 4 ∗ n + 64 ∗ 4 ∗ RMT_MEM_SIZE_CHn mod 512 * 4
[INFO] [stdout]    |                                                                                              ^
[INFO] [stdout] 
[INFO] [stdout] error: expected one of `!`, `.`, `::`, `;`, `?`, `{`, `}`, or an operator, found `function`
[INFO] [stdout]  --> src/bindings.rs:45487:6
[INFO] [stdout]   |
[INFO] [stdout] 3 | This function is used to configure the amount of memory blocks allocated to channel n
[INFO] [stdout]   |      ^^^^^^^^ expected one of 8 possible tokens
[INFO] [stdout] 
[INFO] [stdout] error: aborting due to 8 previous errors
[INFO] [stdout] 
[INFO] [stdout] Couldn't compile the test.
[INFO] [stdout] ---- src/bindings.rs - rmt_set_rx_idle_thresh (line 45456) stdout ----
[INFO] [stdout] error: expected one of `!`, `.`, `::`, `;`, `?`, `{`, `}`, or an operator, found `receive`
[INFO] [stdout]  --> src/bindings.rs:45457:4
[INFO] [stdout]   |
[INFO] [stdout] 3 | In receive mode, when no edge is detected on the input signal
[INFO] [stdout]   |    ^^^^^^^ expected one of 8 possible tokens
[INFO] [stdout] 
[INFO] [stdout] error: aborting due to previous error
[INFO] [stdout] 
[INFO] [stdout] Couldn't compile the test.
[INFO] [stdout] ---- src/bindings.rs - uart_pattern_get_pos (line 55826) stdout ----
[INFO] [stdout] error: expected one of `!`, `.`, `::`, `;`, `?`, `{`, `}`, or an operator, found `following`
[INFO] [stdout]  --> src/bindings.rs:55827:5
[INFO] [stdout]   |
[INFO] [stdout] 3 | The following APIs will modify the pattern position info:
[INFO] [stdout]   |     ^^^^^^^^^ expected one of 8 possible tokens
[INFO] [stdout] 
[INFO] [stdout] error: aborting due to previous error
[INFO] [stdout] 
[INFO] [stdout] Couldn't compile the test.
[INFO] [stdout] ---- src/bindings.rs - uart_pattern_pop_pos (line 55808) stdout ----
[INFO] [stdout] error: expected one of `!`, `.`, `::`, `;`, `?`, `{`, `}`, or an operator, found `following`
[INFO] [stdout]  --> src/bindings.rs:55809:5
[INFO] [stdout]   |
[INFO] [stdout] 3 | The following APIs will modify the pattern position info:
[INFO] [stdout]   |     ^^^^^^^^^ expected one of 8 possible tokens
[INFO] [stdout] 
[INFO] [stdout] error: aborting due to previous error
[INFO] [stdout] 
[INFO] [stdout] Couldn't compile the test.
[INFO] [stdout] ---- src/bindings.rs - wifi_csi_cb_t (line 64465) stdout ----
[INFO] [stdout] error: expected one of `!`, `.`, `::`, `;`, `?`, `{`, `}`, or an operator, found `time`
[INFO] [stdout]  --> src/bindings.rs:64466:6
[INFO] [stdout]   |
[INFO] [stdout] 3 | Each time a CSI data is received, the callback function will be called.
[INFO] [stdout]   |      ^^^^ expected one of 8 possible tokens
[INFO] [stdout] 
[INFO] [stdout] error: aborting due to previous error
[INFO] [stdout] 
[INFO] [stdout] Couldn't compile the test.
[INFO] [stdout] ---- src/bindings.rs - vTaskDelay (line 16827) stdout ----
[INFO] [stdout] error: expected pattern, found `;`
[INFO] [stdout]  --> src/bindings.rs:16828:6
[INFO] [stdout]   |
[INFO] [stdout] 3 | for( ;; )
[INFO] [stdout]   |      ^ expected pattern
[INFO] [stdout] 
[INFO] [stdout] error: aborting due to previous error
[INFO] [stdout] 
[INFO] [stdout] Couldn't compile the test.
[INFO] [stdout] ---- src/bindings.rs - vTaskSuspendAll (line 17212) stdout ----
[INFO] [stdout] error[E0425]: cannot find function `vTaskSuspendAll` in this scope
[INFO] [stdout]   --> src/bindings.rs:17222:1
[INFO] [stdout]    |
[INFO] [stdout] 12 | vTaskSuspendAll ();
[INFO] [stdout]    | ^^^^^^^^^^^^^^^ not found in this scope
[INFO] [stdout] 
[INFO] [stdout] error[E0425]: cannot find function `xTaskResumeAll` in this scope
[INFO] [stdout]   --> src/bindings.rs:17232:3
[INFO] [stdout]    |
[INFO] [stdout] 22 |   xTaskResumeAll ();
[INFO] [stdout]    |   ^^^^^^^^^^^^^^ not found in this scope
[INFO] [stdout] 
[INFO] [stdout] error: aborting due to 2 previous errors
[INFO] [stdout] 
[INFO] [stdout] For more information about this error, try `rustc --explain E0425`.
[INFO] [stdout] Couldn't compile the test.
[INFO] [stdout] ---- src/bindings.rs - xTaskResumeAll (line 17256) stdout ----
[INFO] [stdout] error[E0425]: cannot find function `vTaskSuspendAll` in this scope
[INFO] [stdout]   --> src/bindings.rs:17266:1
[INFO] [stdout]    |
[INFO] [stdout] 12 | vTaskSuspendAll ();
[INFO] [stdout]    | ^^^^^^^^^^^^^^^ not found in this scope
[INFO] [stdout] 
[INFO] [stdout] error[E0425]: cannot find function `xTaskResumeAll` in this scope
[INFO] [stdout]   --> src/bindings.rs:17278:8
[INFO] [stdout]    |
[INFO] [stdout] 24 |   if( !xTaskResumeAll () )
[INFO] [stdout]    |        ^^^^^^^^^^^^^^ not found in this scope
[INFO] [stdout] 
[INFO] [stdout] error[E0425]: cannot find function `taskYIELD` in this scope
[INFO] [stdout]   --> src/bindings.rs:17280:8
[INFO] [stdout]    |
[INFO] [stdout] 26 |        taskYIELD ();
[INFO] [stdout]    |        ^^^^^^^^^ not found in this scope
[INFO] [stdout] 
[INFO] [stdout] error: aborting due to 3 previous errors
[INFO] [stdout] 
[INFO] [stdout] For more information about this error, try `rustc --explain E0425`.
[INFO] [stdout] Couldn't compile the test.
[INFO] [stdout] ---- src/bindings.rs - xQueueReceiveFromISR (line 22000) stdout ----
[INFO] [stdout] error: expected expression, found `)`
[INFO] [stdout]  --> src/bindings.rs:22001:47
[INFO] [stdout]   |
[INFO] [stdout] 3 | while( xQueueReceiveFromISR( xQueue, ( void * ) &cRxedChar, &xTaskWokenByReceive) )
[INFO] [stdout]   |                                               ^ expected expression
[INFO] [stdout] 
[INFO] [stdout] error: expected one of `)`, `,`, `.`, `?`, or an operator, found `pdFALSE`
[INFO] [stdout]   --> src/bindings.rs:22012:34
[INFO] [stdout]    |
[INFO] [stdout] 14 | if( cTaskWokenByPost != ( char ) pdFALSE;
[INFO] [stdout]    |   -                             -^^^^^^^
[INFO] [stdout]    |   |                             |
[INFO] [stdout]    |   unclosed delimiter            help: `)` may belong here
[INFO] [stdout] 
[INFO] [stdout] error: expected `{`, found `pdFALSE`
[INFO] [stdout]   --> src/bindings.rs:22012:34
[INFO] [stdout]    |
[INFO] [stdout] 14 | if( cTaskWokenByPost != ( char ) pdFALSE;
[INFO] [stdout]    | --                               ^^^^^^^ expected `{`
[INFO] [stdout]    | |
[INFO] [stdout]    | this `if` expression has a condition, but no block
[INFO] [stdout] 
[INFO] [stdout] error[E0425]: cannot find function `xQueueReceiveFromISR` in this scope
[INFO] [stdout]  --> src/bindings.rs:22001:8
[INFO] [stdout]   |
[INFO] [stdout] 3 | while( xQueueReceiveFromISR( xQueue, ( void * ) &cRxedChar, &xTaskWokenByReceive) )
[INFO] [stdout]   |        ^^^^^^^^^^^^^^^^^^^^ not found in this scope
[INFO] [stdout] 
[INFO] [stdout] error[E0425]: cannot find value `xQueue` in this scope
[INFO] [stdout]  --> src/bindings.rs:22001:30
[INFO] [stdout]   |
[INFO] [stdout] 3 | while( xQueueReceiveFromISR( xQueue, ( void * ) &cRxedChar, &xTaskWokenByReceive) )
[INFO] [stdout]   |                              ^^^^^^ not found in this scope
[INFO] [stdout] 
[INFO] [stdout] error[E0425]: cannot find value `cRxedChar` in this scope
[INFO] [stdout]  --> src/bindings.rs:22001:50
[INFO] [stdout]   |
[INFO] [stdout] 3 | while( xQueueReceiveFromISR( xQueue, ( void * ) &cRxedChar, &xTaskWokenByReceive) )
[INFO] [stdout]   |                                                  ^^^^^^^^^ not found in this scope
[INFO] [stdout] 
[INFO] [stdout] error[E0425]: cannot find value `xTaskWokenByReceive` in this scope
[INFO] [stdout]  --> src/bindings.rs:22001:62
[INFO] [stdout]   |
[INFO] [stdout] 3 | while( xQueueReceiveFromISR( xQueue, ( void * ) &cRxedChar, &xTaskWokenByReceive) )
[INFO] [stdout]   |                                                              ^^^^^^^^^^^^^^^^^^^ not found in this scope
[INFO] [stdout] 
[INFO] [stdout] error[E0425]: cannot find function `vOutputCharacter` in this scope
[INFO] [stdout]  --> src/bindings.rs:22004:2
[INFO] [stdout]   |
[INFO] [stdout] 6 |     vOutputCharacter( cRxedChar );
[INFO] [stdout]   |     ^^^^^^^^^^^^^^^^ not found in this scope
[INFO] [stdout] 
[INFO] [stdout] error[E0425]: cannot find value `cRxedChar` in this scope
[INFO] [stdout]  --> src/bindings.rs:22004:20
[INFO] [stdout]   |
[INFO] [stdout] 6 |     vOutputCharacter( cRxedChar );
[INFO] [stdout]   |                       ^^^^^^^^^ not found in this scope
[INFO] [stdout] 
[INFO] [stdout] error: aborting due to 9 previous errors
[INFO] [stdout] 
[INFO] [stdout] For more information about this error, try `rustc --explain E0425`.
[INFO] [stdout] Couldn't compile the test.
[INFO] [stdout] ---- src/bindings.rs - xQueueGenericReceive (line 21812) stdout ----
[INFO] [stdout] error: expected one of `)`, `,`, `.`, `?`, or an operator, found `10`
[INFO] [stdout]  --> src/bindings.rs:21817:71
[INFO] [stdout]   |
[INFO] [stdout] 7 |     if( xQueueGenericReceive( xQueue, &( pxRxedMessage ), ( TickType_t ) 10 ) )
[INFO] [stdout]   |                                                                         -^^ expected one of `)`, `,`, `.`, `?`, or an operator
[INFO] [stdout]   |                                                                         |
[INFO] [stdout]   |                                                                         help: missing `,`
[INFO] [stdout] 
[INFO] [stdout] error[E0425]: cannot find value `xQueue` in this scope
[INFO] [stdout]  --> src/bindings.rs:21813:5
[INFO] [stdout]   |
[INFO] [stdout] 3 | if( xQueue != 0 )
[INFO] [stdout]   |     ^^^^^^ not found in this scope
[INFO] [stdout] 
[INFO] [stdout] error[E0425]: cannot find function `xQueueGenericReceive` in this scope
[INFO] [stdout]  --> src/bindings.rs:21817:6
[INFO] [stdout]   |
[INFO] [stdout] 7 |     if( xQueueGenericReceive( xQueue, &( pxRxedMessage ), ( TickType_t ) 10 ) )
[INFO] [stdout]   |         ^^^^^^^^^^^^^^^^^^^^ not found in this scope
[INFO] [stdout] 
[INFO] [stdout] error[E0425]: cannot find value `xQueue` in this scope
[INFO] [stdout]  --> src/bindings.rs:21817:28
[INFO] [stdout]   |
[INFO] [stdout] 7 |     if( xQueueGenericReceive( xQueue, &( pxRxedMessage ), ( TickType_t ) 10 ) )
[INFO] [stdout]   |                               ^^^^^^ not found in this scope
[INFO] [stdout] 
[INFO] [stdout] error[E0425]: cannot find value `pxRxedMessage` in this scope
[INFO] [stdout]  --> src/bindings.rs:21817:39
[INFO] [stdout]   |
[INFO] [stdout] 7 |     if( xQueueGenericReceive( xQueue, &( pxRxedMessage ), ( TickType_t ) 10 ) )
[INFO] [stdout]   |                                          ^^^^^^^^^^^^^ not found in this scope
[INFO] [stdout] 
[INFO] [stdout] error[E0425]: cannot find value `TickType_t` in this scope
[INFO] [stdout]  --> src/bindings.rs:21817:58
[INFO] [stdout]   |
[INFO] [stdout] 7 |     if( xQueueGenericReceive( xQueue, &( pxRxedMessage ), ( TickType_t ) 10 ) )
[INFO] [stdout]   |                                                             ^^^^^^^^^^ not found in this scope
[INFO] [stdout] 
[INFO] [stdout] error: aborting due to 6 previous errors
[INFO] [stdout] 
[INFO] [stdout] For more information about this error, try `rustc --explain E0425`.
[INFO] [stdout] Couldn't compile the test.
[INFO] [stdout] ---- src/bindings.rs - vTaskEndScheduler (line 17169) stdout ----
[INFO] [stdout] error[E0425]: cannot find function `vTaskEndScheduler` in this scope
[INFO] [stdout]  --> src/bindings.rs:17172:1
[INFO] [stdout]   |
[INFO] [stdout] 5 | vTaskEndScheduler ();
[INFO] [stdout]   | ^^^^^^^^^^^^^^^^^ not found in this scope
[INFO] [stdout] 
[INFO] [stdout] error: aborting due to previous error
[INFO] [stdout] 
[INFO] [stdout] For more information about this error, try `rustc --explain E0425`.
[INFO] [stdout] Couldn't compile the test.
[INFO] [stdout] ---- src/bindings.rs - vTaskDelayUntil (line 16879) stdout ----
[INFO] [stdout] error: expected pattern, found `;`
[INFO] [stdout]  --> src/bindings.rs:16882:7
[INFO] [stdout]   |
[INFO] [stdout] 5 |  for( ;; )
[INFO] [stdout]   |       ^ expected pattern
[INFO] [stdout] 
[INFO] [stdout] error[E0425]: cannot find value `xLastWakeTime` in this scope
[INFO] [stdout]  --> src/bindings.rs:16881:1
[INFO] [stdout]   |
[INFO] [stdout] 4 | xLastWakeTime = xTaskGetTickCount ();
[INFO] [stdout]   | ^^^^^^^^^^^^^ not found in this scope
[INFO] [stdout] 
[INFO] [stdout] error[E0425]: cannot find function `xTaskGetTickCount` in this scope
[INFO] [stdout]  --> src/bindings.rs:16881:17
[INFO] [stdout]   |
[INFO] [stdout] 4 | xLastWakeTime = xTaskGetTickCount ();
[INFO] [stdout]   |                 ^^^^^^^^^^^^^^^^^ not found in this scope
[INFO] [stdout] 
[INFO] [stdout] error: aborting due to 3 previous errors
[INFO] [stdout] 
[INFO] [stdout] For more information about this error, try `rustc --explain E0425`.
[INFO] [stdout] Couldn't compile the test.
[INFO] [stdout] ---- src/bindings.rs - uxTaskGetSystemState (line 17530) stdout ----
[INFO] [stdout] error: invalid suffix `UL` for number literal
[INFO] [stdout]  --> src/bindings.rs:17532:19
[INFO] [stdout]   |
[INFO] [stdout] 4 | ulTotalRunTime /= 100UL;
[INFO] [stdout]   |                   ^^^^^ invalid suffix `UL`
[INFO] [stdout]   |
[INFO] [stdout]   = help: the suffix must be one of the numeric types (`u32`, `isize`, `f32`, etc.)
[INFO] [stdout] 
[INFO] [stdout] error: expected one of `)`, `,`, `@`, or `|`, found `=`
[INFO] [stdout]   --> src/bindings.rs:17539:13
[INFO] [stdout]    |
[INFO] [stdout] 11 |      for( x = 0; x < uxArraySize; x++ )
[INFO] [stdout]    |             ^ expected one of `)`, `,`, `@`, or `|`
[INFO] [stdout] 
[INFO] [stdout] error: missing `in` in `for` loop
[INFO] [stdout]   --> src/bindings.rs:17539:12
[INFO] [stdout]    |
[INFO] [stdout] 11 |      for( x = 0; x < uxArraySize; x++ )
[INFO] [stdout]    |            ^ help: try adding `in` here
[INFO] [stdout] 
[INFO] [stdout] error: expected expression, found `=`
[INFO] [stdout]   --> src/bindings.rs:17539:13
[INFO] [stdout]    |
[INFO] [stdout] 11 |      for( x = 0; x < uxArraySize; x++ )
[INFO] [stdout]    |             ^ expected expression
[INFO] [stdout] 
[INFO] [stdout] error[E0425]: cannot find value `ulTotalRunTime` in this scope
[INFO] [stdout]  --> src/bindings.rs:17532:1
[INFO] [stdout]   |
[INFO] [stdout] 4 | ulTotalRunTime /= 100UL;
[INFO] [stdout]   | ^^^^^^^^^^^^^^ not found in this scope
[INFO] [stdout] 
[INFO] [stdout] error[E0425]: cannot find value `ulTotalRunTime` in this scope
[INFO] [stdout]  --> src/bindings.rs:17535:6
[INFO] [stdout]   |
[INFO] [stdout] 7 |  if( ulTotalRunTime > 0 )
[INFO] [stdout]   |      ^^^^^^^^^^^^^^ not found in this scope
[INFO] [stdout] 
[INFO] [stdout] error[E0425]: cannot find function `vPortFree` in this scope
[INFO] [stdout]   --> src/bindings.rs:17562:2
[INFO] [stdout]    |
[INFO] [stdout] 34 |  vPortFree( pxTaskStatusArray );
[INFO] [stdout]    |  ^^^^^^^^^ not found in this scope
[INFO] [stdout] 
[INFO] [stdout] error[E0425]: cannot find value `pxTaskStatusArray` in this scope
[INFO] [stdout]   --> src/bindings.rs:17562:13
[INFO] [stdout]    |
[INFO] [stdout] 34 |  vPortFree( pxTaskStatusArray );
[INFO] [stdout]    |             ^^^^^^^^^^^^^^^^^ not found in this scope
[INFO] [stdout] 
[INFO] [stdout] error: aborting due to 8 previous errors
[INFO] [stdout] 
[INFO] [stdout] For more information about this error, try `rustc --explain E0425`.
[INFO] [stdout] Couldn't compile the test.
[INFO] [stdout] ---- src/bindings.rs - xQueueGenericReceive (line 21788) stdout ----
[INFO] [stdout] error: expected expression, found keyword `struct`
[INFO] [stdout]  --> src/bindings.rs:21791:36
[INFO] [stdout]   |
[INFO] [stdout] 5 | xQueue = xQueueCreate( 10, sizeof( struct AMessage * ) );
[INFO] [stdout]   |                                    ^^^^^^ expected expression
[INFO] [stdout] 
[INFO] [stdout] error: expected expression, found `)`
[INFO] [stdout]   --> src/bindings.rs:21802:30
[INFO] [stdout]    |
[INFO] [stdout] 16 | xQueueSend( xQueue, ( void * ) &pxMessage, ( TickType_t ) 0 );
[INFO] [stdout]    |                              ^ expected expression
[INFO] [stdout] 
[INFO] [stdout] error: expected one of `)`, `,`, `.`, `?`, or an operator, found `0`
[INFO] [stdout]   --> src/bindings.rs:21802:59
[INFO] [stdout]    |
[INFO] [stdout] 16 | xQueueSend( xQueue, ( void * ) &pxMessage, ( TickType_t ) 0 );
[INFO] [stdout]    |                                                          -^ expected one of `)`, `,`, `.`, `?`, or an operator
[INFO] [stdout]    |                                                          |
[INFO] [stdout]    |                                                          help: missing `,`
[INFO] [stdout] 
[INFO] [stdout] error[E0425]: cannot find value `xQueue` in this scope
[INFO] [stdout]  --> src/bindings.rs:21791:1
[INFO] [stdout]   |
[INFO] [stdout] 5 | xQueue = xQueueCreate( 10, sizeof( struct AMessage * ) );
[INFO] [stdout]   | ^^^^^^ not found in this scope
[INFO] [stdout] 
[INFO] [stdout] error[E0425]: cannot find function `xQueueCreate` in this scope
[INFO] [stdout]  --> src/bindings.rs:21791:10
[INFO] [stdout]   |
[INFO] [stdout] 5 | xQueue = xQueueCreate( 10, sizeof( struct AMessage * ) );
[INFO] [stdout]   |          ^^^^^^^^^^^^ not found in this scope
[INFO] [stdout] 
[INFO] [stdout] error[E0425]: cannot find value `xQueue` in this scope
[INFO] [stdout]  --> src/bindings.rs:21792:5
[INFO] [stdout]   |
[INFO] [stdout] 6 | if( xQueue == 0 )
[INFO] [stdout]   |     ^^^^^^ not found in this scope
[INFO] [stdout] 
[INFO] [stdout] error[E0425]: cannot find value `pxMessage` in this scope
[INFO] [stdout]   --> src/bindings.rs:21801:1
[INFO] [stdout]    |
[INFO] [stdout] 15 | pxMessage = & xMessage;
[INFO] [stdout]    | ^^^^^^^^^ not found in this scope
[INFO] [stdout] 
[INFO] [stdout] error[E0425]: cannot find value `xMessage` in this scope
[INFO] [stdout]   --> src/bindings.rs:21801:15
[INFO] [stdout]    |
[INFO] [stdout] 15 | pxMessage = & xMessage;
[INFO] [stdout]    |               ^^^^^^^^ not found in this scope
[INFO] [stdout] 
[INFO] [stdout] error[E0425]: cannot find function `xQueueSend` in this scope
[INFO] [stdout]   --> src/bindings.rs:21802:1
[INFO] [stdout]    |
[INFO] [stdout] 16 | xQueueSend( xQueue, ( void * ) &pxMessage, ( TickType_t ) 0 );
[INFO] [stdout]    | ^^^^^^^^^^ not found in this scope
[INFO] [stdout] 
[INFO] [stdout] error[E0425]: cannot find value `xQueue` in this scope
[INFO] [stdout]   --> src/bindings.rs:21802:13
[INFO] [stdout]    |
[INFO] [stdout] 16 | xQueueSend( xQueue, ( void * ) &pxMessage, ( TickType_t ) 0 );
[INFO] [stdout]    |             ^^^^^^ not found in this scope
[INFO] [stdout] 
[INFO] [stdout] error[E0425]: cannot find value `pxMessage` in this scope
[INFO] [stdout]   --> src/bindings.rs:21802:33
[INFO] [stdout]    |
[INFO] [stdout] 16 | xQueueSend( xQueue, ( void * ) &pxMessage, ( TickType_t ) 0 );
[INFO] [stdout]    |                                 ^^^^^^^^^ not found in this scope
[INFO] [stdout] 
[INFO] [stdout] error[E0425]: cannot find value `TickType_t` in this scope
[INFO] [stdout]   --> src/bindings.rs:21802:46
[INFO] [stdout]    |
[INFO] [stdout] 16 | xQueueSend( xQueue, ( void * ) &pxMessage, ( TickType_t ) 0 );
[INFO] [stdout]    |                                              ^^^^^^^^^^ not found in this scope
[INFO] [stdout] 
[INFO] [stdout] error: aborting due to 12 previous errors
[INFO] [stdout] 
[INFO] [stdout] For more information about this error, try `rustc --explain E0425`.
[INFO] [stdout] Couldn't compile the test.
[INFO] [stdout] ---- src/bindings.rs - vTaskDelete (line 16785) stdout ----
[INFO] [stdout] error[E0425]: cannot find function `xTaskCreate` in this scope
[INFO] [stdout]  --> src/bindings.rs:16787:1
[INFO] [stdout]   |
[INFO] [stdout] 4 | xTaskCreate( vTaskCode, "NAME", STACK_SIZE, NULL, tskIDLE_PRIORITY, &xHandle );
[INFO] [stdout]   | ^^^^^^^^^^^ not found in this scope
[INFO] [stdout] 
[INFO] [stdout] error[E0425]: cannot find value `vTaskCode` in this scope
[INFO] [stdout]  --> src/bindings.rs:16787:14
[INFO] [stdout]   |
[INFO] [stdout] 4 | xTaskCreate( vTaskCode, "NAME", STACK_SIZE, NULL, tskIDLE_PRIORITY, &xHandle );
[INFO] [stdout]   |              ^^^^^^^^^ not found in this scope
[INFO] [stdout] 
[INFO] [stdout] error[E0425]: cannot find value `STACK_SIZE` in this scope
[INFO] [stdout]  --> src/bindings.rs:16787:33
[INFO] [stdout]   |
[INFO] [stdout] 4 | xTaskCreate( vTaskCode, "NAME", STACK_SIZE, NULL, tskIDLE_PRIORITY, &xHandle );
[INFO] [stdout]   |                                 ^^^^^^^^^^ not found in this scope
[INFO] [stdout] 
[INFO] [stdout] error[E0425]: cannot find value `NULL` in this scope
[INFO] [stdout]  --> src/bindings.rs:16787:45
[INFO] [stdout]   |
[INFO] [stdout] 4 | xTaskCreate( vTaskCode, "NAME", STACK_SIZE, NULL, tskIDLE_PRIORITY, &xHandle );
[INFO] [stdout]   |                                             ^^^^ not found in this scope
[INFO] [stdout] 
[INFO] [stdout] error[E0425]: cannot find value `tskIDLE_PRIORITY` in this scope
[INFO] [stdout]  --> src/bindings.rs:16787:51
[INFO] [stdout]   |
[INFO] [stdout] 4 | xTaskCreate( vTaskCode, "NAME", STACK_SIZE, NULL, tskIDLE_PRIORITY, &xHandle );
[INFO] [stdout]   |                                                   ^^^^^^^^^^^^^^^^ not found in this scope
[INFO] [stdout] 
[INFO] [stdout] error[E0425]: cannot find value `xHandle` in this scope
[INFO] [stdout]  --> src/bindings.rs:16787:70
[INFO] [stdout]   |
[INFO] [stdout] 4 | xTaskCreate( vTaskCode, "NAME", STACK_SIZE, NULL, tskIDLE_PRIORITY, &xHandle );
[INFO] [stdout]   |                                                                      ^^^^^^^ not found in this scope
[INFO] [stdout] 
[INFO] [stdout] error[E0425]: cannot find function `vTaskDelete` in this scope
[INFO] [stdout]  --> src/bindings.rs:16790:2
[INFO] [stdout]   |
[INFO] [stdout] 7 |  vTaskDelete( xHandle );
[INFO] [stdout]   |  ^^^^^^^^^^^ not found in this scope
[INFO] [stdout] 
[INFO] [stdout] error[E0425]: cannot find value `xHandle` in this scope
[INFO] [stdout]  --> src/bindings.rs:16790:15
[INFO] [stdout]   |
[INFO] [stdout] 7 |  vTaskDelete( xHandle );
[INFO] [stdout]   |               ^^^^^^^ not found in this scope
[INFO] [stdout] 
[INFO] [stdout] error: aborting due to 8 previous errors
[INFO] [stdout] 
[INFO] [stdout] For more information about this error, try `rustc --explain E0425`.
[INFO] [stdout] Couldn't compile the test.
[INFO] [stdout] ---- src/bindings.rs - xQueueGenericSendFromISR (line 21906) stdout ----
[INFO] [stdout] error: expected expression, found reserved keyword `do`
[INFO] [stdout]  --> src/bindings.rs:21911:1
[INFO] [stdout]   |
[INFO] [stdout] 7 | do
[INFO] [stdout]   | ^^ expected expression
[INFO] [stdout] 
[INFO] [stdout] error[E0425]: cannot find value `xHigherPriorityTaskWokenByPost` in this scope
[INFO] [stdout]  --> src/bindings.rs:21908:1
[INFO] [stdout]   |
[INFO] [stdout] 4 | xHigherPriorityTaskWokenByPost = pdFALSE;
[INFO] [stdout]   | ^^^^^^^^^^^^^^^^^^^^^^^^^^^^^^ not found in this scope
[INFO] [stdout] 
[INFO] [stdout] error[E0425]: cannot find value `pdFALSE` in this scope
[INFO] [stdout]  --> src/bindings.rs:21908:34
[INFO] [stdout]   |
[INFO] [stdout] 4 | xHigherPriorityTaskWokenByPost = pdFALSE;
[INFO] [stdout]   |                                  ^^^^^^^ not found in this scope
[INFO] [stdout] 
[INFO] [stdout] error: aborting due to 3 previous errors
[INFO] [stdout] 
[INFO] [stdout] For more information about this error, try `rustc --explain E0425`.
[INFO] [stdout] Couldn't compile the test.
[INFO] [stdout] ---- src/bindings.rs - xQueueReceiveFromISR (line 21970) stdout ----
[INFO] [stdout] error: expected expression, found `)`
[INFO] [stdout]   --> src/bindings.rs:21983:30
[INFO] [stdout]    |
[INFO] [stdout] 15 | xQueueSend( xQueue, ( void * ) &cValueToPost, xTicksToWait );
[INFO] [stdout]    |                              ^ expected expression
[INFO] [stdout] 
[INFO] [stdout] error: expected expression, found `)`
[INFO] [stdout]   --> src/bindings.rs:21985:30
[INFO] [stdout]    |
[INFO] [stdout] 17 | xQueueSend( xQueue, ( void * ) &cValueToPost, xTicksToWait );
[INFO] [stdout]    |                              ^ expected expression
[INFO] [stdout] 
[INFO] [stdout] error: expected expression, found `)`
[INFO] [stdout]   --> src/bindings.rs:21991:30
[INFO] [stdout]    |
[INFO] [stdout] 23 | xQueueSend( xQueue, ( void * ) &cValueToPost, xTicksToWait );
[INFO] [stdout]    |                              ^ expected expression
[INFO] [stdout] 
[INFO] [stdout] error[E0425]: cannot find value `xQueue` in this scope
[INFO] [stdout]  --> src/bindings.rs:21972:1
[INFO] [stdout]   |
[INFO] [stdout] 4 | xQueue = xQueueCreate( 10, sizeof( char ) );
[INFO] [stdout]   | ^^^^^^ not found in this scope
[INFO] [stdout] 
[INFO] [stdout] error[E0425]: cannot find function `xQueueCreate` in this scope
[INFO] [stdout]  --> src/bindings.rs:21972:10
[INFO] [stdout]   |
[INFO] [stdout] 4 | xQueue = xQueueCreate( 10, sizeof( char ) );
[INFO] [stdout]   |          ^^^^^^^^^^^^ not found in this scope
[INFO] [stdout] 
[INFO] [stdout] error[E0425]: cannot find function `sizeof` in this scope
[INFO] [stdout]  --> src/bindings.rs:21972:28
[INFO] [stdout]   |
[INFO] [stdout] 4 | xQueue = xQueueCreate( 10, sizeof( char ) );
[INFO] [stdout]   |                            ^^^^^^ not found in this scope
[INFO] [stdout] 
[INFO] [stdout] error[E0423]: expected value, found builtin type `char`
[INFO] [stdout]  --> src/bindings.rs:21972:36
[INFO] [stdout]   |
[INFO] [stdout] 4 | xQueue = xQueueCreate( 10, sizeof( char ) );
[INFO] [stdout]   |                                    ^^^^ not a value
[INFO] [stdout] 
[INFO] [stdout] error[E0425]: cannot find value `xQueue` in this scope
[INFO] [stdout]  --> src/bindings.rs:21973:5
[INFO] [stdout]   |
[INFO] [stdout] 5 | if( xQueue == 0 )
[INFO] [stdout]   |     ^^^^^^ not found in this scope
[INFO] [stdout] 
[INFO] [stdout] error[E0425]: cannot find value `cValueToPost` in this scope
[INFO] [stdout]   --> src/bindings.rs:21982:1
[INFO] [stdout]    |
[INFO] [stdout] 14 | cValueToPost = 'a';
[INFO] [stdout]    | ^^^^^^^^^^^^ not found in this scope
[INFO] [stdout] 
[INFO] [stdout] error[E0425]: cannot find function `xQueueSend` in this scope
[INFO] [stdout]   --> src/bindings.rs:21983:1
[INFO] [stdout]    |
[INFO] [stdout] 15 | xQueueSend( xQueue, ( void * ) &cValueToPost, xTicksToWait );
[INFO] [stdout]    | ^^^^^^^^^^ not found in this scope
[INFO] [stdout] 
[INFO] [stdout] error[E0425]: cannot find value `xQueue` in this scope
[INFO] [stdout]   --> src/bindings.rs:21983:13
[INFO] [stdout]    |
[INFO] [stdout] 15 | xQueueSend( xQueue, ( void * ) &cValueToPost, xTicksToWait );
[INFO] [stdout]    |             ^^^^^^ not found in this scope
[INFO] [stdout] 
[INFO] [stdout] error[E0425]: cannot find value `cValueToPost` in this scope
[INFO] [stdout]   --> src/bindings.rs:21983:33
[INFO] [stdout]    |
[INFO] [stdout] 15 | xQueueSend( xQueue, ( void * ) &cValueToPost, xTicksToWait );
[INFO] [stdout]    |                                 ^^^^^^^^^^^^ not found in this scope
[INFO] [stdout] 
[INFO] [stdout] error[E0425]: cannot find value `xTicksToWait` in this scope
[INFO] [stdout]   --> src/bindings.rs:21983:47
[INFO] [stdout]    |
[INFO] [stdout] 15 | xQueueSend( xQueue, ( void * ) &cValueToPost, xTicksToWait );
[INFO] [stdout]    |                                               ^^^^^^^^^^^^ not found in this scope
[INFO] [stdout] 
[INFO] [stdout] error[E0425]: cannot find value `cValueToPost` in this scope
[INFO] [stdout]   --> src/bindings.rs:21984:1
[INFO] [stdout]    |
[INFO] [stdout] 16 | cValueToPost = 'b';
[INFO] [stdout]    | ^^^^^^^^^^^^ not found in this scope
[INFO] [stdout] 
[INFO] [stdout] error[E0425]: cannot find function `xQueueSend` in this scope
[INFO] [stdout]   --> src/bindings.rs:21985:1
[INFO] [stdout]    |
[INFO] [stdout] 17 | xQueueSend( xQueue, ( void * ) &cValueToPost, xTicksToWait );
[INFO] [stdout]    | ^^^^^^^^^^ not found in this scope
[INFO] [stdout] 
[INFO] [stdout] error[E0425]: cannot find value `xQueue` in this scope
[INFO] [stdout]   --> src/bindings.rs:21985:13
[INFO] [stdout]    |
[INFO] [stdout] 17 | xQueueSend( xQueue, ( void * ) &cValueToPost, xTicksToWait );
[INFO] [stdout]    |             ^^^^^^ not found in this scope
[INFO] [stdout] 
[INFO] [stdout] error[E0425]: cannot find value `cValueToPost` in this scope
[INFO] [stdout]   --> src/bindings.rs:21985:33
[INFO] [stdout]    |
[INFO] [stdout] 17 | xQueueSend( xQueue, ( void * ) &cValueToPost, xTicksToWait );
[INFO] [stdout]    |                                 ^^^^^^^^^^^^ not found in this scope
[INFO] [stdout] 
[INFO] [stdout] error[E0425]: cannot find value `xTicksToWait` in this scope
[INFO] [stdout]   --> src/bindings.rs:21985:47
[INFO] [stdout]    |
[INFO] [stdout] 17 | xQueueSend( xQueue, ( void * ) &cValueToPost, xTicksToWait );
[INFO] [stdout]    |                                               ^^^^^^^^^^^^ not found in this scope
[INFO] [stdout] 
[INFO] [stdout] error[E0425]: cannot find value `cValueToPost` in this scope
[INFO] [stdout]   --> src/bindings.rs:21990:1
[INFO] [stdout]    |
[INFO] [stdout] 22 | cValueToPost = 'c';
[INFO] [stdout]    | ^^^^^^^^^^^^ not found in this scope
[INFO] [stdout] 
[INFO] [stdout] error[E0425]: cannot find function `xQueueSend` in this scope
[INFO] [stdout]   --> src/bindings.rs:21991:1
[INFO] [stdout]    |
[INFO] [stdout] 23 | xQueueSend( xQueue, ( void * ) &cValueToPost, xTicksToWait );
[INFO] [stdout]    | ^^^^^^^^^^ not found in this scope
[INFO] [stdout] 
[INFO] [stdout] error[E0425]: cannot find value `xQueue` in this scope
[INFO] [stdout]   --> src/bindings.rs:21991:13
[INFO] [stdout]    |
[INFO] [stdout] 23 | xQueueSend( xQueue, ( void * ) &cValueToPost, xTicksToWait );
[INFO] [stdout]    |             ^^^^^^ not found in this scope
[INFO] [stdout] 
[INFO] [stdout] error[E0425]: cannot find value `cValueToPost` in this scope
[INFO] [stdout]   --> src/bindings.rs:21991:33
[INFO] [stdout]    |
[INFO] [stdout] 23 | xQueueSend( xQueue, ( void * ) &cValueToPost, xTicksToWait );
[INFO] [stdout]    |                                 ^^^^^^^^^^^^ not found in this scope
[INFO] [stdout] 
[INFO] [stdout] error[E0425]: cannot find value `xTicksToWait` in this scope
[INFO] [stdout]   --> src/bindings.rs:21991:47
[INFO] [stdout]    |
[INFO] [stdout] 23 | xQueueSend( xQueue, ( void * ) &cValueToPost, xTicksToWait );
[INFO] [stdout]    |                                               ^^^^^^^^^^^^ not found in this scope
[INFO] [stdout] 
[INFO] [stdout] error: aborting due to 23 previous errors
[INFO] [stdout] 
[INFO] [stdout] Some errors have detailed explanations: E0423, E0425.
[INFO] [stdout] For more information about an error, try `rustc --explain E0423`.
[INFO] [stdout] Couldn't compile the test.
[INFO] [stdout] 
[INFO] [stdout] failures:
[INFO] [stdout]     src/bindings.rs - adc1_config_channel_atten (line 20787)
[INFO] [stdout]     src/bindings.rs - adc1_config_channel_atten (line 20807)
[INFO] [stdout]     src/bindings.rs - adc2_config_channel_atten (line 20930)
[INFO] [stdout]     src/bindings.rs - esp_netif_deinit (line 61381)
[INFO] [stdout]     src/bindings.rs - esp_wifi_set_csi_rx_cb (line 64476)
[INFO] [stdout]     src/bindings.rs - esp_wifi_set_mode (line 63749)
[INFO] [stdout]     src/bindings.rs - gpio_config (line 20155)
[INFO] [stdout]     src/bindings.rs - mcpwm_io_signals_t (line 46159)
[INFO] [stdout]     src/bindings.rs - rmt_get_ringbuf_handle (line 45993)
[INFO] [stdout]     src/bindings.rs - rmt_get_rx_idle_thresh (line 45471)
[INFO] [stdout]     src/bindings.rs - rmt_get_source_clk (line 45702)
[INFO] [stdout]     src/bindings.rs - rmt_isr_register (line 45843)
[INFO] [stdout]     src/bindings.rs - rmt_register_tx_end_callback (line 46041)
[INFO] [stdout]     src/bindings.rs - rmt_set_mem_block_num (line 45486)
[INFO] [stdout]     src/bindings.rs - rmt_set_mem_pd (line 45548)
[INFO] [stdout]     src/bindings.rs - rmt_set_rx_filter (line 45672)
[INFO] [stdout]     src/bindings.rs - rmt_set_rx_idle_thresh (line 45456)
[INFO] [stdout]     src/bindings.rs - rmt_set_source_clk (line 45687)
[INFO] [stdout]     src/bindings.rs - rmt_set_tx_carrier (line 45523)
[INFO] [stdout]     src/bindings.rs - rmt_write_items (line 45948)
[INFO] [stdout]     src/bindings.rs - rmt_write_items (line 45959)
[INFO] [stdout]     src/bindings.rs - sample_to_rmt_t (line 45405)
[INFO] [stdout]     src/bindings.rs - timer_isr_callback_add (line 54737)
[INFO] [stdout]     src/bindings.rs - timer_isr_register (line 54784)
[INFO] [stdout]     src/bindings.rs - uart_pattern_get_pos (line 55826)
[INFO] [stdout]     src/bindings.rs - uart_pattern_pop_pos (line 55808)
[INFO] [stdout]     src/bindings.rs - uxTaskGetSystemState (line 17530)
[INFO] [stdout]     src/bindings.rs - vTaskDelay (line 16827)
[INFO] [stdout]     src/bindings.rs - vTaskDelayUntil (line 16879)
[INFO] [stdout]     src/bindings.rs - vTaskDelete (line 16785)
[INFO] [stdout]     src/bindings.rs - vTaskEndScheduler (line 17169)
[INFO] [stdout]     src/bindings.rs - vTaskSuspendAll (line 17212)
[INFO] [stdout]     src/bindings.rs - wifi_csi_cb_t (line 64465)
[INFO] [stdout]     src/bindings.rs - xQueueGenericReceive (line 21788)
[INFO] [stdout]     src/bindings.rs - xQueueGenericReceive (line 21812)
[INFO] [stdout]     src/bindings.rs - xQueueGenericSendFromISR (line 21906)
[INFO] [stdout]     src/bindings.rs - xQueueReceiveFromISR (line 21970)
[INFO] [stdout]     src/bindings.rs - xQueueReceiveFromISR (line 22000)
[INFO] [stdout]     src/bindings.rs - xTaskResumeAll (line 17256)
[INFO] [stdout] 
[INFO] [stdout] test result: FAILED. 1 passed; 39 failed; 0 ignored; 0 measured; 0 filtered out; finished in 0.24s
[INFO] [stdout] 
[INFO] [stderr] error: test failed, to rerun pass '--doc'
[INFO] running `Command { std: "docker" "inspect" "638a6f76d7884d7c8321a484874c56e92dbacf51060c3dc18079444b2e26c890", kill_on_drop: false }`
[INFO] running `Command { std: "docker" "rm" "-f" "638a6f76d7884d7c8321a484874c56e92dbacf51060c3dc18079444b2e26c890", kill_on_drop: false }`
[INFO] [stdout] 638a6f76d7884d7c8321a484874c56e92dbacf51060c3dc18079444b2e26c890
