[INFO] fetching crate esl01-drawdag 0.1.0...
[INFO] testing esl01-drawdag-0.1.0 against beta-2021-08-01 for beta-1.55-1
[INFO] extracting crate esl01-drawdag 0.1.0 into /workspace/builds/worker-7/source
[INFO] validating manifest of crates.io crate esl01-drawdag 0.1.0 on toolchain beta-2021-08-01
[INFO] running `Command { std: "/workspace/cargo-home/bin/cargo" "+beta-2021-08-01" "metadata" "--manifest-path" "Cargo.toml" "--no-deps", kill_on_drop: false }`
[INFO] started tweaking crates.io crate esl01-drawdag 0.1.0
[INFO] finished tweaking crates.io crate esl01-drawdag 0.1.0
[INFO] tweaked toml for crates.io crate esl01-drawdag 0.1.0 written to /workspace/builds/worker-7/source/Cargo.toml
[INFO] running `Command { std: "/workspace/cargo-home/bin/cargo" "+beta-2021-08-01" "generate-lockfile" "--manifest-path" "Cargo.toml" "-Zno-index-update", kill_on_drop: false }`
[INFO] [stderr]     Blocking waiting for file lock on package cache
[INFO] running `Command { std: "/workspace/cargo-home/bin/cargo" "+beta-2021-08-01" "fetch" "--manifest-path" "Cargo.toml", kill_on_drop: false }`
[INFO] [stderr]     Blocking waiting for file lock on package cache
[INFO] running `Command { std: "docker" "create" "-v" "/var/lib/crater-agent-workspace/builds/worker-7/target:/opt/rustwide/target:rw,Z" "-v" "/var/lib/crater-agent-workspace/builds/worker-7/source:/opt/rustwide/workdir:ro,Z" "-v" "/var/lib/crater-agent-workspace/cargo-home:/opt/rustwide/cargo-home:ro,Z" "-v" "/var/lib/crater-agent-workspace/rustup-home:/opt/rustwide/rustup-home:ro,Z" "-e" "SOURCE_DIR=/opt/rustwide/workdir" "-e" "CARGO_TARGET_DIR=/opt/rustwide/target" "-e" "CARGO_HOME=/opt/rustwide/cargo-home" "-e" "RUSTUP_HOME=/opt/rustwide/rustup-home" "-w" "/opt/rustwide/workdir" "-m" "1610612736" "--user" "0:0" "--network" "none" "ghcr.io/rust-lang/crates-build-env/linux@sha256:34b6a614d2c27851fe6cbf88fbd1137609cefab8b10d0615aaeb6fd47975d74e" "/opt/rustwide/cargo-home/bin/cargo" "+beta-2021-08-01" "metadata" "--no-deps" "--format-version=1", kill_on_drop: false }`
[INFO] [stdout] 13efb20d6d3f5843b14521d9ff4e64ddb7ebfb5533b5ea3e16d0e83177730412
[INFO] [stderr] WARNING: Your kernel does not support swap limit capabilities or the cgroup is not mounted. Memory limited without swap.
[INFO] running `Command { std: "docker" "start" "-a" "13efb20d6d3f5843b14521d9ff4e64ddb7ebfb5533b5ea3e16d0e83177730412", kill_on_drop: false }`
[INFO] running `Command { std: "docker" "inspect" "13efb20d6d3f5843b14521d9ff4e64ddb7ebfb5533b5ea3e16d0e83177730412", kill_on_drop: false }`
[INFO] running `Command { std: "docker" "rm" "-f" "13efb20d6d3f5843b14521d9ff4e64ddb7ebfb5533b5ea3e16d0e83177730412", kill_on_drop: false }`
[INFO] [stdout] 13efb20d6d3f5843b14521d9ff4e64ddb7ebfb5533b5ea3e16d0e83177730412
[INFO] running `Command { std: "docker" "create" "-v" "/var/lib/crater-agent-workspace/builds/worker-7/target:/opt/rustwide/target:rw,Z" "-v" "/var/lib/crater-agent-workspace/builds/worker-7/source:/opt/rustwide/workdir:ro,Z" "-v" "/var/lib/crater-agent-workspace/cargo-home:/opt/rustwide/cargo-home:ro,Z" "-v" "/var/lib/crater-agent-workspace/rustup-home:/opt/rustwide/rustup-home:ro,Z" "-e" "SOURCE_DIR=/opt/rustwide/workdir" "-e" "CARGO_TARGET_DIR=/opt/rustwide/target" "-e" "CARGO_INCREMENTAL=0" "-e" "RUST_BACKTRACE=full" "-e" "RUSTFLAGS=--cap-lints=warn" "-e" "CARGO_HOME=/opt/rustwide/cargo-home" "-e" "RUSTUP_HOME=/opt/rustwide/rustup-home" "-w" "/opt/rustwide/workdir" "-m" "1610612736" "--user" "0:0" "--network" "none" "ghcr.io/rust-lang/crates-build-env/linux@sha256:34b6a614d2c27851fe6cbf88fbd1137609cefab8b10d0615aaeb6fd47975d74e" "/opt/rustwide/cargo-home/bin/cargo" "+beta-2021-08-01" "build" "--frozen" "--message-format=json", kill_on_drop: false }`
[INFO] [stdout] 7cd2323bcbaaf37d3642d7cbe5ad09fa2a93b6633fffd86c87b72f28e44f5801
[INFO] [stderr] WARNING: Your kernel does not support swap limit capabilities or the cgroup is not mounted. Memory limited without swap.
[INFO] running `Command { std: "docker" "start" "-a" "7cd2323bcbaaf37d3642d7cbe5ad09fa2a93b6633fffd86c87b72f28e44f5801", kill_on_drop: false }`
[INFO] [stderr]    Compiling esl01-drawdag v0.1.0 (/opt/rustwide/workdir)
[INFO] [stderr]     Finished dev [unoptimized + debuginfo] target(s) in 0.71s
[INFO] running `Command { std: "docker" "inspect" "7cd2323bcbaaf37d3642d7cbe5ad09fa2a93b6633fffd86c87b72f28e44f5801", kill_on_drop: false }`
[INFO] running `Command { std: "docker" "rm" "-f" "7cd2323bcbaaf37d3642d7cbe5ad09fa2a93b6633fffd86c87b72f28e44f5801", kill_on_drop: false }`
[INFO] [stdout] 7cd2323bcbaaf37d3642d7cbe5ad09fa2a93b6633fffd86c87b72f28e44f5801
[INFO] running `Command { std: "docker" "create" "-v" "/var/lib/crater-agent-workspace/builds/worker-7/target:/opt/rustwide/target:rw,Z" "-v" "/var/lib/crater-agent-workspace/builds/worker-7/source:/opt/rustwide/workdir:ro,Z" "-v" "/var/lib/crater-agent-workspace/cargo-home:/opt/rustwide/cargo-home:ro,Z" "-v" "/var/lib/crater-agent-workspace/rustup-home:/opt/rustwide/rustup-home:ro,Z" "-e" "SOURCE_DIR=/opt/rustwide/workdir" "-e" "CARGO_TARGET_DIR=/opt/rustwide/target" "-e" "CARGO_INCREMENTAL=0" "-e" "RUST_BACKTRACE=full" "-e" "RUSTFLAGS=--cap-lints=warn" "-e" "CARGO_HOME=/opt/rustwide/cargo-home" "-e" "RUSTUP_HOME=/opt/rustwide/rustup-home" "-w" "/opt/rustwide/workdir" "-m" "1610612736" "--user" "0:0" "--network" "none" "ghcr.io/rust-lang/crates-build-env/linux@sha256:34b6a614d2c27851fe6cbf88fbd1137609cefab8b10d0615aaeb6fd47975d74e" "/opt/rustwide/cargo-home/bin/cargo" "+beta-2021-08-01" "test" "--frozen" "--no-run" "--message-format=json", kill_on_drop: false }`
[INFO] [stderr] WARNING: Your kernel does not support swap limit capabilities or the cgroup is not mounted. Memory limited without swap.
[INFO] [stdout] c2421e804aba6b760d71ad0e805a7b95f76305f0ad8f989ba3b4b2fb587c2457
[INFO] running `Command { std: "docker" "start" "-a" "c2421e804aba6b760d71ad0e805a7b95f76305f0ad8f989ba3b4b2fb587c2457", kill_on_drop: false }`
[INFO] [stderr]    Compiling esl01-drawdag v0.1.0 (/opt/rustwide/workdir)
[INFO] [stderr]     Finished test [unoptimized + debuginfo] target(s) in 1.83s
[INFO] running `Command { std: "docker" "inspect" "c2421e804aba6b760d71ad0e805a7b95f76305f0ad8f989ba3b4b2fb587c2457", kill_on_drop: false }`
[INFO] running `Command { std: "docker" "rm" "-f" "c2421e804aba6b760d71ad0e805a7b95f76305f0ad8f989ba3b4b2fb587c2457", kill_on_drop: false }`
[INFO] [stdout] c2421e804aba6b760d71ad0e805a7b95f76305f0ad8f989ba3b4b2fb587c2457
[INFO] running `Command { std: "docker" "create" "-v" "/var/lib/crater-agent-workspace/builds/worker-7/target:/opt/rustwide/target:rw,Z" "-v" "/var/lib/crater-agent-workspace/builds/worker-7/source:/opt/rustwide/workdir:ro,Z" "-v" "/var/lib/crater-agent-workspace/cargo-home:/opt/rustwide/cargo-home:ro,Z" "-v" "/var/lib/crater-agent-workspace/rustup-home:/opt/rustwide/rustup-home:ro,Z" "-e" "SOURCE_DIR=/opt/rustwide/workdir" "-e" "CARGO_TARGET_DIR=/opt/rustwide/target" "-e" "CARGO_INCREMENTAL=0" "-e" "RUST_BACKTRACE=full" "-e" "RUSTFLAGS=--cap-lints=warn" "-e" "CARGO_HOME=/opt/rustwide/cargo-home" "-e" "RUSTUP_HOME=/opt/rustwide/rustup-home" "-w" "/opt/rustwide/workdir" "-m" "1610612736" "--user" "0:0" "--network" "none" "ghcr.io/rust-lang/crates-build-env/linux@sha256:34b6a614d2c27851fe6cbf88fbd1137609cefab8b10d0615aaeb6fd47975d74e" "/opt/rustwide/cargo-home/bin/cargo" "+beta-2021-08-01" "test" "--frozen", kill_on_drop: false }`
[INFO] [stdout] 268b2bd7e3d39ecec103ec1ccd70be2e735e665375780764781f130e68f1368d
[INFO] [stderr] WARNING: Your kernel does not support swap limit capabilities or the cgroup is not mounted. Memory limited without swap.
[INFO] running `Command { std: "docker" "start" "-a" "268b2bd7e3d39ecec103ec1ccd70be2e735e665375780764781f130e68f1368d", kill_on_drop: false }`
[INFO] [stdout] 
[INFO] [stderr]     Finished test [unoptimized + debuginfo] target(s) in 0.01s
[INFO] [stdout] running 3 tests
[INFO] [stderr]      Running unittests (/opt/rustwide/target/debug/deps/esl01_drawdag-800dca6a7e4e996e)
[INFO] [stdout] test tests::test_drawdag ... ok
[INFO] [stderr]    Doc-tests esl01-drawdag
[INFO] [stdout] test tests::test_drawdag_cycle1 - should panic ... ok
[INFO] [stdout] test tests::test_drawdag_cycle2 - should panic ... ok
[INFO] [stdout] 
[INFO] [stdout] test result: ok. 3 passed; 0 failed; 0 ignored; 0 measured; 0 filtered out; finished in 0.02s
[INFO] [stdout] 
[INFO] [stdout] 
[INFO] [stdout] running 1 test
[INFO] [stdout] test src/lib.rs - parse (line 33) ... FAILED
[INFO] [stdout] 
[INFO] [stdout] failures:
[INFO] [stdout] 
[INFO] [stdout] ---- src/lib.rs - parse (line 33) stdout ----
[INFO] [stdout] error[E0432]: unresolved import `drawdag`
[INFO] [stdout]  --> src/lib.rs:34:5
[INFO] [stdout]   |
[INFO] [stdout] 3 | use drawdag::parse;
[INFO] [stdout]   |     ^^^^^^^ use of undeclared crate or module `drawdag`
[INFO] [stdout] 
[INFO] [stdout] error: aborting due to previous error
[INFO] [stdout] 
[INFO] [stdout] For more information about this error, try `rustc --explain E0432`.
[INFO] [stdout] Couldn't compile the test.
[INFO] [stdout] 
[INFO] [stdout] failures:
[INFO] [stdout]     src/lib.rs - parse (line 33)
[INFO] [stdout] 
[INFO] [stdout] test result: FAILED. 0 passed; 1 failed; 0 ignored; 0 measured; 0 filtered out; finished in 0.14s
[INFO] [stdout] 
[INFO] [stderr] error: test failed, to rerun pass '--doc'
[INFO] running `Command { std: "docker" "inspect" "268b2bd7e3d39ecec103ec1ccd70be2e735e665375780764781f130e68f1368d", kill_on_drop: false }`
[INFO] running `Command { std: "docker" "rm" "-f" "268b2bd7e3d39ecec103ec1ccd70be2e735e665375780764781f130e68f1368d", kill_on_drop: false }`
[INFO] [stdout] 268b2bd7e3d39ecec103ec1ccd70be2e735e665375780764781f130e68f1368d
