[INFO] fetching crate erkpht-tower 0.3.2...
[INFO] testing erkpht-tower-0.3.2 against 1.54.0 for beta-1.55-1
[INFO] extracting crate erkpht-tower 0.3.2 into /workspace/builds/worker-3/source
[INFO] validating manifest of crates.io crate erkpht-tower 0.3.2 on toolchain 1.54.0
[INFO] running `Command { std: "/workspace/cargo-home/bin/cargo" "+1.54.0" "metadata" "--manifest-path" "Cargo.toml" "--no-deps", kill_on_drop: false }`
[INFO] started tweaking crates.io crate erkpht-tower 0.3.2
[INFO] finished tweaking crates.io crate erkpht-tower 0.3.2
[INFO] tweaked toml for crates.io crate erkpht-tower 0.3.2 written to /workspace/builds/worker-3/source/Cargo.toml
[INFO] running `Command { std: "/workspace/cargo-home/bin/cargo" "+1.54.0" "generate-lockfile" "--manifest-path" "Cargo.toml" "-Zno-index-update", kill_on_drop: false }`
[INFO] running `Command { std: "/workspace/cargo-home/bin/cargo" "+1.54.0" "fetch" "--manifest-path" "Cargo.toml", kill_on_drop: false }`
[INFO] running `Command { std: "docker" "create" "-v" "/var/lib/crater-agent-workspace/builds/worker-3/target:/opt/rustwide/target:rw,Z" "-v" "/var/lib/crater-agent-workspace/builds/worker-3/source:/opt/rustwide/workdir:ro,Z" "-v" "/var/lib/crater-agent-workspace/cargo-home:/opt/rustwide/cargo-home:ro,Z" "-v" "/var/lib/crater-agent-workspace/rustup-home:/opt/rustwide/rustup-home:ro,Z" "-e" "SOURCE_DIR=/opt/rustwide/workdir" "-e" "CARGO_TARGET_DIR=/opt/rustwide/target" "-e" "CARGO_HOME=/opt/rustwide/cargo-home" "-e" "RUSTUP_HOME=/opt/rustwide/rustup-home" "-w" "/opt/rustwide/workdir" "-m" "1610612736" "--user" "0:0" "--network" "none" "ghcr.io/rust-lang/crates-build-env/linux@sha256:34b6a614d2c27851fe6cbf88fbd1137609cefab8b10d0615aaeb6fd47975d74e" "/opt/rustwide/cargo-home/bin/cargo" "+1.54.0" "metadata" "--no-deps" "--format-version=1", kill_on_drop: false }`
[INFO] [stdout] 9c1c60a0e4a6436c8710c50eddae4639e536364f28ca461d001c776218d10c8a
[INFO] [stderr] WARNING: Your kernel does not support swap limit capabilities or the cgroup is not mounted. Memory limited without swap.
[INFO] running `Command { std: "docker" "start" "-a" "9c1c60a0e4a6436c8710c50eddae4639e536364f28ca461d001c776218d10c8a", kill_on_drop: false }`
[INFO] running `Command { std: "docker" "inspect" "9c1c60a0e4a6436c8710c50eddae4639e536364f28ca461d001c776218d10c8a", kill_on_drop: false }`
[INFO] running `Command { std: "docker" "rm" "-f" "9c1c60a0e4a6436c8710c50eddae4639e536364f28ca461d001c776218d10c8a", kill_on_drop: false }`
[INFO] [stdout] 9c1c60a0e4a6436c8710c50eddae4639e536364f28ca461d001c776218d10c8a
[INFO] running `Command { std: "docker" "create" "-v" "/var/lib/crater-agent-workspace/builds/worker-3/target:/opt/rustwide/target:rw,Z" "-v" "/var/lib/crater-agent-workspace/builds/worker-3/source:/opt/rustwide/workdir:ro,Z" "-v" "/var/lib/crater-agent-workspace/cargo-home:/opt/rustwide/cargo-home:ro,Z" "-v" "/var/lib/crater-agent-workspace/rustup-home:/opt/rustwide/rustup-home:ro,Z" "-e" "SOURCE_DIR=/opt/rustwide/workdir" "-e" "CARGO_TARGET_DIR=/opt/rustwide/target" "-e" "CARGO_INCREMENTAL=0" "-e" "RUST_BACKTRACE=full" "-e" "RUSTFLAGS=--cap-lints=warn" "-e" "CARGO_HOME=/opt/rustwide/cargo-home" "-e" "RUSTUP_HOME=/opt/rustwide/rustup-home" "-w" "/opt/rustwide/workdir" "-m" "1610612736" "--user" "0:0" "--network" "none" "ghcr.io/rust-lang/crates-build-env/linux@sha256:34b6a614d2c27851fe6cbf88fbd1137609cefab8b10d0615aaeb6fd47975d74e" "/opt/rustwide/cargo-home/bin/cargo" "+1.54.0" "build" "--frozen" "--message-format=json", kill_on_drop: false }`
[INFO] [stdout] 17ff2354ca07ca0e357de96e1f765120f85537a7c67cb48b339c70d7c4d573e6
[INFO] [stderr] WARNING: Your kernel does not support swap limit capabilities or the cgroup is not mounted. Memory limited without swap.
[INFO] running `Command { std: "docker" "start" "-a" "17ff2354ca07ca0e357de96e1f765120f85537a7c67cb48b339c70d7c4d573e6", kill_on_drop: false }`
[INFO] [stderr]    Compiling pin-project-internal v0.4.28
[INFO] [stderr]    Compiling tracing v0.1.26
[INFO] [stderr]    Compiling pin-project v0.4.28
[INFO] [stderr]    Compiling erkpht-tower v0.3.2 (/opt/rustwide/workdir)
[INFO] [stderr]     Finished dev [unoptimized + debuginfo] target(s) in 5.88s
[INFO] running `Command { std: "docker" "inspect" "17ff2354ca07ca0e357de96e1f765120f85537a7c67cb48b339c70d7c4d573e6", kill_on_drop: false }`
[INFO] running `Command { std: "docker" "rm" "-f" "17ff2354ca07ca0e357de96e1f765120f85537a7c67cb48b339c70d7c4d573e6", kill_on_drop: false }`
[INFO] [stdout] 17ff2354ca07ca0e357de96e1f765120f85537a7c67cb48b339c70d7c4d573e6
[INFO] running `Command { std: "docker" "create" "-v" "/var/lib/crater-agent-workspace/builds/worker-3/target:/opt/rustwide/target:rw,Z" "-v" "/var/lib/crater-agent-workspace/builds/worker-3/source:/opt/rustwide/workdir:ro,Z" "-v" "/var/lib/crater-agent-workspace/cargo-home:/opt/rustwide/cargo-home:ro,Z" "-v" "/var/lib/crater-agent-workspace/rustup-home:/opt/rustwide/rustup-home:ro,Z" "-e" "SOURCE_DIR=/opt/rustwide/workdir" "-e" "CARGO_TARGET_DIR=/opt/rustwide/target" "-e" "CARGO_INCREMENTAL=0" "-e" "RUST_BACKTRACE=full" "-e" "RUSTFLAGS=--cap-lints=warn" "-e" "CARGO_HOME=/opt/rustwide/cargo-home" "-e" "RUSTUP_HOME=/opt/rustwide/rustup-home" "-w" "/opt/rustwide/workdir" "-m" "1610612736" "--user" "0:0" "--network" "none" "ghcr.io/rust-lang/crates-build-env/linux@sha256:34b6a614d2c27851fe6cbf88fbd1137609cefab8b10d0615aaeb6fd47975d74e" "/opt/rustwide/cargo-home/bin/cargo" "+1.54.0" "test" "--frozen" "--no-run" "--message-format=json", kill_on_drop: false }`
[INFO] [stdout] 2f8ab976c966879cec0bd275195140a582361cf9b69d036d813a81729495c75a
[INFO] [stderr] WARNING: Your kernel does not support swap limit capabilities or the cgroup is not mounted. Memory limited without swap.
[INFO] running `Command { std: "docker" "start" "-a" "2f8ab976c966879cec0bd275195140a582361cf9b69d036d813a81729495c75a", kill_on_drop: false }`
[INFO] [stderr]    Compiling futures-util v0.3.16
[INFO] [stderr]    Compiling nom v4.2.3
[INFO] [stderr]    Compiling tracing-log v0.1.2
[INFO] [stderr]    Compiling chrono v0.4.19
[INFO] [stderr]    Compiling quickcheck v0.6.2
[INFO] [stderr]    Compiling tokio v0.2.25
[INFO] [stderr]    Compiling hdrhistogram v6.3.4
[INFO] [stderr]    Compiling tracing-subscriber v0.1.6
[INFO] [stderr]    Compiling tokio-test v0.2.1
[INFO] [stderr]    Compiling tower-test v0.3.0
[INFO] [stderr]    Compiling erkpht-tower v0.3.2 (/opt/rustwide/workdir)
[INFO] [stderr]     Finished test [unoptimized + debuginfo] target(s) in 8.88s
[INFO] running `Command { std: "docker" "inspect" "2f8ab976c966879cec0bd275195140a582361cf9b69d036d813a81729495c75a", kill_on_drop: false }`
[INFO] running `Command { std: "docker" "rm" "-f" "2f8ab976c966879cec0bd275195140a582361cf9b69d036d813a81729495c75a", kill_on_drop: false }`
[INFO] [stdout] 2f8ab976c966879cec0bd275195140a582361cf9b69d036d813a81729495c75a
[INFO] running `Command { std: "docker" "create" "-v" "/var/lib/crater-agent-workspace/builds/worker-3/target:/opt/rustwide/target:rw,Z" "-v" "/var/lib/crater-agent-workspace/builds/worker-3/source:/opt/rustwide/workdir:ro,Z" "-v" "/var/lib/crater-agent-workspace/cargo-home:/opt/rustwide/cargo-home:ro,Z" "-v" "/var/lib/crater-agent-workspace/rustup-home:/opt/rustwide/rustup-home:ro,Z" "-e" "SOURCE_DIR=/opt/rustwide/workdir" "-e" "CARGO_TARGET_DIR=/opt/rustwide/target" "-e" "CARGO_INCREMENTAL=0" "-e" "RUST_BACKTRACE=full" "-e" "RUSTFLAGS=--cap-lints=warn" "-e" "CARGO_HOME=/opt/rustwide/cargo-home" "-e" "RUSTUP_HOME=/opt/rustwide/rustup-home" "-w" "/opt/rustwide/workdir" "-m" "1610612736" "--user" "0:0" "--network" "none" "ghcr.io/rust-lang/crates-build-env/linux@sha256:34b6a614d2c27851fe6cbf88fbd1137609cefab8b10d0615aaeb6fd47975d74e" "/opt/rustwide/cargo-home/bin/cargo" "+1.54.0" "test" "--frozen", kill_on_drop: false }`
[INFO] [stdout] a4dc4133c98348838183c6f1f33cf00d890ca8dbd411e17147b8d9057996c080
[INFO] [stderr] WARNING: Your kernel does not support swap limit capabilities or the cgroup is not mounted. Memory limited without swap.
[INFO] running `Command { std: "docker" "start" "-a" "a4dc4133c98348838183c6f1f33cf00d890ca8dbd411e17147b8d9057996c080", kill_on_drop: false }`
[INFO] [stderr]     Blocking waiting for file lock on package cache
[INFO] [stderr]     Finished test [unoptimized + debuginfo] target(s) in 0.60s
[INFO] [stderr]      Running unittests (/opt/rustwide/target/debug/deps/erkpht_tower-380ed15c9aab7d22)
[INFO] [stdout] 
[INFO] [stdout] running 0 tests
[INFO] [stdout] 
[INFO] [stdout] test result: ok. 0 passed; 0 failed; 0 ignored; 0 measured; 0 filtered out; finished in 0.00s
[INFO] [stdout] 
[INFO] [stderr]      Running tests/balance/main.rs (/opt/rustwide/target/debug/deps/balance-c09af87311a28f23)
[INFO] [stdout] 
[INFO] [stdout] running 0 tests
[INFO] [stdout] 
[INFO] [stdout] test result: ok. 0 passed; 0 failed; 0 ignored; 0 measured; 0 filtered out; finished in 0.00s
[INFO] [stdout] 
[INFO] [stderr]      Running tests/buffer/main.rs (/opt/rustwide/target/debug/deps/buffer-5159f656521add84)
[INFO] [stdout] 
[INFO] [stdout] running 0 tests
[INFO] [stdout] 
[INFO] [stdout] test result: ok. 0 passed; 0 failed; 0 ignored; 0 measured; 0 filtered out; finished in 0.00s
[INFO] [stdout] 
[INFO] [stderr]      Running tests/builder.rs (/opt/rustwide/target/debug/deps/builder-c36b3136080fff76)
[INFO] [stdout] 
[INFO] [stdout] running 0 tests
[INFO] [stdout] 
[INFO] [stdout] test result: ok. 0 passed; 0 failed; 0 ignored; 0 measured; 0 filtered out; finished in 0.00s
[INFO] [stdout] 
[INFO] [stderr]      Running tests/filter/main.rs (/opt/rustwide/target/debug/deps/filter-6e5ab932b905329d)
[INFO] [stdout] 
[INFO] [stdout] running 0 tests
[INFO] [stdout] 
[INFO] [stdout] test result: ok. 0 passed; 0 failed; 0 ignored; 0 measured; 0 filtered out; finished in 0.00s
[INFO] [stdout] 
[INFO] [stderr]      Running tests/hedge/main.rs (/opt/rustwide/target/debug/deps/hedge-bdf2a6586c38d3ce)
[INFO] [stdout] 
[INFO] [stdout] running 0 tests
[INFO] [stdout] 
[INFO] [stdout] test result: ok. 0 passed; 0 failed; 0 ignored; 0 measured; 0 filtered out; finished in 0.00s
[INFO] [stdout] 
[INFO] [stderr]      Running tests/limit/main.rs (/opt/rustwide/target/debug/deps/limit-fb554bf0f26d5058)
[INFO] [stdout] 
[INFO] [stdout] running 0 tests
[INFO] [stdout] 
[INFO] [stdout] test result: ok. 0 passed; 0 failed; 0 ignored; 0 measured; 0 filtered out; finished in 0.00s
[INFO] [stdout] 
[INFO] [stderr]      Running tests/load_shed/main.rs (/opt/rustwide/target/debug/deps/load_shed-f7c7865dbc931a2b)
[INFO] [stdout] 
[INFO] [stdout] running 0 tests
[INFO] [stdout] 
[INFO] [stdout] test result: ok. 0 passed; 0 failed; 0 ignored; 0 measured; 0 filtered out; finished in 0.00s
[INFO] [stdout] 
[INFO] [stderr]      Running tests/ready_cache/main.rs (/opt/rustwide/target/debug/deps/ready_cache-2935efbea9b551e2)
[INFO] [stdout] 
[INFO] [stdout] running 0 tests
[INFO] [stdout] 
[INFO] [stdout] test result: ok. 0 passed; 0 failed; 0 ignored; 0 measured; 0 filtered out; finished in 0.00s
[INFO] [stdout] 
[INFO] [stderr]      Running tests/retry/main.rs (/opt/rustwide/target/debug/deps/retry-38a5a2044e39d763)
[INFO] [stdout] 
[INFO] [stdout] running 0 tests
[INFO] [stdout] 
[INFO] [stdout] test result: ok. 0 passed; 0 failed; 0 ignored; 0 measured; 0 filtered out; finished in 0.00s
[INFO] [stdout] 
[INFO] [stderr]      Running tests/spawn_ready/main.rs (/opt/rustwide/target/debug/deps/spawn_ready-e4a9d96767afce99)
[INFO] [stdout] 
[INFO] [stdout] running 0 tests
[INFO] [stdout] 
[INFO] [stdout] test result: ok. 0 passed; 0 failed; 0 ignored; 0 measured; 0 filtered out; finished in 0.00s
[INFO] [stdout] 
[INFO] [stderr]      Running tests/steer/main.rs (/opt/rustwide/target/debug/deps/steer-e940a6abd679ab3d)
[INFO] [stdout] 
[INFO] [stdout] running 0 tests
[INFO] [stdout] 
[INFO] [stdout] test result: ok. 0 passed; 0 failed; 0 ignored; 0 measured; 0 filtered out; finished in 0.00s
[INFO] [stdout] 
[INFO] [stderr]      Running tests/util/main.rs (/opt/rustwide/target/debug/deps/util-d3fef400309366da)
[INFO] [stdout] 
[INFO] [stdout] running 0 tests
[INFO] [stdout] 
[INFO] [stdout] test result: ok. 0 passed; 0 failed; 0 ignored; 0 measured; 0 filtered out; finished in 0.00s
[INFO] [stdout] 
[INFO] [stderr]    Doc-tests erkpht-tower
[INFO] [stdout] 
[INFO] [stdout] running 4 tests
[INFO] [stdout] test src/builder/mod.rs - builder::ServiceBuilder (line 31) ... FAILED
[INFO] [stdout] test src/builder/mod.rs - builder::ServiceBuilder (line 73) ... FAILED
[INFO] [stdout] test src/builder/mod.rs - builder::ServiceBuilder (line 90) ... FAILED
[INFO] [stdout] test src/builder/mod.rs - builder::ServiceBuilder (line 52) ... FAILED
[INFO] [stdout] 
[INFO] [stdout] failures:
[INFO] [stdout] 
[INFO] [stdout] ---- src/builder/mod.rs - builder::ServiceBuilder (line 31) stdout ----
[INFO] [stdout] error[E0433]: failed to resolve: use of undeclared crate or module `tower`
[INFO] [stdout]  --> src/builder/mod.rs:35:5
[INFO] [stdout]   |
[INFO] [stdout] 6 | use tower::builder::ServiceBuilder;
[INFO] [stdout]   |     ^^^^^ use of undeclared crate or module `tower`
[INFO] [stdout] 
[INFO] [stdout] error[E0432]: unresolved import `tower`
[INFO] [stdout]  --> src/builder/mod.rs:34:5
[INFO] [stdout]   |
[INFO] [stdout] 5 | use tower::Service;
[INFO] [stdout]   |     ^^^^^ use of undeclared crate or module `tower`
[INFO] [stdout] 
[INFO] [stdout] error: aborting due to 2 previous errors
[INFO] [stdout] 
[INFO] [stdout] Some errors have detailed explanations: E0432, E0433.
[INFO] [stdout] For more information about an error, try `rustc --explain E0432`.
[INFO] [stdout] Couldn't compile the test.
[INFO] [stdout] ---- src/builder/mod.rs - builder::ServiceBuilder (line 73) stdout ----
[INFO] [stdout] error[E0433]: failed to resolve: use of undeclared crate or module `tower`
[INFO] [stdout]  --> src/builder/mod.rs:75:5
[INFO] [stdout]   |
[INFO] [stdout] 4 | use tower::builder::ServiceBuilder;
[INFO] [stdout]   |     ^^^^^ use of undeclared crate or module `tower`
[INFO] [stdout] 
[INFO] [stdout] error[E0432]: unresolved import `tower`
[INFO] [stdout]  --> src/builder/mod.rs:74:5
[INFO] [stdout]   |
[INFO] [stdout] 3 | use tower::Service;
[INFO] [stdout]   |     ^^^^^ use of undeclared crate or module `tower`
[INFO] [stdout] 
[INFO] [stdout] error: aborting due to 2 previous errors
[INFO] [stdout] 
[INFO] [stdout] Some errors have detailed explanations: E0432, E0433.
[INFO] [stdout] For more information about an error, try `rustc --explain E0432`.
[INFO] [stdout] Couldn't compile the test.
[INFO] [stdout] ---- src/builder/mod.rs - builder::ServiceBuilder (line 90) stdout ----
[INFO] [stdout] error[E0433]: failed to resolve: use of undeclared crate or module `tower`
[INFO] [stdout]  --> src/builder/mod.rs:92:5
[INFO] [stdout]   |
[INFO] [stdout] 4 | use tower::builder::ServiceBuilder;
[INFO] [stdout]   |     ^^^^^ use of undeclared crate or module `tower`
[INFO] [stdout] 
[INFO] [stdout] error[E0432]: unresolved import `tower`
[INFO] [stdout]  --> src/builder/mod.rs:91:5
[INFO] [stdout]   |
[INFO] [stdout] 3 | use tower::Service;
[INFO] [stdout]   |     ^^^^^ use of undeclared crate or module `tower`
[INFO] [stdout] 
[INFO] [stdout] error: aborting due to 2 previous errors
[INFO] [stdout] 
[INFO] [stdout] Some errors have detailed explanations: E0432, E0433.
[INFO] [stdout] For more information about an error, try `rustc --explain E0432`.
[INFO] [stdout] Couldn't compile the test.
[INFO] [stdout] ---- src/builder/mod.rs - builder::ServiceBuilder (line 52) stdout ----
[INFO] [stdout] error[E0433]: failed to resolve: use of undeclared crate or module `tower`
[INFO] [stdout]  --> src/builder/mod.rs:54:5
[INFO] [stdout]   |
[INFO] [stdout] 4 | use tower::builder::ServiceBuilder;
[INFO] [stdout]   |     ^^^^^ use of undeclared crate or module `tower`
[INFO] [stdout] 
[INFO] [stdout] error[E0432]: unresolved import `tower`
[INFO] [stdout]  --> src/builder/mod.rs:53:5
[INFO] [stdout]   |
[INFO] [stdout] 3 | use tower::Service;
[INFO] [stdout]   |     ^^^^^ use of undeclared crate or module `tower`
[INFO] [stdout] 
[INFO] [stdout] error: aborting due to 2 previous errors
[INFO] [stdout] 
[INFO] [stdout] Some errors have detailed explanations: E0432, E0433.
[INFO] [stdout] For more information about an error, try `rustc --explain E0432`.
[INFO] [stdout] Couldn't compile the test.
[INFO] [stdout] 
[INFO] [stdout] failures:
[INFO] [stdout]     src/builder/mod.rs - builder::ServiceBuilder (line 31)
[INFO] [stdout]     src/builder/mod.rs - builder::ServiceBuilder (line 52)
[INFO] [stdout]     src/builder/mod.rs - builder::ServiceBuilder (line 73)
[INFO] [stdout]     src/builder/mod.rs - builder::ServiceBuilder (line 90)
[INFO] [stdout] 
[INFO] [stdout] test result: FAILED. 0 passed; 4 failed; 0 ignored; 0 measured; 0 filtered out; finished in 0.29s
[INFO] [stdout] 
[INFO] [stderr] error: test failed, to rerun pass '--doc'
[INFO] running `Command { std: "docker" "inspect" "a4dc4133c98348838183c6f1f33cf00d890ca8dbd411e17147b8d9057996c080", kill_on_drop: false }`
[INFO] running `Command { std: "docker" "rm" "-f" "a4dc4133c98348838183c6f1f33cf00d890ca8dbd411e17147b8d9057996c080", kill_on_drop: false }`
[INFO] [stdout] a4dc4133c98348838183c6f1f33cf00d890ca8dbd411e17147b8d9057996c080
