[INFO] fetching crate equt-md-html 0.1.0...
[INFO] testing equt-md-html-0.1.0 against 1.54.0 for beta-1.55-1
[INFO] extracting crate equt-md-html 0.1.0 into /workspace/builds/worker-7/source
[INFO] validating manifest of crates.io crate equt-md-html 0.1.0 on toolchain 1.54.0
[INFO] running `Command { std: "/workspace/cargo-home/bin/cargo" "+1.54.0" "metadata" "--manifest-path" "Cargo.toml" "--no-deps", kill_on_drop: false }`
[INFO] started tweaking crates.io crate equt-md-html 0.1.0
[INFO] finished tweaking crates.io crate equt-md-html 0.1.0
[INFO] tweaked toml for crates.io crate equt-md-html 0.1.0 written to /workspace/builds/worker-7/source/Cargo.toml
[INFO] running `Command { std: "/workspace/cargo-home/bin/cargo" "+1.54.0" "generate-lockfile" "--manifest-path" "Cargo.toml" "-Zno-index-update", kill_on_drop: false }`
[INFO] [stderr]     Blocking waiting for file lock on package cache
[INFO] running `Command { std: "/workspace/cargo-home/bin/cargo" "+1.54.0" "fetch" "--manifest-path" "Cargo.toml", kill_on_drop: false }`
[INFO] [stderr]     Blocking waiting for file lock on package cache
[INFO] running `Command { std: "docker" "create" "-v" "/var/lib/crater-agent-workspace/builds/worker-7/target:/opt/rustwide/target:rw,Z" "-v" "/var/lib/crater-agent-workspace/builds/worker-7/source:/opt/rustwide/workdir:ro,Z" "-v" "/var/lib/crater-agent-workspace/cargo-home:/opt/rustwide/cargo-home:ro,Z" "-v" "/var/lib/crater-agent-workspace/rustup-home:/opt/rustwide/rustup-home:ro,Z" "-e" "SOURCE_DIR=/opt/rustwide/workdir" "-e" "CARGO_TARGET_DIR=/opt/rustwide/target" "-e" "CARGO_HOME=/opt/rustwide/cargo-home" "-e" "RUSTUP_HOME=/opt/rustwide/rustup-home" "-w" "/opt/rustwide/workdir" "-m" "1610612736" "--user" "0:0" "--network" "none" "ghcr.io/rust-lang/crates-build-env/linux@sha256:34b6a614d2c27851fe6cbf88fbd1137609cefab8b10d0615aaeb6fd47975d74e" "/opt/rustwide/cargo-home/bin/cargo" "+1.54.0" "metadata" "--no-deps" "--format-version=1", kill_on_drop: false }`
[INFO] [stdout] e37c4933228093587ba52112e6cad0803f8f651711ed26921f8f29c0c73943d1
[INFO] [stderr] WARNING: Your kernel does not support swap limit capabilities or the cgroup is not mounted. Memory limited without swap.
[INFO] running `Command { std: "docker" "start" "-a" "e37c4933228093587ba52112e6cad0803f8f651711ed26921f8f29c0c73943d1", kill_on_drop: false }`
[INFO] running `Command { std: "docker" "inspect" "e37c4933228093587ba52112e6cad0803f8f651711ed26921f8f29c0c73943d1", kill_on_drop: false }`
[INFO] running `Command { std: "docker" "rm" "-f" "e37c4933228093587ba52112e6cad0803f8f651711ed26921f8f29c0c73943d1", kill_on_drop: false }`
[INFO] [stdout] e37c4933228093587ba52112e6cad0803f8f651711ed26921f8f29c0c73943d1
[INFO] running `Command { std: "docker" "create" "-v" "/var/lib/crater-agent-workspace/builds/worker-7/target:/opt/rustwide/target:rw,Z" "-v" "/var/lib/crater-agent-workspace/builds/worker-7/source:/opt/rustwide/workdir:ro,Z" "-v" "/var/lib/crater-agent-workspace/cargo-home:/opt/rustwide/cargo-home:ro,Z" "-v" "/var/lib/crater-agent-workspace/rustup-home:/opt/rustwide/rustup-home:ro,Z" "-e" "SOURCE_DIR=/opt/rustwide/workdir" "-e" "CARGO_TARGET_DIR=/opt/rustwide/target" "-e" "CARGO_INCREMENTAL=0" "-e" "RUST_BACKTRACE=full" "-e" "RUSTFLAGS=--cap-lints=warn" "-e" "CARGO_HOME=/opt/rustwide/cargo-home" "-e" "RUSTUP_HOME=/opt/rustwide/rustup-home" "-w" "/opt/rustwide/workdir" "-m" "1610612736" "--user" "0:0" "--network" "none" "ghcr.io/rust-lang/crates-build-env/linux@sha256:34b6a614d2c27851fe6cbf88fbd1137609cefab8b10d0615aaeb6fd47975d74e" "/opt/rustwide/cargo-home/bin/cargo" "+1.54.0" "build" "--frozen" "--message-format=json", kill_on_drop: false }`
[INFO] [stdout] ec65ce11f75567eec7638998673acdf5358f4af47aab6fce0cb45b2839f1188d
[INFO] [stderr] WARNING: Your kernel does not support swap limit capabilities or the cgroup is not mounted. Memory limited without swap.
[INFO] running `Command { std: "docker" "start" "-a" "ec65ce11f75567eec7638998673acdf5358f4af47aab6fce0cb45b2839f1188d", kill_on_drop: false }`
[INFO] [stderr]    Compiling walkdir v0.1.8
[INFO] [stderr]    Compiling equt-md v0.0.1
[INFO] [stderr]    Compiling darling_core v0.10.2
[INFO] [stderr]    Compiling serde_derive v1.0.127
[INFO] [stderr]    Compiling copy_dir v0.1.2
[INFO] [stderr]    Compiling libquickjs-sys v0.8.0
[INFO] [stderr]    Compiling darling_macro v0.10.2
[INFO] [stderr]    Compiling darling v0.10.2
[INFO] [stderr]    Compiling derive_builder_core v0.9.0
[INFO] [stderr]    Compiling derive_builder v0.9.0
[INFO] [stderr]    Compiling serde v1.0.127
[INFO] [stderr]    Compiling serde_yaml v0.8.17
[INFO] [stderr]    Compiling equt-md-frontmatter v0.1.1
[INFO] [stderr]    Compiling quick-js v0.3.6
[INFO] [stderr]    Compiling katex v0.2.4
[INFO] [stderr]    Compiling equt-md-error v0.1.1
[INFO] [stderr]    Compiling equt-md-ext v0.1.1
[INFO] [stderr]    Compiling equt-md-html v0.1.0 (/opt/rustwide/workdir)
[INFO] [stderr]     Finished dev [unoptimized + debuginfo] target(s) in 53.46s
[INFO] running `Command { std: "docker" "inspect" "ec65ce11f75567eec7638998673acdf5358f4af47aab6fce0cb45b2839f1188d", kill_on_drop: false }`
[INFO] running `Command { std: "docker" "rm" "-f" "ec65ce11f75567eec7638998673acdf5358f4af47aab6fce0cb45b2839f1188d", kill_on_drop: false }`
[INFO] [stdout] ec65ce11f75567eec7638998673acdf5358f4af47aab6fce0cb45b2839f1188d
[INFO] running `Command { std: "docker" "create" "-v" "/var/lib/crater-agent-workspace/builds/worker-7/target:/opt/rustwide/target:rw,Z" "-v" "/var/lib/crater-agent-workspace/builds/worker-7/source:/opt/rustwide/workdir:ro,Z" "-v" "/var/lib/crater-agent-workspace/cargo-home:/opt/rustwide/cargo-home:ro,Z" "-v" "/var/lib/crater-agent-workspace/rustup-home:/opt/rustwide/rustup-home:ro,Z" "-e" "SOURCE_DIR=/opt/rustwide/workdir" "-e" "CARGO_TARGET_DIR=/opt/rustwide/target" "-e" "CARGO_INCREMENTAL=0" "-e" "RUST_BACKTRACE=full" "-e" "RUSTFLAGS=--cap-lints=warn" "-e" "CARGO_HOME=/opt/rustwide/cargo-home" "-e" "RUSTUP_HOME=/opt/rustwide/rustup-home" "-w" "/opt/rustwide/workdir" "-m" "1610612736" "--user" "0:0" "--network" "none" "ghcr.io/rust-lang/crates-build-env/linux@sha256:34b6a614d2c27851fe6cbf88fbd1137609cefab8b10d0615aaeb6fd47975d74e" "/opt/rustwide/cargo-home/bin/cargo" "+1.54.0" "test" "--frozen" "--no-run" "--message-format=json", kill_on_drop: false }`
[INFO] [stderr] WARNING: Your kernel does not support swap limit capabilities or the cgroup is not mounted. Memory limited without swap.
[INFO] [stdout] fcd0479f2631a82fcdaed6e9378c2c7b77a8781a87f86c84e95904acb6721d0b
[INFO] running `Command { std: "docker" "start" "-a" "fcd0479f2631a82fcdaed6e9378c2c7b77a8781a87f86c84e95904acb6721d0b", kill_on_drop: false }`
[INFO] [stderr]    Compiling equt-md-html v0.1.0 (/opt/rustwide/workdir)
[INFO] [stderr]     Finished test [unoptimized + debuginfo] target(s) in 1.12s
[INFO] running `Command { std: "docker" "inspect" "fcd0479f2631a82fcdaed6e9378c2c7b77a8781a87f86c84e95904acb6721d0b", kill_on_drop: false }`
[INFO] running `Command { std: "docker" "rm" "-f" "fcd0479f2631a82fcdaed6e9378c2c7b77a8781a87f86c84e95904acb6721d0b", kill_on_drop: false }`
[INFO] [stdout] fcd0479f2631a82fcdaed6e9378c2c7b77a8781a87f86c84e95904acb6721d0b
[INFO] running `Command { std: "docker" "create" "-v" "/var/lib/crater-agent-workspace/builds/worker-7/target:/opt/rustwide/target:rw,Z" "-v" "/var/lib/crater-agent-workspace/builds/worker-7/source:/opt/rustwide/workdir:ro,Z" "-v" "/var/lib/crater-agent-workspace/cargo-home:/opt/rustwide/cargo-home:ro,Z" "-v" "/var/lib/crater-agent-workspace/rustup-home:/opt/rustwide/rustup-home:ro,Z" "-e" "SOURCE_DIR=/opt/rustwide/workdir" "-e" "CARGO_TARGET_DIR=/opt/rustwide/target" "-e" "CARGO_INCREMENTAL=0" "-e" "RUST_BACKTRACE=full" "-e" "RUSTFLAGS=--cap-lints=warn" "-e" "CARGO_HOME=/opt/rustwide/cargo-home" "-e" "RUSTUP_HOME=/opt/rustwide/rustup-home" "-w" "/opt/rustwide/workdir" "-m" "1610612736" "--user" "0:0" "--network" "none" "ghcr.io/rust-lang/crates-build-env/linux@sha256:34b6a614d2c27851fe6cbf88fbd1137609cefab8b10d0615aaeb6fd47975d74e" "/opt/rustwide/cargo-home/bin/cargo" "+1.54.0" "test" "--frozen", kill_on_drop: false }`
[INFO] [stderr] WARNING: Your kernel does not support swap limit capabilities or the cgroup is not mounted. Memory limited without swap.
[INFO] [stdout] 42480322a9a1c237db833191ebdc0711c80599fd1aab3bcc9730df1e3bc1f6ac
[INFO] running `Command { std: "docker" "start" "-a" "42480322a9a1c237db833191ebdc0711c80599fd1aab3bcc9730df1e3bc1f6ac", kill_on_drop: false }`
[INFO] [stderr]     Finished test [unoptimized + debuginfo] target(s) in 0.05s
[INFO] [stderr]      Running unittests (/opt/rustwide/target/debug/deps/equt_md_html-c4e44737e08e669b)
[INFO] [stdout] 
[INFO] [stderr]    Doc-tests equt-md-html
[INFO] [stdout] running 0 tests
[INFO] [stdout] 
[INFO] [stdout] test result: ok. 0 passed; 0 failed; 0 ignored; 0 measured; 0 filtered out; finished in 0.00s
[INFO] [stdout] 
[INFO] [stdout] 
[INFO] [stdout] running 2 tests
[INFO] [stdout] test src/html.rs - html::write_html (line 459) ... FAILED
[INFO] [stdout] test src/html.rs - html::push_html (line 420) ... FAILED
[INFO] [stdout] 
[INFO] [stdout] failures:
[INFO] [stdout] 
[INFO] [stdout] ---- src/html.rs - html::write_html (line 459) stdout ----
[INFO] [stdout] error[E0432]: unresolved import `pulldown_cmark`
[INFO] [stdout]  --> src/html.rs:460:5
[INFO] [stdout]   |
[INFO] [stdout] 3 | use pulldown_cmark::{html, Parser};
[INFO] [stdout]   |     ^^^^^^^^^^^^^^ use of undeclared crate or module `pulldown_cmark`
[INFO] [stdout] 
[INFO] [stdout] error: aborting due to previous error
[INFO] [stdout] 
[INFO] [stdout] For more information about this error, try `rustc --explain E0432`.
[INFO] [stdout] Couldn't compile the test.
[INFO] [stdout] ---- src/html.rs - html::push_html (line 420) stdout ----
[INFO] [stdout] error[E0432]: unresolved import `pulldown_cmark`
[INFO] [stdout]  --> src/html.rs:421:5
[INFO] [stdout]   |
[INFO] [stdout] 3 | use pulldown_cmark::{html, Parser};
[INFO] [stdout]   |     ^^^^^^^^^^^^^^ use of undeclared crate or module `pulldown_cmark`
[INFO] [stdout] 
[INFO] [stdout] error: aborting due to previous error
[INFO] [stdout] 
[INFO] [stdout] For more information about this error, try `rustc --explain E0432`.
[INFO] [stdout] Couldn't compile the test.
[INFO] [stdout] 
[INFO] [stdout] failures:
[INFO] [stdout]     src/html.rs - html::push_html (line 420)
[INFO] [stdout]     src/html.rs - html::write_html (line 459)
[INFO] [stdout] 
[INFO] [stdout] test result: FAILED. 0 passed; 2 failed; 0 ignored; 0 measured; 0 filtered out; finished in 0.31s
[INFO] [stdout] 
[INFO] [stderr] error: test failed, to rerun pass '--doc'
[INFO] running `Command { std: "docker" "inspect" "42480322a9a1c237db833191ebdc0711c80599fd1aab3bcc9730df1e3bc1f6ac", kill_on_drop: false }`
[INFO] running `Command { std: "docker" "rm" "-f" "42480322a9a1c237db833191ebdc0711c80599fd1aab3bcc9730df1e3bc1f6ac", kill_on_drop: false }`
[INFO] [stdout] 42480322a9a1c237db833191ebdc0711c80599fd1aab3bcc9730df1e3bc1f6ac
