[INFO] fetching crate eosio_bytes_derive 0.2.1...
[INFO] testing eosio_bytes_derive-0.2.1 against beta-2021-08-01 for beta-1.55-1
[INFO] extracting crate eosio_bytes_derive 0.2.1 into /workspace/builds/worker-1/source
[INFO] validating manifest of crates.io crate eosio_bytes_derive 0.2.1 on toolchain beta-2021-08-01
[INFO] running `Command { std: "/workspace/cargo-home/bin/cargo" "+beta-2021-08-01" "metadata" "--manifest-path" "Cargo.toml" "--no-deps", kill_on_drop: false }`
[INFO] started tweaking crates.io crate eosio_bytes_derive 0.2.1
[INFO] finished tweaking crates.io crate eosio_bytes_derive 0.2.1
[INFO] tweaked toml for crates.io crate eosio_bytes_derive 0.2.1 written to /workspace/builds/worker-1/source/Cargo.toml
[INFO] running `Command { std: "/workspace/cargo-home/bin/cargo" "+beta-2021-08-01" "generate-lockfile" "--manifest-path" "Cargo.toml" "-Zno-index-update", kill_on_drop: false }`
[INFO] running `Command { std: "/workspace/cargo-home/bin/cargo" "+beta-2021-08-01" "fetch" "--manifest-path" "Cargo.toml", kill_on_drop: false }`
[INFO] [stderr]     Blocking waiting for file lock on package cache
[INFO] running `Command { std: "docker" "create" "-v" "/var/lib/crater-agent-workspace/builds/worker-1/target:/opt/rustwide/target:rw,Z" "-v" "/var/lib/crater-agent-workspace/builds/worker-1/source:/opt/rustwide/workdir:ro,Z" "-v" "/var/lib/crater-agent-workspace/cargo-home:/opt/rustwide/cargo-home:ro,Z" "-v" "/var/lib/crater-agent-workspace/rustup-home:/opt/rustwide/rustup-home:ro,Z" "-e" "SOURCE_DIR=/opt/rustwide/workdir" "-e" "CARGO_TARGET_DIR=/opt/rustwide/target" "-e" "CARGO_HOME=/opt/rustwide/cargo-home" "-e" "RUSTUP_HOME=/opt/rustwide/rustup-home" "-w" "/opt/rustwide/workdir" "-m" "1610612736" "--user" "0:0" "--network" "none" "ghcr.io/rust-lang/crates-build-env/linux@sha256:34b6a614d2c27851fe6cbf88fbd1137609cefab8b10d0615aaeb6fd47975d74e" "/opt/rustwide/cargo-home/bin/cargo" "+beta-2021-08-01" "metadata" "--no-deps" "--format-version=1", kill_on_drop: false }`
[INFO] [stdout] 070d3faa8787684f4ce269c21c6aabb6e702c1cb93c819a1f8bd68e8b4834ec4
[INFO] [stderr] WARNING: Your kernel does not support swap limit capabilities or the cgroup is not mounted. Memory limited without swap.
[INFO] running `Command { std: "docker" "start" "-a" "070d3faa8787684f4ce269c21c6aabb6e702c1cb93c819a1f8bd68e8b4834ec4", kill_on_drop: false }`
[INFO] running `Command { std: "docker" "inspect" "070d3faa8787684f4ce269c21c6aabb6e702c1cb93c819a1f8bd68e8b4834ec4", kill_on_drop: false }`
[INFO] running `Command { std: "docker" "rm" "-f" "070d3faa8787684f4ce269c21c6aabb6e702c1cb93c819a1f8bd68e8b4834ec4", kill_on_drop: false }`
[INFO] [stdout] 070d3faa8787684f4ce269c21c6aabb6e702c1cb93c819a1f8bd68e8b4834ec4
[INFO] running `Command { std: "docker" "create" "-v" "/var/lib/crater-agent-workspace/builds/worker-1/target:/opt/rustwide/target:rw,Z" "-v" "/var/lib/crater-agent-workspace/builds/worker-1/source:/opt/rustwide/workdir:ro,Z" "-v" "/var/lib/crater-agent-workspace/cargo-home:/opt/rustwide/cargo-home:ro,Z" "-v" "/var/lib/crater-agent-workspace/rustup-home:/opt/rustwide/rustup-home:ro,Z" "-e" "SOURCE_DIR=/opt/rustwide/workdir" "-e" "CARGO_TARGET_DIR=/opt/rustwide/target" "-e" "CARGO_INCREMENTAL=0" "-e" "RUST_BACKTRACE=full" "-e" "RUSTFLAGS=--cap-lints=warn" "-e" "CARGO_HOME=/opt/rustwide/cargo-home" "-e" "RUSTUP_HOME=/opt/rustwide/rustup-home" "-w" "/opt/rustwide/workdir" "-m" "1610612736" "--user" "0:0" "--network" "none" "ghcr.io/rust-lang/crates-build-env/linux@sha256:34b6a614d2c27851fe6cbf88fbd1137609cefab8b10d0615aaeb6fd47975d74e" "/opt/rustwide/cargo-home/bin/cargo" "+beta-2021-08-01" "build" "--frozen" "--message-format=json", kill_on_drop: false }`
[INFO] [stdout] b5323897a5294e1a097275a7629729fe6c0e47255ed32e2c53452842739f03b3
[INFO] [stderr] WARNING: Your kernel does not support swap limit capabilities or the cgroup is not mounted. Memory limited without swap.
[INFO] running `Command { std: "docker" "start" "-a" "b5323897a5294e1a097275a7629729fe6c0e47255ed32e2c53452842739f03b3", kill_on_drop: false }`
[INFO] [stderr]     Blocking waiting for file lock on package cache
[INFO] [stderr]    Compiling eosio_bytes_derive v0.2.1 (/opt/rustwide/workdir)
[INFO] [stderr]     Finished dev [unoptimized + debuginfo] target(s) in 2.12s
[INFO] running `Command { std: "docker" "inspect" "b5323897a5294e1a097275a7629729fe6c0e47255ed32e2c53452842739f03b3", kill_on_drop: false }`
[INFO] running `Command { std: "docker" "rm" "-f" "b5323897a5294e1a097275a7629729fe6c0e47255ed32e2c53452842739f03b3", kill_on_drop: false }`
[INFO] [stdout] b5323897a5294e1a097275a7629729fe6c0e47255ed32e2c53452842739f03b3
[INFO] running `Command { std: "docker" "create" "-v" "/var/lib/crater-agent-workspace/builds/worker-1/target:/opt/rustwide/target:rw,Z" "-v" "/var/lib/crater-agent-workspace/builds/worker-1/source:/opt/rustwide/workdir:ro,Z" "-v" "/var/lib/crater-agent-workspace/cargo-home:/opt/rustwide/cargo-home:ro,Z" "-v" "/var/lib/crater-agent-workspace/rustup-home:/opt/rustwide/rustup-home:ro,Z" "-e" "SOURCE_DIR=/opt/rustwide/workdir" "-e" "CARGO_TARGET_DIR=/opt/rustwide/target" "-e" "CARGO_INCREMENTAL=0" "-e" "RUST_BACKTRACE=full" "-e" "RUSTFLAGS=--cap-lints=warn" "-e" "CARGO_HOME=/opt/rustwide/cargo-home" "-e" "RUSTUP_HOME=/opt/rustwide/rustup-home" "-w" "/opt/rustwide/workdir" "-m" "1610612736" "--user" "0:0" "--network" "none" "ghcr.io/rust-lang/crates-build-env/linux@sha256:34b6a614d2c27851fe6cbf88fbd1137609cefab8b10d0615aaeb6fd47975d74e" "/opt/rustwide/cargo-home/bin/cargo" "+beta-2021-08-01" "test" "--frozen" "--no-run" "--message-format=json", kill_on_drop: false }`
[INFO] [stdout] d298b0d2457c397e0c3759b1dc9568fc4f62dd3f5d6ca21e1df300282bfff210
[INFO] [stderr] WARNING: Your kernel does not support swap limit capabilities or the cgroup is not mounted. Memory limited without swap.
[INFO] running `Command { std: "docker" "start" "-a" "d298b0d2457c397e0c3759b1dc9568fc4f62dd3f5d6ca21e1df300282bfff210", kill_on_drop: false }`
[INFO] [stderr]     Blocking waiting for file lock on package cache
[INFO] [stderr]    Compiling eosio_bytes v0.2.1
[INFO] [stderr]    Compiling eosio_bytes_derive v0.2.1 (/opt/rustwide/workdir)
[INFO] [stderr]     Finished test [unoptimized + debuginfo] target(s) in 3.12s
[INFO] running `Command { std: "docker" "inspect" "d298b0d2457c397e0c3759b1dc9568fc4f62dd3f5d6ca21e1df300282bfff210", kill_on_drop: false }`
[INFO] running `Command { std: "docker" "rm" "-f" "d298b0d2457c397e0c3759b1dc9568fc4f62dd3f5d6ca21e1df300282bfff210", kill_on_drop: false }`
[INFO] [stdout] d298b0d2457c397e0c3759b1dc9568fc4f62dd3f5d6ca21e1df300282bfff210
[INFO] running `Command { std: "docker" "create" "-v" "/var/lib/crater-agent-workspace/builds/worker-1/target:/opt/rustwide/target:rw,Z" "-v" "/var/lib/crater-agent-workspace/builds/worker-1/source:/opt/rustwide/workdir:ro,Z" "-v" "/var/lib/crater-agent-workspace/cargo-home:/opt/rustwide/cargo-home:ro,Z" "-v" "/var/lib/crater-agent-workspace/rustup-home:/opt/rustwide/rustup-home:ro,Z" "-e" "SOURCE_DIR=/opt/rustwide/workdir" "-e" "CARGO_TARGET_DIR=/opt/rustwide/target" "-e" "CARGO_INCREMENTAL=0" "-e" "RUST_BACKTRACE=full" "-e" "RUSTFLAGS=--cap-lints=warn" "-e" "CARGO_HOME=/opt/rustwide/cargo-home" "-e" "RUSTUP_HOME=/opt/rustwide/rustup-home" "-w" "/opt/rustwide/workdir" "-m" "1610612736" "--user" "0:0" "--network" "none" "ghcr.io/rust-lang/crates-build-env/linux@sha256:34b6a614d2c27851fe6cbf88fbd1137609cefab8b10d0615aaeb6fd47975d74e" "/opt/rustwide/cargo-home/bin/cargo" "+beta-2021-08-01" "test" "--frozen", kill_on_drop: false }`
[INFO] [stderr] WARNING: Your kernel does not support swap limit capabilities or the cgroup is not mounted. Memory limited without swap.
[INFO] [stdout] 1432a763f7510dab07f9c3e1d68ae70e11e2a0d9c0dd92e09755e4fd2f84f10a
[INFO] running `Command { std: "docker" "start" "-a" "1432a763f7510dab07f9c3e1d68ae70e11e2a0d9c0dd92e09755e4fd2f84f10a", kill_on_drop: false }`
[INFO] [stderr]     Finished test [unoptimized + debuginfo] target(s) in 0.03s
[INFO] [stdout] 
[INFO] [stderr]      Running unittests (/opt/rustwide/target/debug/deps/eosio_bytes_derive-440c5b199d6dc016)
[INFO] [stdout] running 0 tests
[INFO] [stderr]    Doc-tests eosio_bytes_derive
[INFO] [stdout] 
[INFO] [stdout] test result: ok. 0 passed; 0 failed; 0 ignored; 0 measured; 0 filtered out; finished in 0.00s
[INFO] [stdout] 
[INFO] [stdout] 
[INFO] [stdout] running 1 test
[INFO] [stdout] test src/lib.rs - (line 5) ... FAILED
[INFO] [stdout] 
[INFO] [stdout] failures:
[INFO] [stdout] 
[INFO] [stdout] ---- src/lib.rs - (line 5) stdout ----
[INFO] [stdout] error: cannot find derive macro `Read` in this scope
[INFO] [stdout]  --> src/lib.rs:8:10
[INFO] [stdout]   |
[INFO] [stdout] 5 | #[derive(Read, Write, NumBytes, PartialEq, Debug)]
[INFO] [stdout]   |          ^^^^
[INFO] [stdout] 
[INFO] [stdout] error: cannot find derive macro `Write` in this scope
[INFO] [stdout]  --> src/lib.rs:8:16
[INFO] [stdout]   |
[INFO] [stdout] 5 | #[derive(Read, Write, NumBytes, PartialEq, Debug)]
[INFO] [stdout]   |                ^^^^^
[INFO] [stdout] 
[INFO] [stdout] error: cannot find derive macro `NumBytes` in this scope
[INFO] [stdout]  --> src/lib.rs:8:23
[INFO] [stdout]   |
[INFO] [stdout] 5 | #[derive(Read, Write, NumBytes, PartialEq, Debug)]
[INFO] [stdout]   |                       ^^^^^^^^
[INFO] [stdout] 
[INFO] [stdout] error[E0599]: no method named `num_bytes` found for struct `Thing` in the current scope
[INFO] [stdout]   --> src/lib.rs:14:18
[INFO] [stdout]    |
[INFO] [stdout] 6  | struct Thing(u8);
[INFO] [stdout]    | ----------------- method `num_bytes` not found for this
[INFO] [stdout] ...
[INFO] [stdout] 11 | assert_eq!(thing.num_bytes(), 1);
[INFO] [stdout]    |                  ^^^^^^^^^ method not found in `Thing`
[INFO] [stdout]    |
[INFO] [stdout]    = help: items from traits can only be used if the trait is implemented and in scope
[INFO] [stdout]    = note: the following trait defines an item `num_bytes`, perhaps you need to implement it:
[INFO] [stdout]            candidate #1: `NumBytes`
[INFO] [stdout] 
[INFO] [stdout] error[E0599]: no function or associated item named `read` found for struct `Thing` in the current scope
[INFO] [stdout]   --> src/lib.rs:17:26
[INFO] [stdout]    |
[INFO] [stdout] 6  | struct Thing(u8);
[INFO] [stdout]    | ----------------- function or associated item `read` not found for this
[INFO] [stdout] ...
[INFO] [stdout] 14 | assert_eq!(thing, Thing::read(&mut [30_u8], &mut 0).unwrap());
[INFO] [stdout]    |                          ^^^^ function or associated item not found in `Thing`
[INFO] [stdout]    |
[INFO] [stdout]    = help: items from traits can only be used if the trait is implemented and in scope
[INFO] [stdout]    = note: the following traits define an item `read`, perhaps you need to implement one of them:
[INFO] [stdout]            candidate #1: `std::io::Read`
[INFO] [stdout]            candidate #2: `eosio_bytes::Read`
[INFO] [stdout] 
[INFO] [stdout] error[E0599]: no method named `write` found for struct `Thing` in the current scope
[INFO] [stdout]   --> src/lib.rs:21:7
[INFO] [stdout]    |
[INFO] [stdout] 6  | struct Thing(u8);
[INFO] [stdout]    | ----------------- method `write` not found for this
[INFO] [stdout] ...
[INFO] [stdout] 18 | thing.write(&mut bytes, &mut 0).unwrap();
[INFO] [stdout]    |       ^^^^^ method not found in `Thing`
[INFO] [stdout]    |
[INFO] [stdout]    = help: items from traits can only be used if the trait is implemented and in scope
[INFO] [stdout]    = note: the following traits define an item `write`, perhaps you need to implement one of them:
[INFO] [stdout]            candidate #1: `std::io::Write`
[INFO] [stdout]            candidate #2: `Hasher`
[INFO] [stdout]            candidate #3: `eosio_bytes::Write`
[INFO] [stdout] 
[INFO] [stdout] error: aborting due to 6 previous errors
[INFO] [stdout] 
[INFO] [stdout] For more information about this error, try `rustc --explain E0599`.
[INFO] [stdout] Couldn't compile the test.
[INFO] [stdout] 
[INFO] [stdout] failures:
[INFO] [stdout]     src/lib.rs - (line 5)
[INFO] [stdout] 
[INFO] [stdout] test result: FAILED. 0 passed; 1 failed; 0 ignored; 0 measured; 0 filtered out; finished in 0.39s
[INFO] [stdout] 
[INFO] [stderr] error: test failed, to rerun pass '--doc'
[INFO] running `Command { std: "docker" "inspect" "1432a763f7510dab07f9c3e1d68ae70e11e2a0d9c0dd92e09755e4fd2f84f10a", kill_on_drop: false }`
[INFO] running `Command { std: "docker" "rm" "-f" "1432a763f7510dab07f9c3e1d68ae70e11e2a0d9c0dd92e09755e4fd2f84f10a", kill_on_drop: false }`
[INFO] [stdout] 1432a763f7510dab07f9c3e1d68ae70e11e2a0d9c0dd92e09755e4fd2f84f10a
